-- https://www.phpmyadmin.net/
--

START TRANSACTION;



--
-- Database: `software_marketplacedb22`
--

-- --------------------------------------------------------

--
-- Table structure for table `activity_log`
--

CREATE TABLE `activity_log` (
  `id` bigint(20) UNSIGNED NOT NULL,
  `log_name` varchar(255) COLLATE utf8_unicode_ci DEFAULT NULL,
  `description` text COLLATE utf8_unicode_ci NOT NULL,
  `subject_id` bigint(20) DEFAULT NULL,
  `subject_type` varchar(255) COLLATE utf8_unicode_ci DEFAULT NULL,
  `causer_id` int(11) DEFAULT NULL,
  `causer_type` varchar(255) COLLATE utf8_unicode_ci DEFAULT NULL,
  `properties` text COLLATE utf8_unicode_ci,
  `created_at` timestamp NULL DEFAULT NULL,
  `updated_at` timestamp NULL DEFAULT NULL
) ENGINE=InnoDB DEFAULT CHARSET=utf8 COLLATE=utf8_unicode_ci;

--
-- Dumping data for table `activity_log`
--

INSERT INTO `activity_log` (`id`, `log_name`, `description`, `subject_id`, `subject_type`, `causer_id`, `causer_type`, `properties`, `created_at`, `updated_at`) VALUES
(1, 'order', 'created', 1, 'App\\Models\\Order', NULL, NULL, '{\"attributes\":{\"order_number\":\"#451103\",\"shop_id\":3,\"customer_id\":7,\"ship_to\":null,\"shipping_zone_id\":null,\"shipping_rate_id\":30,\"packaging_id\":5,\"item_count\":9,\"quantity\":9,\"shipping_weight\":\"161.000000\",\"taxrate\":null,\"total\":\"228.000000\",\"discount\":null,\"shipping\":\"9.000000\",\"packaging\":null,\"handling\":null,\"taxes\":null,\"grand_total\":\"237.000000\",\"billing_address\":\"<address>931 Kutch Plaza<br\\/>Torp Mission<br\\/>Port Gregorioview, <br\\/> 40673-3310<br\\/><abbr title=\\\"Phone\\\">P:<\\/abbr> +1-754-627-9525<\\/address>\",\"shipping_address\":\"<address>931 Kutch Plaza<br\\/>Torp Mission<br\\/>Port Gregorioview, <br\\/> 40673-3310<br\\/><abbr title=\\\"Phone\\\">P:<\\/abbr> +1-754-627-9525<\\/address>\",\"shipping_date\":null,\"delivery_date\":null,\"tracking_id\":\"RR123456789CN\",\"coupon_id\":null,\"carrier_id\":null,\"message_to_customer\":null,\"send_invoice_to_customer\":null,\"admin_note\":\"Nesciunt animi at quas occaecati ullam est.\",\"buyer_note\":\"Esse unde ut nam enim minima.\",\"payment_method_id\":4,\"payment_instruction\":null,\"payment_ref_id\":null,\"payment_date\":null,\"payment_status\":1,\"order_status_id\":1,\"goods_received\":null,\"approved\":null,\"feedback_id\":null,\"disputed\":null,\"email\":null,\"fulfilment_type\":\"deliver\",\"device_id\":null,\"razorpay_order_id\":null,\"razorpay_payment_id\":null,\"razorpay_signature\":null}}', '2022-02-12 22:25:04', '2022-02-12 22:25:04'),
(2, 'order', 'created', 2, 'App\\Models\\Order', NULL, NULL, '{\"attributes\":{\"order_number\":\"#270397\",\"shop_id\":3,\"customer_id\":12,\"ship_to\":null,\"shipping_zone_id\":null,\"shipping_rate_id\":1,\"packaging_id\":6,\"item_count\":5,\"quantity\":5,\"shipping_weight\":\"131.000000\",\"taxrate\":null,\"total\":\"172.628000\",\"discount\":null,\"shipping\":\"5.000000\",\"packaging\":null,\"handling\":null,\"taxes\":null,\"grand_total\":\"177.628000\",\"billing_address\":\"<address>18834 Mae Extensions Suite 869<br\\/>Krajcik Ville<br\\/>New Abigailshire, <br\\/> 84248<br\\/><abbr title=\\\"Phone\\\">P:<\\/abbr> +1.318.991.8290<\\/address>\",\"shipping_address\":\"<address>18834 Mae Extensions Suite 869<br\\/>Krajcik Ville<br\\/>New Abigailshire, <br\\/> 84248<br\\/><abbr title=\\\"Phone\\\">P:<\\/abbr> +1.318.991.8290<\\/address>\",\"shipping_date\":null,\"delivery_date\":null,\"tracking_id\":\"RR123456789CN\",\"coupon_id\":null,\"carrier_id\":null,\"message_to_customer\":null,\"send_invoice_to_customer\":null,\"admin_note\":\"Saepe possimus dignissimos aut temporibus et excepturi ipsa.\",\"buyer_note\":\"Nihil exercitationem atque repellat deleniti sed cumque.\",\"payment_method_id\":6,\"payment_instruction\":null,\"payment_ref_id\":null,\"payment_date\":null,\"payment_status\":1,\"order_status_id\":1,\"goods_received\":null,\"approved\":null,\"feedback_id\":null,\"disputed\":null,\"email\":null,\"fulfilment_type\":\"deliver\",\"device_id\":null,\"razorpay_order_id\":null,\"razorpay_payment_id\":null,\"razorpay_signature\":null}}', '2022-02-12 22:25:04', '2022-02-12 22:25:04'),
(3, 'order', 'created', 3, 'App\\Models\\Order', NULL, NULL, '{\"attributes\":{\"order_number\":\"#774182\",\"shop_id\":5,\"customer_id\":3,\"ship_to\":null,\"shipping_zone_id\":null,\"shipping_rate_id\":31,\"packaging_id\":6,\"item_count\":3,\"quantity\":3,\"shipping_weight\":\"751.000000\",\"taxrate\":null,\"total\":\"130.700000\",\"discount\":null,\"shipping\":\"3.000000\",\"packaging\":null,\"handling\":null,\"taxes\":null,\"grand_total\":\"133.700000\",\"billing_address\":\"<address>4472 O\'Hara Streets Suite 463<br\\/>Estella Points<br\\/>East Kaley, <br\\/> 69454<br\\/><abbr title=\\\"Phone\\\">P:<\\/abbr> 609-607-9411<\\/address>\",\"shipping_address\":\"<address>4472 O\'Hara Streets Suite 463<br\\/>Estella Points<br\\/>East Kaley, <br\\/> 69454<br\\/><abbr title=\\\"Phone\\\">P:<\\/abbr> 609-607-9411<\\/address>\",\"shipping_date\":null,\"delivery_date\":null,\"tracking_id\":\"RR123456789CN\",\"coupon_id\":null,\"carrier_id\":null,\"message_to_customer\":null,\"send_invoice_to_customer\":null,\"admin_note\":\"Necessitatibus veritatis harum maiores dolor id asperiores autem.\",\"buyer_note\":\"Voluptas repellendus rerum suscipit ab ipsum.\",\"payment_method_id\":7,\"payment_instruction\":null,\"payment_ref_id\":null,\"payment_date\":null,\"payment_status\":1,\"order_status_id\":1,\"goods_received\":null,\"approved\":null,\"feedback_id\":null,\"disputed\":null,\"email\":null,\"fulfilment_type\":\"deliver\",\"device_id\":null,\"razorpay_order_id\":null,\"razorpay_payment_id\":null,\"razorpay_signature\":null}}', '2022-02-12 22:25:04', '2022-02-12 22:25:04'),
(4, 'order', 'created', 4, 'App\\Models\\Order', NULL, NULL, '{\"attributes\":{\"order_number\":\"#328705\",\"shop_id\":1,\"customer_id\":5,\"ship_to\":null,\"shipping_zone_id\":null,\"shipping_rate_id\":37,\"packaging_id\":2,\"item_count\":8,\"quantity\":8,\"shipping_weight\":\"984.000000\",\"taxrate\":null,\"total\":\"273.590000\",\"discount\":null,\"shipping\":\"8.000000\",\"packaging\":null,\"handling\":null,\"taxes\":null,\"grand_total\":\"281.590000\",\"billing_address\":\"<address>41489 Amalia Mill<br\\/>Cody Falls<br\\/>Lavonneshire, <br\\/>\\u1e28awall\\u012b 01813<br\\/><abbr title=\\\"Phone\\\">P:<\\/abbr> (971) 509-8815<\\/address>\",\"shipping_address\":\"<address>41489 Amalia Mill<br\\/>Cody Falls<br\\/>Lavonneshire, <br\\/>\\u1e28awall\\u012b 01813<br\\/><abbr title=\\\"Phone\\\">P:<\\/abbr> (971) 509-8815<\\/address>\",\"shipping_date\":null,\"delivery_date\":null,\"tracking_id\":\"RR123456789CN\",\"coupon_id\":null,\"carrier_id\":null,\"message_to_customer\":null,\"send_invoice_to_customer\":null,\"admin_note\":\"Et dolores laboriosam id dolore voluptatum.\",\"buyer_note\":\"Consectetur facere rem velit tempora hic.\",\"payment_method_id\":7,\"payment_instruction\":null,\"payment_ref_id\":null,\"payment_date\":null,\"payment_status\":1,\"order_status_id\":1,\"goods_received\":null,\"approved\":null,\"feedback_id\":null,\"disputed\":null,\"email\":null,\"fulfilment_type\":\"deliver\",\"device_id\":null,\"razorpay_order_id\":null,\"razorpay_payment_id\":null,\"razorpay_signature\":null}}', '2022-02-12 22:25:04', '2022-02-12 22:25:04'),
(5, 'order', 'created', 5, 'App\\Models\\Order', NULL, NULL, '{\"attributes\":{\"order_number\":\"#512044\",\"shop_id\":4,\"customer_id\":14,\"ship_to\":null,\"shipping_zone_id\":null,\"shipping_rate_id\":6,\"packaging_id\":5,\"item_count\":7,\"quantity\":7,\"shipping_weight\":\"614.000000\",\"taxrate\":null,\"total\":\"243.296601\",\"discount\":null,\"shipping\":\"7.000000\",\"packaging\":null,\"handling\":null,\"taxes\":null,\"grand_total\":\"250.296601\",\"billing_address\":\"<address>3102 Royce Point Apt. 789<br\\/>Dorthy Springs<br\\/>Matildeside, <br\\/> 72870-9737<br\\/><abbr title=\\\"Phone\\\">P:<\\/abbr> 1-920-698-4173<\\/address>\",\"shipping_address\":\"<address>3102 Royce Point Apt. 789<br\\/>Dorthy Springs<br\\/>Matildeside, <br\\/> 72870-9737<br\\/><abbr title=\\\"Phone\\\">P:<\\/abbr> 1-920-698-4173<\\/address>\",\"shipping_date\":null,\"delivery_date\":null,\"tracking_id\":\"RR123456789CN\",\"coupon_id\":null,\"carrier_id\":null,\"message_to_customer\":null,\"send_invoice_to_customer\":null,\"admin_note\":\"Minus at quasi optio in quia laudantium earum.\",\"buyer_note\":\"Quis tenetur voluptatem voluptatem et cupiditate in sunt.\",\"payment_method_id\":3,\"payment_instruction\":null,\"payment_ref_id\":null,\"payment_date\":null,\"payment_status\":1,\"order_status_id\":1,\"goods_received\":null,\"approved\":null,\"feedback_id\":null,\"disputed\":null,\"email\":null,\"fulfilment_type\":\"deliver\",\"device_id\":null,\"razorpay_order_id\":null,\"razorpay_payment_id\":null,\"razorpay_signature\":null}}', '2022-02-12 22:25:04', '2022-02-12 22:25:04'),
(6, 'order', 'created', 6, 'App\\Models\\Order', NULL, NULL, '{\"attributes\":{\"order_number\":\"#071375\",\"shop_id\":4,\"customer_id\":15,\"ship_to\":null,\"shipping_zone_id\":null,\"shipping_rate_id\":19,\"packaging_id\":4,\"item_count\":9,\"quantity\":9,\"shipping_weight\":\"222.000000\",\"taxrate\":null,\"total\":\"340.950689\",\"discount\":null,\"shipping\":\"9.000000\",\"packaging\":null,\"handling\":null,\"taxes\":null,\"grand_total\":\"349.950689\",\"billing_address\":\"<address>79126 Lind Expressway<br\\/>Spencer Freeway<br\\/>Lake Sarai, <br\\/> 27550<br\\/><abbr title=\\\"Phone\\\">P:<\\/abbr> +1-952-873-5854<\\/address>\",\"shipping_address\":\"<address>79126 Lind Expressway<br\\/>Spencer Freeway<br\\/>Lake Sarai, <br\\/> 27550<br\\/><abbr title=\\\"Phone\\\">P:<\\/abbr> +1-952-873-5854<\\/address>\",\"shipping_date\":null,\"delivery_date\":null,\"tracking_id\":\"RR123456789CN\",\"coupon_id\":null,\"carrier_id\":null,\"message_to_customer\":null,\"send_invoice_to_customer\":null,\"admin_note\":\"Ullam facilis dolorem qui pariatur et perspiciatis quis.\",\"buyer_note\":\"Eos ut enim unde libero.\",\"payment_method_id\":1,\"payment_instruction\":null,\"payment_ref_id\":null,\"payment_date\":null,\"payment_status\":1,\"order_status_id\":1,\"goods_received\":null,\"approved\":null,\"feedback_id\":null,\"disputed\":null,\"email\":null,\"fulfilment_type\":\"deliver\",\"device_id\":null,\"razorpay_order_id\":null,\"razorpay_payment_id\":null,\"razorpay_signature\":null}}', '2022-02-12 22:25:04', '2022-02-12 22:25:04'),
(7, 'order', 'created', 7, 'App\\Models\\Order', NULL, NULL, '{\"attributes\":{\"order_number\":\"#091745\",\"shop_id\":3,\"customer_id\":7,\"ship_to\":null,\"shipping_zone_id\":null,\"shipping_rate_id\":47,\"packaging_id\":2,\"item_count\":2,\"quantity\":2,\"shipping_weight\":\"584.000000\",\"taxrate\":null,\"total\":\"203.521260\",\"discount\":null,\"shipping\":\"2.000000\",\"packaging\":null,\"handling\":null,\"taxes\":null,\"grand_total\":\"205.521260\",\"billing_address\":\"<address>931 Kutch Plaza<br\\/>Torp Mission<br\\/>Port Gregorioview, <br\\/> 40673-3310<br\\/><abbr title=\\\"Phone\\\">P:<\\/abbr> +1-754-627-9525<\\/address>\",\"shipping_address\":\"<address>931 Kutch Plaza<br\\/>Torp Mission<br\\/>Port Gregorioview, <br\\/> 40673-3310<br\\/><abbr title=\\\"Phone\\\">P:<\\/abbr> +1-754-627-9525<\\/address>\",\"shipping_date\":null,\"delivery_date\":null,\"tracking_id\":\"RR123456789CN\",\"coupon_id\":null,\"carrier_id\":null,\"message_to_customer\":null,\"send_invoice_to_customer\":null,\"admin_note\":\"Aperiam unde quaerat eligendi non molestiae deleniti ea.\",\"buyer_note\":\"Iure voluptas ex qui numquam sapiente dolorum id.\",\"payment_method_id\":6,\"payment_instruction\":null,\"payment_ref_id\":null,\"payment_date\":null,\"payment_status\":1,\"order_status_id\":1,\"goods_received\":null,\"approved\":null,\"feedback_id\":null,\"disputed\":null,\"email\":null,\"fulfilment_type\":\"deliver\",\"device_id\":null,\"razorpay_order_id\":null,\"razorpay_payment_id\":null,\"razorpay_signature\":null}}', '2022-02-12 22:25:04', '2022-02-12 22:25:04'),
(8, 'order', 'created', 8, 'App\\Models\\Order', NULL, NULL, '{\"attributes\":{\"order_number\":\"#647702\",\"shop_id\":4,\"customer_id\":3,\"ship_to\":null,\"shipping_zone_id\":null,\"shipping_rate_id\":13,\"packaging_id\":1,\"item_count\":6,\"quantity\":6,\"shipping_weight\":\"288.000000\",\"taxrate\":null,\"total\":\"292.300000\",\"discount\":null,\"shipping\":\"6.000000\",\"packaging\":null,\"handling\":null,\"taxes\":null,\"grand_total\":\"298.300000\",\"billing_address\":\"<address>4472 O\'Hara Streets Suite 463<br\\/>Estella Points<br\\/>East Kaley, <br\\/> 69454<br\\/><abbr title=\\\"Phone\\\">P:<\\/abbr> 609-607-9411<\\/address>\",\"shipping_address\":\"<address>4472 O\'Hara Streets Suite 463<br\\/>Estella Points<br\\/>East Kaley, <br\\/> 69454<br\\/><abbr title=\\\"Phone\\\">P:<\\/abbr> 609-607-9411<\\/address>\",\"shipping_date\":null,\"delivery_date\":null,\"tracking_id\":\"RR123456789CN\",\"coupon_id\":null,\"carrier_id\":null,\"message_to_customer\":null,\"send_invoice_to_customer\":null,\"admin_note\":\"Dolor molestias cumque aut officiis.\",\"buyer_note\":\"Voluptatem et eveniet fuga nobis.\",\"payment_method_id\":4,\"payment_instruction\":null,\"payment_ref_id\":null,\"payment_date\":null,\"payment_status\":1,\"order_status_id\":1,\"goods_received\":null,\"approved\":null,\"feedback_id\":null,\"disputed\":null,\"email\":null,\"fulfilment_type\":\"deliver\",\"device_id\":null,\"razorpay_order_id\":null,\"razorpay_payment_id\":null,\"razorpay_signature\":null}}', '2022-02-12 22:25:04', '2022-02-12 22:25:04'),
(9, 'order', 'created', 9, 'App\\Models\\Order', NULL, NULL, '{\"attributes\":{\"order_number\":\"#118795\",\"shop_id\":3,\"customer_id\":14,\"ship_to\":null,\"shipping_zone_id\":null,\"shipping_rate_id\":24,\"packaging_id\":6,\"item_count\":6,\"quantity\":6,\"shipping_weight\":\"652.000000\",\"taxrate\":null,\"total\":\"290.674726\",\"discount\":null,\"shipping\":\"6.000000\",\"packaging\":null,\"handling\":null,\"taxes\":null,\"grand_total\":\"296.674726\",\"billing_address\":\"<address>3102 Royce Point Apt. 789<br\\/>Dorthy Springs<br\\/>Matildeside, <br\\/> 72870-9737<br\\/><abbr title=\\\"Phone\\\">P:<\\/abbr> 1-920-698-4173<\\/address>\",\"shipping_address\":\"<address>3102 Royce Point Apt. 789<br\\/>Dorthy Springs<br\\/>Matildeside, <br\\/> 72870-9737<br\\/><abbr title=\\\"Phone\\\">P:<\\/abbr> 1-920-698-4173<\\/address>\",\"shipping_date\":null,\"delivery_date\":null,\"tracking_id\":\"RR123456789CN\",\"coupon_id\":null,\"carrier_id\":null,\"message_to_customer\":null,\"send_invoice_to_customer\":null,\"admin_note\":\"Nihil quidem eaque error aut et officia.\",\"buyer_note\":\"Veniam iusto earum ut ipsum corrupti laboriosam ex ut.\",\"payment_method_id\":1,\"payment_instruction\":null,\"payment_ref_id\":null,\"payment_date\":null,\"payment_status\":1,\"order_status_id\":1,\"goods_received\":null,\"approved\":null,\"feedback_id\":null,\"disputed\":null,\"email\":null,\"fulfilment_type\":\"deliver\",\"device_id\":null,\"razorpay_order_id\":null,\"razorpay_payment_id\":null,\"razorpay_signature\":null}}', '2022-02-12 22:25:04', '2022-02-12 22:25:04'),
(10, 'order', 'created', 10, 'App\\Models\\Order', NULL, NULL, '{\"attributes\":{\"order_number\":\"#637092\",\"shop_id\":1,\"customer_id\":16,\"ship_to\":null,\"shipping_zone_id\":null,\"shipping_rate_id\":48,\"packaging_id\":4,\"item_count\":3,\"quantity\":3,\"shipping_weight\":\"783.000000\",\"taxrate\":null,\"total\":\"386.180138\",\"discount\":null,\"shipping\":\"3.000000\",\"packaging\":null,\"handling\":null,\"taxes\":null,\"grand_total\":\"389.180138\",\"billing_address\":\"<address>9432 Murphy Via<br\\/>Alexane Oval<br\\/>Chazview, <br\\/> 05082<br\\/><abbr title=\\\"Phone\\\">P:<\\/abbr> +1-269-327-0270<\\/address>\",\"shipping_address\":\"<address>9432 Murphy Via<br\\/>Alexane Oval<br\\/>Chazview, <br\\/> 05082<br\\/><abbr title=\\\"Phone\\\">P:<\\/abbr> +1-269-327-0270<\\/address>\",\"shipping_date\":null,\"delivery_date\":null,\"tracking_id\":\"RR123456789CN\",\"coupon_id\":null,\"carrier_id\":null,\"message_to_customer\":null,\"send_invoice_to_customer\":null,\"admin_note\":\"Sed sed tempora est accusamus minus nesciunt.\",\"buyer_note\":\"Quas expedita accusamus impedit asperiores non ut neque.\",\"payment_method_id\":2,\"payment_instruction\":null,\"payment_ref_id\":null,\"payment_date\":null,\"payment_status\":1,\"order_status_id\":1,\"goods_received\":null,\"approved\":null,\"feedback_id\":null,\"disputed\":null,\"email\":null,\"fulfilment_type\":\"deliver\",\"device_id\":null,\"razorpay_order_id\":null,\"razorpay_payment_id\":null,\"razorpay_signature\":null}}', '2022-02-12 22:25:04', '2022-02-12 22:25:04'),
(11, 'order', 'created', 11, 'App\\Models\\Order', NULL, NULL, '{\"attributes\":{\"order_number\":\"#885590\",\"shop_id\":3,\"customer_id\":10,\"ship_to\":null,\"shipping_zone_id\":null,\"shipping_rate_id\":46,\"packaging_id\":3,\"item_count\":2,\"quantity\":2,\"shipping_weight\":\"626.000000\",\"taxrate\":null,\"total\":\"276.285000\",\"discount\":null,\"shipping\":\"2.000000\",\"packaging\":null,\"handling\":null,\"taxes\":null,\"grand_total\":\"278.285000\",\"billing_address\":\"<address>900 Ryleigh Unions<br\\/>Chanelle Mount<br\\/>Hoegerbury, <br\\/> 60228-1185<br\\/><abbr title=\\\"Phone\\\">P:<\\/abbr> +1.540.668.7529<\\/address>\",\"shipping_address\":\"<address>900 Ryleigh Unions<br\\/>Chanelle Mount<br\\/>Hoegerbury, <br\\/> 60228-1185<br\\/><abbr title=\\\"Phone\\\">P:<\\/abbr> +1.540.668.7529<\\/address>\",\"shipping_date\":null,\"delivery_date\":null,\"tracking_id\":\"RR123456789CN\",\"coupon_id\":null,\"carrier_id\":null,\"message_to_customer\":null,\"send_invoice_to_customer\":null,\"admin_note\":\"Perspiciatis qui doloribus sit est facilis possimus eos expedita.\",\"buyer_note\":\"Consectetur velit dolor eos voluptatem consequatur et.\",\"payment_method_id\":7,\"payment_instruction\":null,\"payment_ref_id\":null,\"payment_date\":null,\"payment_status\":1,\"order_status_id\":1,\"goods_received\":null,\"approved\":null,\"feedback_id\":null,\"disputed\":null,\"email\":null,\"fulfilment_type\":\"deliver\",\"device_id\":null,\"razorpay_order_id\":null,\"razorpay_payment_id\":null,\"razorpay_signature\":null}}', '2022-02-12 22:25:04', '2022-02-12 22:25:04'),
(12, 'order', 'created', 12, 'App\\Models\\Order', NULL, NULL, '{\"attributes\":{\"order_number\":\"#291176\",\"shop_id\":2,\"customer_id\":1,\"ship_to\":null,\"shipping_zone_id\":null,\"shipping_rate_id\":30,\"packaging_id\":1,\"item_count\":3,\"quantity\":3,\"shipping_weight\":\"478.000000\",\"taxrate\":null,\"total\":\"379.233510\",\"discount\":null,\"shipping\":\"3.000000\",\"packaging\":null,\"handling\":null,\"taxes\":null,\"grand_total\":\"382.233510\",\"billing_address\":\"<address>13982 Schuppe Port<br\\/>Lowell Manors<br\\/>West Vivianchester, <br\\/> 85050-1723<br\\/><abbr title=\\\"Phone\\\">P:<\\/abbr> 319-664-0711<\\/address>\",\"shipping_address\":\"<address>13982 Schuppe Port<br\\/>Lowell Manors<br\\/>West Vivianchester, <br\\/> 85050-1723<br\\/><abbr title=\\\"Phone\\\">P:<\\/abbr> 319-664-0711<\\/address>\",\"shipping_date\":null,\"delivery_date\":null,\"tracking_id\":\"RR123456789CN\",\"coupon_id\":null,\"carrier_id\":null,\"message_to_customer\":null,\"send_invoice_to_customer\":null,\"admin_note\":\"Porro id facilis est voluptates maiores possimus.\",\"buyer_note\":\"Doloribus quasi tempore eaque facere veritatis debitis.\",\"payment_method_id\":5,\"payment_instruction\":null,\"payment_ref_id\":null,\"payment_date\":null,\"payment_status\":1,\"order_status_id\":1,\"goods_received\":null,\"approved\":null,\"feedback_id\":null,\"disputed\":null,\"email\":null,\"fulfilment_type\":\"deliver\",\"device_id\":null,\"razorpay_order_id\":null,\"razorpay_payment_id\":null,\"razorpay_signature\":null}}', '2022-02-12 22:25:04', '2022-02-12 22:25:04'),
(13, 'order', 'created', 13, 'App\\Models\\Order', NULL, NULL, '{\"attributes\":{\"order_number\":\"#478830\",\"shop_id\":5,\"customer_id\":12,\"ship_to\":null,\"shipping_zone_id\":null,\"shipping_rate_id\":41,\"packaging_id\":2,\"item_count\":1,\"quantity\":1,\"shipping_weight\":\"777.000000\",\"taxrate\":null,\"total\":\"202.142709\",\"discount\":null,\"shipping\":\"1.000000\",\"packaging\":null,\"handling\":null,\"taxes\":null,\"grand_total\":\"203.142709\",\"billing_address\":\"<address>18834 Mae Extensions Suite 869<br\\/>Krajcik Ville<br\\/>New Abigailshire, <br\\/> 84248<br\\/><abbr title=\\\"Phone\\\">P:<\\/abbr> +1.318.991.8290<\\/address>\",\"shipping_address\":\"<address>18834 Mae Extensions Suite 869<br\\/>Krajcik Ville<br\\/>New Abigailshire, <br\\/> 84248<br\\/><abbr title=\\\"Phone\\\">P:<\\/abbr> +1.318.991.8290<\\/address>\",\"shipping_date\":null,\"delivery_date\":null,\"tracking_id\":\"RR123456789CN\",\"coupon_id\":null,\"carrier_id\":null,\"message_to_customer\":null,\"send_invoice_to_customer\":null,\"admin_note\":\"Est officiis voluptatem ut vel iure explicabo.\",\"buyer_note\":\"Tempora et ea veniam debitis.\",\"payment_method_id\":1,\"payment_instruction\":null,\"payment_ref_id\":null,\"payment_date\":null,\"payment_status\":1,\"order_status_id\":1,\"goods_received\":null,\"approved\":null,\"feedback_id\":null,\"disputed\":null,\"email\":null,\"fulfilment_type\":\"deliver\",\"device_id\":null,\"razorpay_order_id\":null,\"razorpay_payment_id\":null,\"razorpay_signature\":null}}', '2022-02-12 22:25:04', '2022-02-12 22:25:04'),
(14, 'order', 'created', 14, 'App\\Models\\Order', NULL, NULL, '{\"attributes\":{\"order_number\":\"#882164\",\"shop_id\":5,\"customer_id\":5,\"ship_to\":null,\"shipping_zone_id\":null,\"shipping_rate_id\":32,\"packaging_id\":2,\"item_count\":1,\"quantity\":1,\"shipping_weight\":\"506.000000\",\"taxrate\":null,\"total\":\"185.000000\",\"discount\":null,\"shipping\":\"1.000000\",\"packaging\":null,\"handling\":null,\"taxes\":null,\"grand_total\":\"186.000000\",\"billing_address\":\"<address>41489 Amalia Mill<br\\/>Cody Falls<br\\/>Lavonneshire, <br\\/>\\u1e28awall\\u012b 01813<br\\/><abbr title=\\\"Phone\\\">P:<\\/abbr> (971) 509-8815<\\/address>\",\"shipping_address\":\"<address>41489 Amalia Mill<br\\/>Cody Falls<br\\/>Lavonneshire, <br\\/>\\u1e28awall\\u012b 01813<br\\/><abbr title=\\\"Phone\\\">P:<\\/abbr> (971) 509-8815<\\/address>\",\"shipping_date\":null,\"delivery_date\":null,\"tracking_id\":\"RR123456789CN\",\"coupon_id\":null,\"carrier_id\":null,\"message_to_customer\":null,\"send_invoice_to_customer\":null,\"admin_note\":\"Voluptatum qui sunt qui provident explicabo.\",\"buyer_note\":\"Et reprehenderit libero nemo et.\",\"payment_method_id\":3,\"payment_instruction\":null,\"payment_ref_id\":null,\"payment_date\":null,\"payment_status\":1,\"order_status_id\":1,\"goods_received\":null,\"approved\":null,\"feedback_id\":null,\"disputed\":null,\"email\":null,\"fulfilment_type\":\"deliver\",\"device_id\":null,\"razorpay_order_id\":null,\"razorpay_payment_id\":null,\"razorpay_signature\":null}}', '2022-02-12 22:25:04', '2022-02-12 22:25:04'),
(15, 'order', 'created', 15, 'App\\Models\\Order', NULL, NULL, '{\"attributes\":{\"order_number\":\"#802263\",\"shop_id\":4,\"customer_id\":10,\"ship_to\":null,\"shipping_zone_id\":null,\"shipping_rate_id\":25,\"packaging_id\":4,\"item_count\":1,\"quantity\":1,\"shipping_weight\":\"998.000000\",\"taxrate\":null,\"total\":\"357.194831\",\"discount\":null,\"shipping\":\"1.000000\",\"packaging\":null,\"handling\":null,\"taxes\":null,\"grand_total\":\"358.194831\",\"billing_address\":\"<address>900 Ryleigh Unions<br\\/>Chanelle Mount<br\\/>Hoegerbury, <br\\/> 60228-1185<br\\/><abbr title=\\\"Phone\\\">P:<\\/abbr> +1.540.668.7529<\\/address>\",\"shipping_address\":\"<address>900 Ryleigh Unions<br\\/>Chanelle Mount<br\\/>Hoegerbury, <br\\/> 60228-1185<br\\/><abbr title=\\\"Phone\\\">P:<\\/abbr> +1.540.668.7529<\\/address>\",\"shipping_date\":null,\"delivery_date\":null,\"tracking_id\":\"RR123456789CN\",\"coupon_id\":null,\"carrier_id\":null,\"message_to_customer\":null,\"send_invoice_to_customer\":null,\"admin_note\":\"Architecto facilis voluptatem corrupti commodi rerum.\",\"buyer_note\":\"Sapiente qui dolor magni repudiandae iusto fugit non quis.\",\"payment_method_id\":5,\"payment_instruction\":null,\"payment_ref_id\":null,\"payment_date\":null,\"payment_status\":1,\"order_status_id\":1,\"goods_received\":null,\"approved\":null,\"feedback_id\":null,\"disputed\":null,\"email\":null,\"fulfilment_type\":\"deliver\",\"device_id\":null,\"razorpay_order_id\":null,\"razorpay_payment_id\":null,\"razorpay_signature\":null}}', '2022-02-12 22:25:04', '2022-02-12 22:25:04'),
(16, 'disput', 'created', 1, 'App\\Models\\Dispute', NULL, NULL, '{\"attributes\":{\"shop_id\":3,\"dispute_type_id\":4,\"customer_id\":14,\"order_id\":9,\"product_id\":null,\"description\":\"Totam praesentium pariatur libero qui necessitatibus. Et et illum dolorem quia.\",\"order_received\":true,\"return_goods\":true,\"refund_amount\":null,\"status\":2}}', '2022-02-12 22:25:04', '2022-02-12 22:25:04'),
(17, 'disput', 'created', 2, 'App\\Models\\Dispute', NULL, NULL, '{\"attributes\":{\"shop_id\":3,\"dispute_type_id\":5,\"customer_id\":7,\"order_id\":7,\"product_id\":null,\"description\":\"Totam neque libero omnis in quos aut. Id non tempore asperiores iste eos nam sed.\",\"order_received\":true,\"return_goods\":true,\"refund_amount\":null,\"status\":4}}', '2022-02-12 22:25:04', '2022-02-12 22:25:04'),
(18, 'disput', 'created', 3, 'App\\Models\\Dispute', NULL, NULL, '{\"attributes\":{\"shop_id\":5,\"dispute_type_id\":4,\"customer_id\":5,\"order_id\":14,\"product_id\":null,\"description\":\"Hic est ratione nobis qui aperiam ratione. Sed quasi sit eveniet mollitia aut sit iure.\",\"order_received\":true,\"return_goods\":true,\"refund_amount\":null,\"status\":3}}', '2022-02-12 22:25:04', '2022-02-12 22:25:04'),
(19, 'disput', 'created', 4, 'App\\Models\\Dispute', NULL, NULL, '{\"attributes\":{\"shop_id\":3,\"dispute_type_id\":6,\"customer_id\":7,\"order_id\":7,\"product_id\":null,\"description\":\"Corrupti nihil voluptatem eum quam aut illum. Amet sit numquam iusto fugiat. Iste et modi et.\",\"order_received\":true,\"return_goods\":true,\"refund_amount\":null,\"status\":6}}', '2022-02-12 22:25:04', '2022-02-12 22:25:04'),
(20, 'disput', 'created', 5, 'App\\Models\\Dispute', NULL, NULL, '{\"attributes\":{\"shop_id\":2,\"dispute_type_id\":2,\"customer_id\":1,\"order_id\":12,\"product_id\":null,\"description\":\"Fugiat cumque modi est corporis est quia voluptas. Dolorum nihil sunt magni atque qui temporibus.\",\"order_received\":false,\"return_goods\":false,\"refund_amount\":null,\"status\":6}}', '2022-02-12 22:25:04', '2022-02-12 22:25:04');

-- --------------------------------------------------------

--
-- Table structure for table `addresses`
--

CREATE TABLE `addresses` (
  `id` bigint(20) UNSIGNED NOT NULL,
  `address_type` varchar(255) COLLATE utf8_unicode_ci DEFAULT 'Primary',
  `address_title` varchar(255) COLLATE utf8_unicode_ci DEFAULT NULL,
  `address_line_1` varchar(255) COLLATE utf8_unicode_ci DEFAULT NULL,
  `address_line_2` varchar(255) COLLATE utf8_unicode_ci DEFAULT NULL,
  `city` varchar(255) COLLATE utf8_unicode_ci DEFAULT NULL,
  `state_id` int(10) UNSIGNED DEFAULT NULL,
  `zip_code` varchar(255) COLLATE utf8_unicode_ci DEFAULT NULL,
  `country_id` int(10) UNSIGNED DEFAULT NULL,
  `phone` varchar(255) COLLATE utf8_unicode_ci DEFAULT NULL,
  `latitude` double(8,2) DEFAULT NULL,
  `longitude` double(8,2) DEFAULT NULL,
  `addressable_id` bigint(20) UNSIGNED NOT NULL,
  `addressable_type` varchar(255) COLLATE utf8_unicode_ci NOT NULL,
  `created_at` timestamp NULL DEFAULT NULL,
  `updated_at` timestamp NULL DEFAULT NULL
) ENGINE=InnoDB DEFAULT CHARSET=utf8 COLLATE=utf8_unicode_ci;

--
-- Dumping data for table `addresses`
--

INSERT INTO `addresses` (`id`, `address_type`, `address_title`, `address_line_1`, `address_line_2`, `city`, `state_id`, `zip_code`, `country_id`, `phone`, `latitude`, `longitude`, `addressable_id`, `addressable_type`, `created_at`, `updated_at`) VALUES
(1, 'Primary', NULL, 'Platform Address', NULL, 'Hollywood', 453, '63585', 840, NULL, NULL, NULL, 1, 'App\\Models\\System', '2022-02-12 22:24:49', '2022-02-12 22:24:49'),
(2, 'Primary', 'Primary Address', NULL, NULL, NULL, 523, NULL, 840, NULL, NULL, NULL, 1, 'App\\Models\\User', '2022-02-12 22:24:49', '2022-02-12 22:24:49'),
(3, 'Primary', 'Admin User', '10033 Rowe Pines', 'Clifford Spurs', 'Port Nelda', 919, '84252', 524, '251.235.4991', -49.90, 118.49, 2, 'App\\Models\\User', '2022-02-12 22:24:56', '2022-02-12 22:24:56'),
(4, 'Primary', 'Patrick Bernhard', '51315 Hansen Points', 'Schiller Ville', 'Vonland', 582, '48902-5674', 360, '352.969.0389', -41.70, -99.97, 3, 'App\\Models\\Merchant', '2022-02-12 22:24:56', '2022-02-12 22:24:56'),
(5, 'Primary', 'Paolo Powlowski V', '43570 Ana Crest', 'Koelpin Prairie', 'Yostport', NULL, '17833-2093', 706, '314.990.4720', -61.39, -166.39, 4, 'App\\Models\\Merchant', '2022-02-12 22:24:56', '2022-02-12 22:24:56'),
(6, 'Primary', 'Michel Lakin', '8408 Ayden Pines Apt. 154', 'Kirlin Well', 'East Asachester', NULL, '06080', 583, '(313) 721-6812', -82.30, 173.82, 5, 'App\\Models\\Merchant', '2022-02-12 22:24:56', '2022-02-12 22:24:56'),
(7, 'Primary', 'Kailee Kautzer', '365 Marisa Stravenue', 'Simonis Alley', 'Miashire', NULL, '58536', 158, '(725) 845-2595', 66.67, 95.07, 6, 'App\\Models\\Merchant', '2022-02-12 22:24:56', '2022-02-12 22:24:56'),
(8, 'Primary', 'Dejah Prohaska Sr.', '13404 Josiah Village Suite 709', 'Bernhard Brooks', 'South Minnie', NULL, '91812', 334, '+1-540-279-1662', -49.50, 138.58, 7, 'App\\Models\\Merchant', '2022-02-12 22:24:56', '2022-02-12 22:24:56'),
(9, 'Primary', NULL, 'Demo Platform Address', NULL, 'Demo City', 380, '63585', 604, '+1.431.253.0341', NULL, NULL, 1, 'App\\Models\\Shop', '2022-02-25 22:24:56', '2022-02-25 22:24:56'),
(10, 'Primary', NULL, 'Demo Platform Address', NULL, 'Demo City', 380, '63585', 604, '+1.431.253.0341', NULL, NULL, 2, 'App\\Models\\Shop', '2022-02-25 22:24:56', '2022-02-25 22:24:56'),
(11, 'Primary', NULL, 'Demo Platform Address', NULL, 'Demo City', 380, '63585', 604, '+1.431.253.0341', NULL, NULL, 3, 'App\\Models\\Shop', '2022-02-25 22:24:56', '2022-02-25 22:24:56'),
(12, 'Primary', NULL, 'Demo Platform Address', NULL, 'Demo City', 380, '63585', 604, '+1.431.253.0341', NULL, NULL, 4, 'App\\Models\\Shop', '2022-02-25 22:24:56', '2022-02-25 22:24:56'),
(13, 'Primary', NULL, 'Demo Platform Address', NULL, 'Demo City', 380, '63585', 604, '+1.431.253.0341', NULL, NULL, 5, 'App\\Models\\Shop', '2022-02-25 22:24:56', '2022-02-25 22:24:56'),
(14, 'Primary', 'Craig Leuschke', '13982 Schuppe Port', 'Lowell Manors', 'West Vivianchester', NULL, '85050-1723', 324, '319-664-0711', 74.55, 74.90, 1, 'App\\Models\\Customer', '2022-02-12 22:24:56', '2022-02-12 22:24:56'),
(15, 'Billing', 'Dorm Address', '623 Schulist Trail', 'Kuhlman Square', 'New Duane', NULL, '30859', 776, '1-443-351-0837', -37.66, -132.28, 1, 'App\\Models\\Customer', '2022-02-12 22:24:56', '2022-02-12 22:24:56'),
(16, 'Shipping', 'Hotel Address', '578 Aditya Point Suite 975', 'Callie Streets', 'West Maegan', NULL, '26507', 8, '(952) 425-3518', -35.39, 98.01, 1, 'App\\Models\\Customer', '2022-02-12 22:24:56', '2022-02-12 22:24:56'),
(17, 'Primary', 'Prof. Velma Tromp I', '225 Keeling Stream Apt. 995', 'Emmerich Street', 'North Abigailton', NULL, '27772', 666, '820-220-3871', 50.72, -30.88, 2, 'App\\Models\\Customer', '2022-02-12 22:24:57', '2022-02-12 22:24:57'),
(18, 'Billing', 'Office Address', '3334 Glover Lakes', 'Kadin Parkways', 'Julietmouth', NULL, '94552', 646, '854.281.2211', -24.76, 36.30, 2, 'App\\Models\\Customer', '2022-02-12 22:24:57', '2022-02-12 22:24:57'),
(19, 'Shipping', 'Home Address', '4142 Clotilde Meadow', 'Rolfson Plaza', 'Jacobsonstad', NULL, '72657-4123', 20, '681.247.4710', -58.38, 67.96, 2, 'App\\Models\\Customer', '2022-02-12 22:24:57', '2022-02-12 22:24:57'),
(20, 'Primary', 'Lelia Homenick', '4472 O\'Hara Streets Suite 463', 'Estella Points', 'East Kaley', NULL, '69454', 688, '609-607-9411', 13.77, -158.42, 3, 'App\\Models\\Customer', '2022-02-12 22:24:57', '2022-02-12 22:24:57'),
(21, 'Billing', 'Office Address', '46629 Sheridan Viaduct Apt. 066', 'Kenny Vista', 'Lake Kylafort', NULL, '10218-6301', 832, '508.291.0605', 33.84, -156.96, 3, 'App\\Models\\Customer', '2022-02-12 22:24:57', '2022-02-12 22:24:57'),
(22, 'Shipping', 'Home Address', '9085 Camren Causeway', 'Tanner Plain', 'Mistyborough', NULL, '15688-2360', 320, '(347) 732-7382', -54.12, -21.82, 3, 'App\\Models\\Customer', '2022-02-12 22:24:57', '2022-02-12 22:24:57'),
(23, 'Primary', 'Pasquale Toy Sr.', '745 Luisa Loaf', 'Connelly Groves', 'Arianetown', NULL, '01417-9304', 470, '1-551-303-2145', -37.45, -63.06, 4, 'App\\Models\\Customer', '2022-02-12 22:24:57', '2022-02-12 22:24:57'),
(24, 'Billing', 'Office Address', '139 Efren Forest', 'Buckridge Island', 'Ameliaborough', 761, '99259-4992', 422, '+18787521157', 73.07, 161.26, 4, 'App\\Models\\Customer', '2022-02-12 22:24:57', '2022-02-12 22:24:57'),
(25, 'Shipping', 'Dorm Address', '821 Rasheed Mill Apt. 292', 'Kuhlman Mountain', 'New Jeffreyton', 165, '09834-5611', 120, '1-352-700-8786', 81.45, -137.32, 4, 'App\\Models\\Customer', '2022-02-12 22:24:57', '2022-02-12 22:24:57'),
(26, 'Primary', 'Brooks Wolff DVM', '41489 Amalia Mill', 'Cody Falls', 'Lavonneshire', 760, '01813', 414, '(971) 509-8815', -72.39, -164.64, 5, 'App\\Models\\Customer', '2022-02-12 22:24:57', '2022-02-12 22:24:57'),
(27, 'Billing', 'Home Address', '47195 Kari Valley Apt. 608', 'Pearlie Station', 'New Budshire', NULL, '09765-1892', 531, '1-605-932-1701', 75.32, -24.05, 5, 'App\\Models\\Customer', '2022-02-12 22:24:57', '2022-02-12 22:24:57'),
(28, 'Shipping', 'Office Address', '9648 Champlin Forks', 'Dicki Flats', 'East Rubenville', NULL, '88740-9237', 233, '571.418.1562', 34.95, 150.85, 5, 'App\\Models\\Customer', '2022-02-12 22:24:57', '2022-02-12 22:24:57'),
(29, 'Primary', 'Helena Hirthe DDS', '723 Howell Ridge', 'Ziemann Bypass', 'West Imatown', 759, '69415-4472', 414, '815.275.1695', 50.17, -27.65, 6, 'App\\Models\\Customer', '2022-02-12 22:24:57', '2022-02-12 22:24:57'),
(30, 'Billing', 'Office Address', '5703 Sam Tunnel Suite 287', 'Rippin Ranch', 'New Willowbury', NULL, '14814-1257', 732, '1-763-719-1772', -75.19, -28.61, 6, 'App\\Models\\Customer', '2022-02-12 22:24:57', '2022-02-12 22:24:57'),
(31, 'Shipping', 'Office Address', '1171 Marvin Landing Suite 482', 'Kihn Springs', 'Lake Pinkiestad', NULL, '89194-1587', 804, '843.648.4643', 51.00, -90.51, 6, 'App\\Models\\Customer', '2022-02-12 22:24:57', '2022-02-12 22:24:57'),
(32, 'Primary', 'Hank Kunde', '931 Kutch Plaza', 'Torp Mission', 'Port Gregorioview', NULL, '40673-3310', 574, '+1-754-627-9525', -78.50, -153.23, 7, 'App\\Models\\Customer', '2022-02-12 22:24:57', '2022-02-12 22:24:57'),
(33, 'Billing', 'Home Address', '94604 Ima Drive Suite 240', 'Little Crest', 'Wuckertfort', NULL, '65697-3797', 616, '(518) 397-7325', 13.96, -178.87, 7, 'App\\Models\\Customer', '2022-02-12 22:24:57', '2022-02-12 22:24:57'),
(34, 'Shipping', 'Hotel Address', '6517 O\'Kon Underpass', 'Abshire Forks', 'Adamsport', NULL, '11024-2666', 660, '310-599-0772', -41.92, 45.51, 7, 'App\\Models\\Customer', '2022-02-12 22:24:57', '2022-02-12 22:24:57'),
(35, 'Primary', 'Dr. Clyde Macejkovic III', '97263 Garth Burg Suite 422', 'Marcelino Loop', 'South Jonatan', NULL, '53135', 710, '+1-248-212-3034', 27.54, 161.37, 8, 'App\\Models\\Customer', '2022-02-12 22:24:57', '2022-02-12 22:24:57'),
(36, 'Billing', 'Hotel Address', '67898 Dietrich Plaza', 'Dorothea Plaza', 'New Nat', NULL, '23366-4049', 882, '+1-856-864-2981', -67.97, -58.38, 8, 'App\\Models\\Customer', '2022-02-12 22:24:57', '2022-02-12 22:24:57'),
(37, 'Shipping', 'Home Address', '86174 Renner Inlet Suite 167', 'Orie Mount', 'North Wanda', NULL, '50938', 270, '561.762.2542', 68.52, -73.03, 8, 'App\\Models\\Customer', '2022-02-12 22:24:57', '2022-02-12 22:24:57'),
(38, 'Primary', 'Leann Botsford', '6536 Koch Mews', 'Brown Underpass', 'Port Sylvester', NULL, '65745-5630', 807, '803-432-0991', 35.28, -99.82, 9, 'App\\Models\\Customer', '2022-02-12 22:24:57', '2022-02-12 22:24:57'),
(39, 'Billing', 'Home Address', '814 Kunze Fords Apt. 356', 'Will Lake', 'Pouroston', NULL, '17319', 508, '+13322104235', 89.43, -125.84, 9, 'App\\Models\\Customer', '2022-02-12 22:24:57', '2022-02-12 22:24:57'),
(40, 'Shipping', 'Office Address', '26247 Homenick Inlet Apt. 838', 'Schuster Ridge', 'Schusterton', NULL, '46593-2765', 44, '769-966-8328', -63.46, -78.10, 9, 'App\\Models\\Customer', '2022-02-12 22:24:57', '2022-02-12 22:24:57'),
(41, 'Primary', 'Dr. Logan Nikolaus', '900 Ryleigh Unions', 'Chanelle Mount', 'Hoegerbury', NULL, '60228-1185', 344, '+1.540.668.7529', -43.62, 25.03, 10, 'App\\Models\\Customer', '2022-02-12 22:24:57', '2022-02-12 22:24:57'),
(42, 'Billing', 'Home Address', '7627 Forest Drives Suite 711', 'Camden Vista', 'Swaniawskistad', 697, '61306', 392, '(925) 933-7018', -6.86, -179.09, 10, 'App\\Models\\Customer', '2022-02-12 22:24:57', '2022-02-12 22:24:57'),
(43, 'Shipping', 'Office Address', '5859 Johann Squares', 'Lemke Canyon', 'East Kirkburgh', NULL, '14007', 16, '702-375-2037', -50.75, 171.85, 10, 'App\\Models\\Customer', '2022-02-12 22:24:57', '2022-02-12 22:24:57'),
(44, 'Primary', 'Maurine Wolff', '67478 Mattie Spurs Apt. 635', 'Bernier Unions', 'West Ceasarside', NULL, '46044-1968', 175, '636.882.1302', -62.08, -167.65, 11, 'App\\Models\\Customer', '2022-02-12 22:24:57', '2022-02-12 22:24:57'),
(45, 'Billing', 'Hotel Address', '681 Batz Tunnel Apt. 415', 'Alfonzo Unions', 'Walkerhaven', 82, '94993-5980', 48, '805-374-4315', -24.96, -44.70, 11, 'App\\Models\\Customer', '2022-02-12 22:24:57', '2022-02-12 22:24:57'),
(46, 'Shipping', 'Home Address', '3423 Piper Port', 'Erdman Rest', 'West Ronaldoville', 1459, '71754-0530', 704, '530-438-0060', -14.52, 122.09, 11, 'App\\Models\\Customer', '2022-02-12 22:24:57', '2022-02-12 22:24:57'),
(47, 'Primary', 'Remington Ledner', '18834 Mae Extensions Suite 869', 'Krajcik Ville', 'New Abigailshire', NULL, '84248', 646, '+1.318.991.8290', 16.51, -179.13, 12, 'App\\Models\\Customer', '2022-02-12 22:24:57', '2022-02-12 22:24:57'),
(48, 'Billing', 'Office Address', '62536 Mayra River', 'Joesph Corners', 'North Donnashire', NULL, '80105-7137', 218, '213-577-8431', -49.37, 95.46, 12, 'App\\Models\\Customer', '2022-02-12 22:24:57', '2022-02-12 22:24:57'),
(49, 'Shipping', 'Home Address', '30806 Bessie Viaduct', 'Gerhold Place', 'Otiliashire', NULL, '35956', 832, '352-424-2455', 10.19, 20.93, 12, 'App\\Models\\Customer', '2022-02-12 22:24:57', '2022-02-12 22:24:57'),
(50, 'Primary', 'Tierra Schultz', '80433 Huels Pine Suite 419', 'Mraz Station', 'West Johnfort', NULL, '66769-0703', 862, '1-847-383-4578', 58.33, -9.24, 13, 'App\\Models\\Customer', '2022-02-12 22:24:57', '2022-02-12 22:24:57'),
(51, 'Billing', 'Home Address', '45795 Bechtelar Manor Suite 236', 'Sanford Squares', 'Lake Kaylamouth', 619, '61332', 356, '(248) 922-4335', 78.07, 115.58, 13, 'App\\Models\\Customer', '2022-02-12 22:24:57', '2022-02-12 22:24:57'),
(52, 'Shipping', 'Home Address', '9674 Brycen Common', 'Heathcote Islands', 'South Tomasaside', NULL, '92542-6920', 508, '+1-859-875-0512', 86.77, -41.26, 13, 'App\\Models\\Customer', '2022-02-12 22:24:57', '2022-02-12 22:24:57'),
(53, 'Primary', 'Genoveva Lesch', '3102 Royce Point Apt. 789', 'Dorthy Springs', 'Matildeside', NULL, '72870-9737', 688, '1-920-698-4173', 41.45, -77.01, 14, 'App\\Models\\Customer', '2022-02-12 22:24:57', '2022-02-12 22:24:57'),
(54, 'Billing', 'Dorm Address', '47798 Casandra Keys', 'Jennyfer Creek', 'Port Axelchester', NULL, '90039', 4, '1-425-416-1214', 55.21, 38.06, 14, 'App\\Models\\Customer', '2022-02-12 22:24:57', '2022-02-12 22:24:57'),
(55, 'Shipping', 'Dorm Address', '7402 Mary Road', 'Ettie Square', 'Port Claudeview', 829, '46243', 484, '872-862-3864', -62.01, 58.56, 14, 'App\\Models\\Customer', '2022-02-12 22:24:57', '2022-02-12 22:24:57'),
(56, 'Primary', 'Jayson Sawayn', '79126 Lind Expressway', 'Spencer Freeway', 'Lake Sarai', NULL, '27550', 132, '+1-952-873-5854', 32.77, 99.37, 15, 'App\\Models\\Customer', '2022-02-12 22:24:57', '2022-02-12 22:24:57'),
(57, 'Billing', 'Office Address', '726 Santos Grove', 'Quinn Lock', 'Hesselhaven', NULL, '76328-9700', 710, '1-732-878-9717', -56.82, -75.93, 15, 'App\\Models\\Customer', '2022-02-12 22:24:58', '2022-02-12 22:24:58'),
(58, 'Shipping', 'Home Address', '95579 Leonardo Points', 'Katrina Mount', 'Feestville', 209, '38539', 188, '508.573.1370', -17.94, -8.38, 15, 'App\\Models\\Customer', '2022-02-12 22:24:58', '2022-02-12 22:24:58'),
(59, 'Primary', 'Santa Hilpert', '9432 Murphy Via', 'Alexane Oval', 'Chazview', NULL, '05082', 531, '+1-269-327-0270', -89.55, -32.66, 16, 'App\\Models\\Customer', '2022-02-12 22:24:58', '2022-02-12 22:24:58'),
(60, 'Billing', 'Home Address', '476 Runolfsdottir Shoal Apt. 731', 'Maia Mountain', 'South Tiannafurt', NULL, '60940', 104, '+1-864-893-6826', -77.36, 122.21, 16, 'App\\Models\\Customer', '2022-02-12 22:24:58', '2022-02-12 22:24:58'),
(61, 'Shipping', 'Dorm Address', '3796 Windler Creek', 'Woodrow Stream', 'North Braden', 1221, '21218', 764, '+1-520-318-0120', 31.25, -126.68, 16, 'App\\Models\\Customer', '2022-02-12 22:24:58', '2022-02-12 22:24:58'),
(62, 'Primary', 'Kessler, Schuppe and Toy', '59793 Smith River Apt. 551', 'Von Branch', 'Joelleside', NULL, '82799', 166, '413-436-5547', -50.87, 160.04, 1, 'App\\Models\\Supplier', '2022-02-12 22:24:58', '2022-02-12 22:24:58'),
(63, 'Primary', 'Jones, Weissnat and Jacobs', '8323 Kenna Summit Suite 236', 'Fernando Junction', 'Carletonchester', NULL, '80594', 178, '423.607.5254', 4.17, -111.62, 2, 'App\\Models\\Supplier', '2022-02-12 22:24:58', '2022-02-12 22:24:58'),
(64, 'Primary', 'Schultz Group', '73526 Jalyn Forest Apt. 862', 'Dicki Lakes', 'Lake Vernon', NULL, '98370-4472', 90, '+1 (816) 261-7444', -27.63, -33.55, 3, 'App\\Models\\Supplier', '2022-02-12 22:24:58', '2022-02-12 22:24:58'),
(65, 'Primary', 'Schumm Group', '30879 Laverne Spring Suite 774', 'Ziemann Stravenue', 'Brendanport', NULL, '74852', 212, '+1 (385) 231-0604', -84.67, 125.70, 4, 'App\\Models\\Supplier', '2022-02-12 22:24:58', '2022-02-12 22:24:58'),
(66, 'Primary', 'Prosacco-Breitenberg', '3030 Flatley Rapid Apt. 345', 'Wolf Corner', 'Lake Marjorieland', 562, '79703-7367', 268, '+1-361-742-9416', -58.29, 125.01, 5, 'App\\Models\\Supplier', '2022-02-12 22:24:58', '2022-02-12 22:24:58'),
(67, 'Primary', 'Kuvalis, Brown and Carroll', '2682 Jaime Neck Suite 624', 'Crooks Circle', 'Brycebury', NULL, '79869-1892', 334, '+1-847-270-4161', -14.89, 37.80, 1, 'App\\Models\\Warehouse', '2022-02-12 22:24:59', '2022-02-12 22:24:59');

-- --------------------------------------------------------

--
-- Table structure for table `address_types`
--

CREATE TABLE `address_types` (
  `id` int(10) UNSIGNED NOT NULL,
  `type` varchar(255) COLLATE utf8_unicode_ci NOT NULL
) ENGINE=InnoDB DEFAULT CHARSET=utf8 COLLATE=utf8_unicode_ci;

--
-- Dumping data for table `address_types`
--

INSERT INTO `address_types` (`id`, `type`) VALUES
(2, 'Billing'),
(1, 'Primary'),
(3, 'Shipping');

-- --------------------------------------------------------

--
-- Table structure for table `announcements`
--

CREATE TABLE `announcements` (
  `id` varchar(255) COLLATE utf8_unicode_ci NOT NULL,
  `user_id` int(11) NOT NULL,
  `body` text COLLATE utf8_unicode_ci NOT NULL,
  `action_text` varchar(255) COLLATE utf8_unicode_ci DEFAULT NULL,
  `action_url` text COLLATE utf8_unicode_ci,
  `created_at` timestamp NULL DEFAULT NULL,
  `updated_at` timestamp NULL DEFAULT NULL
) ENGINE=InnoDB DEFAULT CHARSET=utf8 COLLATE=utf8_unicode_ci;

--
-- Dumping data for table `announcements`
--

INSERT INTO `announcements` (`id`, `user_id`, `body`, `action_text`, `action_url`, `created_at`, `updated_at`) VALUES
('9e274a6b-1340-4862-8ca2-525331830725', 1, '**Deal** of the day', 'Shop Now', '/', '2022-02-12 22:24:56', '2022-02-12 22:24:56');

-- --------------------------------------------------------

--
-- Table structure for table `attachments`
--

CREATE TABLE `attachments` (
  `id` bigint(20) UNSIGNED NOT NULL,
  `path` text COLLATE utf8_unicode_ci NOT NULL,
  `name` text COLLATE utf8_unicode_ci,
  `extension` varchar(255) COLLATE utf8_unicode_ci DEFAULT NULL,
  `size` varchar(255) COLLATE utf8_unicode_ci DEFAULT NULL,
  `attachable_id` int(10) UNSIGNED NOT NULL,
  `attachable_type` varchar(255) COLLATE utf8_unicode_ci NOT NULL,
  `ownable_id` bigint(20) DEFAULT NULL,
  `ownable_type` varchar(255) COLLATE utf8_unicode_ci DEFAULT NULL,
  `created_at` timestamp NULL DEFAULT NULL,
  `updated_at` timestamp NULL DEFAULT NULL
) ENGINE=InnoDB DEFAULT CHARSET=utf8 COLLATE=utf8_unicode_ci;

-- --------------------------------------------------------

--
-- Table structure for table `attributes`
--

CREATE TABLE `attributes` (
  `id` int(10) UNSIGNED NOT NULL,
  `shop_id` int(10) UNSIGNED DEFAULT NULL,
  `name` varchar(100) COLLATE utf8_unicode_ci DEFAULT NULL,
  `attribute_type_id` int(10) UNSIGNED DEFAULT NULL,
  `order` int(11) DEFAULT NULL,
  `deleted_at` timestamp NULL DEFAULT NULL,
  `created_at` timestamp NULL DEFAULT NULL,
  `updated_at` timestamp NULL DEFAULT NULL
) ENGINE=InnoDB DEFAULT CHARSET=utf8 COLLATE=utf8_unicode_ci;

--
-- Dumping data for table `attributes`
--

INSERT INTO `attributes` (`id`, `shop_id`, `name`, `attribute_type_id`, `order`, `deleted_at`, `created_at`, `updated_at`) VALUES
(1, NULL, 'Color', 1, 0, NULL, '2022-02-12 22:24:49', '2022-02-12 22:24:49'),
(2, NULL, 'Pattern', 1, 1, NULL, '2022-02-12 22:24:49', '2022-02-12 22:24:49'),
(3, NULL, 'Size', 3, 2, NULL, '2022-02-12 22:24:49', '2022-02-12 22:24:49'),
(4, NULL, 'Style', 3, 3, NULL, '2022-02-12 22:24:49', '2022-02-12 22:24:49'),
(5, NULL, 'Gender', 2, 4, NULL, '2022-02-12 22:24:49', '2022-02-12 22:24:49'),
(6, NULL, 'Format', 3, 5, NULL, '2022-02-12 22:24:49', '2022-02-12 22:24:49');

-- --------------------------------------------------------

--
-- Table structure for table `attribute_inventory`
--

CREATE TABLE `attribute_inventory` (
  `attribute_id` int(10) UNSIGNED NOT NULL,
  `inventory_id` bigint(20) UNSIGNED NOT NULL,
  `attribute_value_id` int(10) UNSIGNED NOT NULL,
  `created_at` timestamp NULL DEFAULT NULL,
  `updated_at` timestamp NULL DEFAULT NULL
) ENGINE=InnoDB DEFAULT CHARSET=utf8 COLLATE=utf8_unicode_ci;

--
-- Dumping data for table `attribute_inventory`
--

INSERT INTO `attribute_inventory` (`attribute_id`, `inventory_id`, `attribute_value_id`, `created_at`, `updated_at`) VALUES
(4, 84, 1, '2022-02-12 22:24:56', '2022-02-12 22:24:56'),
(5, 14, 4, '2022-02-12 22:24:56', '2022-02-12 22:24:56'),
(2, 11, 27, '2022-02-12 22:24:56', '2022-02-12 22:24:56'),
(2, 20, 27, '2022-02-12 22:24:56', '2022-02-12 22:24:56'),
(4, 7, 21, '2022-02-12 22:24:56', '2022-02-12 22:24:56'),
(2, 71, 27, '2022-02-12 22:24:56', '2022-02-12 22:24:56'),
(4, 2, 1, '2022-02-12 22:24:56', '2022-02-12 22:24:56'),
(2, 74, 15, '2022-02-12 22:24:56', '2022-02-12 22:24:56'),
(4, 22, 7, '2022-02-12 22:24:56', '2022-02-12 22:24:56'),
(5, 30, 8, '2022-02-12 22:24:56', '2022-02-12 22:24:56'),
(4, 47, 21, '2022-02-12 22:24:56', '2022-02-12 22:24:56'),
(4, 74, 21, '2022-02-12 22:24:56', '2022-02-12 22:24:56'),
(4, 75, 7, '2022-02-12 22:24:56', '2022-02-12 22:24:56'),
(1, 82, 16, '2022-02-12 22:24:56', '2022-02-12 22:24:56'),
(5, 56, 4, '2022-02-12 22:24:56', '2022-02-12 22:24:56'),
(5, 77, 24, '2022-02-12 22:24:56', '2022-02-12 22:24:56'),
(2, 6, 5, '2022-02-12 22:24:56', '2022-02-12 22:24:56'),
(2, 95, 5, '2022-02-12 22:24:56', '2022-02-12 22:24:56'),
(2, 57, 6, '2022-02-12 22:24:56', '2022-02-12 22:24:56'),
(1, 24, 25, '2022-02-12 22:24:56', '2022-02-12 22:24:56'),
(3, 31, 26, '2022-02-12 22:24:56', '2022-02-12 22:24:56'),
(2, 84, 14, '2022-02-12 22:24:56', '2022-02-12 22:24:56'),
(2, 74, 5, '2022-02-12 22:24:56', '2022-02-12 22:24:56'),
(4, 13, 2, '2022-02-12 22:24:56', '2022-02-12 22:24:56'),
(4, 55, 1, '2022-02-12 22:24:56', '2022-02-12 22:24:56'),
(2, 101, 11, '2022-02-12 22:24:56', '2022-02-12 22:24:56'),
(6, 86, 28, '2022-02-12 22:24:56', '2022-02-12 22:24:56'),
(3, 16, 23, '2022-02-12 22:24:56', '2022-02-12 22:24:56'),
(3, 12, 30, '2022-02-12 22:24:56', '2022-02-12 22:24:56'),
(6, 19, 17, '2022-02-12 22:24:56', '2022-02-12 22:24:56');

-- --------------------------------------------------------

--
-- Table structure for table `attribute_types`
--

CREATE TABLE `attribute_types` (
  `id` int(10) UNSIGNED NOT NULL,
  `type` varchar(100) COLLATE utf8_unicode_ci NOT NULL
) ENGINE=InnoDB DEFAULT CHARSET=utf8 COLLATE=utf8_unicode_ci;

--
-- Dumping data for table `attribute_types`
--

INSERT INTO `attribute_types` (`id`, `type`) VALUES
(1, 'Color/Pattern'),
(2, 'Radio'),
(3, 'Select');

-- --------------------------------------------------------

--
-- Table structure for table `attribute_values`
--

CREATE TABLE `attribute_values` (
  `id` int(10) UNSIGNED NOT NULL,
  `shop_id` int(10) UNSIGNED DEFAULT NULL,
  `value` varchar(100) COLLATE utf8_unicode_ci DEFAULT NULL,
  `color` varchar(20) COLLATE utf8_unicode_ci DEFAULT NULL,
  `attribute_id` int(10) UNSIGNED NOT NULL,
  `order` int(11) DEFAULT NULL,
  `deleted_at` timestamp NULL DEFAULT NULL,
  `created_at` timestamp NULL DEFAULT NULL,
  `updated_at` timestamp NULL DEFAULT NULL
) ENGINE=InnoDB DEFAULT CHARSET=utf8 COLLATE=utf8_unicode_ci;

--
-- Dumping data for table `attribute_values`
--

INSERT INTO `attribute_values` (`id`, `shop_id`, `value`, `color`, `attribute_id`, `order`, `deleted_at`, `created_at`, `updated_at`) VALUES
(1, NULL, 'non', '#a40cba', 4, 2, NULL, '2022-02-12 22:24:59', '2022-02-12 22:24:59'),
(2, NULL, 'similique', '#727d85', 4, 9, NULL, '2022-02-12 22:24:59', '2022-02-12 22:24:59'),
(3, NULL, 'qui', '#c1e0c8', 3, 8, NULL, '2022-02-12 22:24:59', '2022-02-12 22:24:59'),
(4, NULL, 'consequatur', '#0ac489', 5, 0, NULL, '2022-02-12 22:24:59', '2022-02-12 22:24:59'),
(5, NULL, 'qui', '#6a355a', 2, 2, NULL, '2022-02-12 22:24:59', '2022-02-12 22:24:59'),
(6, 1, 'harum', '#867092', 2, 1, NULL, '2022-02-12 22:24:59', '2022-02-12 22:24:59'),
(7, 2, 'quibusdam', '#0a1d71', 4, 4, NULL, '2022-02-12 22:24:59', '2022-02-12 22:24:59'),
(8, 2, 'et', '#fc52c3', 5, 7, NULL, '2022-02-12 22:24:59', '2022-02-12 22:24:59'),
(9, NULL, 'facilis', '#4af7c0', 5, 6, NULL, '2022-02-12 22:24:59', '2022-02-12 22:24:59'),
(10, NULL, 'vel', '#8265d6', 6, 8, NULL, '2022-02-12 22:24:59', '2022-02-12 22:24:59'),
(11, NULL, 'ipsam', '#33c5c4', 2, 8, NULL, '2022-02-12 22:24:59', '2022-02-12 22:24:59'),
(12, NULL, 'laudantium', '#3c902c', 6, 6, NULL, '2022-02-12 22:24:59', '2022-02-12 22:24:59'),
(13, NULL, 'ex', '#092ff2', 6, 4, NULL, '2022-02-12 22:24:59', '2022-02-12 22:24:59'),
(14, NULL, 'omnis', '#c62a9e', 2, 5, NULL, '2022-02-12 22:24:59', '2022-02-12 22:24:59'),
(15, 2, 'amet', '#fc9723', 2, 6, NULL, '2022-02-12 22:24:59', '2022-02-12 22:24:59'),
(16, 2, 'quia', '#dcb728', 1, 4, NULL, '2022-02-12 22:24:59', '2022-02-12 22:24:59'),
(17, 2, 'in', '#7861de', 6, 7, NULL, '2022-02-12 22:24:59', '2022-02-12 22:24:59'),
(18, NULL, 'porro', '#c0e8a2', 1, 9, NULL, '2022-02-12 22:24:59', '2022-02-12 22:24:59'),
(19, 3, 'cum', '#8a7a82', 6, 1, NULL, '2022-02-12 22:24:59', '2022-02-12 22:24:59'),
(20, NULL, 'consequatur', '#3e87ac', 6, 6, NULL, '2022-02-12 22:24:59', '2022-02-12 22:24:59'),
(21, 5, 'nostrum', '#025642', 4, 0, NULL, '2022-02-12 22:24:59', '2022-02-12 22:24:59'),
(22, 4, 'nesciunt', '#04af8d', 1, 0, NULL, '2022-02-12 22:24:59', '2022-02-12 22:24:59'),
(23, 3, 'ducimus', '#b281b9', 3, 1, NULL, '2022-02-12 22:24:59', '2022-02-12 22:24:59'),
(24, NULL, 'quia', '#8dd4c8', 5, 6, NULL, '2022-02-12 22:24:59', '2022-02-12 22:24:59'),
(25, NULL, 'quia', '#9bc7fe', 1, 0, NULL, '2022-02-12 22:24:59', '2022-02-12 22:24:59'),
(26, 1, 'quaerat', '#37efb7', 3, 5, NULL, '2022-02-12 22:24:59', '2022-02-12 22:24:59'),
(27, 5, 'molestiae', '#59bd88', 2, 9, NULL, '2022-02-12 22:24:59', '2022-02-12 22:24:59'),
(28, NULL, 'delectus', '#3bccf7', 6, 3, NULL, '2022-02-12 22:24:59', '2022-02-12 22:24:59'),
(29, 2, 'dolore', '#2a298f', 3, 2, NULL, '2022-02-12 22:24:59', '2022-02-12 22:24:59'),
(30, NULL, 'eum', '#870146', 3, 8, NULL, '2022-02-12 22:24:59', '2022-02-12 22:24:59');

-- --------------------------------------------------------

--
-- Table structure for table `avg_feedback`
--

CREATE TABLE `avg_feedback` (
  `id` bigint(20) UNSIGNED NOT NULL,
  `rating` tinyint(4) DEFAULT NULL,
  `count` bigint(20) UNSIGNED DEFAULT NULL,
  `feedbackable_id` bigint(20) UNSIGNED NOT NULL,
  `feedbackable_type` varchar(255) COLLATE utf8_unicode_ci NOT NULL,
  `created_at` timestamp NULL DEFAULT NULL,
  `updated_at` timestamp NULL DEFAULT NULL
) ENGINE=InnoDB DEFAULT CHARSET=utf8 COLLATE=utf8_unicode_ci;

--
-- Dumping data for table `avg_feedback`
--

INSERT INTO `avg_feedback` (`id`, `rating`, `count`, `feedbackable_id`, `feedbackable_type`, `created_at`, `updated_at`) VALUES
(1, 4, 1, 2, 'App\\Models\\Inventory', '2022-02-12 22:25:05', '2022-02-12 22:25:05'),
(2, 5, 1, 3, 'App\\Models\\Inventory', '2022-02-12 22:25:05', '2022-02-12 22:25:05'),
(3, 1, 1, 4, 'App\\Models\\Inventory', '2022-02-12 22:25:05', '2022-02-12 22:25:05'),
(4, 4, 2, 5, 'App\\Models\\Inventory', '2022-02-12 22:25:05', '2022-02-12 22:25:05'),
(5, 2, 1, 9, 'App\\Models\\Inventory', '2022-02-12 22:25:05', '2022-02-12 22:25:05'),
(6, 4, 1, 10, 'App\\Models\\Inventory', '2022-02-12 22:25:05', '2022-02-12 22:25:05'),
(7, 2, 1, 12, 'App\\Models\\Inventory', '2022-02-12 22:25:05', '2022-02-12 22:25:05'),
(8, 3, 2, 13, 'App\\Models\\Inventory', '2022-02-12 22:25:05', '2022-02-12 22:25:05'),
(9, 4, 1, 14, 'App\\Models\\Inventory', '2022-02-12 22:25:05', '2022-02-12 22:25:05'),
(10, 2, 2, 15, 'App\\Models\\Inventory', '2022-02-12 22:25:05', '2022-02-12 22:25:05'),
(11, 5, 1, 17, 'App\\Models\\Inventory', '2022-02-12 22:25:05', '2022-02-12 22:25:05'),
(12, 3, 1, 18, 'App\\Models\\Inventory', '2022-02-12 22:25:05', '2022-02-12 22:25:05'),
(13, 1, 1, 19, 'App\\Models\\Inventory', '2022-02-12 22:25:05', '2022-02-12 22:25:05'),
(14, 2, 1, 23, 'App\\Models\\Inventory', '2022-02-12 22:25:05', '2022-02-12 22:25:05'),
(15, 5, 1, 25, 'App\\Models\\Inventory', '2022-02-12 22:25:05', '2022-02-12 22:25:05'),
(16, 3, 2, 26, 'App\\Models\\Inventory', '2022-02-12 22:25:05', '2022-02-12 22:25:05'),
(17, 5, 1, 28, 'App\\Models\\Inventory', '2022-02-12 22:25:05', '2022-02-12 22:25:05'),
(18, 2, 1, 30, 'App\\Models\\Inventory', '2022-02-12 22:25:05', '2022-02-12 22:25:05'),
(19, 5, 1, 31, 'App\\Models\\Inventory', '2022-02-12 22:25:05', '2022-02-12 22:25:05'),
(20, 4, 1, 33, 'App\\Models\\Inventory', '2022-02-12 22:25:05', '2022-02-12 22:25:05'),
(21, 3, 1, 35, 'App\\Models\\Inventory', '2022-02-12 22:25:05', '2022-02-12 22:25:05'),
(22, 2, 2, 36, 'App\\Models\\Inventory', '2022-02-12 22:25:05', '2022-02-12 22:25:05'),
(23, 4, 2, 38, 'App\\Models\\Inventory', '2022-02-12 22:25:05', '2022-02-12 22:25:05'),
(24, 1, 1, 41, 'App\\Models\\Inventory', '2022-02-12 22:25:05', '2022-02-12 22:25:05'),
(25, 2, 1, 43, 'App\\Models\\Inventory', '2022-02-12 22:25:05', '2022-02-12 22:25:05'),
(26, 4, 2, 45, 'App\\Models\\Inventory', '2022-02-12 22:25:05', '2022-02-12 22:25:05'),
(27, 1, 1, 46, 'App\\Models\\Inventory', '2022-02-12 22:25:05', '2022-02-12 22:25:05'),
(28, 1, 2, 47, 'App\\Models\\Inventory', '2022-02-12 22:25:05', '2022-02-12 22:25:05'),
(29, 3, 2, 48, 'App\\Models\\Inventory', '2022-02-12 22:25:05', '2022-02-12 22:25:05'),
(30, 5, 1, 49, 'App\\Models\\Inventory', '2022-02-12 22:25:05', '2022-02-12 22:25:05'),
(31, 1, 1, 50, 'App\\Models\\Inventory', '2022-02-12 22:25:05', '2022-02-12 22:25:05'),
(32, 4, 1, 51, 'App\\Models\\Inventory', '2022-02-12 22:25:05', '2022-02-12 22:25:05'),
(33, 4, 1, 53, 'App\\Models\\Inventory', '2022-02-12 22:25:05', '2022-02-12 22:25:05'),
(34, 1, 1, 54, 'App\\Models\\Inventory', '2022-02-12 22:25:05', '2022-02-12 22:25:05'),
(35, 3, 1, 55, 'App\\Models\\Inventory', '2022-02-12 22:25:05', '2022-02-12 22:25:05'),
(36, 2, 1, 57, 'App\\Models\\Inventory', '2022-02-12 22:25:05', '2022-02-12 22:25:05'),
(37, 3, 5, 58, 'App\\Models\\Inventory', '2022-02-12 22:25:05', '2022-02-12 22:25:05'),
(38, 4, 1, 59, 'App\\Models\\Inventory', '2022-02-12 22:25:05', '2022-02-12 22:25:05'),
(39, 4, 2, 61, 'App\\Models\\Inventory', '2022-02-12 22:25:05', '2022-02-12 22:25:05'),
(40, 3, 2, 63, 'App\\Models\\Inventory', '2022-02-12 22:25:05', '2022-02-12 22:25:05'),
(41, 1, 1, 64, 'App\\Models\\Inventory', '2022-02-12 22:25:05', '2022-02-12 22:25:05'),
(42, 4, 2, 65, 'App\\Models\\Inventory', '2022-02-12 22:25:05', '2022-02-12 22:25:05'),
(43, 3, 1, 66, 'App\\Models\\Inventory', '2022-02-12 22:25:05', '2022-02-12 22:25:05'),
(44, 1, 1, 68, 'App\\Models\\Inventory', '2022-02-12 22:25:05', '2022-02-12 22:25:05'),
(45, 5, 1, 69, 'App\\Models\\Inventory', '2022-02-12 22:25:05', '2022-02-12 22:25:05'),
(46, 2, 1, 71, 'App\\Models\\Inventory', '2022-02-12 22:25:05', '2022-02-12 22:25:05'),
(47, 4, 1, 86, 'App\\Models\\Inventory', '2022-02-12 22:25:05', '2022-02-12 22:25:05'),
(48, 2, 3, 90, 'App\\Models\\Inventory', '2022-02-12 22:25:05', '2022-02-12 22:25:05'),
(49, 2, 1, 92, 'App\\Models\\Inventory', '2022-02-12 22:25:05', '2022-02-12 22:25:05'),
(50, 1, 1, 96, 'App\\Models\\Inventory', '2022-02-12 22:25:05', '2022-02-12 22:25:05'),
(51, 2, 1, 97, 'App\\Models\\Inventory', '2022-02-12 22:25:05', '2022-02-12 22:25:05'),
(52, 2, 1, 98, 'App\\Models\\Inventory', '2022-02-12 22:25:05', '2022-02-12 22:25:05'),
(53, 5, 1, 100, 'App\\Models\\Inventory', '2022-02-12 22:25:05', '2022-02-12 22:25:05'),
(54, 2, 1, 101, 'App\\Models\\Inventory', '2022-02-12 22:25:05', '2022-02-12 22:25:05'),
(55, 3, 1, 102, 'App\\Models\\Inventory', '2022-02-12 22:25:05', '2022-02-12 22:25:05'),
(56, 1, 1, 103, 'App\\Models\\Inventory', '2022-02-12 22:25:05', '2022-02-12 22:25:05'),
(57, 2, 22, 1, 'App\\Models\\Shop', '2022-02-12 22:25:05', '2022-02-12 22:25:05'),
(58, 3, 10, 2, 'App\\Models\\Shop', '2022-02-12 22:25:05', '2022-02-12 22:25:05'),
(59, 3, 13, 3, 'App\\Models\\Shop', '2022-02-12 22:25:05', '2022-02-12 22:25:05'),
(60, 2, 18, 4, 'App\\Models\\Shop', '2022-02-12 22:25:05', '2022-02-12 22:25:05'),
(61, 3, 13, 5, 'App\\Models\\Shop', '2022-02-12 22:25:05', '2022-02-12 22:25:05');

-- --------------------------------------------------------

--
-- Table structure for table `banners`
--

CREATE TABLE `banners` (
  `id` int(10) UNSIGNED NOT NULL,
  `title` varchar(255) COLLATE utf8_unicode_ci DEFAULT NULL,
  `description` varchar(255) COLLATE utf8_unicode_ci DEFAULT NULL,
  `link` text COLLATE utf8_unicode_ci,
  `link_label` varchar(100) COLLATE utf8_unicode_ci DEFAULT NULL,
  `bg_color` varchar(20) COLLATE utf8_unicode_ci DEFAULT NULL,
  `group_id` varchar(255) COLLATE utf8_unicode_ci DEFAULT NULL,
  `columns` int(11) DEFAULT '12',
  `order` int(11) DEFAULT '100',
  `effect` tinyint(4) NOT NULL DEFAULT '0',
  `created_at` timestamp NULL DEFAULT NULL,
  `updated_at` timestamp NULL DEFAULT NULL
) ENGINE=InnoDB DEFAULT CHARSET=utf8 COLLATE=utf8_unicode_ci;

--
-- Dumping data for table `banners`
--

INSERT INTO `banners` (`id`, `title`, `description`, `link`, `link_label`, `bg_color`, `group_id`, `columns`, `order`, `effect`, `created_at`, `updated_at`) VALUES
(1, 'Black Friday Deals!', 'Flat 20% off', '/category/dslr', 'Shop Now', '#a72d91', 'group_1', 4, 100, 1, '2022-02-12 22:25:05', '2022-02-12 22:25:05'),
(2, 'Free shipping', 'Up to 38% off', '/category/tvs', 'Shop Now', '#f18410', 'group_1', 4, 100, 1, '2022-02-12 22:25:05', '2022-02-12 22:25:05'),
(3, 'BIG sale week!', 'Flat 26% off + free shipping', '/category/velit-nam-ut-dolorum-corporis', 'Shop Now', '#31bfa6', 'group_1', 4, 100, 1, '2022-02-12 22:25:05', '2022-02-12 22:25:05'),
(4, 'Tech accessories with free shipping', '', '/category/pns-camera', 'Shop Now', '#ff07de', 'group_2', 6, 100, 0, '2022-02-12 22:25:05', '2022-02-12 22:25:05'),
(5, 'Knockout offers!', 'Up to 75% off', '/category/aperiam-error-tenetur-sint-quas-voluptatem', 'Shop Now', '#1f3135', 'group_2', 6, 100, 0, '2022-02-12 22:25:05', '2022-02-12 22:25:05'),
(6, 'Year end SALE!', '29% off today!', '/category/repellendus-fugit-sed-ad-recusandae-voluptatem-quidem', 'Shop Now', '#3bd68f', 'group_4', 6, 100, 0, '2022-02-12 22:25:05', '2022-02-12 22:25:05'),
(7, 'Free shipping', 'Up to 60% off + free shipping', '/category/aperiam-error-tenetur-sint-quas-voluptatem', 'Shop Now', '#713ea1', 'group_4', 6, 100, 0, '2022-02-12 22:25:05', '2022-02-12 22:25:05'),
(8, 'Everyday essentials deals', 'Up to 69% off', '/category/quas-omnis-ipsum-excepturi-debitis-magnam-iusto-omnis-esse', 'Shop Now', '#5c8fb4', 'group_5', 12, 100, 0, '2022-02-12 22:25:05', '2022-02-12 22:25:05'),
(9, 'Deal of the day', '', '/category/tvs', 'Shop Now', '#49b933', 'group_6', 6, 100, 1, '2022-02-12 22:25:05', '2022-02-12 22:25:05'),
(10, 'Save up to 40%', 'Don\'t miss out!', '/category/dslr', 'Shop Now', '#9ddb64', 'group_6', 6, 100, 1, '2022-02-12 22:25:05', '2022-02-12 22:25:05');

-- --------------------------------------------------------

--
-- Table structure for table `banner_groups`
--

CREATE TABLE `banner_groups` (
  `id` varchar(255) COLLATE utf8_unicode_ci NOT NULL,
  `name` varchar(255) COLLATE utf8_unicode_ci NOT NULL
) ENGINE=InnoDB DEFAULT CHARSET=utf8 COLLATE=utf8_unicode_ci;

--
-- Dumping data for table `banner_groups`
--

INSERT INTO `banner_groups` (`id`, `name`) VALUES
('group_1', 'Group 1'),
('group_2', 'Group 2'),
('group_3', 'Group 3'),
('group_4', 'Group 4'),
('group_5', 'Group 5'),
('group_6', 'Group 6');

-- --------------------------------------------------------

--
-- Table structure for table `blogs`
--

CREATE TABLE `blogs` (
  `id` int(10) UNSIGNED NOT NULL,
  `title` text COLLATE utf8_unicode_ci NOT NULL,
  `slug` varchar(200) COLLATE utf8_unicode_ci NOT NULL,
  `excerpt` varchar(255) COLLATE utf8_unicode_ci DEFAULT NULL,
  `content` longtext COLLATE utf8_unicode_ci,
  `user_id` bigint(20) UNSIGNED NOT NULL,
  `status` tinyint(1) NOT NULL DEFAULT '1',
  `approved` tinyint(1) NOT NULL DEFAULT '1',
  `published_at` timestamp NULL DEFAULT NULL,
  `likes` int(10) UNSIGNED NOT NULL DEFAULT '0',
  `dislikes` int(10) UNSIGNED NOT NULL DEFAULT '0',
  `deleted_at` timestamp NULL DEFAULT NULL,
  `created_at` timestamp NULL DEFAULT NULL,
  `updated_at` timestamp NULL DEFAULT NULL
) ENGINE=InnoDB DEFAULT CHARSET=utf8 COLLATE=utf8_unicode_ci;

--
-- Dumping data for table `blogs`
--

INSERT INTO `blogs` (`id`, `title`, `slug`, `excerpt`, `content`, `user_id`, `status`, `approved`, `published_at`, `likes`, `dislikes`, `deleted_at`, `created_at`, `updated_at`) VALUES
(1, 'Doloremque modi nulla velit minima mollitia necessitatibus aliquid nihil.', 'abc-zcart-blog-post', 'Illo quae veritatis nihil nisi tempore sequi. Quia aliquid velit vero eligendi. Autem quia eum officiis occaecati nesciunt.', '<p>Maiores dolor fuga illo voluptatem debitis sed. Sit illo et aut ratione praesentium et. Consequatur rerum nobis consequatur amet molestiae.</p><p>Eum consectetur suscipit ut ab fugiat perferendis tempora. Eaque ex mollitia sed reiciendis debitis pariatur sapiente quo. Et doloremque amet eum mollitia porro ducimus.</p><p>Reprehenderit et voluptatem ut est id. Quia cupiditate molestias consectetur. Porro est temporibus temporibus necessitatibus at nobis.</p><p>Maxime qui accusantium assumenda et. Aspernatur nam voluptatem aut quo. Omnis nemo iure qui eius. Vel molestiae nam amet voluptatem voluptatem.<img src=\"https://farm5.staticflickr.com/4510/37699099812_bc4aa78c5a_z.jpg\" width=\"640\" height=\"424\" alt=\"Fishermen&#x27;s morning V1\"></p><p>Harum vero laborum aut incidunt illo et rerum. Enim in fuga qui vel et ipsam ut. Consequuntur voluptas voluptas illum reiciendis aut aut. Perferendis dolores et et est accusamus.</p><p>Ipsa labore quibusdam porro incidunt et omnis quia. Hic sint ea rem dolor officia.</p><p>Beatae quis consequatur accusamus tempora. Et sed earum et distinctio voluptatem. Et quia temporibus quisquam accusamus.</p>', 5, 1, 1, '2022-01-30 22:25:00', 0, 0, NULL, '2022-01-06 22:25:04', '2022-01-06 22:25:04'),
(2, 'Non qui a minus saepe.', 'ipsum-dolorem-necessitatibus-provident-et-ipsam-et-velit', 'Eum sit et fugiat reiciendis nulla molestias maxime. Explicabo voluptatibus dolorum magni ut eveniet. Quidem cupiditate soluta magnam sint sint ut sit debitis.', '<p>Illo ducimus nihil in architecto vel. Aut dolores molestiae doloremque ea sit cumque. Corrupti dolor soluta reiciendis et nihil voluptatem. Tenetur nam nostrum nihil minus consectetur expedita sapiente at.</p><p>In dolorem eaque magnam accusantium non et. Autem ut qui vel dolor provident. Quaerat porro quia quia cum autem enim aut. Aliquam numquam velit amet. Dolore aut dolorem qui eum.</p><p>Molestias facilis omnis et ut. Aspernatur nesciunt non enim corrupti. Eos et qui non veritatis velit aut. Blanditiis eum sunt et et tempora laborum unde nostrum.</p><p>Distinctio deserunt alias asperiores distinctio laboriosam deserunt. Pariatur tempora amet molestiae libero nulla ipsam et. Id ut fugit ducimus.<img src=\"https://farm5.staticflickr.com/4494/37473356390_051bb9b747_z.jpg\" width=\"424\" height=\"640\" alt=\"Discrete wheel V1\"></p><p>Necessitatibus quo ipsa quas recusandae. Velit quo a maiores quos ipsum. Facilis explicabo possimus tenetur ipsum iste. Minima molestiae molestias dolor id ut.</p><p>Totam omnis velit deserunt tempora. Maiores minus libero perferendis sint. Aspernatur maxime beatae ex dolores cupiditate quis consequuntur. Et rerum quia itaque eum sint.</p><p>Quia pariatur fugit at eum deserunt. Ducimus fugiat nobis unde porro dignissimos consectetur ut. Porro est sed consectetur saepe. Perspiciatis voluptates id quia accusamus.</p>', 6, 1, 1, '2022-02-04 22:25:00', 0, 0, NULL, '2022-01-22 22:25:04', '2022-01-22 22:25:04'),
(3, 'Ea et laboriosam labore eos eaque earum.', 'itaque-voluptas-omnis-sed-nisi-sed-voluptatem', 'Itaque repudiandae recusandae dolore labore sint illum veniam. Sapiente qui velit voluptatem unde laudantium architecto minima mollitia. Eveniet id aperiam voluptates tempore eaque occaecati quisquam.', '<p>Sit reprehenderit qui est sunt. Et reprehenderit commodi molestiae molestiae. Odio eligendi qui voluptate incidunt in.</p><p>Et esse dolorem sunt ut aliquam. Rem dicta qui esse possimus. Tenetur officia provident et consequatur. Sit necessitatibus reprehenderit vel minima commodi necessitatibus.</p><p>Laborum aut nemo accusantium. Totam voluptas itaque aut aut maxime. Vel quis eligendi et ex magni qui. Rerum consequatur rerum non expedita adipisci molestias labore.</p><p>Rerum dicta error illo omnis architecto blanditiis. Aspernatur voluptatem omnis itaque quibusdam minima facilis aliquam iure. Magni et dolor reprehenderit voluptas quo dolor. Hic expedita et eos iste quia sapiente et.<iframe width=\"560\" height=\"315\" src=\"https://www.youtube.com/embed/qUGHv2VAESE\" frameborder=\"0\" allow=\"accelerometer; autoplay; encrypted-media; gyroscope; picture-in-picture\" allowfullscreen></iframe></p><p>Exercitationem qui ut deleniti nihil. Unde expedita beatae molestiae sunt eos. Cupiditate aspernatur consectetur perferendis quaerat sint.</p><p>Eos dolores sunt voluptatibus cupiditate quia dicta. Quod et est quo eveniet dolores exercitationem. Illum aspernatur omnis quis non reprehenderit porro nostrum. Voluptates id libero corrupti aut eveniet.</p><p>Quisquam voluptatem odit exercitationem molestiae error mollitia. Veritatis veniam molestiae omnis porro dolor aut omnis dolorem. Quo dolor neque eos voluptas. Earum ullam nihil eum cupiditate.</p>', 4, 1, 1, '2022-02-05 22:25:00', 0, 0, NULL, '2022-01-21 22:25:04', '2022-01-21 22:25:04'),
(4, 'Est et voluptates ipsa ea et assumenda.', 'nobis-quos-possimus-ut-voluptatibus-dolor-iusto-molestiae', 'Error rerum in sit aut doloremque ipsam beatae odio. Consequatur molestiae rerum reiciendis consequatur aut sit nihil. Iusto sequi enim libero ratione consequuntur molestias. Est labore deleniti minus doloremque sed qui hic. Et et ducimus doloremque et de', '<p>Voluptatem nihil nisi perferendis repellendus blanditiis minus qui. Similique at rerum molestiae quo.</p><p>Occaecati ducimus asperiores quo amet consequatur. Ut eligendi ut minus incidunt reiciendis tempore. Et ex vitae ipsum autem.</p><p>Molestiae et distinctio ut est eveniet magnam. Vel velit et adipisci exercitationem ea corrupti et provident. Voluptatem aut aliquid modi praesentium sit. Maxime laudantium rem alias dicta qui provident corrupti.</p><p>Eos reprehenderit aut odit quidem delectus in esse dicta. Aut doloribus et quia culpa ut et quo. Architecto sed eius illo aut inventore quis aut. Sequi fugit ullam qui minima dolorem ullam optio.<img src=\"https://farm5.staticflickr.com/4514/37473352560_7da215a7a5_z.jpg\" width=\"640\" height=\"424\" alt=\"Follow me\"></p><p>Aliquid ratione ea voluptates adipisci debitis similique ut. Molestias qui autem odit rem officiis laudantium. Laborum laboriosam totam nobis dolor expedita.</p><p>Maiores non autem rerum aliquid harum omnis id aut. Maiores inventore aspernatur ut autem cumque placeat est aspernatur. Deleniti modi accusamus quae laboriosam vel aliquam. Consequuntur quo fugit mollitia et et quo modi.</p><p>Eveniet odit est voluptatibus. Quo omnis odit ea esse qui a. Possimus minus ipsam voluptatem earum. Dolorum esse dolor vel perferendis officiis reprehenderit non et.</p>', 6, 1, 1, '2022-02-09 22:25:00', 0, 0, NULL, '2022-02-07 22:25:04', '2022-02-07 22:25:04'),
(5, 'At esse ipsum dicta eum et.', 'eos-velit-est-consequatur-molestiae-ratione-perferendis', 'Soluta omnis quia cum tempora earum qui. Autem consequuntur ut aut accusantium voluptatibus facere. Debitis perferendis officia repellat tenetur quae nostrum corrupti similique.', '<p>Dolor impedit dignissimos consequatur provident et facere vel qui. Et suscipit cupiditate et est iure necessitatibus soluta. Rem iusto magnam esse magnam.</p><p>Doloremque necessitatibus et neque in nobis ipsa non. Aut ut nesciunt optio architecto rerum tempore. Voluptatibus quis autem temporibus eum delectus. Quod animi adipisci repudiandae incidunt tempora maxime.</p><p>Numquam minima explicabo voluptatem commodi voluptatem quia maxime. Eligendi voluptatem quibusdam molestias a accusamus. Distinctio ratione vitae ea aperiam.</p><p>Quibusdam sapiente quia magni fugit sed veritatis. Harum harum consequatur tenetur ad laboriosam a rerum nam. Sint mollitia perferendis iusto dolorum id. Delectus quisquam hic quidem eos quisquam incidunt.<img src=\"https://farm5.staticflickr.com/4514/37473352560_7da215a7a5_z.jpg\" width=\"640\" height=\"424\" alt=\"Follow me\"></p><p>Saepe officia porro et. Officia nesciunt commodi et quos. Rerum perferendis ipsam harum nihil excepturi. Aut eius vel aut laborum sunt.</p><p>Provident ullam quibusdam et omnis sapiente sed aperiam ut. Aspernatur ea molestiae similique in fuga suscipit corrupti.</p><p>Doloribus et vero at. Non sunt explicabo quia excepturi distinctio nam.</p>', 4, 1, 1, '2022-02-08 22:25:00', 0, 0, NULL, '2022-01-29 22:25:04', '2022-01-29 22:25:04'),
(6, 'Eum ex at beatae molestiae.', 'occaecati-sed-similique-aut-labore', 'Nesciunt expedita voluptate magnam in est quis reprehenderit. Eos non et est dolorem. Dolor vel voluptatem nemo fugit vel dicta iste. Dolor omnis voluptatem officiis id dicta voluptatibus perferendis.', '<p>Dicta aut accusamus inventore. Incidunt unde nulla est quaerat eos et. Eos natus aliquid eaque libero. Illo aspernatur nihil nulla sint.</p><p>Exercitationem ea facilis ad minima ut culpa distinctio. Eum sunt illum veniam aut ut dolorem. Ea et corrupti odio vel velit et et.</p><p>Molestiae quo magnam officia repellendus. Amet autem minima consequuntur. Veritatis aut modi voluptate harum molestiae. Non veniam laboriosam deleniti voluptatum modi magnam esse.</p><p>Cupiditate adipisci voluptatem aut quam voluptas deserunt. Ipsam ut dolor aut. Occaecati dolores ratione neque enim saepe animi tempora. Quaerat et mollitia qui excepturi voluptas maiores.<iframe width=\"560\" height=\"315\" src=\"https://www.youtube.com/embed/qUGHv2VAESE\" frameborder=\"0\" allow=\"accelerometer; autoplay; encrypted-media; gyroscope; picture-in-picture\" allowfullscreen></iframe></p><p>Rem explicabo quidem asperiores placeat temporibus odit. Ut aut ipsum molestiae odit. Iure quia ducimus soluta voluptas.</p><p>Molestiae vel id nostrum veniam dolore aperiam. Pariatur quo natus sunt veritatis magnam voluptate assumenda. A et provident cumque nemo.</p><p>Perferendis iusto aliquam explicabo minus. Doloribus esse rerum vero cumque quis. Iusto odio adipisci ullam quia nemo.</p>', 7, 1, 1, '2022-02-11 22:25:00', 0, 0, NULL, '2022-01-12 22:25:04', '2022-01-12 22:25:04');

-- --------------------------------------------------------

--
-- Table structure for table `blog_comments`
--

CREATE TABLE `blog_comments` (
  `id` int(10) UNSIGNED NOT NULL,
  `content` longtext COLLATE utf8_unicode_ci NOT NULL,
  `blog_id` int(10) UNSIGNED NOT NULL,
  `user_id` bigint(20) UNSIGNED NOT NULL,
  `parent` int(10) UNSIGNED DEFAULT NULL,
  `approved` tinyint(1) NOT NULL DEFAULT '1',
  `likes` int(10) UNSIGNED NOT NULL DEFAULT '0',
  `dislikes` int(10) UNSIGNED NOT NULL DEFAULT '0',
  `deleted_at` timestamp NULL DEFAULT NULL,
  `created_at` timestamp NULL DEFAULT NULL,
  `updated_at` timestamp NULL DEFAULT NULL
) ENGINE=InnoDB DEFAULT CHARSET=utf8 COLLATE=utf8_unicode_ci;

--
-- Dumping data for table `blog_comments`
--

INSERT INTO `blog_comments` (`id`, `content`, `blog_id`, `user_id`, `parent`, `approved`, `likes`, `dislikes`, `deleted_at`, `created_at`, `updated_at`) VALUES
(1, 'Qui et quis voluptas culpa velit porro tenetur. Sed dolore inventore eius et. Provident dolor laborum voluptas quo.', 6, 2, NULL, 0, 0, 0, NULL, '2022-02-10 22:25:04', '2022-01-30 22:25:04'),
(2, 'Ut voluptatem ad nam et nisi sed nemo. Similique esse corporis aperiam aspernatur nemo ab. Explicabo rerum facilis quo quia velit. Asperiores beatae fugit eaque explicabo quas sequi. Deleniti mollitia ullam maiores nesciunt libero quod.', 3, 1, NULL, 1, 0, 0, NULL, '2022-01-30 22:25:04', '2022-02-11 22:25:04'),
(3, 'Incidunt quae ducimus doloribus exercitationem magnam aperiam eos. Et autem quasi eum laudantium. Qui nihil qui dolores facere dolorem reprehenderit consequatur modi.', 2, 4, NULL, 1, 0, 0, NULL, '2022-02-10 22:25:04', '2022-02-09 22:25:04'),
(4, 'Veritatis libero non minima sunt dolores. Ut consequuntur nihil quis omnis ut qui blanditiis. Dignissimos porro voluptatem animi iste aut. Quis et at exercitationem quibusdam dolorum.', 4, 4, NULL, 0, 0, 0, NULL, '2022-01-31 22:25:04', '2022-02-05 22:25:04'),
(5, 'Ea in saepe non expedita. Quis cum laborum rem provident sint nihil. Maiores est quod natus magnam voluptate aspernatur. Autem at nemo illo et.', 5, 1, NULL, 0, 0, 0, NULL, '2022-02-09 22:25:04', '2022-01-29 22:25:04'),
(6, 'Fugiat est voluptas sit impedit sed. Sapiente soluta aliquam inventore dolores et. Officia officiis asperiores velit in cum dolorum.', 5, 1, NULL, 1, 0, 0, NULL, '2022-02-10 22:25:04', '2022-01-28 22:25:04'),
(7, 'Culpa et temporibus illo aut est id. Rerum rerum laborum officiis. Natus voluptatem laborum voluptas voluptas.', 2, 5, NULL, 0, 0, 0, NULL, '2022-02-05 22:25:04', '2022-01-31 22:25:04'),
(8, 'Molestias dicta voluptatum placeat commodi asperiores. Et neque ut quas voluptatem qui aut sit. Necessitatibus omnis ea quia nihil et. Molestiae hic quidem modi omnis eos adipisci dolore. Error et et voluptate.', 1, 5, NULL, 1, 0, 0, NULL, '2022-02-05 22:25:04', '2022-01-30 22:25:04'),
(9, 'Asperiores non deserunt ut. Maxime rerum possimus aspernatur quo. Qui tenetur quisquam minima aut.', 6, 6, NULL, 1, 0, 0, NULL, '2022-01-28 22:25:04', '2022-02-01 22:25:04'),
(10, 'Rerum at id consequatur et harum vel. Voluptas quod dolor velit non. Et unde nam eum inventore vel est.', 2, 1, NULL, 0, 0, 0, NULL, '2022-02-01 22:25:04', '2022-02-02 22:25:04'),
(11, 'In assumenda voluptatum qui voluptatem similique qui quia. Numquam in enim dolorum in occaecati nam. Autem aut blanditiis consequatur eveniet et voluptatum aspernatur. Ut in minus consequatur distinctio enim eum.', 5, 5, NULL, 1, 0, 0, NULL, '2022-02-02 22:25:04', '2022-02-09 22:25:04'),
(12, 'Facere ipsa et ab vitae iusto. Ullam ea voluptatibus omnis voluptatem. Veniam at provident dolor. Cumque eum eius accusantium ullam maxime.', 3, 2, NULL, 1, 0, 0, NULL, '2022-02-09 22:25:04', '2022-02-10 22:25:04'),
(13, 'Vel beatae unde voluptatem. Repellendus inventore voluptatem quo ex maiores nihil adipisci et. Corporis voluptatibus eligendi sunt vel velit occaecati. Omnis eaque autem fugiat dolores qui ut dolor ut. Est voluptatem quas culpa vero magni porro beatae qui.', 3, 6, NULL, 1, 0, 0, NULL, '2022-01-30 22:25:04', '2022-01-29 22:25:04'),
(14, 'Qui repudiandae quos quia deserunt architecto ab eum explicabo. Asperiores veniam voluptatum optio. Laudantium hic numquam voluptas eius quos voluptates. Aperiam et illo et facilis sit beatae et.', 1, 7, NULL, 0, 0, 0, NULL, '2022-02-03 22:25:04', '2022-02-02 22:25:04'),
(15, 'Qui recusandae non omnis perferendis at repudiandae officiis enim. Vitae voluptatem neque aut dolores id pariatur modi. Voluptas at facere nam non. Qui ut distinctio eligendi doloremque voluptatum. Repudiandae dolorum incidunt sed et ut animi.', 4, 5, NULL, 0, 0, 0, NULL, '2022-02-09 22:25:04', '2022-02-01 22:25:04'),
(16, 'Quam iure ad quia enim qui consequatur placeat. Odit qui porro enim repellat autem sit. Sit omnis libero dolor dolorem quia.', 5, 7, NULL, 1, 0, 0, NULL, '2022-02-06 22:25:04', '2022-02-07 22:25:04'),
(17, 'Vitae consequuntur explicabo architecto quis assumenda. Sit occaecati voluptas inventore facere. Praesentium aliquam sit ex voluptatum nihil saepe. Est consequuntur et quam consequatur hic sed.', 6, 6, NULL, 0, 0, 0, NULL, '2022-02-07 22:25:04', '2022-02-11 22:25:04'),
(18, 'Eum earum facilis repellendus aspernatur et. Distinctio quod ea minima amet excepturi. Quibusdam aliquam repudiandae officia dolor ut perferendis est.', 5, 1, NULL, 1, 0, 0, NULL, '2022-02-09 22:25:04', '2022-01-30 22:25:04'),
(19, 'Dignissimos alias dolores nostrum sit amet. Nemo esse eaque iusto illum quis velit rem. Dignissimos perspiciatis animi eum et eos voluptas reiciendis quia.', 1, 7, NULL, 1, 0, 0, NULL, '2022-02-09 22:25:04', '2022-02-09 22:25:04'),
(20, 'Est quaerat dolores sed. Laboriosam vero qui et ex consequatur rerum.', 6, 2, NULL, 1, 0, 0, NULL, '2022-02-12 22:25:04', '2022-02-05 22:25:04'),
(21, 'Ut ut illo qui praesentium. Id autem qui qui rerum cum incidunt dolore expedita. Sint dolorem ipsam sint eius facilis.', 5, 3, NULL, 0, 0, 0, NULL, '2022-02-07 22:25:04', '2022-02-03 22:25:04'),
(22, 'Consequatur in debitis iure aut reprehenderit distinctio doloribus. Harum vel consequatur officia. Sint cumque totam corporis sint enim ad. Dolor sit perspiciatis aliquid et aut sint qui.', 1, 5, NULL, 1, 0, 0, NULL, '2022-02-11 22:25:04', '2022-02-12 22:25:04'),
(23, 'Neque eligendi deleniti consequuntur quia quam accusamus assumenda. Rerum quos eius sunt modi quia consequatur autem. Quod autem ipsam placeat eveniet nemo. Iste iure inventore voluptate.', 6, 6, NULL, 1, 0, 0, NULL, '2022-02-07 22:25:04', '2022-01-30 22:25:04'),
(24, 'Quia dolores est veritatis nisi sequi omnis iusto. Voluptatum consequatur odio aut velit explicabo quod ipsa. Et dicta excepturi aut. Ut nostrum minima aut et ut neque sit. Provident corporis ullam ut animi.', 6, 2, NULL, 0, 0, 0, NULL, '2022-01-30 22:25:04', '2022-02-11 22:25:04'),
(25, 'Veniam illo nihil libero voluptatem ad non molestiae quae. Delectus omnis quia eaque aut vel explicabo quod. Dolores at accusamus ex est aut dolores. Corrupti eos placeat totam error libero in sed.', 6, 2, NULL, 0, 0, 0, NULL, '2022-02-11 22:25:04', '2022-02-01 22:25:04'),
(26, 'Earum itaque molestiae aut quo omnis odio. Et et et nobis nulla iste nihil. Dolorem ut labore molestiae perferendis repudiandae quia. Quidem dolor culpa quae quibusdam illum deleniti sunt.', 4, 3, NULL, 1, 0, 0, NULL, '2022-01-29 22:25:04', '2022-02-07 22:25:04'),
(27, 'Quod nam molestiae qui aut repudiandae ab. Recusandae voluptatem nemo natus sequi numquam dolorem maiores. Et aut enim ullam eius.', 5, 1, NULL, 1, 0, 0, NULL, '2022-02-05 22:25:04', '2022-02-01 22:25:04'),
(28, 'Recusandae impedit neque dicta unde atque nemo amet. Corrupti non eaque doloremque aliquid commodi omnis. Repellat illum magni quo. Sint non consequatur eaque optio sapiente quas.', 4, 1, NULL, 1, 0, 0, NULL, '2022-01-29 22:25:04', '2022-01-31 22:25:04'),
(29, 'Et omnis vel neque dolores totam omnis laboriosam. Ipsum ut iste voluptas quae. Et et qui unde veritatis saepe.', 4, 5, NULL, 0, 0, 0, NULL, '2022-01-29 22:25:04', '2022-02-07 22:25:04'),
(30, 'Id suscipit et veritatis ex. Molestiae sequi quo perferendis consequatur fugit. Voluptatum esse earum itaque eum. Sint at aut commodi ipsam rerum doloremque minus sunt.', 1, 2, NULL, 1, 0, 0, NULL, '2022-01-29 22:25:04', '2022-02-05 22:25:04');

-- --------------------------------------------------------

--
-- Table structure for table `cancellations`
--

CREATE TABLE `cancellations` (
  `id` bigint(20) UNSIGNED NOT NULL,
  `shop_id` int(10) UNSIGNED DEFAULT NULL,
  `cancellation_reason_id` int(10) UNSIGNED DEFAULT NULL,
  `customer_id` bigint(20) UNSIGNED NOT NULL,
  `order_id` bigint(20) UNSIGNED NOT NULL,
  `items` text COLLATE utf8_unicode_ci,
  `description` longtext COLLATE utf8_unicode_ci,
  `return_goods` tinyint(1) DEFAULT NULL,
  `status` int(10) UNSIGNED NOT NULL DEFAULT '1',
  `created_at` timestamp NULL DEFAULT NULL,
  `updated_at` timestamp NULL DEFAULT NULL
) ENGINE=InnoDB DEFAULT CHARSET=utf8 COLLATE=utf8_unicode_ci;

-- --------------------------------------------------------

--
-- Table structure for table `cancellation_reasons`
--

CREATE TABLE `cancellation_reasons` (
  `id` int(10) UNSIGNED NOT NULL,
  `detail` varchar(255) COLLATE utf8_unicode_ci NOT NULL,
  `office_use` tinyint(1) DEFAULT NULL
) ENGINE=InnoDB DEFAULT CHARSET=utf8 COLLATE=utf8_unicode_ci;

--
-- Dumping data for table `cancellation_reasons`
--

INSERT INTO `cancellation_reasons` (`id`, `detail`, `office_use`) VALUES
(1, 'Order created by mistake', NULL),
(2, 'Delivery takes so long', NULL),
(3, 'High shipping cost', NULL),
(4, 'Wrong shipping address', NULL),
(5, 'Need some adjustment', NULL),
(6, 'Wrong billing address', NULL),
(7, 'Other reason', NULL),
(8, 'No inventory', 1),
(9, 'Buyer cancelled', 1),
(10, 'General adjustment', 1),
(11, 'Shipping address undeliverable', 1),
(12, 'Pricing issue', 1),
(13, 'Customs problem', 1);

-- --------------------------------------------------------

--
-- Table structure for table `carriers`
--

CREATE TABLE `carriers` (
  `id` int(10) UNSIGNED NOT NULL,
  `shop_id` int(10) UNSIGNED DEFAULT NULL,
  `tax_id` int(10) UNSIGNED DEFAULT NULL,
  `name` varchar(255) COLLATE utf8_unicode_ci NOT NULL,
  `email` varchar(255) COLLATE utf8_unicode_ci DEFAULT NULL,
  `phone` varchar(255) COLLATE utf8_unicode_ci DEFAULT NULL,
  `tracking_url` varchar(255) COLLATE utf8_unicode_ci DEFAULT NULL,
  `active` tinyint(1) NOT NULL DEFAULT '1',
  `deleted_at` timestamp NULL DEFAULT NULL,
  `created_at` timestamp NULL DEFAULT NULL,
  `updated_at` timestamp NULL DEFAULT NULL
) ENGINE=InnoDB DEFAULT CHARSET=utf8 COLLATE=utf8_unicode_ci;

--
-- Dumping data for table `carriers`
--

INSERT INTO `carriers` (`id`, `shop_id`, `tax_id`, `name`, `email`, `phone`, `tracking_url`, `active`, `deleted_at`, `created_at`, `updated_at`) VALUES
(1, 2, 1, 'USP', 'ohara.kaya@hotmail.com', '657-486-9833', 'http://www.ullrich.org//@', 1, NULL, '2022-02-12 22:24:59', '2022-02-12 22:24:59'),
(2, 3, 5, 'FedEx', 'oberbrunner.van@yahoo.com', '(702) 510-0677', 'http://schroeder.com/voluptate-blanditiis-aut-tenetur-quia-tenetur-consequatur-odit-qui.html/@', 1, NULL, '2022-02-12 22:24:59', '2022-02-12 22:24:59'),
(3, 4, 2, 'TNT Express', 'mayer.felicita@yundt.biz', '+1-520-629-4673', 'http://www.breitenberg.info//@', 1, NULL, '2022-02-12 22:24:59', '2022-02-12 22:24:59'),
(4, 1, 3, 'DHL', 'harris.julian@gmail.com', '+16125772492', 'http://gerhold.biz/aspernatur-et-quam-fugiat-sint.html/@', 1, NULL, '2022-02-12 22:24:59', '2022-02-12 22:24:59'),
(5, 4, 2, 'FedEx', 'lucas.west@stokes.info', '+1-931-748-1993', 'http://klein.org/voluptatem-eius-reiciendis-aperiam-repellendus/@', 1, NULL, '2022-02-12 22:24:59', '2022-02-12 22:24:59');

-- --------------------------------------------------------

--
-- Table structure for table `carts`
--

CREATE TABLE `carts` (
  `id` bigint(20) UNSIGNED NOT NULL,
  `shop_id` int(10) UNSIGNED DEFAULT NULL,
  `customer_id` bigint(20) UNSIGNED DEFAULT NULL,
  `ip_address` varchar(45) COLLATE utf8_unicode_ci DEFAULT NULL,
  `ship_to` int(10) UNSIGNED DEFAULT NULL,
  `ship_to_country_id` int(10) UNSIGNED DEFAULT NULL,
  `ship_to_state_id` int(10) UNSIGNED DEFAULT NULL,
  `shipping_zone_id` int(10) UNSIGNED DEFAULT NULL,
  `shipping_rate_id` int(10) UNSIGNED DEFAULT NULL,
  `packaging_id` int(10) UNSIGNED DEFAULT NULL,
  `item_count` int(10) UNSIGNED NOT NULL,
  `quantity` int(10) UNSIGNED NOT NULL,
  `total` decimal(20,6) DEFAULT NULL,
  `discount` decimal(20,6) DEFAULT NULL,
  `shipping` decimal(20,6) DEFAULT NULL,
  `packaging` decimal(20,6) DEFAULT NULL,
  `handling` decimal(20,6) DEFAULT NULL,
  `taxes` decimal(20,6) DEFAULT NULL,
  `grand_total` decimal(20,6) DEFAULT NULL,
  `taxrate` decimal(20,6) DEFAULT NULL,
  `shipping_weight` decimal(20,2) DEFAULT NULL,
  `billing_address` bigint(20) UNSIGNED DEFAULT NULL,
  `shipping_address` bigint(20) UNSIGNED DEFAULT NULL,
  `email` varchar(255) COLLATE utf8_unicode_ci DEFAULT NULL,
  `coupon_id` bigint(20) UNSIGNED DEFAULT NULL,
  `payment_status` int(11) NOT NULL DEFAULT '1',
  `payment_method_id` int(10) UNSIGNED DEFAULT NULL,
  `message_to_customer` text COLLATE utf8_unicode_ci,
  `admin_note` text COLLATE utf8_unicode_ci,
  `deleted_at` timestamp NULL DEFAULT NULL,
  `created_at` timestamp NULL DEFAULT NULL,
  `updated_at` timestamp NULL DEFAULT NULL
) ENGINE=InnoDB DEFAULT CHARSET=utf8 COLLATE=utf8_unicode_ci;

-- --------------------------------------------------------

--
-- Table structure for table `cart_items`
--

CREATE TABLE `cart_items` (
  `cart_id` bigint(20) UNSIGNED NOT NULL,
  `inventory_id` bigint(20) UNSIGNED NOT NULL,
  `item_description` longtext COLLATE utf8_unicode_ci NOT NULL,
  `quantity` int(10) UNSIGNED NOT NULL,
  `unit_price` decimal(20,6) NOT NULL,
  `created_at` timestamp NULL DEFAULT NULL,
  `updated_at` timestamp NULL DEFAULT NULL
) ENGINE=InnoDB DEFAULT CHARSET=utf8 COLLATE=utf8_unicode_ci;

-- --------------------------------------------------------

--
-- Table structure for table `categories`
--

CREATE TABLE `categories` (
  `id` int(10) UNSIGNED NOT NULL,
  `category_sub_group_id` int(10) UNSIGNED NOT NULL,
  `name` varchar(200) COLLATE utf8_unicode_ci NOT NULL,
  `slug` varchar(200) COLLATE utf8_unicode_ci NOT NULL,
  `description` text COLLATE utf8_unicode_ci,
  `active` tinyint(1) NOT NULL DEFAULT '1',
  `featured` tinyint(1) DEFAULT NULL,
  `order` int(11) DEFAULT '100',
  `meta_title` text COLLATE utf8_unicode_ci,
  `meta_description` longtext COLLATE utf8_unicode_ci,
  `deleted_at` timestamp NULL DEFAULT NULL,
  `created_at` timestamp NULL DEFAULT NULL,
  `updated_at` timestamp NULL DEFAULT NULL
) ENGINE=InnoDB DEFAULT CHARSET=utf8 COLLATE=utf8_unicode_ci;

--
-- Dumping data for table `categories`
--

INSERT INTO `categories` (`id`, `category_sub_group_id`, `name`, `slug`, `description`, `active`, `featured`, `order`, `meta_title`, `meta_description`, `deleted_at`, `created_at`, `updated_at`) VALUES
(1, 3, 'Mobile', 'mobile', 'Mobile Phones', 1, 1, 100, NULL, NULL, NULL, '2022-02-12 22:24:58', '2022-02-12 22:24:58'),
(2, 8, 'Mobile Accessories', 'mobile-accessories', 'Headphone, Adapter, Casing etc', 1, 1, 100, NULL, NULL, NULL, '2022-02-12 22:24:58', '2022-02-12 22:24:58'),
(3, 3, 'Laptop', 'laptop', 'Laptop', 1, 1, 100, NULL, NULL, NULL, '2022-02-12 22:24:58', '2022-02-12 22:24:58'),
(4, 18, 'Desktop', 'desktop', 'Desktop', 1, 1, 100, NULL, NULL, NULL, '2022-02-12 22:24:58', '2022-02-12 22:24:58'),
(5, 23, 'Tablet', 'tablet', 'Tablet Computer and Accessories', 1, 1, 100, NULL, NULL, NULL, '2022-02-12 22:24:58', '2022-02-12 22:24:58'),
(6, 2, 'TVs', 'tvs', 'TVs and Accessories', 1, NULL, 100, NULL, NULL, NULL, '2022-02-12 22:24:58', '2022-02-12 22:24:58'),
(7, 16, 'Home Theater System', 'home-theater', 'Home Theater Sound System and Accessories', 1, 1, 100, NULL, NULL, NULL, '2022-02-12 22:24:58', '2022-02-12 22:24:58'),
(8, 14, 'Point & Shoot Camera', 'pns-camera', 'PnS Camera and Accessories', 1, 1, 100, NULL, NULL, NULL, '2022-02-12 22:24:58', '2022-02-12 22:24:58'),
(9, 22, 'DSLR', 'dslr', 'DSLR Camera and Accessories', 1, NULL, 100, NULL, NULL, NULL, '2022-02-12 22:24:58', '2022-02-12 22:24:58'),
(10, 9, 'Video Camera', 'video-camera', 'Video Camera and Accessories', 1, 1, 100, NULL, NULL, NULL, '2022-02-12 22:24:58', '2022-02-12 22:24:58'),
(11, 8, 'Bauch LLC', 'nesciunt-rerum-molestiae-et-perspiciatis-beatae-illo', 'Officia similique quidem magnam ratione.', 1, NULL, 100, NULL, NULL, NULL, '2022-02-12 22:24:58', '2022-02-12 22:24:58'),
(12, 4, 'Auer Group', 'reprehenderit-tempora-libero-et-impedit-quo-natus', 'Consequatur praesentium vitae et magni ea recusandae veritatis nam.', 1, NULL, 100, NULL, NULL, NULL, '2022-02-12 22:24:58', '2022-02-12 22:24:58'),
(13, 14, 'Adams-Windler', 'expedita-dolor-voluptatem-quo-quos', 'Occaecati aperiam ut modi et est voluptas. Eaque rem ipsum sunt dicta.', 1, NULL, 100, NULL, NULL, NULL, '2022-02-12 22:24:58', '2022-02-12 22:24:58'),
(14, 19, 'Klein-Kunze', 'recusandae-aut-officia-autem-facilis-sint-nemo', 'Doloribus et ut rerum earum consequatur. Qui reiciendis rerum eos quo.', 1, NULL, 100, NULL, NULL, NULL, '2022-02-12 22:24:58', '2022-02-12 22:24:58'),
(15, 4, 'Bernhard, Hauck and Beier', 'repellendus-fugit-sed-ad-recusandae-voluptatem-quidem', 'Sint explicabo nulla ipsa tempore ut quasi voluptatem.', 1, NULL, 100, NULL, NULL, NULL, '2022-02-12 22:24:58', '2022-02-12 22:24:58'),
(16, 2, 'Reichert PLC', 'est-repellendus-similique-omnis-dolorem-qui-quae', 'Tempora odio assumenda vel ab odio. Culpa est expedita ut id.', 1, NULL, 100, NULL, NULL, NULL, '2022-02-12 22:24:58', '2022-02-12 22:24:58'),
(17, 5, 'D\'Amore and Sons', 'ratione-neque-officia-eum-nobis-aspernatur-expedita', 'Et voluptatem commodi molestiae et aut repudiandae cum nulla.', 1, NULL, 100, NULL, NULL, NULL, '2022-02-12 22:24:58', '2022-02-12 22:24:58'),
(18, 16, 'Wisozk, Haag and Fisher', 'soluta-repellendus-inventore-porro-harum-fuga-et-qui', 'Sapiente cupiditate corrupti sit facilis. Excepturi nisi est sint qui.', 1, NULL, 100, NULL, NULL, NULL, '2022-02-12 22:24:58', '2022-02-12 22:24:58'),
(19, 1, 'Gerlach, Heathcote and Will', 'rerum-dolores-esse-sunt-possimus', 'Aperiam voluptate odit quis voluptates.', 1, NULL, 100, NULL, NULL, NULL, '2022-02-12 22:24:58', '2022-02-12 22:24:58'),
(20, 15, 'Nikolaus-Harber', 'quis-quis-et-fuga', 'Ducimus placeat quidem aut eos nobis. Perspiciatis et aut odio corrupti.', 1, NULL, 100, NULL, NULL, NULL, '2022-02-12 22:24:58', '2022-02-12 22:24:58'),
(21, 20, 'Cremin-Kreiger', 'quisquam-nihil-fugit-eius-corporis-impedit-exercitationem-ex-fugit', 'Iste sit quas laudantium illum unde ratione. Et vel aut sint eius quia.', 1, NULL, 100, NULL, NULL, NULL, '2022-02-12 22:24:58', '2022-02-12 22:24:58'),
(22, 9, 'Rau-Paucek', 'quam-aperiam-ullam-dicta-mollitia-et-iste-magnam', 'Sed consequatur doloremque distinctio veritatis id nesciunt atque.', 1, NULL, 100, NULL, NULL, NULL, '2022-02-12 22:24:58', '2022-02-12 22:24:58'),
(23, 2, 'Yost-Ernser', 'velit-nam-ut-dolorum-corporis', 'Magnam ea odit illum repellendus.', 1, NULL, 100, NULL, NULL, NULL, '2022-02-12 22:24:58', '2022-02-12 22:24:58'),
(24, 24, 'Brown, Ebert and Pagac', 'voluptatum-magni-facere-dicta-et-rerum', 'Id saepe velit voluptatem maxime expedita eligendi nesciunt possimus.', 1, NULL, 100, NULL, NULL, NULL, '2022-02-12 22:24:58', '2022-02-12 22:24:58'),
(25, 11, 'Huel Inc', 'alias-vel-animi-alias-quod', 'Sed mollitia voluptatum sequi qui iste. Impedit quae natus quis rerum et.', 1, NULL, 100, NULL, NULL, NULL, '2022-02-12 22:24:58', '2022-02-12 22:24:58'),
(26, 5, 'Williamson Ltd', 'aperiam-error-tenetur-sint-quas-voluptatem', 'Possimus rerum quo voluptatem molestiae. Et dolore beatae tenetur est natus.', 1, NULL, 100, NULL, NULL, NULL, '2022-02-12 22:24:58', '2022-02-12 22:24:58'),
(27, 20, 'Daugherty-Kohler', 'nemo-accusantium-numquam-vero-commodi-saepe-officia-et', 'Eius voluptatibus aut corrupti.', 1, NULL, 100, NULL, NULL, NULL, '2022-02-12 22:24:58', '2022-02-12 22:24:58'),
(28, 4, 'Sanford-VonRueden', 'ut-omnis-est-alias-nam-et-sit', 'Qui accusamus modi et. Suscipit veritatis voluptatum quo architecto.', 1, NULL, 100, NULL, NULL, NULL, '2022-02-12 22:24:58', '2022-02-12 22:24:58'),
(29, 1, 'Bailey, Langosh and Kuvalis', 'quaerat-pariatur-temporibus-minus-sunt-quas-qui-quos-aut', 'Unde aut tenetur eius at sit corporis enim. Velit quasi ratione ut.', 1, NULL, 100, NULL, NULL, NULL, '2022-02-12 22:24:58', '2022-02-12 22:24:58'),
(30, 7, 'Gottlieb-Moore', 'deserunt-quibusdam-vel-eveniet-ab-tempore-omnis-et', 'Voluptatem modi ut minima aut ut.', 1, NULL, 100, NULL, NULL, NULL, '2022-02-12 22:24:58', '2022-02-12 22:24:58'),
(31, 16, 'Gutkowski, Koelpin and Rosenbaum', 'illum-totam-quo-vel', 'Facilis nesciunt ratione dolorem nam et corrupti.', 1, NULL, 100, NULL, NULL, NULL, '2022-02-12 22:24:58', '2022-02-12 22:24:58'),
(32, 18, 'Boyle LLC', 'eum-labore-et-quaerat-voluptatem-omnis-cumque-nihil', 'Doloremque fugiat vel fugit dolorem.', 1, NULL, 100, NULL, NULL, NULL, '2022-02-12 22:24:58', '2022-02-12 22:24:58'),
(33, 22, 'Larson-Crist', 'accusantium-aliquam-maiores-sed-eveniet-aspernatur-aut-reiciendis', 'Quia pariatur voluptate soluta.', 1, NULL, 100, NULL, NULL, NULL, '2022-02-12 22:24:58', '2022-02-12 22:24:58'),
(34, 7, 'Harris, Kiehn and Will', 'quas-mollitia-est-eos-quis', 'Dicta nihil est sint ut quisquam.', 1, NULL, 100, NULL, NULL, NULL, '2022-02-12 22:24:58', '2022-02-12 22:24:58'),
(35, 5, 'Mohr Ltd', 'et-autem-tempore-temporibus-est', 'Ipsum in culpa quaerat consequatur.', 1, NULL, 100, NULL, NULL, NULL, '2022-02-12 22:24:58', '2022-02-12 22:24:58'),
(36, 18, 'Murazik-Feeney', 'nihil-non-eum-earum-ipsam-quam-dolor', 'Quo omnis doloribus sed et numquam.', 1, NULL, 100, NULL, NULL, NULL, '2022-02-12 22:24:58', '2022-02-12 22:24:58'),
(37, 20, 'Kautzer-Connelly', 'repellendus-fugit-illum-aut-nulla', 'Provident et omnis dicta omnis velit.', 1, NULL, 100, NULL, NULL, NULL, '2022-02-12 22:24:58', '2022-02-12 22:24:58'),
(38, 20, 'Kiehn, Macejkovic and Farrell', 'cumque-nulla-distinctio-adipisci-laborum-tempora-rerum-accusamus-qui', 'Cum autem et iusto aperiam. Consequatur quidem molestias eaque.', 1, NULL, 100, NULL, NULL, NULL, '2022-02-12 22:24:58', '2022-02-12 22:24:58'),
(39, 8, 'Harris-Brakus', 'et-corporis-ea-similique-optio-laudantium-et', 'Qui corporis nihil libero pariatur ipsum sed nostrum.', 1, NULL, 100, NULL, NULL, NULL, '2022-02-12 22:24:58', '2022-02-12 22:24:58'),
(40, 3, 'Reichert Ltd', 'quas-omnis-ipsum-excepturi-debitis-magnam-iusto-omnis-esse', 'Temporibus voluptatem dolorem et eveniet fugiat.', 1, NULL, 100, NULL, NULL, NULL, '2022-02-12 22:24:58', '2022-02-12 22:24:58');

-- --------------------------------------------------------

--
-- Table structure for table `category_groups`
--

CREATE TABLE `category_groups` (
  `id` int(10) UNSIGNED NOT NULL,
  `name` varchar(200) COLLATE utf8_unicode_ci NOT NULL,
  `slug` varchar(200) COLLATE utf8_unicode_ci NOT NULL,
  `description` text COLLATE utf8_unicode_ci,
  `icon` varchar(100) COLLATE utf8_unicode_ci DEFAULT 'cube',
  `active` tinyint(1) NOT NULL DEFAULT '1',
  `order` int(11) DEFAULT '100',
  `meta_title` text COLLATE utf8_unicode_ci,
  `meta_description` longtext COLLATE utf8_unicode_ci,
  `deleted_at` timestamp NULL DEFAULT NULL,
  `created_at` timestamp NULL DEFAULT NULL,
  `updated_at` timestamp NULL DEFAULT NULL
) ENGINE=InnoDB DEFAULT CHARSET=utf8 COLLATE=utf8_unicode_ci;

--
-- Dumping data for table `category_groups`
--

INSERT INTO `category_groups` (`id`, `name`, `slug`, `description`, `icon`, `active`, `order`, `meta_title`, `meta_description`, `deleted_at`, `created_at`, `updated_at`) VALUES
(1, 'Home & Garden', 'home-garden', 'Cookware, Dining, Bath, Home Decor and more', 'fa-shower', 1, 100, NULL, NULL, NULL, '2022-02-12 22:24:58', '2022-02-12 22:24:58'),
(2, 'Electronics', 'electronics', 'Mobile, Computer, Tablet, Camera etc', 'fa-plug', 1, 100, NULL, NULL, NULL, '2022-02-12 22:24:58', '2022-02-12 22:24:58'),
(3, 'Kids and Toy', 'kids-toy', 'Toys, Footwear etc', 'fa-gamepad', 1, 100, NULL, NULL, NULL, '2022-02-12 22:24:58', '2022-02-12 22:24:58'),
(4, 'Clothing and Shoes', 'clothing-shoes', 'Shoes, Clothing, Life style items', 'fa-tshirt', 1, 100, NULL, NULL, NULL, '2022-02-12 22:24:58', '2022-02-12 22:24:58'),
(5, 'Beauty and Health', 'beauty-health', 'Cosmetics, Foods and more.', 'fa-hot-tub', 1, 100, NULL, NULL, NULL, '2022-02-12 22:24:58', '2022-02-12 22:24:58'),
(6, 'Sports', 'sports', 'Cycle, Tennis, Boxing, Cricket and more.', 'fa-skiing', 1, 100, NULL, NULL, NULL, '2022-02-12 22:24:58', '2022-02-12 22:24:58'),
(7, 'Jewelry', 'jewelry', 'Necklances, Rings, Pendants and more.', 'fa-gem', 1, 100, NULL, NULL, NULL, '2022-02-12 22:24:58', '2022-02-12 22:24:58'),
(8, 'Pets', 'pets', 'Pet foods and supplies.', 'fa-dog', 1, 100, NULL, NULL, NULL, '2022-02-12 22:24:58', '2022-02-12 22:24:58'),
(9, 'Hobbies & DIY', 'hobbies-diy', 'Craft Sewing, Supplies and more.', 'fa-paint-brush', 1, 100, NULL, NULL, NULL, '2022-02-12 22:24:58', '2022-02-12 22:24:58');

-- --------------------------------------------------------

--
-- Table structure for table `category_product`
--

CREATE TABLE `category_product` (
  `category_id` int(10) UNSIGNED NOT NULL,
  `product_id` bigint(20) UNSIGNED NOT NULL,
  `created_at` timestamp NULL DEFAULT NULL,
  `updated_at` timestamp NULL DEFAULT NULL
) ENGINE=InnoDB DEFAULT CHARSET=utf8 COLLATE=utf8_unicode_ci;

--
-- Dumping data for table `category_product`
--

INSERT INTO `category_product` (`category_id`, `product_id`, `created_at`, `updated_at`) VALUES
(30, 45, '2022-02-12 22:24:56', '2022-02-12 22:24:56'),
(31, 45, '2022-02-12 22:24:56', '2022-02-12 22:24:56'),
(23, 45, '2022-02-12 22:24:56', '2022-02-12 22:24:56'),
(18, 45, '2022-02-12 22:24:56', '2022-02-12 22:24:56'),
(20, 1, '2022-02-12 22:24:56', '2022-02-12 22:24:56'),
(30, 1, '2022-02-12 22:24:56', '2022-02-12 22:24:56'),
(37, 1, '2022-02-12 22:24:56', '2022-02-12 22:24:56'),
(16, 1, '2022-02-12 22:24:56', '2022-02-12 22:24:56'),
(10, 51, '2022-02-12 22:24:56', '2022-02-12 22:24:56'),
(30, 51, '2022-02-12 22:24:56', '2022-02-12 22:24:56'),
(13, 51, '2022-02-12 22:24:56', '2022-02-12 22:24:56'),
(4, 51, '2022-02-12 22:24:56', '2022-02-12 22:24:56'),
(27, 41, '2022-02-12 22:24:56', '2022-02-12 22:24:56'),
(16, 41, '2022-02-12 22:24:56', '2022-02-12 22:24:56'),
(18, 41, '2022-02-12 22:24:56', '2022-02-12 22:24:56'),
(9, 41, '2022-02-12 22:24:56', '2022-02-12 22:24:56'),
(10, 20, '2022-02-12 22:24:56', '2022-02-12 22:24:56'),
(19, 20, '2022-02-12 22:24:56', '2022-02-12 22:24:56'),
(25, 20, '2022-02-12 22:24:56', '2022-02-12 22:24:56'),
(5, 20, '2022-02-12 22:24:56', '2022-02-12 22:24:56'),
(9, 17, '2022-02-12 22:24:56', '2022-02-12 22:24:56'),
(29, 17, '2022-02-12 22:24:56', '2022-02-12 22:24:56'),
(33, 17, '2022-02-12 22:24:56', '2022-02-12 22:24:56'),
(30, 17, '2022-02-12 22:24:56', '2022-02-12 22:24:56'),
(35, 24, '2022-02-12 22:24:56', '2022-02-12 22:24:56'),
(11, 24, '2022-02-12 22:24:56', '2022-02-12 22:24:56'),
(34, 24, '2022-02-12 22:24:56', '2022-02-12 22:24:56'),
(5, 24, '2022-02-12 22:24:56', '2022-02-12 22:24:56'),
(25, 21, '2022-02-12 22:24:56', '2022-02-12 22:24:56'),
(13, 21, '2022-02-12 22:24:56', '2022-02-12 22:24:56'),
(26, 21, '2022-02-12 22:24:56', '2022-02-12 22:24:56'),
(25, 46, '2022-02-12 22:24:56', '2022-02-12 22:24:56'),
(15, 46, '2022-02-12 22:24:56', '2022-02-12 22:24:56'),
(5, 46, '2022-02-12 22:24:56', '2022-02-12 22:24:56'),
(5, 46, '2022-02-12 22:24:56', '2022-02-12 22:24:56'),
(1, 11, '2022-02-12 22:24:56', '2022-02-12 22:24:56'),
(33, 11, '2022-02-12 22:24:56', '2022-02-12 22:24:56'),
(7, 11, '2022-02-12 22:24:56', '2022-02-12 22:24:56'),
(11, 11, '2022-02-12 22:24:56', '2022-02-12 22:24:56'),
(19, 11, '2022-02-12 22:24:56', '2022-02-12 22:24:56'),
(18, 32, '2022-02-12 22:24:56', '2022-02-12 22:24:56'),
(14, 32, '2022-02-12 22:24:56', '2022-02-12 22:24:56'),
(40, 32, '2022-02-12 22:24:56', '2022-02-12 22:24:56'),
(34, 4, '2022-02-12 22:24:56', '2022-02-12 22:24:56'),
(31, 4, '2022-02-12 22:24:56', '2022-02-12 22:24:56'),
(11, 4, '2022-02-12 22:24:56', '2022-02-12 22:24:56'),
(29, 4, '2022-02-12 22:24:56', '2022-02-12 22:24:56'),
(18, 4, '2022-02-12 22:24:56', '2022-02-12 22:24:56'),
(4, 18, '2022-02-12 22:24:56', '2022-02-12 22:24:56'),
(8, 18, '2022-02-12 22:24:56', '2022-02-12 22:24:56'),
(34, 18, '2022-02-12 22:24:56', '2022-02-12 22:24:56'),
(4, 14, '2022-02-12 22:24:56', '2022-02-12 22:24:56'),
(4, 14, '2022-02-12 22:24:56', '2022-02-12 22:24:56'),
(21, 14, '2022-02-12 22:24:56', '2022-02-12 22:24:56'),
(40, 14, '2022-02-12 22:24:56', '2022-02-12 22:24:56'),
(32, 47, '2022-02-12 22:24:56', '2022-02-12 22:24:56'),
(19, 47, '2022-02-12 22:24:56', '2022-02-12 22:24:56'),
(22, 47, '2022-02-12 22:24:56', '2022-02-12 22:24:56'),
(5, 40, '2022-02-12 22:24:56', '2022-02-12 22:24:56'),
(25, 40, '2022-02-12 22:24:56', '2022-02-12 22:24:56'),
(14, 40, '2022-02-12 22:24:56', '2022-02-12 22:24:56'),
(10, 40, '2022-02-12 22:24:56', '2022-02-12 22:24:56'),
(20, 16, '2022-02-12 22:24:56', '2022-02-12 22:24:56'),
(17, 16, '2022-02-12 22:24:56', '2022-02-12 22:24:56'),
(29, 16, '2022-02-12 22:24:56', '2022-02-12 22:24:56'),
(32, 16, '2022-02-12 22:24:56', '2022-02-12 22:24:56'),
(34, 22, '2022-02-12 22:24:56', '2022-02-12 22:24:56'),
(11, 22, '2022-02-12 22:24:56', '2022-02-12 22:24:56'),
(2, 22, '2022-02-12 22:24:56', '2022-02-12 22:24:56'),
(20, 22, '2022-02-12 22:24:56', '2022-02-12 22:24:56'),
(35, 22, '2022-02-12 22:24:56', '2022-02-12 22:24:56'),
(12, 2, '2022-02-12 22:24:56', '2022-02-12 22:24:56'),
(31, 2, '2022-02-12 22:24:56', '2022-02-12 22:24:56'),
(32, 2, '2022-02-12 22:24:56', '2022-02-12 22:24:56'),
(18, 2, '2022-02-12 22:24:56', '2022-02-12 22:24:56'),
(10, 2, '2022-02-12 22:24:56', '2022-02-12 22:24:56'),
(9, 48, '2022-02-12 22:24:56', '2022-02-12 22:24:56'),
(13, 48, '2022-02-12 22:24:56', '2022-02-12 22:24:56'),
(33, 48, '2022-02-12 22:24:56', '2022-02-12 22:24:56'),
(1, 48, '2022-02-12 22:24:56', '2022-02-12 22:24:56'),
(18, 15, '2022-02-12 22:24:56', '2022-02-12 22:24:56'),
(10, 15, '2022-02-12 22:24:56', '2022-02-12 22:24:56'),
(2, 15, '2022-02-12 22:24:56', '2022-02-12 22:24:56'),
(31, 15, '2022-02-12 22:24:56', '2022-02-12 22:24:56'),
(3, 8, '2022-02-12 22:24:56', '2022-02-12 22:24:56'),
(1, 8, '2022-02-12 22:24:56', '2022-02-12 22:24:56'),
(13, 8, '2022-02-12 22:24:56', '2022-02-12 22:24:56'),
(30, 8, '2022-02-12 22:24:56', '2022-02-12 22:24:56'),
(1, 34, '2022-02-12 22:24:56', '2022-02-12 22:24:56'),
(20, 34, '2022-02-12 22:24:56', '2022-02-12 22:24:56'),
(36, 34, '2022-02-12 22:24:56', '2022-02-12 22:24:56'),
(26, 34, '2022-02-12 22:24:56', '2022-02-12 22:24:56'),
(39, 10, '2022-02-12 22:24:56', '2022-02-12 22:24:56'),
(1, 10, '2022-02-12 22:24:56', '2022-02-12 22:24:56'),
(40, 10, '2022-02-12 22:24:56', '2022-02-12 22:24:56'),
(13, 13, '2022-02-12 22:24:56', '2022-02-12 22:24:56'),
(25, 13, '2022-02-12 22:24:56', '2022-02-12 22:24:56'),
(6, 13, '2022-02-12 22:24:56', '2022-02-12 22:24:56'),
(25, 25, '2022-02-12 22:24:56', '2022-02-12 22:24:56'),
(35, 25, '2022-02-12 22:24:56', '2022-02-12 22:24:56'),
(25, 25, '2022-02-12 22:24:56', '2022-02-12 22:24:56'),
(16, 25, '2022-02-12 22:24:56', '2022-02-12 22:24:56'),
(10, 25, '2022-02-12 22:24:56', '2022-02-12 22:24:56'),
(21, 5, '2022-02-12 22:24:56', '2022-02-12 22:24:56'),
(23, 5, '2022-02-12 22:24:56', '2022-02-12 22:24:56'),
(22, 5, '2022-02-12 22:24:56', '2022-02-12 22:24:56'),
(13, 5, '2022-02-12 22:24:56', '2022-02-12 22:24:56'),
(38, 7, '2022-02-12 22:24:56', '2022-02-12 22:24:56'),
(13, 7, '2022-02-12 22:24:56', '2022-02-12 22:24:56'),
(22, 7, '2022-02-12 22:24:56', '2022-02-12 22:24:56'),
(38, 7, '2022-02-12 22:24:56', '2022-02-12 22:24:56'),
(12, 7, '2022-02-12 22:24:56', '2022-02-12 22:24:56'),
(1, 9, '2022-02-12 22:24:56', '2022-02-12 22:24:56'),
(19, 9, '2022-02-12 22:24:56', '2022-02-12 22:24:56'),
(13, 9, '2022-02-12 22:24:56', '2022-02-12 22:24:56'),
(20, 19, '2022-02-12 22:24:56', '2022-02-12 22:24:56'),
(30, 19, '2022-02-12 22:24:56', '2022-02-12 22:24:56'),
(3, 19, '2022-02-12 22:24:56', '2022-02-12 22:24:56'),
(7, 19, '2022-02-12 22:24:56', '2022-02-12 22:24:56'),
(36, 38, '2022-02-12 22:24:56', '2022-02-12 22:24:56'),
(10, 38, '2022-02-12 22:24:56', '2022-02-12 22:24:56'),
(28, 38, '2022-02-12 22:24:56', '2022-02-12 22:24:56'),
(3, 27, '2022-02-12 22:24:56', '2022-02-12 22:24:56'),
(31, 27, '2022-02-12 22:24:56', '2022-02-12 22:24:56'),
(37, 27, '2022-02-12 22:24:56', '2022-02-12 22:24:56'),
(39, 27, '2022-02-12 22:24:56', '2022-02-12 22:24:56'),
(5, 26, '2022-02-12 22:24:56', '2022-02-12 22:24:56'),
(4, 26, '2022-02-12 22:24:56', '2022-02-12 22:24:56'),
(21, 26, '2022-02-12 22:24:56', '2022-02-12 22:24:56'),
(3, 44, '2022-02-12 22:24:56', '2022-02-12 22:24:56'),
(23, 44, '2022-02-12 22:24:56', '2022-02-12 22:24:56'),
(18, 44, '2022-02-12 22:24:56', '2022-02-12 22:24:56'),
(19, 44, '2022-02-12 22:24:56', '2022-02-12 22:24:56'),
(2, 23, '2022-02-12 22:24:56', '2022-02-12 22:24:56'),
(4, 23, '2022-02-12 22:24:56', '2022-02-12 22:24:56'),
(2, 23, '2022-02-12 22:24:56', '2022-02-12 22:24:56'),
(33, 23, '2022-02-12 22:24:56', '2022-02-12 22:24:56'),
(33, 23, '2022-02-12 22:24:56', '2022-02-12 22:24:56'),
(8, 43, '2022-02-12 22:24:56', '2022-02-12 22:24:56'),
(1, 43, '2022-02-12 22:24:56', '2022-02-12 22:24:56'),
(8, 43, '2022-02-12 22:24:56', '2022-02-12 22:24:56'),
(15, 28, '2022-02-12 22:24:56', '2022-02-12 22:24:56'),
(1, 28, '2022-02-12 22:24:56', '2022-02-12 22:24:56'),
(37, 28, '2022-02-12 22:24:56', '2022-02-12 22:24:56'),
(34, 28, '2022-02-12 22:24:56', '2022-02-12 22:24:56'),
(1, 33, '2022-02-12 22:24:56', '2022-02-12 22:24:56'),
(38, 33, '2022-02-12 22:24:56', '2022-02-12 22:24:56'),
(29, 33, '2022-02-12 22:24:56', '2022-02-12 22:24:56'),
(31, 33, '2022-02-12 22:24:56', '2022-02-12 22:24:56'),
(39, 37, '2022-02-12 22:24:56', '2022-02-12 22:24:56'),
(29, 37, '2022-02-12 22:24:56', '2022-02-12 22:24:56'),
(15, 37, '2022-02-12 22:24:56', '2022-02-12 22:24:56'),
(34, 37, '2022-02-12 22:24:56', '2022-02-12 22:24:56'),
(13, 50, '2022-02-12 22:24:56', '2022-02-12 22:24:56'),
(13, 50, '2022-02-12 22:24:56', '2022-02-12 22:24:56'),
(17, 50, '2022-02-12 22:24:56', '2022-02-12 22:24:56'),
(32, 30, '2022-02-12 22:24:56', '2022-02-12 22:24:56'),
(11, 30, '2022-02-12 22:24:56', '2022-02-12 22:24:56'),
(3, 30, '2022-02-12 22:24:56', '2022-02-12 22:24:56'),
(12, 30, '2022-02-12 22:24:56', '2022-02-12 22:24:56'),
(35, 36, '2022-02-12 22:24:56', '2022-02-12 22:24:56'),
(40, 36, '2022-02-12 22:24:56', '2022-02-12 22:24:56'),
(9, 36, '2022-02-12 22:24:56', '2022-02-12 22:24:56'),
(29, 36, '2022-02-12 22:24:56', '2022-02-12 22:24:56'),
(23, 49, '2022-02-12 22:24:56', '2022-02-12 22:24:56'),
(39, 49, '2022-02-12 22:24:56', '2022-02-12 22:24:56'),
(7, 49, '2022-02-12 22:24:56', '2022-02-12 22:24:56'),
(40, 49, '2022-02-12 22:24:56', '2022-02-12 22:24:56'),
(24, 31, '2022-02-12 22:24:56', '2022-02-12 22:24:56'),
(33, 31, '2022-02-12 22:24:56', '2022-02-12 22:24:56'),
(29, 31, '2022-02-12 22:24:56', '2022-02-12 22:24:56'),
(6, 12, '2022-02-12 22:24:56', '2022-02-12 22:24:56'),
(5, 12, '2022-02-12 22:24:56', '2022-02-12 22:24:56'),
(28, 12, '2022-02-12 22:24:56', '2022-02-12 22:24:56'),
(40, 12, '2022-02-12 22:24:56', '2022-02-12 22:24:56'),
(8, 3, '2022-02-12 22:24:56', '2022-02-12 22:24:56'),
(7, 3, '2022-02-12 22:24:56', '2022-02-12 22:24:56'),
(32, 3, '2022-02-12 22:24:56', '2022-02-12 22:24:56'),
(16, 3, '2022-02-12 22:24:56', '2022-02-12 22:24:56'),
(31, 29, '2022-02-12 22:24:56', '2022-02-12 22:24:56'),
(1, 29, '2022-02-12 22:24:56', '2022-02-12 22:24:56'),
(25, 29, '2022-02-12 22:24:56', '2022-02-12 22:24:56'),
(9, 29, '2022-02-12 22:24:56', '2022-02-12 22:24:56'),
(36, 6, '2022-02-12 22:24:56', '2022-02-12 22:24:56'),
(1, 6, '2022-02-12 22:24:56', '2022-02-12 22:24:56'),
(5, 6, '2022-02-12 22:24:56', '2022-02-12 22:24:56'),
(5, 6, '2022-02-12 22:24:56', '2022-02-12 22:24:56'),
(6, 42, '2022-02-12 22:24:56', '2022-02-12 22:24:56'),
(7, 42, '2022-02-12 22:24:56', '2022-02-12 22:24:56'),
(25, 42, '2022-02-12 22:24:56', '2022-02-12 22:24:56'),
(35, 42, '2022-02-12 22:24:56', '2022-02-12 22:24:56'),
(4, 35, '2022-02-12 22:24:56', '2022-02-12 22:24:56'),
(8, 35, '2022-02-12 22:24:56', '2022-02-12 22:24:56'),
(11, 35, '2022-02-12 22:24:56', '2022-02-12 22:24:56'),
(18, 35, '2022-02-12 22:24:56', '2022-02-12 22:24:56'),
(33, 35, '2022-02-12 22:24:56', '2022-02-12 22:24:56'),
(8, 39, '2022-02-12 22:24:56', '2022-02-12 22:24:56'),
(24, 39, '2022-02-12 22:24:56', '2022-02-12 22:24:56'),
(38, 39, '2022-02-12 22:24:56', '2022-02-12 22:24:56'),
(18, 39, '2022-02-12 22:24:56', '2022-02-12 22:24:56'),
(14, 39, '2022-02-12 22:24:56', '2022-02-12 22:24:56'),
(29, 20, '2022-02-12 22:25:05', '2022-02-12 22:25:05'),
(29, 14, '2022-02-12 22:25:05', '2022-02-12 22:25:05'),
(29, 21, '2022-02-12 22:25:05', '2022-02-12 22:25:05'),
(29, 43, '2022-02-12 22:25:05', '2022-02-12 22:25:05'),
(29, 9, '2022-02-12 22:25:05', '2022-02-12 22:25:05'),
(29, 16, '2022-02-12 22:25:05', '2022-02-12 22:25:05'),
(29, 41, '2022-02-12 22:25:05', '2022-02-12 22:25:05'),
(29, 8, '2022-02-12 22:25:05', '2022-02-12 22:25:05'),
(29, 10, '2022-02-12 22:25:05', '2022-02-12 22:25:05'),
(29, 42, '2022-02-12 22:25:05', '2022-02-12 22:25:05'),
(12, 13, '2022-02-12 22:25:05', '2022-02-12 22:25:05'),
(12, 21, '2022-02-12 22:25:05', '2022-02-12 22:25:05'),
(12, 29, '2022-02-12 22:25:05', '2022-02-12 22:25:05'),
(12, 34, '2022-02-12 22:25:05', '2022-02-12 22:25:05'),
(12, 32, '2022-02-12 22:25:05', '2022-02-12 22:25:05'),
(12, 24, '2022-02-12 22:25:05', '2022-02-12 22:25:05'),
(12, 33, '2022-02-12 22:25:05', '2022-02-12 22:25:05'),
(12, 19, '2022-02-12 22:25:05', '2022-02-12 22:25:05'),
(12, 2, '2022-02-12 22:25:05', '2022-02-12 22:25:05'),
(21, 19, '2022-02-12 22:25:05', '2022-02-12 22:25:05'),
(21, 1, '2022-02-12 22:25:05', '2022-02-12 22:25:05'),
(21, 27, '2022-02-12 22:25:05', '2022-02-12 22:25:05'),
(21, 17, '2022-02-12 22:25:05', '2022-02-12 22:25:05'),
(21, 3, '2022-02-12 22:25:05', '2022-02-12 22:25:05'),
(21, 7, '2022-02-12 22:25:05', '2022-02-12 22:25:05'),
(21, 27, '2022-02-12 22:25:05', '2022-02-12 22:25:05'),
(21, 31, '2022-02-12 22:25:05', '2022-02-12 22:25:05'),
(21, 27, '2022-02-12 22:25:05', '2022-02-12 22:25:05'),
(21, 12, '2022-02-12 22:25:05', '2022-02-12 22:25:05'),
(21, 50, '2022-02-12 22:25:05', '2022-02-12 22:25:05'),
(21, 15, '2022-02-12 22:25:05', '2022-02-12 22:25:05'),
(21, 21, '2022-02-12 22:25:05', '2022-02-12 22:25:05'),
(21, 24, '2022-02-12 22:25:05', '2022-02-12 22:25:05');

-- --------------------------------------------------------

--
-- Table structure for table `category_sub_groups`
--

CREATE TABLE `category_sub_groups` (
  `id` int(10) UNSIGNED NOT NULL,
  `category_group_id` int(10) UNSIGNED NOT NULL,
  `name` varchar(200) COLLATE utf8_unicode_ci NOT NULL,
  `slug` varchar(200) COLLATE utf8_unicode_ci NOT NULL,
  `description` text COLLATE utf8_unicode_ci,
  `active` tinyint(1) NOT NULL DEFAULT '1',
  `order` int(11) DEFAULT '100',
  `meta_title` text COLLATE utf8_unicode_ci,
  `meta_description` longtext COLLATE utf8_unicode_ci,
  `deleted_at` timestamp NULL DEFAULT NULL,
  `created_at` timestamp NULL DEFAULT NULL,
  `updated_at` timestamp NULL DEFAULT NULL
) ENGINE=InnoDB DEFAULT CHARSET=utf8 COLLATE=utf8_unicode_ci;

--
-- Dumping data for table `category_sub_groups`
--

INSERT INTO `category_sub_groups` (`id`, `category_group_id`, `name`, `slug`, `description`, `active`, `order`, `meta_title`, `meta_description`, `deleted_at`, `created_at`, `updated_at`) VALUES
(1, 1, 'Mobile & Accessories', 'mobile-accessories', 'Cell Phones and Accessories', 1, 100, NULL, NULL, NULL, '2022-02-12 22:24:58', '2022-02-12 22:24:58'),
(2, 1, 'Computer & Accessories', 'computer-accessories', 'Tablet, Laptop, Desktop and Accessories', 1, 100, NULL, NULL, NULL, '2022-02-12 22:24:58', '2022-02-12 22:24:58'),
(3, 1, 'Home Entertainment', 'home-entertainment', 'TVs, Home Theaters etc', 1, 100, NULL, NULL, NULL, '2022-02-12 22:24:58', '2022-02-12 22:24:58'),
(4, 1, 'Photo & Video', 'photo-video', 'PnS, DSLR, Video Camera and Accessories', 1, 100, NULL, NULL, NULL, '2022-02-12 22:24:58', '2022-02-12 22:24:58'),
(5, 2, 'Indoor', 'indoor', 'Puzzle, Keram etc', 1, 100, NULL, NULL, NULL, '2022-02-12 22:24:58', '2022-02-12 22:24:58'),
(6, 2, 'Outdoor', 'outdoor', 'Cycle, Dron etc', 1, 100, NULL, NULL, NULL, '2022-02-12 22:24:58', '2022-02-12 22:24:58'),
(7, 3, 'Men\'s Fashion', 'mens-fashion', 'Lots of fashion products.', 1, 100, NULL, NULL, NULL, '2022-02-12 22:24:58', '2022-02-12 22:24:58'),
(8, 3, 'Women\'s Fashion', 'womens-fashion', 'Lots of fashion products.', 1, 100, NULL, NULL, NULL, '2022-02-12 22:24:58', '2022-02-12 22:24:58'),
(9, 4, 'Kitchen', 'kitchen', 'Kitchen and cooking products.', 1, 100, NULL, NULL, NULL, '2022-02-12 22:24:58', '2022-02-12 22:24:58'),
(10, 4, 'Garden', 'garden', 'Gardening related products.', 1, 100, NULL, NULL, NULL, '2022-02-12 22:24:58', '2022-02-12 22:24:58'),
(11, 1, 'Rodriguez-Murphy', 'voluptatem-quos-consectetur-quia-quas-et-dolore-illo', 'Soluta nam sit esse autem quae. Adipisci deleniti facilis vero. Delectus sunt laboriosam debitis deserunt repudiandae omnis. Enim corrupti dolorum vel laboriosam tempora dolorem atque. Fugiat nihil rerum excepturi consequuntur. Distinctio ea non ab dolore. Quae nisi accusantium consequatur ex. Accusantium corrupti officiis eum consectetur qui recusandae. Aut sed aperiam iusto officiis. Molestiae et ducimus aut quisquam ut nisi. Dolorem et nemo aut.', 1, 100, NULL, NULL, NULL, '2022-02-12 22:24:58', '2022-02-12 22:24:58'),
(12, 2, 'Goodwin Inc', 'adipisci-vel-sequi-suscipit-dolorem-alias-est', 'Praesentium consectetur reprehenderit quidem non. Soluta et dolorem et ducimus. Aut temporibus qui quod consequuntur consequatur quam. Placeat inventore ipsum et cumque minima harum ut. Nemo maiores tempora eligendi rerum autem. Sint facilis et officiis amet. Vel magnam natus minus sit vel libero. Voluptates iste aut ullam et fugiat.', 1, 100, NULL, NULL, NULL, '2022-02-12 22:24:58', '2022-02-12 22:24:58'),
(13, 9, 'Gorczany-Mohr', 'optio-id-mollitia-dignissimos-mollitia-sunt-ut-ad', 'Mollitia ipsum adipisci aut dolorem. Quia nesciunt aliquid laborum. Et minus accusamus qui aliquid tenetur. Magnam voluptas voluptatum in accusamus ducimus. Autem autem facere ab eaque ut recusandae. Et ut blanditiis quas mollitia sint. Quae ut iusto maxime quo quam qui. Impedit et a adipisci inventore. Harum eius optio quam voluptatem mollitia. Iure ad nostrum aliquid quia. Temporibus eveniet consectetur et.', 1, 100, NULL, NULL, NULL, '2022-02-12 22:24:58', '2022-02-12 22:24:58'),
(14, 2, 'Mohr PLC', 'ipsa-voluptatem-assumenda-explicabo', 'Ut quae illum numquam ut et eveniet molestias. Aut voluptas nisi ut ut. Reprehenderit veniam impedit ut officiis repellat asperiores illum culpa. Nam libero velit a sunt praesentium soluta. Aut molestias aut fugit deserunt in omnis natus. Vitae rerum aut praesentium veritatis. Impedit at nostrum facilis in. Repellendus impedit omnis quas est et rerum. Doloremque tempore non excepturi perspiciatis est.', 1, 100, NULL, NULL, NULL, '2022-02-12 22:24:58', '2022-02-12 22:24:58'),
(15, 1, 'Wolff, Green and Stehr', 'veritatis-consequatur-esse-distinctio-et-molestias-eos', 'Omnis illum harum atque est eaque vel. Suscipit accusamus asperiores soluta eum. Aut quis vitae provident dolorem quasi veritatis adipisci et. Ipsam et eius et velit. Consequatur culpa fuga consequuntur voluptas omnis qui. Ducimus qui cupiditate voluptatem et nihil labore. Culpa repellat aspernatur vero autem quod ut quas. Dolorem odit doloremque sapiente nemo et sunt non. Illum non veniam enim. Facilis ex placeat delectus ratione.', 1, 100, NULL, NULL, NULL, '2022-02-12 22:24:58', '2022-02-12 22:24:58'),
(16, 9, 'Ledner, Kohler and Bernier', 'facilis-provident-dolores-alias-similique-facere', 'Odio voluptates deserunt et corporis. Odio dolor facilis possimus provident mollitia quaerat ut. Ducimus similique ad culpa blanditiis eos dolore. Explicabo beatae qui praesentium et esse. Enim quae ut accusantium dolorem. Ab et adipisci eius. Eum alias voluptatem quia expedita et. Iure eaque ex qui dolores quia totam. Possimus sint et dicta culpa odit saepe. Doloremque vero distinctio aliquid odit incidunt tenetur eos.', 1, 100, NULL, NULL, NULL, '2022-02-12 22:24:58', '2022-02-12 22:24:58'),
(17, 6, 'Sipes, Christiansen and Jones', 'et-voluptatibus-cupiditate-qui-voluptatem-nemo-voluptatum', 'Nobis et dignissimos fuga sed. Et consequuntur placeat eveniet animi mollitia. Qui commodi magni autem repudiandae. Quia eum hic officiis sequi voluptatibus repudiandae in. Recusandae voluptatem perspiciatis in dicta aperiam quo ut. Necessitatibus ratione natus consequuntur voluptas. Modi totam maiores et voluptates magni consequatur. Recusandae sunt temporibus inventore cum repudiandae. Voluptatem odit cupiditate nihil commodi reprehenderit.', 1, 100, NULL, NULL, NULL, '2022-02-12 22:24:58', '2022-02-12 22:24:58'),
(18, 2, 'Koepp, DuBuque and Cassin', 'ex-numquam-ut-quaerat', 'Laboriosam explicabo ducimus dolor tenetur natus ea. Eum similique sint est quam tenetur voluptatum. Eaque eum velit vel a maiores voluptatem quibusdam. Modi nulla dicta et culpa veniam minus. Occaecati nihil voluptates est beatae iste. Quo tenetur deserunt aperiam occaecati modi. Sed harum atque dolores nobis. Qui consequuntur recusandae voluptatibus rem accusamus illum dolores in.', 1, 100, NULL, NULL, NULL, '2022-02-12 22:24:58', '2022-02-12 22:24:58'),
(19, 5, 'Reinger-Hammes', 'consequatur-rerum-nobis-molestiae-sit', 'Aut aut quos eum molestias. Delectus aut temporibus non quo et omnis veritatis. Voluptas error esse voluptatem repudiandae. Dolorem atque hic iusto cumque quas quia. Expedita autem est esse id atque aliquid. Optio ea sunt aliquid ut omnis pariatur iure. Quia alias voluptatem quia et provident. Atque ex quidem molestiae blanditiis praesentium vel. Ratione non cum deserunt. Voluptas quas dolorem aut ut. Pariatur accusantium deserunt ut et. Quo cumque voluptas quia sequi.', 1, 100, NULL, NULL, NULL, '2022-02-12 22:24:58', '2022-02-12 22:24:58'),
(20, 1, 'Dietrich PLC', 'ipsum-quam-aut-quos-eveniet-voluptatem-qui-explicabo', 'Omnis atque sint voluptatibus corrupti corporis sed. Quas est repudiandae veniam porro repudiandae nobis aliquam. Dolor quod reiciendis rerum ea quos maxime. In asperiores corrupti aliquam expedita est. Voluptas eos quisquam quo eos. Dolores rerum unde corporis sapiente. Dicta facilis quo temporibus qui. Facere eius qui eveniet alias magnam tempora. Ipsam labore enim sint eum. Aut recusandae est magnam qui et.', 1, 100, NULL, NULL, NULL, '2022-02-12 22:24:58', '2022-02-12 22:24:58'),
(21, 5, 'Steuber Ltd', 'qui-facere-necessitatibus-quasi-deleniti-aut', 'Non reiciendis cupiditate aperiam enim. Et rerum culpa veritatis ut velit accusantium. Nisi deserunt doloribus totam consequatur rem. Ut perferendis accusamus nisi molestiae voluptatem perferendis accusantium. Est aut adipisci a dolorem repellendus. Expedita fugiat magnam quia et. Excepturi perferendis incidunt cum. Quibusdam eos rerum iste omnis. Eligendi blanditiis exercitationem aut numquam. Dignissimos dolorem quidem tenetur nobis sapiente adipisci. Eos eveniet sed fuga.', 1, 100, NULL, NULL, NULL, '2022-02-12 22:24:58', '2022-02-12 22:24:58'),
(22, 2, 'McDermott, Stiedemann and Schmeler', 'odio-perspiciatis-sapiente-illum-sit-ea-deserunt', 'Neque et iusto dolorum rem. Tempora et qui magni aliquam animi corrupti et. Dolorem reprehenderit tempora consequatur et. Nihil aut facere sint dolor distinctio ea odit. Quia non cupiditate dolores commodi maiores voluptatem. Ab impedit saepe exercitationem minima. Quia sint pariatur reiciendis ipsam doloremque. Vel voluptas quisquam qui non. Voluptas optio soluta culpa dolores autem qui.', 1, 100, NULL, NULL, NULL, '2022-02-12 22:24:58', '2022-02-12 22:24:58'),
(23, 3, 'Jenkins-Kohler', 'voluptas-sed-recusandae-deleniti-incidunt', 'Quaerat nihil laboriosam recusandae cupiditate. Eum qui nemo architecto earum cum eos. Adipisci voluptatem voluptatem nemo. Molestiae ea quia ut assumenda dolorum ratione. In inventore et ut eaque accusantium laborum. Aliquam est omnis sit autem rerum. Sequi rerum earum ex magnam ut. Quia est rerum aut impedit accusantium nihil. Repudiandae veniam quis velit dignissimos ipsa quia sint. Ut deserunt fugiat sed omnis et. Omnis laudantium quidem vitae aut et.', 1, 100, NULL, NULL, NULL, '2022-02-12 22:24:58', '2022-02-12 22:24:58'),
(24, 2, 'Konopelski Inc', 'illum-error-aut-corporis-sapiente-maxime-aut', 'Hic hic eos aut sint. Vitae dolores aperiam ipsa inventore. Laudantium aut magni et quod laborum at assumenda. Perspiciatis at harum vero et. Inventore perferendis ut repellendus. Velit aut sit quae eos sunt. Esse rerum quia aliquam sunt nulla. Tempora sint eum ut nihil aut placeat repellendus. Quo perspiciatis deleniti et iure animi ut ea.', 1, 100, NULL, NULL, NULL, '2022-02-12 22:24:58', '2022-02-12 22:24:58'),
(25, 3, 'Murazik Group', 'dolores-est-repellendus-fugit-qui-molestiae', 'Iure est omnis facere sed ex ipsa. Qui et voluptas sunt doloribus soluta. Deleniti sint quae dolores doloremque. Et sapiente exercitationem et ab. Aperiam quia dolores et saepe. Laborum pariatur enim ducimus quasi doloribus voluptatem. Cupiditate laborum aut distinctio nobis pariatur aut doloremque. Exercitationem aut voluptatem quaerat. Repudiandae occaecati nobis molestiae. Eum molestias cupiditate voluptas minima repellat.', 1, 100, NULL, NULL, NULL, '2022-02-12 22:24:58', '2022-02-12 22:24:58');

-- --------------------------------------------------------

--
-- Table structure for table `chat_conversations`
--

CREATE TABLE `chat_conversations` (
  `id` bigint(20) UNSIGNED NOT NULL,
  `shop_id` int(10) UNSIGNED DEFAULT NULL,
  `customer_id` bigint(20) UNSIGNED DEFAULT NULL,
  `message` text COLLATE utf8_unicode_ci,
  `status` int(11) NOT NULL DEFAULT '1',
  `private` tinyint(1) NOT NULL DEFAULT '1',
  `read` tinyint(1) DEFAULT NULL,
  `deleted_at` timestamp NULL DEFAULT NULL,
  `created_at` timestamp NULL DEFAULT NULL,
  `updated_at` timestamp NULL DEFAULT NULL
) ENGINE=InnoDB DEFAULT CHARSET=utf8 COLLATE=utf8_unicode_ci;

-- --------------------------------------------------------

--
-- Table structure for table `configs`
--

CREATE TABLE `configs` (
  `shop_id` int(10) UNSIGNED NOT NULL,
  `support_phone` varchar(255) COLLATE utf8_unicode_ci DEFAULT NULL,
  `support_phone_toll_free` varchar(255) COLLATE utf8_unicode_ci DEFAULT NULL,
  `support_email` varchar(255) COLLATE utf8_unicode_ci DEFAULT NULL,
  `support_agent` bigint(20) UNSIGNED DEFAULT NULL,
  `default_sender_email_address` varchar(255) COLLATE utf8_unicode_ci DEFAULT NULL,
  `default_email_sender_name` varchar(255) COLLATE utf8_unicode_ci DEFAULT NULL,
  `return_refund` longtext COLLATE utf8_unicode_ci,
  `order_number_prefix` varchar(255) COLLATE utf8_unicode_ci DEFAULT '#',
  `order_number_suffix` varchar(255) COLLATE utf8_unicode_ci DEFAULT NULL,
  `default_tax_id` int(10) UNSIGNED DEFAULT '1',
  `order_handling_cost` decimal(20,6) DEFAULT NULL,
  `auto_archive_order` tinyint(1) DEFAULT '0',
  `default_payment_method_id` int(10) UNSIGNED DEFAULT NULL,
  `pagination` int(10) UNSIGNED NOT NULL DEFAULT '10',
  `show_shop_desc_with_listing` tinyint(1) DEFAULT NULL,
  `show_refund_policy_with_listing` tinyint(1) DEFAULT '1',
  `alert_quantity` int(11) DEFAULT NULL,
  `digital_goods_only` tinyint(1) DEFAULT '0',
  `default_warehouse_id` int(10) UNSIGNED DEFAULT NULL,
  `default_supplier_id` int(10) UNSIGNED DEFAULT NULL,
  `default_packaging_ids` varchar(255) COLLATE utf8_unicode_ci DEFAULT NULL,
  `notify_new_message` tinyint(1) DEFAULT NULL,
  `notify_alert_quantity` tinyint(1) DEFAULT NULL,
  `notify_inventory_out` tinyint(1) DEFAULT NULL,
  `notify_new_order` tinyint(1) DEFAULT '1',
  `notify_abandoned_checkout` tinyint(1) DEFAULT NULL,
  `notify_new_disput` tinyint(1) DEFAULT '1',
  `enable_live_chat` tinyint(1) DEFAULT '1',
  `notify_new_chat` tinyint(1) DEFAULT '1',
  `maintenance_mode` tinyint(1) DEFAULT '1',
  `pending_verification` tinyint(1) DEFAULT NULL,
  `created_at` timestamp NULL DEFAULT NULL,
  `updated_at` timestamp NULL DEFAULT NULL,
  `active_ecommerce` tinyint(1) NOT NULL DEFAULT '1',
  `pay_online` tinyint(1) NOT NULL DEFAULT '1',
  `pay_in_person` tinyint(1) NOT NULL DEFAULT '0'
) ENGINE=InnoDB DEFAULT CHARSET=utf8 COLLATE=utf8_unicode_ci;

--
-- Dumping data for table `configs`
--

INSERT INTO `configs` (`shop_id`, `support_phone`, `support_phone_toll_free`, `support_email`, `support_agent`, `default_sender_email_address`, `default_email_sender_name`, `return_refund`, `order_number_prefix`, `order_number_suffix`, `default_tax_id`, `order_handling_cost`, `auto_archive_order`, `default_payment_method_id`, `pagination`, `show_shop_desc_with_listing`, `show_refund_policy_with_listing`, `alert_quantity`, `digital_goods_only`, `default_warehouse_id`, `default_supplier_id`, `default_packaging_ids`, `notify_new_message`, `notify_alert_quantity`, `notify_inventory_out`, `notify_new_order`, `notify_abandoned_checkout`, `notify_new_disput`, `enable_live_chat`, `notify_new_chat`, `maintenance_mode`, `pending_verification`, `created_at`, `updated_at`, `active_ecommerce`, `pay_online`, `pay_in_person`) VALUES
(1, NULL, NULL, 'support.shop@demo.com', NULL, 'noreply.shop@demo.com', 'Support Agent', '<h3>Return & Refund Policy</h3> Thanks for shopping at My Shop.<br/> If you are not entirely satisfied with your purchase, we\'re here to help.<br/><br/><h3>Returns</h3>You have 30 (change this) calendar days to return an item from the date you received it.<br/>To be eligible for a return, your item must be unused and in the same condition that you received it.<br/>Your item must be in the original packaging.<br/>Your item needs to have the receipt or proof of purchase.<br/><br/>', '#', NULL, 1, 2.000000, 0, NULL, 10, NULL, 1, NULL, 0, NULL, NULL, 'a:3:{i:0;i:0;i:1;i:1;i:2;i:4;}', NULL, NULL, NULL, 1, NULL, 1, 1, 1, 0, NULL, '2022-02-25 22:24:56', '2022-02-25 22:24:56', 1, 1, 0),
(2, NULL, NULL, 'support.shop@demo.com', NULL, 'noreply.shop@demo.com', 'Support Agent', '<h3>Return & Refund Policy</h3> Thanks for shopping at My Shop.<br/> If you are not entirely satisfied with your purchase, we\'re here to help.<br/><br/><h3>Returns</h3>You have 30 (change this) calendar days to return an item from the date you received it.<br/>To be eligible for a return, your item must be unused and in the same condition that you received it.<br/>Your item must be in the original packaging.<br/>Your item needs to have the receipt or proof of purchase.<br/><br/>', '#', NULL, 1, 2.000000, 0, NULL, 10, NULL, 1, NULL, 0, NULL, NULL, 'a:3:{i:0;i:1;i:1;i:2;i:2;i:5;}', NULL, NULL, NULL, 1, NULL, 1, 1, 1, 0, NULL, '2022-02-25 22:24:56', '2022-02-25 22:24:56', 1, 1, 0),
(3, NULL, NULL, 'support.shop@demo.com', NULL, 'noreply.shop@demo.com', 'Support Agent', '<h3>Return & Refund Policy</h3> Thanks for shopping at My Shop.<br/> If you are not entirely satisfied with your purchase, we\'re here to help.<br/><br/><h3>Returns</h3>You have 30 (change this) calendar days to return an item from the date you received it.<br/>To be eligible for a return, your item must be unused and in the same condition that you received it.<br/>Your item must be in the original packaging.<br/>Your item needs to have the receipt or proof of purchase.<br/><br/>', '#', NULL, 1, 2.000000, 0, NULL, 10, NULL, 1, NULL, 0, NULL, NULL, 'a:3:{i:0;i:0;i:1;i:2;i:2;i:3;}', NULL, NULL, NULL, 1, NULL, 1, 1, 1, 0, NULL, '2022-02-25 22:24:56', '2022-02-25 22:24:56', 1, 1, 0),
(4, NULL, NULL, 'support.shop@demo.com', NULL, 'noreply.shop@demo.com', 'Support Agent', '<h3>Return & Refund Policy</h3> Thanks for shopping at My Shop.<br/> If you are not entirely satisfied with your purchase, we\'re here to help.<br/><br/><h3>Returns</h3>You have 30 (change this) calendar days to return an item from the date you received it.<br/>To be eligible for a return, your item must be unused and in the same condition that you received it.<br/>Your item must be in the original packaging.<br/>Your item needs to have the receipt or proof of purchase.<br/><br/>', '#', NULL, 1, 2.000000, 0, NULL, 10, NULL, 1, NULL, 0, NULL, NULL, 'a:3:{i:0;i:0;i:1;i:1;i:2;i:3;}', NULL, NULL, NULL, 1, NULL, 1, 1, 1, 0, NULL, '2022-02-25 22:24:56', '2022-02-25 22:24:56', 1, 1, 0),
(5, NULL, NULL, 'support.shop@demo.com', NULL, 'noreply.shop@demo.com', 'Support Agent', '<h3>Return & Refund Policy</h3> Thanks for shopping at My Shop.<br/> If you are not entirely satisfied with your purchase, we\'re here to help.<br/><br/><h3>Returns</h3>You have 30 (change this) calendar days to return an item from the date you received it.<br/>To be eligible for a return, your item must be unused and in the same condition that you received it.<br/>Your item must be in the original packaging.<br/>Your item needs to have the receipt or proof of purchase.<br/><br/>', '#', NULL, 1, 2.000000, 0, NULL, 10, NULL, 1, NULL, 0, NULL, NULL, 'a:3:{i:0;i:1;i:1;i:3;i:2;i:5;}', NULL, NULL, NULL, 1, NULL, 1, 1, 1, 0, NULL, '2022-02-25 22:24:56', '2022-02-25 22:24:56', 1, 1, 0);

-- --------------------------------------------------------

--
-- Table structure for table `config_authorize_net`
--

CREATE TABLE `config_authorize_net` (
  `shop_id` int(10) UNSIGNED NOT NULL,
  `api_login_id` text COLLATE utf8_unicode_ci,
  `transaction_key` text COLLATE utf8_unicode_ci,
  `sandbox` tinyint(1) DEFAULT '1',
  `created_at` timestamp NULL DEFAULT NULL,
  `updated_at` timestamp NULL DEFAULT NULL
) ENGINE=InnoDB DEFAULT CHARSET=utf8 COLLATE=utf8_unicode_ci;

-- --------------------------------------------------------

--
-- Table structure for table `config_manual_payments`
--

CREATE TABLE `config_manual_payments` (
  `shop_id` int(10) UNSIGNED NOT NULL,
  `payment_method_id` int(10) UNSIGNED NOT NULL,
  `additional_details` text COLLATE utf8_unicode_ci,
  `payment_instructions` text COLLATE utf8_unicode_ci,
  `created_at` timestamp NULL DEFAULT NULL,
  `updated_at` timestamp NULL DEFAULT NULL
) ENGINE=InnoDB DEFAULT CHARSET=utf8 COLLATE=utf8_unicode_ci;

--
-- Dumping data for table `config_manual_payments`
--

INSERT INTO `config_manual_payments` (`shop_id`, `payment_method_id`, `additional_details`, `payment_instructions`, `created_at`, `updated_at`) VALUES
(1, 7, 'Send the payment via Bank Wire Transfer.', 'Payment instructions for Bank Wire Transfer', '2022-02-12 22:24:56', '2022-02-12 22:24:56'),
(1, 6, 'Our man will collect the payment when deliver the item to your doorstep.', 'Payment instructions for COD', '2022-02-12 22:24:56', '2022-02-12 22:24:56'),
(2, 7, 'Send the payment via Bank Wire Transfer.', 'Payment instructions for Bank Wire Transfer', '2022-02-12 22:24:56', '2022-02-12 22:24:56'),
(2, 6, 'Our man will collect the payment when deliver the item to your doorstep.', 'Payment instructions for COD', '2022-02-12 22:24:56', '2022-02-12 22:24:56'),
(3, 7, 'Send the payment via Bank Wire Transfer.', 'Payment instructions for Bank Wire Transfer', '2022-02-12 22:24:56', '2022-02-12 22:24:56'),
(3, 6, 'Our man will collect the payment when deliver the item to your doorstep.', 'Payment instructions for COD', '2022-02-12 22:24:56', '2022-02-12 22:24:56'),
(4, 7, 'Send the payment via Bank Wire Transfer.', 'Payment instructions for Bank Wire Transfer', '2022-02-12 22:24:56', '2022-02-12 22:24:56'),
(4, 6, 'Our man will collect the payment when deliver the item to your doorstep.', 'Payment instructions for COD', '2022-02-12 22:24:56', '2022-02-12 22:24:56'),
(5, 7, 'Send the payment via Bank Wire Transfer.', 'Payment instructions for Bank Wire Transfer', '2022-02-12 22:24:56', '2022-02-12 22:24:56'),
(5, 6, 'Our man will collect the payment when deliver the item to your doorstep.', 'Payment instructions for COD', '2022-02-12 22:24:56', '2022-02-12 22:24:56');

-- --------------------------------------------------------

--
-- Table structure for table `contact_us`
--

CREATE TABLE `contact_us` (
  `id` bigint(20) UNSIGNED NOT NULL,
  `name` varchar(255) COLLATE utf8_unicode_ci DEFAULT NULL,
  `phone` varchar(255) COLLATE utf8_unicode_ci DEFAULT NULL,
  `email` varchar(255) COLLATE utf8_unicode_ci NOT NULL,
  `subject` varchar(255) COLLATE utf8_unicode_ci NOT NULL,
  `message` longtext COLLATE utf8_unicode_ci NOT NULL,
  `read` tinyint(1) DEFAULT NULL,
  `created_at` timestamp NULL DEFAULT NULL,
  `updated_at` timestamp NULL DEFAULT NULL
) ENGINE=InnoDB DEFAULT CHARSET=utf8 COLLATE=utf8_unicode_ci;

-- --------------------------------------------------------

--
-- Table structure for table `countries`
--

CREATE TABLE `countries` (
  `id` int(10) UNSIGNED NOT NULL,
  `name` varchar(255) COLLATE utf8_unicode_ci NOT NULL,
  `full_name` varchar(255) COLLATE utf8_unicode_ci DEFAULT NULL,
  `capital` varchar(255) COLLATE utf8_unicode_ci DEFAULT NULL,
  `currency_id` int(10) UNSIGNED DEFAULT NULL,
  `timezone_id` int(10) UNSIGNED DEFAULT NULL,
  `citizenship` varchar(255) COLLATE utf8_unicode_ci DEFAULT NULL,
  `iso_code` varchar(2) COLLATE utf8_unicode_ci NOT NULL,
  `iso_numeric` varchar(3) COLLATE utf8_unicode_ci DEFAULT NULL,
  `calling_code` varchar(3) COLLATE utf8_unicode_ci DEFAULT NULL,
  `flag` varchar(6) COLLATE utf8_unicode_ci DEFAULT NULL,
  `eea` tinyint(1) DEFAULT '0',
  `active` tinyint(1) DEFAULT '0',
  `created_at` timestamp NULL DEFAULT NULL,
  `updated_at` timestamp NULL DEFAULT NULL
) ENGINE=InnoDB DEFAULT CHARSET=utf8 COLLATE=utf8_unicode_ci;

--
-- Dumping data for table `countries`
--

INSERT INTO `countries` (`id`, `name`, `full_name`, `capital`, `currency_id`, `timezone_id`, `citizenship`, `iso_code`, `iso_numeric`, `calling_code`, `flag`, `eea`, `active`, `created_at`, `updated_at`) VALUES
(4, 'Afghanistan', 'Islamic Republic of Afghanistan', 'Kabul', 2, NULL, 'Afghan', 'AF', '004', '93', 'AF.png', 0, 1, '2022-02-12 22:24:49', '2022-02-12 22:24:49'),
(8, 'Albania', 'Republic of Albania', 'Tirana', 3, NULL, 'Albanian', 'AL', '008', '355', 'AL.png', 0, 1, '2022-02-12 22:24:49', '2022-02-12 22:24:49'),
(10, 'Antarctica', 'Antarctica', 'Antartica', NULL, NULL, 'of Antartica', 'AQ', '010', '672', 'AQ.png', 0, 1, '2022-02-12 22:24:49', '2022-02-12 22:24:49'),
(12, 'Algeria', 'People’s Democratic Republic of Algeria', 'Algiers', 42, NULL, 'Algerian', 'DZ', '012', '213', 'DZ.png', 0, 1, '2022-02-12 22:24:49', '2022-02-12 22:24:49'),
(16, 'American Samoa', 'Territory of American', 'Pago Pago', 148, NULL, 'American Samoan', 'AS', '016', '1', 'AS.png', 0, 1, '2022-02-12 22:24:49', '2022-02-12 22:24:49'),
(20, 'Andorra', 'Principality of Andorra', 'Andorra la Vella', 46, NULL, 'Andorran', 'AD', '020', '376', 'AD.png', 0, 1, '2022-02-12 22:24:49', '2022-02-12 22:24:49'),
(24, 'Angola', 'Republic of Angola', 'Luanda', 6, NULL, 'Angolan', 'AO', '024', '244', 'AO.png', 0, 1, '2022-02-12 22:24:49', '2022-02-12 22:24:49'),
(28, 'Antigua and Barbuda', 'Antigua and Barbuda', 'St John’s', 162, NULL, 'of Antigua and Barbuda', 'AG', '028', '1', 'AG.png', 0, 1, '2022-02-12 22:24:49', '2022-02-12 22:24:49'),
(31, 'Azerbaijan', 'Republic of Azerbaijan', 'Baku', 10, NULL, 'Azerbaijani', 'AZ', '031', '994', 'AZ.png', 0, 1, '2022-02-12 22:24:49', '2022-02-12 22:24:49'),
(32, 'Argentina', 'Argentine Republic', 'Buenos Aires', 7, NULL, 'Argentinian', 'AR', '032', '54', 'AR.png', 0, 1, '2022-02-12 22:24:49', '2022-02-12 22:24:49'),
(36, 'Australia', 'Commonwealth of Australia', 'Canberra', 8, NULL, 'Australian', 'AU', '036', '61', 'AU.png', 0, 1, '2022-02-12 22:24:49', '2022-02-12 22:24:49'),
(40, 'Austria', 'Republic of Austria', 'Vienna', 46, NULL, 'Austrian', 'AT', '040', '43', 'AT.png', 1, 1, '2022-02-12 22:24:49', '2022-02-12 22:24:49'),
(44, 'Bahamas', 'Commonwealth of the Bahamas', 'Nassau', 21, NULL, 'Bahamian', 'BS', '044', '1', 'BS.png', 0, 1, '2022-02-12 22:24:49', '2022-02-12 22:24:49'),
(48, 'Bahrain', 'Kingdom of Bahrain', 'Manama', 15, NULL, 'Bahraini', 'BH', '048', '973', 'BH.png', 0, 1, '2022-02-12 22:24:49', '2022-02-12 22:24:49'),
(50, 'Bangladesh', 'People’s Republic of Bangladesh', 'Dhaka', 13, NULL, 'Bangladeshi', 'BD', '050', '880', 'BD.png', 0, 1, '2022-02-12 22:24:49', '2022-02-12 22:24:49'),
(51, 'Armenia', 'Republic of Armenia', 'Yerevan', 4, NULL, 'Armenian', 'AM', '051', '374', 'AM.png', 0, 1, '2022-02-12 22:24:49', '2022-02-12 22:24:49'),
(52, 'Barbados', 'Barbados', 'Bridgetown', 12, NULL, 'Barbadian', 'BB', '052', '1', 'BB.png', 0, 1, '2022-02-12 22:24:49', '2022-02-12 22:24:49'),
(56, 'Belgium', 'Kingdom of Belgium', 'Brussels', 46, NULL, 'Belgian', 'BE', '056', '32', 'BE.png', 1, 1, '2022-02-12 22:24:49', '2022-02-12 22:24:49'),
(60, 'Bermuda', 'Bermuda', 'Hamilton', 17, NULL, 'Bermudian', 'BM', '060', '1', 'BM.png', 0, 1, '2022-02-12 22:24:49', '2022-02-12 22:24:49'),
(64, 'Bhutan', 'Kingdom of Bhutan', 'Thimphu', 22, NULL, 'Bhutanese', 'BT', '064', '975', 'BT.png', 0, 1, '2022-02-12 22:24:49', '2022-02-12 22:24:49'),
(68, 'Bolivia, Plurinational State of', 'Plurinational State of Bolivia', 'Sucre (BO1)', 19, NULL, 'Bolivian', 'BO', '068', '591', 'BO.png', 0, 1, '2022-02-12 22:24:49', '2022-02-12 22:24:49'),
(70, 'Bosnia and Herzegovina', 'Bosnia and Herzegovina', 'Sarajevo', 11, NULL, 'of Bosnia and Herzegovina', 'BA', '070', '387', 'BA.png', 0, 1, '2022-02-12 22:24:49', '2022-02-12 22:24:49'),
(72, 'Botswana', 'Republic of Botswana', 'Gaborone', 23, NULL, 'Botswanan', 'BW', '072', '267', 'BW.png', 0, 1, '2022-02-12 22:24:49', '2022-02-12 22:24:49'),
(74, 'Bouvet Island', 'Bouvet Island', 'Bouvet island', NULL, NULL, 'of Bouvet island', 'BV', '074', '47', 'BV.png', 0, 1, '2022-02-12 22:24:49', '2022-02-12 22:24:49'),
(76, 'Brazil', 'Federative Republic of Brazil', 'Brasilia', 20, NULL, 'Brazilian', 'BR', '076', '55', 'BR.png', 0, 1, '2022-02-12 22:24:49', '2022-02-12 22:24:49'),
(84, 'Belize', 'Belize', 'Belmopan', 26, NULL, 'Belizean', 'BZ', '084', '501', 'BZ.png', 0, 1, '2022-02-12 22:24:49', '2022-02-12 22:24:49'),
(86, 'British Indian Ocean Territory', 'British Indian Ocean Territory', 'Diego Garcia', 148, NULL, 'Changosian', 'IO', '086', '246', 'IO.png', 0, 1, '2022-02-12 22:24:49', '2022-02-12 22:24:49'),
(90, 'Solomon Islands', 'Solomon Islands', 'Honiara', 122, NULL, 'Solomon Islander', 'SB', '090', '677', 'SB.png', 0, 1, '2022-02-12 22:24:49', '2022-02-12 22:24:49'),
(92, 'Virgin Islands, British', 'British Virgin Islands', 'Road Town', 148, NULL, 'British Virgin Islander;', 'VG', '092', '1', 'VG.png', 0, 1, '2022-02-12 22:24:49', '2022-02-12 22:24:49'),
(96, 'Brunei Darussalam', 'Brunei Darussalam', 'Bandar Seri Begawan', 18, NULL, 'Bruneian', 'BN', '096', '673', 'BN.png', 0, 1, '2022-02-12 22:24:49', '2022-02-12 22:24:49'),
(100, 'Bulgaria', 'Republic of Bulgaria', 'Sofia', 14, NULL, 'Bulgarian', 'BG', '100', '359', 'BG.png', 1, 1, '2022-02-12 22:24:49', '2022-02-12 22:24:49'),
(104, 'Myanmar', 'Union of Myanmar/', 'Yangon', 92, NULL, 'Burmese', 'MM', '104', '95', 'MM.png', 0, 1, '2022-02-12 22:24:49', '2022-02-12 22:24:49'),
(108, 'Burundi', 'Republic of Burundi', 'Bujumbura', 16, NULL, 'Burundian', 'BI', '108', '257', 'BI.png', 0, 1, '2022-02-12 22:24:49', '2022-02-12 22:24:49'),
(112, 'Belarus', 'Republic of Belarus', 'Minsk', 25, NULL, 'Belarusian', 'BY', '112', '375', 'BY.png', 0, 1, '2022-02-12 22:24:49', '2022-02-12 22:24:49'),
(116, 'Cambodia', 'Kingdom of Cambodia', 'Phnom Penh', 73, NULL, 'Cambodian', 'KH', '116', '855', 'KH.png', 0, 1, '2022-02-12 22:24:49', '2022-02-12 22:24:49'),
(120, 'Cameroon', 'Republic of Cameroon', 'Yaoundé', 155, NULL, 'Cameroonian', 'CM', '120', '237', 'CM.png', 0, 1, '2022-02-12 22:24:49', '2022-02-12 22:24:49'),
(124, 'Canada', 'Canada', 'Ottawa', 27, NULL, 'Canadian', 'CA', '124', '1', 'CA.png', 0, 1, '2022-02-12 22:24:49', '2022-02-12 22:24:49'),
(132, 'Cape Verde', 'Republic of Cape Verde', 'Praia', 37, NULL, 'Cape Verdean', 'CV', '132', '238', 'CV.png', 0, 1, '2022-02-12 22:24:49', '2022-02-12 22:24:49'),
(136, 'Cayman Islands', 'Cayman Islands', 'George Town', 78, NULL, 'Caymanian', 'KY', '136', '1', 'KY.png', 0, 1, '2022-02-12 22:24:49', '2022-02-12 22:24:49'),
(140, 'Central African Republic', 'Central African Republic', 'Bangui', 155, NULL, 'Central African', 'CF', '140', '236', 'CF.png', 0, 1, '2022-02-12 22:24:49', '2022-02-12 22:24:49'),
(144, 'Sri Lanka', 'Democratic Socialist Republic of Sri Lanka', 'Colombo', 82, NULL, 'Sri Lankan', 'LK', '144', '94', 'LK.png', 0, 1, '2022-02-12 22:24:49', '2022-02-12 22:24:49'),
(148, 'Chad', 'Republic of Chad', 'N’Djamena', 155, NULL, 'Chadian', 'TD', '148', '235', 'TD.png', 0, 1, '2022-02-12 22:24:49', '2022-02-12 22:24:49'),
(152, 'Chile', 'Republic of Chile', 'Santiago', 31, NULL, 'Chilean', 'CL', '152', '56', 'CL.png', 0, 1, '2022-02-12 22:24:49', '2022-02-12 22:24:49'),
(156, 'China', 'People’s Republic of China', 'Beijing', 32, NULL, 'Chinese', 'CN', '156', '86', 'CN.png', 0, 1, '2022-02-12 22:24:49', '2022-02-12 22:24:49'),
(158, 'Taiwan, Province of China', 'Republic of China, Taiwan (TW1)', 'Taipei', 144, NULL, 'Taiwanese', 'TW', '158', '886', 'TW.png', 0, 1, '2022-02-12 22:24:49', '2022-02-12 22:24:49'),
(162, 'Christmas Island', 'Christmas Island Territory', 'Flying Fish Cove', 8, NULL, 'Christmas Islander', 'CX', '162', '61', 'CX.png', 0, 1, '2022-02-12 22:24:49', '2022-02-12 22:24:49'),
(166, 'Cocos (Keeling) Islands', 'Territory of Cocos (Keeling) Islands', 'Bantam', 8, NULL, 'Cocos Islander', 'CC', '166', '61', 'CC.png', 0, 1, '2022-02-12 22:24:49', '2022-02-12 22:24:49'),
(170, 'Colombia', 'Republic of Colombia', 'Santa Fe de Bogotá', 33, NULL, 'Colombian', 'CO', '170', '57', 'CO.png', 0, 1, '2022-02-12 22:24:49', '2022-02-12 22:24:49'),
(174, 'Comoros', 'Union of the Comoros', 'Moroni', 74, NULL, 'Comorian', 'KM', '174', '269', 'KM.png', 0, 1, '2022-02-12 22:24:49', '2022-02-12 22:24:49'),
(175, 'Mayotte', 'Departmental Collectivity of Mayotte', 'Mamoudzou', 46, NULL, 'Mahorais', 'YT', '175', '262', 'YT.png', 0, 1, '2022-02-12 22:24:49', '2022-02-12 22:24:49'),
(178, 'Congo', 'Republic of the Congo', 'Brazzaville', 155, NULL, 'Congolese', 'CG', '178', '242', 'CG.png', 0, 1, '2022-02-12 22:24:49', '2022-02-12 22:24:49'),
(180, 'Congo, the Democratic Republic of the', 'Democratic Republic of the Congo', 'Kinshasa', 28, NULL, 'Congolese', 'CD', '180', '243', 'CD.png', 0, 1, '2022-02-12 22:24:49', '2022-02-12 22:24:49'),
(184, 'Cook Islands', 'Cook Islands', 'Avarua', 107, NULL, 'Cook Islander', 'CK', '184', '682', 'CK.png', 0, 1, '2022-02-12 22:24:49', '2022-02-12 22:24:49'),
(188, 'Costa Rica', 'Republic of Costa Rica', 'San José', 34, NULL, 'Costa Rican', 'CR', '188', '506', 'CR.png', 0, 1, '2022-02-12 22:24:49', '2022-02-12 22:24:49'),
(191, 'Croatia', 'Republic of Croatia', 'Zagreb', 59, NULL, 'Croatian', 'HR', '191', '385', 'HR.png', 1, 1, '2022-02-12 22:24:49', '2022-02-12 22:24:49'),
(192, 'Cuba', 'Republic of Cuba', 'Havana', 36, NULL, 'Cuban', 'CU', '192', '53', 'CU.png', 0, 1, '2022-02-12 22:24:49', '2022-02-12 22:24:49'),
(196, 'Cyprus', 'Republic of Cyprus', 'Nicosia', 46, NULL, 'Cypriot', 'CY', '196', '357', 'CY.png', 1, 1, '2022-02-12 22:24:49', '2022-02-12 22:24:49'),
(203, 'Czech Republic', 'Czech Republic', 'Prague', 38, NULL, 'Czech', 'CZ', '203', '420', 'CZ.png', 1, 1, '2022-02-12 22:24:49', '2022-02-12 22:24:49'),
(204, 'Benin', 'Republic of Benin', 'Porto Novo (BJ1)', 164, NULL, 'Beninese', 'BJ', '204', '229', 'BJ.png', 0, 1, '2022-02-12 22:24:49', '2022-02-12 22:24:49'),
(208, 'Denmark', 'Kingdom of Denmark', 'Copenhagen', 40, NULL, 'Danish', 'DK', '208', '45', 'DK.png', 1, 1, '2022-02-12 22:24:49', '2022-02-12 22:24:49'),
(212, 'Dominica', 'Commonwealth of Dominica', 'Roseau', 162, NULL, 'Dominican', 'DM', '212', '1', 'DM.png', 0, 1, '2022-02-12 22:24:49', '2022-02-12 22:24:49'),
(214, 'Dominican Republic', 'Dominican Republic', 'Santo Domingo', 41, NULL, 'Dominican', 'DO', '214', '1', 'DO.png', 0, 1, '2022-02-12 22:24:49', '2022-02-12 22:24:49'),
(218, 'Ecuador', 'Republic of Ecuador', 'Quito', 148, NULL, 'Ecuadorian', 'EC', '218', '593', 'EC.png', 0, 1, '2022-02-12 22:24:49', '2022-02-12 22:24:49'),
(222, 'El Salvador', 'Republic of El Salvador', 'San Salvador', 134, NULL, 'Salvadoran', 'SV', '222', '503', 'SV.png', 0, 1, '2022-02-12 22:24:49', '2022-02-12 22:24:49'),
(226, 'Equatorial Guinea', 'Republic of Equatorial Guinea', 'Malabo', 155, NULL, 'Equatorial Guinean', 'GQ', '226', '240', 'GQ.png', 0, 1, '2022-02-12 22:24:49', '2022-02-12 22:24:49'),
(231, 'Ethiopia', 'Federal Democratic Republic of Ethiopia', 'Addis Ababa', 45, NULL, 'Ethiopian', 'ET', '231', '251', 'ET.png', 0, 1, '2022-02-12 22:24:49', '2022-02-12 22:24:49'),
(232, 'Eritrea', 'State of Eritrea', 'Asmara', 44, NULL, 'Eritrean', 'ER', '232', '291', 'ER.png', 0, 1, '2022-02-12 22:24:49', '2022-02-12 22:24:49'),
(233, 'Estonia', 'Republic of Estonia', 'Tallinn', 46, NULL, 'Estonian', 'EE', '233', '372', 'EE.png', 1, 1, '2022-02-12 22:24:49', '2022-02-12 22:24:49'),
(234, 'Faroe Islands', 'Faeroe Islands', 'Tórshavn', 40, NULL, 'Faeroese', 'FO', '234', '298', 'FO.png', 0, 1, '2022-02-12 22:24:49', '2022-02-12 22:24:49'),
(238, 'Falkland Islands (Malvinas)', 'Falkland Islands', 'Stanley', 48, NULL, 'Falkland Islander', 'FK', '238', '500', 'FK.png', 0, 1, '2022-02-12 22:24:49', '2022-02-12 22:24:49'),
(239, 'South Georgia and the South Sandwich Islands', 'South Georgia and the South Sandwich Islands', 'King Edward Point (Grytviken)', NULL, NULL, 'of South Georgia and the South Sandwich Islands', 'GS', '239', '44', 'GS.png', 0, 1, '2022-02-12 22:24:49', '2022-02-12 22:24:49'),
(242, 'Fiji', 'Republic of Fiji', 'Suva', 47, NULL, 'Fijian', 'FJ', '242', '679', 'FJ.png', 0, 1, '2022-02-12 22:24:49', '2022-02-12 22:24:49'),
(246, 'Finland', 'Republic of Finland', 'Helsinki', 46, NULL, 'Finnish', 'FI', '246', '358', 'FI.png', 1, 1, '2022-02-12 22:24:49', '2022-02-12 22:24:49'),
(248, 'Åland Islands', 'Åland Islands', 'Mariehamn', 46, NULL, 'Åland Islander', 'AX', '248', '358', NULL, 0, 1, '2022-02-12 22:24:49', '2022-02-12 22:24:49'),
(250, 'France', 'French Republic', 'Paris', 46, NULL, 'French', 'FR', '250', '33', 'FR.png', 1, 1, '2022-02-12 22:24:49', '2022-02-12 22:24:49'),
(254, 'French Guiana', 'French Guiana', 'Cayenne', 46, NULL, 'Guianese', 'GF', '254', '594', 'GF.png', 0, 1, '2022-02-12 22:24:49', '2022-02-12 22:24:49'),
(258, 'French Polynesia', 'French Polynesia', 'Papeete', 166, NULL, 'Polynesian', 'PF', '258', '689', 'PF.png', 0, 1, '2022-02-12 22:24:49', '2022-02-12 22:24:49'),
(260, 'French Southern Territories', 'French Southern and Antarctic Lands', 'Port-aux-Francais', 46, NULL, 'of French Southern and Antarctic Lands', 'TF', '260', '33', 'TF.png', 0, 1, '2022-02-12 22:24:49', '2022-02-12 22:24:49'),
(262, 'Djibouti', 'Republic of Djibouti', 'Djibouti', 39, NULL, 'Djiboutian', 'DJ', '262', '253', 'DJ.png', 0, 1, '2022-02-12 22:24:49', '2022-02-12 22:24:49'),
(266, 'Gabon', 'Gabonese Republic', 'Libreville', 155, NULL, 'Gabonese', 'GA', '266', '241', 'GA.png', 0, 1, '2022-02-12 22:24:49', '2022-02-12 22:24:49'),
(268, 'Georgia', 'Georgia', 'Tbilisi', 50, NULL, 'Georgian', 'GE', '268', '995', 'GE.png', 0, 1, '2022-02-12 22:24:49', '2022-02-12 22:24:49'),
(270, 'Gambia', 'Republic of the Gambia', 'Banjul', 53, NULL, 'Gambian', 'GM', '270', '220', 'GM.png', 0, 1, '2022-02-12 22:24:49', '2022-02-12 22:24:49'),
(275, 'Palestinian Territory, Occupied', NULL, NULL, 53, NULL, 'Palestinian', 'PS', '275', '970', 'PS.png', 0, 1, '2022-02-12 22:24:49', '2022-02-12 22:24:49'),
(276, 'Germany', 'Federal Republic of Germany', 'Berlin', 46, NULL, 'German', 'DE', '276', '49', 'DE.png', 1, 1, '2022-02-12 22:24:49', '2022-02-12 22:24:49'),
(288, 'Ghana', 'Republic of Ghana', 'Accra', 51, NULL, 'Ghanaian', 'GH', '288', '233', 'GH.png', 0, 1, '2022-02-12 22:24:49', '2022-02-12 22:24:49'),
(292, 'Gibraltar', 'Gibraltar', 'Gibraltar', 52, NULL, 'Gibraltarian', 'GI', '292', '350', 'GI.png', 0, 1, '2022-02-12 22:24:49', '2022-02-12 22:24:49'),
(296, 'Kiribati', 'Republic of Kiribati', 'Tarawa', 8, NULL, 'Kiribatian', 'KI', '296', '686', 'KI.png', 0, 1, '2022-02-12 22:24:49', '2022-02-12 22:24:49'),
(300, 'Greece', 'Hellenic Republic', 'Athens', 46, NULL, 'Greek', 'GR', '300', '30', 'GR.png', 1, 1, '2022-02-12 22:24:49', '2022-02-12 22:24:49'),
(304, 'Greenland', 'Greenland', 'Nuuk', 40, NULL, 'Greenlander', 'GL', '304', '299', 'GL.png', 0, 1, '2022-02-12 22:24:49', '2022-02-12 22:24:49'),
(308, 'Grenada', 'Grenada', 'St George’s', 162, NULL, 'Grenadian', 'GD', '308', '1', 'GD.png', 0, 1, '2022-02-12 22:24:49', '2022-02-12 22:24:49'),
(312, 'Guadeloupe', 'Guadeloupe', 'Basse Terre', 46, NULL, 'Guadeloupean', 'GP', '312', '590', 'GP.png', 0, 1, '2022-02-12 22:24:49', '2022-02-12 22:24:49'),
(316, 'Guam', 'Territory of Guam', 'Agaña (Hagåtña)', 148, NULL, 'Guamanian', 'GU', '316', '1', 'GU.png', 0, 1, '2022-02-12 22:24:49', '2022-02-12 22:24:49'),
(320, 'Guatemala', 'Republic of Guatemala', 'Guatemala City', 55, NULL, 'Guatemalan', 'GT', '320', '502', 'GT.png', 0, 1, '2022-02-12 22:24:49', '2022-02-12 22:24:49'),
(324, 'Guinea', 'Republic of Guinea', 'Conakry', 54, NULL, 'Guinean', 'GN', '324', '224', 'GN.png', 0, 1, '2022-02-12 22:24:49', '2022-02-12 22:24:49'),
(328, 'Guyana', 'Cooperative Republic of Guyana', 'Georgetown', 56, NULL, 'Guyanese', 'GY', '328', '592', 'GY.png', 0, 1, '2022-02-12 22:24:49', '2022-02-12 22:24:49'),
(332, 'Haiti', 'Republic of Haiti', 'Port-au-Prince', 60, NULL, 'Haitian', 'HT', '332', '509', 'HT.png', 0, 1, '2022-02-12 22:24:49', '2022-02-12 22:24:49'),
(334, 'Heard Island and McDonald Islands', 'Territory of Heard Island and McDonald Islands', 'Territory of Heard Island and McDonald Islands', NULL, NULL, 'of Territory of Heard Island and McDonald Islands', 'HM', '334', '61', 'HM.png', 0, 1, '2022-02-12 22:24:49', '2022-02-12 22:24:49'),
(336, 'Holy See (Vatican City State)', 'the Holy See/ Vatican City State', 'Vatican City', 46, NULL, 'of the Holy See/of the Vatican', 'VA', '336', '39', 'VA.png', 0, 1, '2022-02-12 22:24:49', '2022-02-12 22:24:49'),
(340, 'Honduras', 'Republic of Honduras', 'Tegucigalpa', 58, NULL, 'Honduran', 'HN', '340', '504', 'HN.png', 0, 1, '2022-02-12 22:24:49', '2022-02-12 22:24:49'),
(344, 'Hong Kong', 'Hong Kong Special Administrative Region of the People’s Republic of China (HK2)', '(HK3)', 57, NULL, 'Hong Kong Chinese', 'HK', '344', '852', 'HK.png', 0, 1, '2022-02-12 22:24:49', '2022-02-12 22:24:49'),
(348, 'Hungary', 'Republic of Hungary', 'Budapest', 61, NULL, 'Hungarian', 'HU', '348', '36', 'HU.png', 1, 1, '2022-02-12 22:24:49', '2022-02-12 22:24:49'),
(352, 'Iceland', 'Republic of Iceland', 'Reykjavik', 67, NULL, 'Icelander', 'IS', '352', '354', 'IS.png', 1, 1, '2022-02-12 22:24:49', '2022-02-12 22:24:49'),
(356, 'India', 'Republic of India', 'New Delhi', 64, NULL, 'Indian', 'IN', '356', '91', 'IN.png', 0, 1, '2022-02-12 22:24:49', '2022-02-12 22:24:49'),
(360, 'Indonesia', 'Republic of Indonesia', 'Jakarta', 62, NULL, 'Indonesian', 'ID', '360', '62', 'ID.png', 0, 1, '2022-02-12 22:24:49', '2022-02-12 22:24:49'),
(364, 'Iran, Islamic Republic of', 'Islamic Republic of Iran', 'Tehran', 66, NULL, 'Iranian', 'IR', '364', '98', 'IR.png', 0, 1, '2022-02-12 22:24:49', '2022-02-12 22:24:49'),
(368, 'Iraq', 'Republic of Iraq', 'Baghdad', 65, NULL, 'Iraqi', 'IQ', '368', '964', 'IQ.png', 0, 1, '2022-02-12 22:24:49', '2022-02-12 22:24:49'),
(372, 'Ireland', 'Ireland (IE1)', 'Dublin', 46, NULL, 'Irish', 'IE', '372', '353', 'IE.png', 1, 1, '2022-02-12 22:24:49', '2022-02-12 22:24:49'),
(376, 'Israel', 'State of Israel', '(IL1)', 63, NULL, 'Israeli', 'IL', '376', '972', 'IL.png', 0, 1, '2022-02-12 22:24:49', '2022-02-12 22:24:49'),
(380, 'Italy', 'Italian Republic', 'Rome', 46, NULL, 'Italian', 'IT', '380', '39', 'IT.png', 1, 1, '2022-02-12 22:24:49', '2022-02-12 22:24:49'),
(384, 'Côte d\'Ivoire', 'Republic of Côte d’Ivoire', 'Yamoussoukro (CI1)', 164, NULL, 'Ivorian', 'CI', '384', '225', 'CI.png', 0, 1, '2022-02-12 22:24:49', '2022-02-12 22:24:49'),
(388, 'Jamaica', 'Jamaica', 'Kingston', 68, NULL, 'Jamaican', 'JM', '388', '1', 'JM.png', 0, 1, '2022-02-12 22:24:49', '2022-02-12 22:24:49'),
(392, 'Japan', 'Japan', 'Tokyo', 70, NULL, 'Japanese', 'JP', '392', '81', 'JP.png', 0, 1, '2022-02-12 22:24:49', '2022-02-12 22:24:49'),
(398, 'Kazakhstan', 'Republic of Kazakhstan', 'Astana', 79, NULL, 'Kazakh', 'KZ', '398', '7', 'KZ.png', 0, 1, '2022-02-12 22:24:49', '2022-02-12 22:24:49'),
(400, 'Jordan', 'Hashemite Kingdom of Jordan', 'Amman', 69, NULL, 'Jordanian', 'JO', '400', '962', 'JO.png', 0, 1, '2022-02-12 22:24:49', '2022-02-12 22:24:49'),
(404, 'Kenya', 'Republic of Kenya', 'Nairobi', 71, NULL, 'Kenyan', 'KE', '404', '254', 'KE.png', 0, 1, '2022-02-12 22:24:49', '2022-02-12 22:24:49'),
(408, 'Korea, Democratic People\'s Republic of', 'Democratic People’s Republic of Korea', 'Pyongyang', 75, NULL, 'North Korean', 'KP', '408', '850', 'KP.png', 0, 1, '2022-02-12 22:24:49', '2022-02-12 22:24:49'),
(410, 'Korea, Republic of', 'Republic of Korea', 'Seoul', 76, NULL, 'South Korean', 'KR', '410', '82', 'KR.png', 0, 1, '2022-02-12 22:24:49', '2022-02-12 22:24:49'),
(414, 'Kuwait', 'State of Kuwait', 'Kuwait City', 77, NULL, 'Kuwaiti', 'KW', '414', '965', 'KW.png', 0, 1, '2022-02-12 22:24:49', '2022-02-12 22:24:49'),
(417, 'Kyrgyzstan', 'Kyrgyz Republic', 'Bishkek', 72, NULL, 'Kyrgyz', 'KG', '417', '996', 'KG.png', 0, 1, '2022-02-12 22:24:49', '2022-02-12 22:24:49'),
(418, 'Lao People\'s Democratic Republic', 'Lao People’s Democratic Republic', 'Vientiane', 80, NULL, 'Lao', 'LA', '418', '856', 'LA.png', 0, 1, '2022-02-12 22:24:49', '2022-02-12 22:24:49'),
(422, 'Lebanon', 'Lebanese Republic', 'Beirut', 81, NULL, 'Lebanese', 'LB', '422', '961', 'LB.png', 0, 1, '2022-02-12 22:24:49', '2022-02-12 22:24:49'),
(426, 'Lesotho', 'Kingdom of Lesotho', 'Maseru', 84, NULL, 'Basotho', 'LS', '426', '266', 'LS.png', 0, 1, '2022-02-12 22:24:49', '2022-02-12 22:24:49'),
(428, 'Latvia', 'Republic of Latvia', 'Riga', 46, NULL, 'Latvian', 'LV', '428', '371', 'LV.png', 1, 1, '2022-02-12 22:24:49', '2022-02-12 22:24:49'),
(430, 'Liberia', 'Republic of Liberia', 'Monrovia', 83, NULL, 'Liberian', 'LR', '430', '231', 'LR.png', 0, 1, '2022-02-12 22:24:49', '2022-02-12 22:24:49'),
(434, 'Libya', 'Socialist People’s Libyan Arab Jamahiriya', 'Tripoli', 87, NULL, 'Libyan', 'LY', '434', '218', 'LY.png', 0, 1, '2022-02-12 22:24:49', '2022-02-12 22:24:49'),
(438, 'Liechtenstein', 'Principality of Liechtenstein', 'Vaduz', 29, NULL, 'Liechtensteiner', 'LI', '438', '423', 'LI.png', 1, 1, '2022-02-12 22:24:49', '2022-02-12 22:24:49'),
(440, 'Lithuania', 'Republic of Lithuania', 'Vilnius', 46, NULL, 'Lithuanian', 'LT', '440', '370', 'LT.png', 1, 1, '2022-02-12 22:24:49', '2022-02-12 22:24:49'),
(442, 'Luxembourg', 'Grand Duchy of Luxembourg', 'Luxembourg', 46, NULL, 'Luxembourger', 'LU', '442', '352', 'LU.png', 1, 1, '2022-02-12 22:24:49', '2022-02-12 22:24:49'),
(446, 'Macao', 'Macao Special Administrative Region of the People’s Republic of China (MO2)', 'Macao (MO3)', 94, NULL, 'Macanese', 'MO', '446', '853', 'MO.png', 0, 1, '2022-02-12 22:24:49', '2022-02-12 22:24:49'),
(450, 'Madagascar', 'Republic of Madagascar', 'Antananarivo', 90, NULL, 'Malagasy', 'MG', '450', '261', 'MG.png', 0, 1, '2022-02-12 22:24:49', '2022-02-12 22:24:49'),
(454, 'Malawi', 'Republic of Malawi', 'Lilongwe', 98, NULL, 'Malawian', 'MW', '454', '265', 'MW.png', 0, 1, '2022-02-12 22:24:49', '2022-02-12 22:24:49'),
(458, 'Malaysia', 'Malaysia', 'Kuala Lumpur (MY1)', 100, NULL, 'Malaysian', 'MY', '458', '60', 'MY.png', 0, 1, '2022-02-12 22:24:49', '2022-02-12 22:24:49'),
(462, 'Maldives', 'Republic of Maldives', 'Malé', 97, NULL, 'Maldivian', 'MV', '462', '960', 'MV.png', 0, 1, '2022-02-12 22:24:49', '2022-02-12 22:24:49'),
(466, 'Mali', 'Republic of Mali', 'Bamako', 164, NULL, 'Malian', 'ML', '466', '223', 'ML.png', 0, 1, '2022-02-12 22:24:49', '2022-02-12 22:24:49'),
(470, 'Malta', 'Republic of Malta', 'Valletta', 46, NULL, 'Maltese', 'MT', '470', '356', 'MT.png', 1, 1, '2022-02-12 22:24:49', '2022-02-12 22:24:49'),
(474, 'Martinique', 'Martinique', 'Fort-de-France', 46, NULL, 'Martinican', 'MQ', '474', '596', 'MQ.png', 0, 1, '2022-02-12 22:24:49', '2022-02-12 22:24:49'),
(478, 'Mauritania', 'Islamic Republic of Mauritania', 'Nouakchott', 95, NULL, 'Mauritanian', 'MR', '478', '222', 'MR.png', 0, 1, '2022-02-12 22:24:49', '2022-02-12 22:24:49'),
(480, 'Mauritius', 'Republic of Mauritius', 'Port Louis', 96, NULL, 'Mauritian', 'MU', '480', '230', 'MU.png', 0, 1, '2022-02-12 22:24:49', '2022-02-12 22:24:49'),
(484, 'Mexico', 'United Mexican States', 'Mexico City', 99, NULL, 'Mexican', 'MX', '484', '52', 'MX.png', 0, 1, '2022-02-12 22:24:49', '2022-02-12 22:24:49'),
(492, 'Monaco', 'Principality of Monaco', 'Monaco', 46, NULL, 'Monegasque', 'MC', '492', '377', 'MC.png', 0, 1, '2022-02-12 22:24:49', '2022-02-12 22:24:49'),
(496, 'Mongolia', 'Mongolia', 'Ulan Bator', 93, NULL, 'Mongolian', 'MN', '496', '976', 'MN.png', 0, 1, '2022-02-12 22:24:49', '2022-02-12 22:24:49'),
(498, 'Moldova, Republic of', 'Republic of Moldova', 'Chisinau', 89, NULL, 'Moldovan', 'MD', '498', '373', 'MD.png', 0, 1, '2022-02-12 22:24:49', '2022-02-12 22:24:49'),
(499, 'Montenegro', 'Montenegro', 'Podgorica', 46, NULL, 'Montenegrin', 'ME', '499', '382', NULL, 0, 1, '2022-02-12 22:24:49', '2022-02-12 22:24:49'),
(500, 'Montserrat', 'Montserrat', 'Plymouth (MS2)', 162, NULL, 'Montserratian', 'MS', '500', '1', 'MS.png', 0, 1, '2022-02-12 22:24:49', '2022-02-12 22:24:49'),
(504, 'Morocco', 'Kingdom of Morocco', 'Rabat', 88, NULL, 'Moroccan', 'MA', '504', '212', 'MA.png', 0, 1, '2022-02-12 22:24:49', '2022-02-12 22:24:49'),
(508, 'Mozambique', 'Republic of Mozambique', 'Maputo', 101, NULL, 'Mozambican', 'MZ', '508', '258', 'MZ.png', 0, 1, '2022-02-12 22:24:49', '2022-02-12 22:24:49'),
(512, 'Oman', 'Sultanate of Oman', 'Muscat', 108, NULL, 'Omani', 'OM', '512', '968', 'OM.png', 0, 1, '2022-02-12 22:24:49', '2022-02-12 22:24:49'),
(516, 'Namibia', 'Republic of Namibia', 'Windhoek', 102, NULL, 'Namibian', 'NA', '516', '264', 'NA.png', 0, 1, '2022-02-12 22:24:49', '2022-02-12 22:24:49'),
(520, 'Nauru', 'Republic of Nauru', 'Yaren', 8, NULL, 'Nauruan', 'NR', '520', '674', 'NR.png', 0, 1, '2022-02-12 22:24:49', '2022-02-12 22:24:49'),
(524, 'Nepal', 'Nepal', 'Kathmandu', 106, NULL, 'Nepalese', 'NP', '524', '977', 'NP.png', 0, 1, '2022-02-12 22:24:49', '2022-02-12 22:24:49'),
(528, 'Netherlands', 'Kingdom of the Netherlands', 'Amsterdam (NL2)', 46, NULL, 'Dutch', 'NL', '528', '31', 'NL.png', 1, 1, '2022-02-12 22:24:49', '2022-02-12 22:24:49'),
(531, 'Curaçao', 'Curaçao', 'Willemstad', 5, NULL, 'Curaçaoan', 'CW', '531', '599', NULL, 0, 1, '2022-02-12 22:24:49', '2022-02-12 22:24:49'),
(533, 'Aruba', 'Aruba', 'Oranjestad', 9, NULL, 'Aruban', 'AW', '533', '297', 'AW.png', 0, 1, '2022-02-12 22:24:49', '2022-02-12 22:24:49'),
(534, 'Sint Maarten (Dutch part)', 'Sint Maarten', 'Philipsburg', 5, NULL, 'Sint Maartener', 'SX', '534', '721', NULL, 0, 1, '2022-02-12 22:24:49', '2022-02-12 22:24:49'),
(535, 'Bonaire, Sint Eustatius and Saba', NULL, NULL, 148, NULL, 'of Bonaire, Sint Eustatius and Saba', 'BQ', '535', '599', NULL, 0, 1, '2022-02-12 22:24:49', '2022-02-12 22:24:49'),
(540, 'New Caledonia', 'New Caledonia', 'Nouméa', 166, NULL, 'New Caledonian', 'NC', '540', '687', 'NC.png', 0, 1, '2022-02-12 22:24:49', '2022-02-12 22:24:49'),
(548, 'Vanuatu', 'Republic of Vanuatu', 'Port Vila', 153, NULL, 'Vanuatuan', 'VU', '548', '678', 'VU.png', 0, 1, '2022-02-12 22:24:49', '2022-02-12 22:24:49'),
(554, 'New Zealand', 'New Zealand', 'Wellington', 107, NULL, 'New Zealander', 'NZ', '554', '64', 'NZ.png', 0, 1, '2022-02-12 22:24:49', '2022-02-12 22:24:49'),
(558, 'Nicaragua', 'Republic of Nicaragua', 'Managua', 104, NULL, 'Nicaraguan', 'NI', '558', '505', 'NI.png', 0, 1, '2022-02-12 22:24:49', '2022-02-12 22:24:49'),
(562, 'Niger', 'Republic of Niger', 'Niamey', 164, NULL, 'Nigerien', 'NE', '562', '227', 'NE.png', 0, 1, '2022-02-12 22:24:49', '2022-02-12 22:24:49'),
(566, 'Nigeria', 'Federal Republic of Nigeria', 'Abuja', 103, NULL, 'Nigerian', 'NG', '566', '234', 'NG.png', 0, 1, '2022-02-12 22:24:49', '2022-02-12 22:24:49'),
(570, 'Niue', 'Niue', 'Alofi', 107, NULL, 'Niuean', 'NU', '570', '683', 'NU.png', 0, 1, '2022-02-12 22:24:49', '2022-02-12 22:24:49'),
(574, 'Norfolk Island', 'Territory of Norfolk Island', 'Kingston', 8, NULL, 'Norfolk Islander', 'NF', '574', '672', 'NF.png', 0, 1, '2022-02-12 22:24:49', '2022-02-12 22:24:49'),
(578, 'Norway', 'Kingdom of Norway', 'Oslo', 105, NULL, 'Norwegian', 'NO', '578', '47', 'NO.png', 1, 1, '2022-02-12 22:24:49', '2022-02-12 22:24:49'),
(580, 'Northern Mariana Islands', 'Commonwealth of the Northern Mariana Islands', 'Saipan', 148, NULL, 'Northern Mariana Islander', 'MP', '580', '1', 'MP.png', 0, 1, '2022-02-12 22:24:49', '2022-02-12 22:24:49'),
(581, 'United States Minor Outlying Islands', 'United States Minor Outlying Islands', 'United States Minor Outlying Islands', 148, NULL, 'of United States Minor Outlying Islands', 'UM', '581', '1', 'UM.png', 0, 1, '2022-02-12 22:24:49', '2022-02-12 22:24:49'),
(583, 'Micronesia, Federated States of', 'Federated States of Micronesia', 'Palikir', 148, NULL, 'Micronesian', 'FM', '583', '691', 'FM.png', 0, 1, '2022-02-12 22:24:49', '2022-02-12 22:24:49'),
(584, 'Marshall Islands', 'Republic of the Marshall Islands', 'Majuro', 148, NULL, 'Marshallese', 'MH', '584', '692', 'MH.png', 0, 1, '2022-02-12 22:24:49', '2022-02-12 22:24:49'),
(585, 'Palau', 'Republic of Palau', 'Melekeok', 148, NULL, 'Palauan', 'PW', '585', '680', 'PW.png', 0, 1, '2022-02-12 22:24:49', '2022-02-12 22:24:49'),
(586, 'Pakistan', 'Islamic Republic of Pakistan', 'Islamabad', 113, NULL, 'Pakistani', 'PK', '586', '92', 'PK.png', 0, 1, '2022-02-12 22:24:49', '2022-02-12 22:24:49'),
(591, 'Panama', 'Republic of Panama', 'Panama City', 109, NULL, 'Panamanian', 'PA', '591', '507', 'PA.png', 0, 1, '2022-02-12 22:24:49', '2022-02-12 22:24:49'),
(598, 'Papua New Guinea', 'Independent State of Papua New Guinea', 'Port Moresby', 111, NULL, 'Papua New Guinean', 'PG', '598', '675', 'PG.png', 0, 1, '2022-02-12 22:24:49', '2022-02-12 22:24:49'),
(600, 'Paraguay', 'Republic of Paraguay', 'Asunción', 115, NULL, 'Paraguayan', 'PY', '600', '595', 'PY.png', 0, 1, '2022-02-12 22:24:49', '2022-02-12 22:24:49'),
(604, 'Peru', 'Republic of Peru', 'Lima', 110, NULL, 'Peruvian', 'PE', '604', '51', 'PE.png', 0, 1, '2022-02-12 22:24:49', '2022-02-12 22:24:49'),
(608, 'Philippines', 'Republic of the Philippines', 'Manila', 112, NULL, 'Filipino', 'PH', '608', '63', 'PH.png', 0, 1, '2022-02-12 22:24:49', '2022-02-12 22:24:49'),
(612, 'Pitcairn', 'Pitcairn Islands', 'Adamstown', 107, NULL, 'Pitcairner', 'PN', '612', '649', 'PN.png', 0, 1, '2022-02-12 22:24:49', '2022-02-12 22:24:49'),
(616, 'Poland', 'Republic of Poland', 'Warsaw', 114, NULL, 'Polish', 'PL', '616', '48', 'PL.png', 1, 1, '2022-02-12 22:24:49', '2022-02-12 22:24:49'),
(620, 'Portugal', 'Portuguese Republic', 'Lisbon', 46, NULL, 'Portuguese', 'PT', '620', '351', 'PT.png', 1, 1, '2022-02-12 22:24:49', '2022-02-12 22:24:49'),
(624, 'Guinea-Bissau', 'Republic of Guinea-Bissau', 'Bissau', 164, NULL, 'Guinea-Bissau national', 'GW', '624', '245', 'GW.png', 0, 1, '2022-02-12 22:24:49', '2022-02-12 22:24:49'),
(626, 'Timor-Leste', 'Democratic Republic of East Timor', 'Dili', 148, NULL, 'East Timorese', 'TL', '626', '670', 'TL.png', 0, 1, '2022-02-12 22:24:49', '2022-02-12 22:24:49'),
(630, 'Puerto Rico', 'Commonwealth of Puerto Rico', 'San Juan', 148, NULL, 'Puerto Rican', 'PR', '630', '1', 'PR.png', 0, 1, '2022-02-12 22:24:49', '2022-02-12 22:24:49'),
(634, 'Qatar', 'State of Qatar', 'Doha', 116, NULL, 'Qatari', 'QA', '634', '974', 'QA.png', 0, 1, '2022-02-12 22:24:49', '2022-02-12 22:24:49'),
(638, 'Réunion', 'Réunion', 'Saint-Denis', 46, NULL, 'Reunionese', 'RE', '638', '262', 'RE.png', 0, 1, '2022-02-12 22:24:49', '2022-02-12 22:24:49'),
(642, 'Romania', 'Romania', 'Bucharest', 117, NULL, 'Romanian', 'RO', '642', '40', 'RO.png', 1, 1, '2022-02-12 22:24:49', '2022-02-12 22:24:49'),
(643, 'Russian Federation', 'Russian Federation', 'Moscow', 119, NULL, 'Russian', 'RU', '643', '7', 'RU.png', 0, 1, '2022-02-12 22:24:49', '2022-02-12 22:24:49'),
(646, 'Rwanda', 'Republic of Rwanda', 'Kigali', 120, NULL, 'Rwandan; Rwandese', 'RW', '646', '250', 'RW.png', 0, 1, '2022-02-12 22:24:49', '2022-02-12 22:24:49'),
(652, 'Saint Barthélemy', 'Collectivity of Saint Barthélemy', 'Gustavia', 46, NULL, 'of Saint Barthélemy', 'BL', '652', '590', NULL, 0, 1, '2022-02-12 22:24:49', '2022-02-12 22:24:49'),
(654, 'Saint Helena, Ascension and Tristan da Cunha', 'Saint Helena, Ascension and Tristan da Cunha', 'Jamestown', 127, NULL, 'Saint Helenian', 'SH', '654', '290', 'SH.png', 0, 1, '2022-02-12 22:24:49', '2022-02-12 22:24:49'),
(659, 'Saint Kitts and Nevis', 'Federation of Saint Kitts and Nevis', 'Basseterre', 162, NULL, 'Kittsian; Nevisian', 'KN', '659', '1', 'KN.png', 0, 1, '2022-02-12 22:24:49', '2022-02-12 22:24:49'),
(660, 'Anguilla', 'Anguilla', 'The Valley', 162, NULL, 'Anguillan', 'AI', '660', '1', 'AI.png', 0, 1, '2022-02-12 22:24:49', '2022-02-12 22:24:49'),
(662, 'Saint Lucia', 'Saint Lucia', 'Castries', 162, NULL, 'Saint Lucian', 'LC', '662', '1', 'LC.png', 0, 1, '2022-02-12 22:24:49', '2022-02-12 22:24:49'),
(663, 'Saint Martin (French part)', 'Collectivity of Saint Martin', 'Marigot', 46, NULL, 'of Saint Martin', 'MF', '663', '590', NULL, 0, 1, '2022-02-12 22:24:49', '2022-02-12 22:24:49'),
(666, 'Saint Pierre and Miquelon', 'Territorial Collectivity of Saint Pierre and Miquelon', 'Saint-Pierre', 46, NULL, 'St-Pierrais; Miquelonnais', 'PM', '666', '508', 'PM.png', 0, 1, '2022-02-12 22:24:49', '2022-02-12 22:24:49'),
(670, 'Saint Vincent and the Grenadines', 'Saint Vincent and the Grenadines', 'Kingstown', 162, NULL, 'Vincentian', 'VC', '670', '1', 'VC.png', 0, 1, '2022-02-12 22:24:49', '2022-02-12 22:24:49'),
(674, 'San Marino', 'Republic of San Marino', 'San Marino', 46, NULL, 'San Marinese', 'SM', '674', '378', 'SM.png', 0, 1, '2022-02-12 22:24:49', '2022-02-12 22:24:49'),
(678, 'Sao Tome and Principe', 'Democratic Republic of São Tomé and Príncipe', 'São Tomé', 133, NULL, 'São Toméan', 'ST', '678', '239', 'ST.png', 0, 1, '2022-02-12 22:24:49', '2022-02-12 22:24:49'),
(682, 'Saudi Arabia', 'Kingdom of Saudi Arabia', 'Riyadh', 121, NULL, 'Saudi Arabian', 'SA', '682', '966', 'SA.png', 0, 1, '2022-02-12 22:24:49', '2022-02-12 22:24:49'),
(686, 'Senegal', 'Republic of Senegal', 'Dakar', 164, NULL, 'Senegalese', 'SN', '686', '221', 'SN.png', 0, 1, '2022-02-12 22:24:49', '2022-02-12 22:24:49'),
(688, 'Serbia', 'Republic of Serbia', 'Belgrade', 118, NULL, 'Serb', 'RS', '688', '381', NULL, 0, 1, '2022-02-12 22:24:49', '2022-02-12 22:24:49'),
(690, 'Seychelles', 'Republic of Seychelles', 'Victoria', 123, NULL, 'Seychellois', 'SC', '690', '248', 'SC.png', 0, 1, '2022-02-12 22:24:49', '2022-02-12 22:24:49'),
(694, 'Sierra Leone', 'Republic of Sierra Leone', 'Freetown', 129, NULL, 'Sierra Leonean', 'SL', '694', '232', 'SL.png', 0, 1, '2022-02-12 22:24:49', '2022-02-12 22:24:49'),
(702, 'Singapore', 'Republic of Singapore', 'Singapore', 126, NULL, 'Singaporean', 'SG', '702', '65', 'SG.png', 0, 1, '2022-02-12 22:24:49', '2022-02-12 22:24:49'),
(703, 'Slovakia', 'Slovak Republic', 'Bratislava', 46, NULL, 'Slovak', 'SK', '703', '421', 'SK.png', 1, 1, '2022-02-12 22:24:49', '2022-02-12 22:24:49'),
(704, 'Viet Nam', 'Socialist Republic of Vietnam', 'Hanoi', 152, NULL, 'Vietnamese', 'VN', '704', '84', 'VN.png', 0, 1, '2022-02-12 22:24:49', '2022-02-12 22:24:49'),
(705, 'Slovenia', 'Republic of Slovenia', 'Ljubljana', 46, NULL, 'Slovene', 'SI', '705', '386', 'SI.png', 1, 1, '2022-02-12 22:24:49', '2022-02-12 22:24:49'),
(706, 'Somalia', 'Somali Republic', 'Mogadishu', 130, NULL, 'Somali', 'SO', '706', '252', 'SO.png', 0, 1, '2022-02-12 22:24:49', '2022-02-12 22:24:49'),
(710, 'South Africa', 'Republic of South Africa', 'Pretoria (ZA1)', 170, NULL, 'South African', 'ZA', '710', '27', 'ZA.png', 0, 1, '2022-02-12 22:24:49', '2022-02-12 22:24:49'),
(716, 'Zimbabwe', 'Republic of Zimbabwe', 'Harare', NULL, NULL, 'Zimbabwean', 'ZW', '716', '263', 'ZW.png', 0, 1, '2022-02-12 22:24:49', '2022-02-12 22:24:49'),
(724, 'Spain', 'Kingdom of Spain', 'Madrid', 46, NULL, 'Spaniard', 'ES', '724', '34', 'ES.png', 1, 1, '2022-02-12 22:24:49', '2022-02-12 22:24:49'),
(728, 'South Sudan', 'Republic of South Sudan', 'Juba', 132, NULL, 'South Sudanese', 'SS', '728', '211', NULL, 0, 1, '2022-02-12 22:24:49', '2022-02-12 22:24:49'),
(729, 'Sudan', 'Republic of the Sudan', 'Khartoum', 124, NULL, 'Sudanese', 'SD', '729', '249', NULL, 0, 1, '2022-02-12 22:24:49', '2022-02-12 22:24:49'),
(732, 'Western Sahara', 'Western Sahara', 'Al aaiun', 88, NULL, 'Sahrawi', 'EH', '732', '212', 'EH.png', 0, 1, '2022-02-12 22:24:49', '2022-02-12 22:24:49'),
(740, 'Suriname', 'Republic of Suriname', 'Paramaribo', 131, NULL, 'Surinamese', 'SR', '740', '597', 'SR.png', 0, 1, '2022-02-12 22:24:49', '2022-02-12 22:24:49'),
(744, 'Svalbard and Jan Mayen', 'Svalbard and Jan Mayen', 'Longyearbyen', 105, NULL, 'of Svalbard', 'SJ', '744', '47', 'SJ.png', 0, 1, '2022-02-12 22:24:49', '2022-02-12 22:24:49'),
(748, 'Swaziland', 'Kingdom of Swaziland', 'Mbabane', 136, NULL, 'Swazi', 'SZ', '748', '268', 'SZ.png', 0, 1, '2022-02-12 22:24:49', '2022-02-12 22:24:49'),
(752, 'Sweden', 'Kingdom of Sweden', 'Stockholm', 125, NULL, 'Swedish', 'SE', '752', '46', 'SE.png', 1, 1, '2022-02-12 22:24:49', '2022-02-12 22:24:49'),
(756, 'Switzerland', 'Swiss Confederation', 'Berne', 29, NULL, 'Swiss', 'CH', '756', '41', 'CH.png', 1, 1, '2022-02-12 22:24:49', '2022-02-12 22:24:49'),
(760, 'Syrian Arab Republic', 'Syrian Arab Republic', 'Damascus', 135, NULL, 'Syrian', 'SY', '760', '963', 'SY.png', 0, 1, '2022-02-12 22:24:49', '2022-02-12 22:24:49'),
(762, 'Tajikistan', 'Republic of Tajikistan', 'Dushanbe', 138, NULL, 'Tajik', 'TJ', '762', '992', 'TJ.png', 0, 1, '2022-02-12 22:24:49', '2022-02-12 22:24:49'),
(764, 'Thailand', 'Kingdom of Thailand', 'Bangkok', 137, NULL, 'Thai', 'TH', '764', '66', 'TH.png', 0, 1, '2022-02-12 22:24:49', '2022-02-12 22:24:49'),
(768, 'Togo', 'Togolese Republic', 'Lomé', 164, NULL, 'Togolese', 'TG', '768', '228', 'TG.png', 0, 1, '2022-02-12 22:24:49', '2022-02-12 22:24:49'),
(772, 'Tokelau', 'Tokelau', '(TK2)', 107, NULL, 'Tokelauan', 'TK', '772', '690', 'TK.png', 0, 1, '2022-02-12 22:24:49', '2022-02-12 22:24:49'),
(776, 'Tonga', 'Kingdom of Tonga', 'Nuku’alofa', 141, NULL, 'Tongan', 'TO', '776', '676', 'TO.png', 0, 1, '2022-02-12 22:24:49', '2022-02-12 22:24:49'),
(780, 'Trinidad and Tobago', 'Republic of Trinidad and Tobago', 'Port of Spain', 143, NULL, 'Trinidadian; Tobagonian', 'TT', '780', '1', 'TT.png', 0, 1, '2022-02-12 22:24:49', '2022-02-12 22:24:49'),
(784, 'United Arab Emirates', 'United Arab Emirates', 'Abu Dhabi', 1, NULL, 'Emirian', 'AE', '784', '971', 'AE.png', 0, 1, '2022-02-12 22:24:49', '2022-02-12 22:24:49'),
(788, 'Tunisia', 'Republic of Tunisia', 'Tunis', 140, NULL, 'Tunisian', 'TN', '788', '216', 'TN.png', 0, 1, '2022-02-12 22:24:49', '2022-02-12 22:24:49'),
(792, 'Turkey', 'Republic of Turkey', 'Ankara', 142, NULL, 'Turk', 'TR', '792', '90', 'TR.png', 0, 1, '2022-02-12 22:24:49', '2022-02-12 22:24:49'),
(795, 'Turkmenistan', 'Turkmenistan', 'Ashgabat', 139, NULL, 'Turkmen', 'TM', '795', '993', 'TM.png', 0, 1, '2022-02-12 22:24:49', '2022-02-12 22:24:49'),
(796, 'Turks and Caicos Islands', 'Turks and Caicos Islands', 'Cockburn Town', 148, NULL, 'Turks and Caicos Islander', 'TC', '796', '1', 'TC.png', 0, 1, '2022-02-12 22:24:49', '2022-02-12 22:24:49'),
(798, 'Tuvalu', 'Tuvalu', 'Funafuti', 8, NULL, 'Tuvaluan', 'TV', '798', '688', 'TV.png', 0, 1, '2022-02-12 22:24:49', '2022-02-12 22:24:49'),
(800, 'Uganda', 'Republic of Uganda', 'Kampala', 147, NULL, 'Ugandan', 'UG', '800', '256', 'UG.png', 0, 1, '2022-02-12 22:24:49', '2022-02-12 22:24:49'),
(804, 'Ukraine', 'Ukraine', 'Kiev', 146, NULL, 'Ukrainian', 'UA', '804', '380', 'UA.png', 0, 1, '2022-02-12 22:24:49', '2022-02-12 22:24:49'),
(807, 'Macedonia, the former Yugoslav Republic of', 'the former Yugoslav Republic of Macedonia', 'Skopje', 91, NULL, 'of the former Yugoslav Republic of Macedonia', 'MK', '807', '389', 'MK.png', 0, 1, '2022-02-12 22:24:49', '2022-02-12 22:24:49'),
(818, 'Egypt', 'Arab Republic of Egypt', 'Cairo', 43, NULL, 'Egyptian', 'EG', '818', '20', 'EG.png', 0, 1, '2022-02-12 22:24:49', '2022-02-12 22:24:49'),
(826, 'United Kingdom', 'United Kingdom of Great Britain and Northern Ireland', 'London', 49, NULL, 'British', 'GB', '826', '44', 'GB.png', 1, 1, '2022-02-12 22:24:49', '2022-02-12 22:24:49'),
(831, 'Guernsey', 'Bailiwick of Guernsey', 'St Peter Port', NULL, NULL, 'of Guernsey', 'GG', '831', '44', NULL, 0, 1, '2022-02-12 22:24:49', '2022-02-12 22:24:49'),
(832, 'Jersey', 'Bailiwick of Jersey', 'St Helier', NULL, NULL, 'of Jersey', 'JE', '832', '44', NULL, 0, 1, '2022-02-12 22:24:49', '2022-02-12 22:24:49'),
(833, 'Isle of Man', 'Isle of Man', 'Douglas', NULL, NULL, 'Manxman; Manxwoman', 'IM', '833', '44', NULL, 0, 1, '2022-02-12 22:24:49', '2022-02-12 22:24:49'),
(834, 'Tanzania, United Republic of', 'United Republic of Tanzania', 'Dodoma (TZ1)', 145, NULL, 'Tanzanian', 'TZ', '834', '255', 'TZ.png', 0, 1, '2022-02-12 22:24:49', '2022-02-12 22:24:49'),
(840, 'United States', 'United States of America', 'Washington DC', 148, NULL, 'American', 'US', '840', '1', 'US.png', 0, 1, '2022-02-12 22:24:49', '2022-02-12 22:24:49'),
(850, 'Virgin Islands, U.S.', 'United States Virgin Islands', 'Charlotte Amalie', 148, NULL, 'US Virgin Islander', 'VI', '850', '1', 'VI.png', 0, 1, '2022-02-12 22:24:49', '2022-02-12 22:24:49'),
(854, 'Burkina Faso', 'Burkina Faso', 'Ouagadougou', 164, NULL, 'Burkinabe', 'BF', '854', '226', 'BF.png', 0, 1, '2022-02-12 22:24:49', '2022-02-12 22:24:49'),
(858, 'Uruguay', 'Eastern Republic of Uruguay', 'Montevideo', 149, NULL, 'Uruguayan', 'UY', '858', '598', 'UY.png', 0, 1, '2022-02-12 22:24:49', '2022-02-12 22:24:49'),
(860, 'Uzbekistan', 'Republic of Uzbekistan', 'Tashkent', 150, NULL, 'Uzbek', 'UZ', '860', '998', 'UZ.png', 0, 1, '2022-02-12 22:24:49', '2022-02-12 22:24:49'),
(862, 'Venezuela, Bolivarian Republic of', 'Bolivarian Republic of Venezuela', 'Caracas', 151, NULL, 'Venezuelan', 'VE', '862', '58', 'VE.png', 0, 1, '2022-02-12 22:24:49', '2022-02-12 22:24:49'),
(876, 'Wallis and Futuna', 'Wallis and Futuna', 'Mata-Utu', 166, NULL, 'Wallisian; Futunan; Wallis and Futuna Islander', 'WF', '876', '681', 'WF.png', 0, 1, '2022-02-12 22:24:49', '2022-02-12 22:24:49'),
(882, 'Samoa', 'Independent State of Samoa', 'Apia', 154, NULL, 'Samoan', 'WS', '882', '685', 'WS.png', 0, 1, '2022-02-12 22:24:49', '2022-02-12 22:24:49'),
(887, 'Yemen', 'Republic of Yemen', 'San’a', 169, NULL, 'Yemenite', 'YE', '887', '967', 'YE.png', 0, 1, '2022-02-12 22:24:49', '2022-02-12 22:24:49'),
(894, 'Zambia', 'Republic of Zambia', 'Lusaka', 172, NULL, 'Zambian', 'ZM', '894', '260', 'ZM.png', 0, 1, '2022-02-12 22:24:49', '2022-02-12 22:24:49');

-- --------------------------------------------------------

--
-- Table structure for table `coupons`
--

CREATE TABLE `coupons` (
  `id` bigint(20) UNSIGNED NOT NULL,
  `shop_id` int(10) UNSIGNED DEFAULT NULL,
  `name` text COLLATE utf8_unicode_ci,
  `code` varchar(255) COLLATE utf8_unicode_ci DEFAULT NULL,
  `description` text COLLATE utf8_unicode_ci,
  `value` decimal(20,6) DEFAULT NULL,
  `min_order_amount` decimal(20,6) DEFAULT NULL,
  `type` enum('amount','percent') COLLATE utf8_unicode_ci NOT NULL DEFAULT 'amount',
  `quantity` int(11) DEFAULT NULL,
  `quantity_per_customer` int(11) DEFAULT NULL,
  `starting_time` timestamp NULL DEFAULT NULL,
  `ending_time` timestamp NULL DEFAULT NULL,
  `active` tinyint(1) NOT NULL DEFAULT '1',
  `deleted_at` timestamp NULL DEFAULT NULL,
  `created_at` timestamp NULL DEFAULT NULL,
  `updated_at` timestamp NULL DEFAULT NULL
) ENGINE=InnoDB DEFAULT CHARSET=utf8 COLLATE=utf8_unicode_ci;

--
-- Dumping data for table `coupons`
--

INSERT INTO `coupons` (`id`, `shop_id`, `name`, `code`, `description`, `value`, `min_order_amount`, `type`, `quantity`, `quantity_per_customer`, `starting_time`, `ending_time`, `active`, `deleted_at`, `created_at`, `updated_at`) VALUES
(1, 3, 'tempora', '313', 'Itaque maxime et dolores ducimus at ut accusantium. In facilis veritatis dolor. Facilis excepturi perspiciatis voluptatem in id quae. Dolorem neque saepe atque. Cum hic harum ut architecto. Reiciendis nobis voluptatibus et quidem nam nobis vitae. Veritatis fugiat temporibus nemo accusamus officiis voluptate. Molestias ut libero est optio. Quibusdam distinctio est omnis iusto quo et molestiae. Facilis sequi adipisci quia velit commodi. Dolorem et delectus adipisci magni at voluptas illo. Fugit est sint facere quis quam in nihil. Architecto quidem nulla eaque nam. Aut sint eligendi voluptates. Fuga exercitationem ipsam aut distinctio molestiae. Aut sit soluta eveniet omnis iste sit cum. Nulla fuga atque cupiditate et sed. In ducimus officia dolore perferendis veniam laudantium similique aliquid. Et laborum quia doloremque natus eveniet accusantium facere. Sit adipisci dolorum quis dicta hic nemo expedita. Nihil et maxime illum non provident sed. Cupiditate ut enim sequi voluptatem soluta id nihil. Quos voluptas aliquam sit. Dolores consequatur est inventore exercitationem aut provident. Dolores temporibus eos corporis perferendis repellat quod et quasi. Earum incidunt error temporibus harum et cupiditate consectetur. Vel harum vitae dolor ut et expedita commodi. Voluptas quo atque est molestiae debitis et.', 73.000000, NULL, 'percent', 41, 2, '2022-02-18 22:25:00', '2022-02-22 22:25:00', 1, NULL, '2022-02-10 22:25:05', '2022-02-10 22:25:05'),
(2, 2, 'ut', '7', 'Numquam dignissimos debitis officiis et. Itaque minima odit soluta quaerat deleniti doloribus cum. Voluptatem voluptates harum in optio autem et perferendis. Id temporibus velit hic et aut dolor. Porro perspiciatis necessitatibus et non quo in. Necessitatibus cum cupiditate possimus veniam. Alias molestias sint eveniet pariatur. Natus velit voluptas aliquam soluta ut totam aliquid voluptatem. Eaque et est ratione libero voluptatibus. In ut aliquam est rerum nemo suscipit voluptatem culpa. Consequatur voluptas rerum est alias in quo totam. At qui temporibus iusto harum reiciendis et. In alias et ut deserunt. Voluptate laborum reprehenderit illo rerum eveniet similique in architecto. Tempora adipisci omnis iure explicabo est nostrum aut. Voluptatem enim sed molestiae neque. Eos dolorum nobis totam aut mollitia voluptatem ab. Nemo impedit quam cupiditate pariatur. Doloremque omnis maxime tenetur quasi similique eos. Numquam nemo consequatur qui qui sed sed. Commodi animi sequi sapiente quaerat voluptatem quas. Ut expedita aliquid maiores tempora nemo. Et quis soluta laboriosam. Corporis molestiae aliquam quis sit id maiores. Est voluptas et numquam architecto ut quo enim et. Reiciendis voluptas sequi sed et. Et alias voluptates veniam vero. Omnis ut impedit facilis voluptatum consequatur non sint. Beatae et consequatur natus totam.', 71.000000, NULL, 'percent', 50, 4, '2022-02-16 22:25:00', '2022-02-22 22:25:00', 1, NULL, '2022-01-29 22:25:05', '2022-02-02 22:25:05'),
(3, 5, 'unde', '9259604', 'Autem vero provident commodi nam quis iusto. Qui delectus quia qui impedit. Voluptas similique id voluptatem voluptas. Voluptatem aut itaque at tempore ut sunt. Aliquid porro sint voluptatem atque voluptate laborum. Aperiam quia et sit blanditiis qui. Dolor nostrum quaerat eum suscipit. Quis rem quos repudiandae veritatis a. Iure sed officiis debitis veniam. Sit odit velit fuga nam. Architecto quaerat labore dolore animi. Est et et voluptatem. Voluptatibus voluptatum consequatur tempora. Unde est officiis voluptatem eius ab accusantium saepe. Nisi consequatur dolorem qui odio itaque et corporis. In sint amet qui enim unde illo pariatur animi. Ea possimus est corrupti voluptatem qui eos et. Et sapiente quo dolores odio suscipit qui repellendus. Dignissimos dolorum veniam voluptate perferendis ut autem. Enim dicta repudiandae qui. Aut est suscipit voluptatibus. Assumenda dolorum sequi ut. Natus aliquam rem quisquam doloribus pariatur ut. Rerum perferendis ratione sequi ipsa dolores dolor architecto. Adipisci excepturi qui facere repellat. Et omnis illo maiores rerum aliquid officiis aut. Autem facilis commodi pariatur error praesentium repellat suscipit. Velit et neque aut libero aut qui consequatur. Numquam et aut neque et. Laudantium doloribus cumque velit sed voluptatem. Enim reprehenderit fuga temporibus dolorem. Harum similique in omnis ea voluptas. Aut consequuntur qui ad aliquam qui quas et. Qui maiores voluptas sit ipsam.', 19.000000, NULL, 'percent', 32, 4, '2022-02-18 22:25:00', '2022-02-24 22:25:00', 1, NULL, '2022-02-01 22:25:05', '2022-02-03 22:25:05'),
(4, 3, 'recusandae', '2194338', 'Porro ut minima voluptas rerum et. Ut quaerat architecto magni aperiam eos ab. Maiores non aut maxime voluptatem eveniet minima. Itaque consequatur asperiores illo mollitia. Et voluptatem praesentium et id magnam consequatur fugiat. Minus sunt omnis tempora modi molestias. Natus corporis corporis hic eos ut ipsa cupiditate. Adipisci optio pariatur unde pariatur qui maxime. Odio eos consequuntur animi recusandae nobis. Necessitatibus est aut excepturi numquam. Aspernatur modi maiores et sunt. Natus ut asperiores ullam. A enim ut qui quo. Excepturi rerum odit non earum. Nulla non aut facilis sed quasi doloremque nobis veritatis. Ea quod laborum ipsum vero nihil. Dignissimos voluptatem molestiae dolore minus. Incidunt a rerum consequatur rerum culpa porro illum aut. Explicabo eos et reprehenderit quas illum vel. Qui rerum fugit nisi et quos. Dolorem aut nisi similique hic. Voluptatum voluptatem fuga excepturi quibusdam architecto. Eaque dolorem laudantium a. Quae quis in laborum nemo distinctio. Eveniet eveniet ab est deleniti nulla ipsa cumque. Sunt voluptas delectus voluptatem error. Est unde rerum quas quam placeat soluta enim. Porro est aliquid placeat magnam quia. Repudiandae qui qui dicta necessitatibus dicta culpa dolor. Mollitia est nemo ea et quis mollitia suscipit officiis. Qui quia officia repellat at pariatur. Voluptatibus unde iste consequuntur omnis quas iusto velit eveniet. Est accusantium repellendus hic tempore vitae quam enim.', 9.000000, NULL, 'percent', 17, 1, '2022-02-19 22:25:00', '2022-03-05 22:25:00', 1, NULL, '2022-02-11 22:25:05', '2022-02-07 22:25:05'),
(5, 1, 'esse', '6', 'Doloremque iusto earum maiores natus. A dolorem velit distinctio sequi soluta. Odio aut et explicabo minus voluptatum. Eveniet sed ad similique quisquam possimus aspernatur. Ratione omnis recusandae earum. Iusto quisquam maiores sit laborum. Ipsa aut laborum tenetur sint molestiae commodi. Sit est sit ut voluptas et rem. Cupiditate quia soluta ullam ut qui. Aperiam nobis qui minima saepe non. Velit id necessitatibus aspernatur laboriosam corrupti labore. Et magni explicabo unde. Quia voluptas eligendi tempore nobis. Excepturi numquam quod ipsa expedita distinctio dignissimos quas. Accusamus ad recusandae nisi doloremque esse. Ut iure fugiat aspernatur repellat quo libero nihil. Exercitationem tempora excepturi sunt. Adipisci veniam repellendus voluptatibus. Qui tempora deserunt qui reprehenderit. Rerum necessitatibus neque itaque nobis sequi. Sit nesciunt dolorum numquam. Dolor amet nesciunt iste sed architecto repellendus. Ipsam et facere animi ratione ea itaque. Maiores dicta nemo debitis exercitationem. Blanditiis eos asperiores hic quaerat et. Corporis quis qui magnam voluptatem. Minima velit explicabo voluptatibus ut est et quas. Sit earum animi adipisci non quod rerum. Vero quas sit cupiditate suscipit. Et consectetur optio nobis ducimus hic. Odio inventore esse et placeat quisquam ullam. Molestiae consequatur perspiciatis tempora dolorem labore. Repudiandae incidunt necessitatibus dignissimos impedit debitis cupiditate.', 32.000000, NULL, 'percent', 81, 2, '2022-02-14 22:25:00', '2022-03-06 22:25:00', 1, NULL, '2022-02-01 22:25:05', '2022-02-12 22:25:05'),
(6, 2, 'inventore', '54', 'Et est assumenda sit id voluptate. Ipsum velit aperiam eveniet adipisci. Architecto sit provident ut. Doloremque corporis molestiae voluptas laborum. Quis repudiandae aspernatur qui laborum. Et asperiores qui voluptatem adipisci in quis cumque. Recusandae et accusantium mollitia hic aliquam similique enim. Atque debitis possimus reiciendis ab consequatur molestiae. Nulla quas cupiditate et iste eligendi earum. Ea ipsum ad sunt culpa. Non exercitationem debitis sint. Aut eveniet tempore eligendi tempore voluptatem. Omnis unde et suscipit exercitationem illo. Ipsam temporibus rerum rerum magnam. Eos eum expedita itaque adipisci rerum id provident voluptatem. Aperiam ipsa perferendis excepturi aliquid maxime laboriosam nobis. Eos ducimus consequuntur quibusdam quaerat. Et fuga soluta excepturi asperiores. Laboriosam sed quaerat dicta minima est quo. Porro labore aperiam eum omnis. Optio quo incidunt culpa sint sapiente. Ut consectetur ut inventore iusto. Sit facilis sapiente neque aut. Vero impedit est quo incidunt consequatur debitis inventore. Corrupti numquam quos accusamus ipsam suscipit dolores. Doloremque nihil veniam eaque incidunt sint ut cum id. Velit quae molestiae eum quia reprehenderit et. Alias nam et sapiente enim autem veritatis repellendus. Distinctio voluptate laudantium delectus id.', 78.000000, NULL, 'amount', 93, 4, '2022-02-17 22:25:00', '2022-03-06 22:25:00', 1, NULL, '2022-02-11 22:25:05', '2022-02-12 22:25:05'),
(7, 3, 'fuga', '74438254', 'Consequatur aperiam in quidem qui eum. Rerum eaque et beatae esse facilis explicabo perferendis pariatur. Itaque nostrum totam praesentium maxime sed. Placeat dolores numquam fugiat quae. Nostrum in iusto sapiente rerum. Vel voluptatem sed eveniet in vitae. Voluptas quo aliquam odio magni quia non sit doloremque. Molestiae ut sunt ea sit. Et totam pariatur quaerat sunt. Officia perspiciatis delectus ut ullam. Beatae alias praesentium nesciunt ab quaerat ducimus corrupti. Totam ut natus consequatur. Cum rerum nulla voluptas nesciunt sit aut voluptatem. Consequatur repellendus quo quasi. Illum dolor iusto qui sit amet sapiente. Molestias laboriosam et voluptas eos. Quod est dolorum et reprehenderit. Dolor aliquid voluptas expedita inventore rerum. Neque iusto commodi consequuntur. Quas rerum deleniti incidunt doloremque. Maiores veritatis error qui odit tenetur totam id. Qui dolorum sapiente vero cumque magnam. Et commodi sit id aut sunt. Nostrum et et quasi et. Voluptates dolore et accusantium repellendus ducimus aut. Deserunt laudantium molestias ut minus. Perspiciatis debitis ut aliquid eos quis et voluptate distinctio. Repellat sed magni necessitatibus maxime et occaecati est quaerat. Autem incidunt autem quod consequatur consequatur inventore. Veritatis minima ipsum et iusto ut est vitae quas. Dolorem et rem consequatur et. Omnis et exercitationem sed voluptas est molestias omnis.', 20.000000, NULL, 'amount', 73, 1, '2022-02-15 22:25:00', '2022-02-21 22:25:00', 1, NULL, '2022-02-06 22:25:05', '2022-01-28 22:25:05'),
(8, 3, 'beatae', '0', 'Odio accusamus eos consequatur qui necessitatibus repudiandae eum. Ullam architecto accusamus atque dolor. Sit ipsum aut quibusdam beatae omnis. Repudiandae corporis soluta numquam autem voluptas dicta nisi. Quae eveniet aperiam qui et nam deserunt commodi. Est est quam dolores odit aspernatur. Sint animi quia delectus velit iure. Et harum ut qui. Est iure a recusandae impedit. Magnam dolores ipsa ut cum placeat libero voluptatem. Occaecati laborum eligendi in sit doloribus. Quis eum odit magnam maxime vel ea saepe. Aliquid asperiores qui porro eum sunt culpa nisi. Illo eius sunt similique sit aut. Nostrum iste perferendis ut possimus. Velit dicta et consequuntur et. Et vel at ut omnis dolorem provident numquam qui. Ad vitae commodi excepturi officia aut suscipit. Et aperiam maiores aut. Provident explicabo fuga quasi iure quasi dignissimos fugiat. Deserunt nulla tenetur nulla assumenda recusandae quo. Dolor officia minus tempora hic. Voluptatibus sint aut suscipit similique ut. Sit qui eos voluptatibus debitis fugit. Magni et eius harum perspiciatis quam eligendi autem. Quis officiis eum odio sint. Aut amet architecto reiciendis architecto voluptatem occaecati qui. Eos placeat et nulla facilis consequatur deleniti. Minus qui itaque aliquam quo quas assumenda. Qui placeat numquam sed. Sit vel ullam saepe dolor. Et nihil maxime reiciendis. Illo quam tempore voluptate non eius quis quasi. Ullam voluptates dolores molestiae.', 59.000000, NULL, 'percent', 79, 1, '2022-02-12 22:25:00', '2022-02-22 22:25:00', 1, NULL, '2022-02-02 22:25:05', '2022-02-06 22:25:05'),
(9, 1, 'excepturi', '535', 'In id et repellat delectus iusto dicta enim enim. Officiis id sed qui atque perferendis a. Libero officiis quod non. Sint sapiente adipisci et harum. Sapiente et minus et quia sed inventore. Nulla doloribus reiciendis dolores debitis aut. Rem ut et sunt nisi est vel aperiam. Qui expedita et in consequatur tempore excepturi assumenda. Aut neque voluptate magni laborum voluptas deleniti et. Cupiditate tempora iste dolorem. Voluptates hic et vel ad amet quidem et. Eum aliquid natus illum tempore facilis ullam natus qui. Nam eveniet qui sint perferendis atque. Qui dolor nisi sit facere quibusdam. Neque quisquam est sint sint et exercitationem. Illo et sint et sunt. Odit rerum nesciunt aut earum dignissimos possimus natus et. Qui laudantium aspernatur rerum nulla sint est ea. Voluptatem quis et aut atque beatae et esse vel. Consequatur eius non aut cum reiciendis. Mollitia maxime ut omnis ullam voluptates. Earum enim natus tenetur voluptas inventore tempore. Quia nisi aut alias cum nulla. Est id alias dolorem deleniti sint sed ea. Quidem numquam eaque impedit neque sequi earum aut. Rerum aut magni numquam corporis. Quis dolor et quidem laboriosam odio non. Quia ut maxime autem nostrum. Possimus laboriosam autem dolore culpa. Consequatur dolor ut sapiente enim quia. Et nulla eos aut ipsa a inventore temporibus. Nobis impedit quo cum mollitia. Omnis quia voluptatem distinctio labore qui consectetur at esse.', 52.000000, NULL, 'percent', 71, 1, '2022-02-12 22:25:00', '2022-02-23 22:25:00', 1, NULL, '2022-02-09 22:25:05', '2022-02-01 22:25:05'),
(10, 3, 'architecto', '97', 'Reiciendis est quod est unde ipsum quia. Ut dolores sit molestiae. Laborum dolores illum blanditiis laudantium et optio quibusdam. Asperiores autem assumenda ut a. Enim quibusdam voluptatum cupiditate. Asperiores accusantium officia at aut. Laboriosam necessitatibus necessitatibus ut reiciendis voluptas illum excepturi. Quas sed laboriosam qui beatae aut laboriosam dolor. Modi id repellat nostrum voluptatem voluptas aut. Natus doloremque molestias ut sit corrupti et. Eum enim cum nihil omnis. Accusantium modi vitae et enim quo consequatur consectetur deleniti. Minus laboriosam nam sed sit dolore dolorum in. Provident error culpa in numquam eum. Asperiores itaque cum repellat aut dolore aut. Adipisci dolorum sint tempora et iure architecto. Et cum facere eos iure officiis et neque. Laboriosam tenetur impedit dolores rem id beatae. Nisi ex minus harum et aut. Incidunt doloribus pariatur vel accusantium consequatur distinctio. Et blanditiis quia tempora incidunt et commodi. Error iusto dolores quasi non fugiat architecto vitae qui. Debitis voluptas eum voluptatem quos quam nostrum. Voluptatem quia dolores qui excepturi temporibus. Quis dolor temporibus omnis reiciendis. Temporibus delectus aliquid minus eos exercitationem. Quis qui soluta nihil cumque illo ex eum. Voluptatibus expedita et quo consequatur. Quis cupiditate ullam illo numquam exercitationem. Id est quasi est. Voluptatem ipsam architecto a voluptatum saepe placeat.', 60.000000, NULL, 'amount', 79, 1, '2022-02-19 22:25:00', '2022-02-27 22:25:00', 1, NULL, '2022-01-28 22:25:05', '2022-02-09 22:25:05'),
(11, 1, 'aut', '701426', 'Assumenda omnis ullam nesciunt odio. Dolores quaerat vitae dignissimos quis recusandae sed. Cumque quibusdam laborum ea eos distinctio sequi numquam. Omnis neque delectus facilis quia eius incidunt dolorem. Illum dolore quis fuga quia. Dicta sit est illo veritatis quidem consectetur sed. Autem atque inventore sed doloribus. Minus sint iusto minima maiores alias consectetur. Quo non corrupti quas recusandae ea quidem illo. Esse harum fuga fuga sit omnis. Rerum dolorum aut rerum in nam sit doloremque voluptates. Quo et facilis asperiores voluptatibus aut. Itaque dolores pariatur repellat repellendus est optio. Libero excepturi quod tempore cupiditate sint qui. Est accusamus animi corporis omnis voluptatibus voluptatem aut. Consequatur quos et sit aut consequatur iste. Vel autem in repudiandae quia a inventore aspernatur commodi. Asperiores molestiae quis culpa veritatis enim sunt. Sunt incidunt voluptas nulla alias. Sunt sed occaecati cum impedit ut sunt. Voluptatem maxime rerum voluptate quis ipsa mollitia. Reprehenderit deleniti maiores autem accusamus et in maiores. Ut nobis ut facilis magnam. Quos ut nam nesciunt quae. Maiores eligendi tempore voluptatem accusamus et enim. Dolor commodi quaerat reiciendis officiis. Autem perferendis a assumenda deleniti est sed. Officia dolores optio alias doloremque adipisci perspiciatis. Rerum possimus aut ea expedita dolores mollitia.', 75.000000, NULL, 'percent', 5, 2, '2022-02-13 22:25:00', '2022-03-01 22:25:00', 1, NULL, '2022-02-05 22:25:05', '2022-02-06 22:25:05'),
(12, 2, 'est', '913261905', 'Porro odit iste cum nobis. Ut eveniet autem qui aut. Et quia quidem doloribus ea a quaerat qui. Quidem odit accusamus voluptates ut aut soluta voluptatibus. Dolores iure consequatur magni non. Beatae molestiae et fugiat est placeat fuga. Laudantium ut at sit sed tenetur rem. Saepe fugit enim ut voluptates deserunt non. Consectetur quidem quibusdam quasi incidunt sequi. Molestiae illum aliquid neque corrupti. Ut sit voluptas ea beatae et quis at. Ut fugiat nihil et eos et et eos. Voluptatem mollitia autem ab cupiditate dolore. Laudantium quisquam magni voluptatem provident temporibus veritatis. Distinctio at voluptatum autem non quo magnam harum temporibus. Deleniti quo animi possimus doloremque omnis ut. Vitae laboriosam in quibusdam illo sunt ea. Perferendis ipsa cupiditate vel consequatur provident aut eaque. Doloribus odio voluptatem suscipit repudiandae perspiciatis ullam vel omnis. Excepturi in autem ratione deserunt. Recusandae blanditiis consectetur ut nulla. Tempora et quos quia repellendus quia modi asperiores sed. Saepe saepe iure accusamus veniam hic dolores aspernatur qui. Nulla magnam quo eos rem libero dignissimos. Necessitatibus eum officiis est consequatur et. Quasi magnam ea sed non vitae modi deleniti. Reprehenderit iste ipsum perferendis. Odit eos error cum rerum. Eum et esse delectus id rerum aut. Eveniet ullam eveniet est. Aperiam ullam ullam alias facilis velit et et.', 9.000000, NULL, 'amount', 75, 5, '2022-02-14 22:25:00', '2022-02-20 22:25:00', 1, NULL, '2022-02-10 22:25:05', '2022-01-28 22:25:05'),
(13, 1, 'sit', '770332', 'Error sed cum vel ea. Sit quia voluptas voluptates facere aut ipsum deleniti. Optio perferendis beatae quas in est id quia. Doloribus consequatur nostrum quibusdam quis molestias nulla. Recusandae voluptatum excepturi qui qui voluptas aut. Non voluptatem qui natus. Aut ullam laboriosam perspiciatis sapiente eos a. Perspiciatis voluptates sunt non est mollitia pariatur id. Aperiam enim fugit illo voluptatibus. Omnis adipisci et quo quaerat perferendis vero rerum. Et et veniam aliquid sit. Omnis non at ad facilis soluta. Et voluptatem harum omnis nesciunt quia dignissimos dicta. Delectus aut qui distinctio maxime veniam sed. Dolores ducimus nam sequi molestiae eos et sed. Ex ipsam sit alias sint dicta eveniet ea. Eius debitis quo pariatur. Eveniet vero voluptas non dolorem porro. Tenetur nostrum et alias quaerat iusto maiores. Corrupti pariatur nostrum quidem vel placeat laudantium. Autem sed nihil vitae pariatur. Ratione tempore et illum in sequi dolor. Voluptatem iure ea porro omnis magnam et sit eum. Consequuntur nesciunt in illum amet tenetur quis. Dolorum minima id officiis aut architecto impedit distinctio porro. Et aut enim ab beatae. Vel inventore aliquam vero. Ut placeat rerum veniam aut. Atque minus laudantium est voluptatem culpa. Quis quos labore quibusdam fugiat. Occaecati nisi et ut. Cumque voluptas sint debitis. Placeat et ab architecto rerum sit ducimus expedita. Est earum cupiditate eos corrupti ut dignissimos fugiat. Et ut vel vero.', 62.000000, NULL, 'percent', 70, 2, '2022-02-17 22:25:00', '2022-02-27 22:25:00', 1, NULL, '2022-01-29 22:25:05', '2022-01-31 22:25:05'),
(14, 3, 'quam', '5602797', 'Accusamus asperiores repudiandae in soluta id dolor. Iusto vel aliquam minima sed unde maiores quam. Quia iusto veritatis eligendi est consequatur nihil ipsum. Quo dolor doloribus quam dolorum. Voluptatem minima ea aut illo. Perferendis itaque illum consequatur. Magnam sapiente commodi maxime eaque quas et. Sunt dolorem qui commodi et. Vero fuga tempore explicabo. Hic est a soluta quia. Maxime voluptatum facere id officiis suscipit aspernatur voluptatem. Hic aut officiis tempora. Veritatis eveniet et ea. Incidunt deleniti eaque ut. Atque perspiciatis impedit est saepe fugiat. Et omnis blanditiis delectus eligendi. Reprehenderit sint debitis tenetur ut dolor in recusandae. Culpa laborum possimus nihil sunt non libero fuga. Alias doloremque iste aut quasi ratione. Laudantium culpa nulla libero ullam veritatis. Natus odio harum officia deleniti. Inventore omnis quia iste quibusdam non quas quo aspernatur. Et voluptatibus labore consequatur modi voluptatibus minima voluptas atque. Commodi enim laboriosam quia sunt maiores voluptates. Sunt nam provident sapiente. Eos distinctio qui ipsam qui. Voluptates quos facere qui qui quasi. Quas nemo soluta sit eos fugiat sunt. Doloremque nobis aut et et. Reiciendis dolor aut laborum et officiis ipsam consequatur sed. Voluptatem distinctio id perspiciatis cupiditate quod officiis sit. Nemo placeat quas nihil sed quaerat rerum labore accusantium. Ut dolorum omnis vel.', 46.000000, NULL, 'amount', 34, 4, '2022-02-18 22:25:00', '2022-03-06 22:25:00', 1, NULL, '2022-02-05 22:25:05', '2022-02-08 22:25:05'),
(15, 2, 'deleniti', '3943965', 'Atque est assumenda ex repellendus possimus distinctio incidunt. Natus perspiciatis cum voluptatibus mollitia est. Voluptatem est provident provident est consequatur. Dolores sint atque necessitatibus aut velit quos. Excepturi a consequuntur quod provident quod. Aut dolorum natus amet sit quisquam est magni. Et dolorem necessitatibus eligendi tenetur delectus doloremque error. Expedita excepturi cupiditate quisquam repellendus unde quia perferendis. Autem ut voluptas dolore unde rerum non provident. Veritatis tempora suscipit voluptas dolore fuga. Quae qui voluptatem laboriosam architecto temporibus voluptas dolor. Suscipit est ducimus ut temporibus enim. Iusto expedita velit rerum rerum dolor. Non quasi et totam voluptas nostrum. Velit et veritatis incidunt aut. Ut vero distinctio et exercitationem. Dolor fugiat reprehenderit id excepturi qui aliquid rem. Ex est odit cumque necessitatibus ex. Excepturi ex sunt doloremque et quia et voluptatum. Voluptatem ab iure eaque numquam illum. Autem sunt omnis provident porro et voluptatum. Atque ut est aliquid commodi maxime minus. Quas quo sunt doloremque eum. Et necessitatibus quas corrupti incidunt. Adipisci dolorem laudantium ratione dicta cumque. Quia consequatur et assumenda quae et voluptates eum. Est ratione voluptates aut sunt. Blanditiis sunt nulla nemo est et nesciunt. Illum in voluptatem et repellendus.', 74.000000, NULL, 'amount', 67, 5, '2022-02-12 22:25:00', '2022-03-04 22:25:00', 1, NULL, '2022-01-30 22:25:05', '2022-02-08 22:25:05');

-- --------------------------------------------------------

--
-- Table structure for table `coupon_customer`
--

CREATE TABLE `coupon_customer` (
  `coupon_id` bigint(20) UNSIGNED NOT NULL,
  `customer_id` bigint(20) UNSIGNED NOT NULL,
  `created_at` timestamp NULL DEFAULT NULL,
  `updated_at` timestamp NULL DEFAULT NULL
) ENGINE=InnoDB DEFAULT CHARSET=utf8 COLLATE=utf8_unicode_ci;

--
-- Dumping data for table `coupon_customer`
--

INSERT INTO `coupon_customer` (`coupon_id`, `customer_id`, `created_at`, `updated_at`) VALUES
(11, 10, '2022-02-12 22:24:56', '2022-02-12 22:24:56'),
(4, 3, '2022-02-12 22:24:56', '2022-02-12 22:24:56'),
(7, 13, '2022-02-12 22:24:56', '2022-02-12 22:24:56'),
(12, 4, '2022-02-12 22:24:56', '2022-02-12 22:24:56'),
(1, 7, '2022-02-12 22:24:56', '2022-02-12 22:24:56'),
(1, 15, '2022-02-12 22:24:56', '2022-02-12 22:24:56'),
(2, 2, '2022-02-12 22:24:56', '2022-02-12 22:24:56'),
(14, 8, '2022-02-12 22:24:56', '2022-02-12 22:24:56'),
(7, 9, '2022-02-12 22:24:56', '2022-02-12 22:24:56'),
(4, 10, '2022-02-12 22:24:56', '2022-02-12 22:24:56'),
(10, 15, '2022-02-12 22:24:56', '2022-02-12 22:24:56'),
(2, 12, '2022-02-12 22:24:56', '2022-02-12 22:24:56'),
(1, 6, '2022-02-12 22:24:56', '2022-02-12 22:24:56'),
(7, 12, '2022-02-12 22:24:56', '2022-02-12 22:24:56'),
(6, 5, '2022-02-12 22:24:56', '2022-02-12 22:24:56');

-- --------------------------------------------------------

--
-- Table structure for table `coupon_shipping_zone`
--

CREATE TABLE `coupon_shipping_zone` (
  `coupon_id` bigint(20) UNSIGNED NOT NULL,
  `shipping_zone_id` int(10) UNSIGNED NOT NULL,
  `created_at` timestamp NULL DEFAULT NULL,
  `updated_at` timestamp NULL DEFAULT NULL
) ENGINE=InnoDB DEFAULT CHARSET=utf8 COLLATE=utf8_unicode_ci;

-- --------------------------------------------------------

--
-- Table structure for table `currencies`
--

CREATE TABLE `currencies` (
  `id` int(10) UNSIGNED NOT NULL,
  `iso_code` varchar(3) COLLATE utf8_unicode_ci NOT NULL,
  `iso_numeric` varchar(3) COLLATE utf8_unicode_ci DEFAULT NULL,
  `name` varchar(255) COLLATE utf8_unicode_ci NOT NULL,
  `symbol` varchar(255) COLLATE utf8_unicode_ci DEFAULT NULL,
  `disambiguate_symbol` varchar(255) COLLATE utf8_unicode_ci DEFAULT NULL,
  `subunit` varchar(255) COLLATE utf8_unicode_ci DEFAULT NULL,
  `subunit_to_unit` int(11) NOT NULL DEFAULT '100',
  `symbol_first` tinyint(1) NOT NULL DEFAULT '1',
  `html_entity` varchar(255) COLLATE utf8_unicode_ci DEFAULT NULL,
  `decimal_mark` varchar(25) COLLATE utf8_unicode_ci DEFAULT NULL,
  `thousands_separator` varchar(25) COLLATE utf8_unicode_ci DEFAULT NULL,
  `smallest_denomination` int(11) NOT NULL DEFAULT '1',
  `priority` int(11) DEFAULT '100',
  `active` tinyint(1) DEFAULT '0',
  `created_at` timestamp NULL DEFAULT NULL,
  `updated_at` timestamp NULL DEFAULT NULL
) ENGINE=InnoDB DEFAULT CHARSET=utf8 COLLATE=utf8_unicode_ci;

--
-- Dumping data for table `currencies`
--

INSERT INTO `currencies` (`id`, `iso_code`, `iso_numeric`, `name`, `symbol`, `disambiguate_symbol`, `subunit`, `subunit_to_unit`, `symbol_first`, `html_entity`, `decimal_mark`, `thousands_separator`, `smallest_denomination`, `priority`, `active`, `created_at`, `updated_at`) VALUES
(1, 'AED', '784', 'United Arab Emirates Dirham', 'د.إ', NULL, 'Fils', 100, 0, '', '.', ',', 25, 100, 0, '2022-02-12 22:24:48', '2022-02-12 22:24:48'),
(2, 'AFN', '971', 'Afghani', '؋', NULL, 'Pul', 100, 0, '', '.', ',', 100, 100, 0, '2022-02-12 22:24:48', '2022-02-12 22:24:48'),
(3, 'ALL', '008', 'Albanian Lek', 'L', 'Lek', 'Qintar', 100, 0, '', '.', ',', 100, 100, 0, '2022-02-12 22:24:48', '2022-02-12 22:24:48'),
(4, 'AMD', '051', 'Armenian Dram', 'դր.', NULL, 'Luma', 100, 0, '', '.', ',', 10, 100, 0, '2022-02-12 22:24:48', '2022-02-12 22:24:48'),
(5, 'ANG', '532', 'Netherlands Antillean Gulden', 'ƒ', NULL, 'Cent', 100, 1, '&#x0192;', ',', '.', 1, 100, 0, '2022-02-12 22:24:48', '2022-02-12 22:24:48'),
(6, 'AOA', '973', 'Angolan Kwanza', 'Kz', NULL, 'Cêntimo', 100, 0, '', '.', ',', 10, 100, 0, '2022-02-12 22:24:48', '2022-02-12 22:24:48'),
(7, 'ARS', '032', 'Argentine Peso', '$', '$m/n', 'Centavo', 100, 1, '&#x20B1;', ',', '.', 1, 100, 0, '2022-02-12 22:24:48', '2022-02-12 22:24:48'),
(8, 'AUD', '036', 'Australian Dollar', '$', 'A$', 'Cent', 100, 1, '$', '.', ',', 5, 4, 0, '2022-02-12 22:24:48', '2022-02-12 22:24:48'),
(9, 'AWG', '533', 'Aruban Florin', 'ƒ', NULL, 'Cent', 100, 0, '&#x0192;', '.', ',', 5, 100, 0, '2022-02-12 22:24:48', '2022-02-12 22:24:48'),
(10, 'AZN', '944', 'Azerbaijani Manat', '₼', NULL, 'Qəpik', 100, 1, '', '.', ',', 1, 100, 0, '2022-02-12 22:24:48', '2022-02-12 22:24:48'),
(11, 'BAM', '977', 'Bosnia and Herzegovina Convertible Mark', 'КМ', NULL, 'Fening', 100, 1, '', '.', ',', 5, 100, 0, '2022-02-12 22:24:48', '2022-02-12 22:24:48'),
(12, 'BBD', '052', 'Barbadian Dollar', '$', 'Bds$', 'Cent', 100, 0, '$', '.', ',', 1, 100, 0, '2022-02-12 22:24:48', '2022-02-12 22:24:48'),
(13, 'BDT', '050', 'Bangladeshi Taka', '৳', NULL, 'Paisa', 100, 1, '', '.', ',', 1, 10, 0, '2022-02-12 22:24:48', '2022-02-12 22:24:48'),
(14, 'BGN', '975', 'Bulgarian Lev', 'лв.', NULL, 'Stotinka', 100, 0, '', '.', ',', 1, 100, 0, '2022-02-12 22:24:48', '2022-02-12 22:24:48'),
(15, 'BHD', '048', 'Bahraini Dinar', 'ب.د', NULL, 'Fils', 1000, 1, '', '.', ',', 5, 100, 0, '2022-02-12 22:24:48', '2022-02-12 22:24:48'),
(16, 'BIF', '108', 'Burundian Franc', 'Fr', 'FBu', 'Centime', 1, 0, '', '.', ',', 100, 100, 0, '2022-02-12 22:24:48', '2022-02-12 22:24:48'),
(17, 'BMD', '060', 'Bermudian Dollar', '$', 'BD$', 'Cent', 100, 1, '$', '.', ',', 1, 100, 0, '2022-02-12 22:24:48', '2022-02-12 22:24:48'),
(18, 'BND', '096', 'Brunei Dollar', '$', 'BND', 'Sen', 100, 1, '$', '.', ',', 1, 100, 0, '2022-02-12 22:24:48', '2022-02-12 22:24:48'),
(19, 'BOB', '068', 'Bolivian Boliviano', 'Bs.', NULL, 'Centavo', 100, 1, '', '.', ',', 10, 100, 0, '2022-02-12 22:24:48', '2022-02-12 22:24:48'),
(20, 'BRL', '986', 'Brazilian Real', 'R$', NULL, 'Centavo', 100, 1, 'R$', ',', '.', 5, 100, 0, '2022-02-12 22:24:48', '2022-02-12 22:24:48'),
(21, 'BSD', '044', 'Bahamian Dollar', '$', 'BSD', 'Cent', 100, 1, '$', '.', ',', 1, 100, 0, '2022-02-12 22:24:48', '2022-02-12 22:24:48'),
(22, 'BTN', '064', 'Bhutanese Ngultrum', 'Nu.', NULL, 'Chertrum', 100, 0, '', '.', ',', 5, 100, 0, '2022-02-12 22:24:48', '2022-02-12 22:24:48'),
(23, 'BWP', '072', 'Botswana Pula', 'P', NULL, 'Thebe', 100, 1, '', '.', ',', 5, 100, 0, '2022-02-12 22:24:48', '2022-02-12 22:24:48'),
(24, 'BYN', '933', 'Belarusian Ruble', 'Br', 'BYN', 'Kapeyka', 100, 0, '', ',', ' ', 1, 100, 0, '2022-02-12 22:24:48', '2022-02-12 22:24:48'),
(25, 'BYR', '974', 'Belarusian Ruble', 'Br', 'BYR', NULL, 1, 0, '', ',', ' ', 100, 50, 0, '2022-02-12 22:24:48', '2022-02-12 22:24:48'),
(26, 'BZD', '084', 'Belize Dollar', '$', 'BZ$', 'Cent', 100, 1, '$', '.', ',', 1, 100, 0, '2022-02-12 22:24:48', '2022-02-12 22:24:48'),
(27, 'CAD', '124', 'Canadian Dollar', '$', 'C$', 'Cent', 100, 1, '$', '.', ',', 5, 5, 0, '2022-02-12 22:24:48', '2022-02-12 22:24:48'),
(28, 'CDF', '976', 'Congolese Franc', 'Fr', 'FC', 'Centime', 100, 0, '', '.', ',', 1, 100, 0, '2022-02-12 22:24:48', '2022-02-12 22:24:48'),
(29, 'CHF', '756', 'Swiss Franc', 'CHF', NULL, 'Rappen', 100, 1, '', '.', ',', 5, 100, 0, '2022-02-12 22:24:48', '2022-02-12 22:24:48'),
(30, 'CLF', '990', 'Unidad de Fomento', 'UF', NULL, 'Peso', 10000, 1, '&#x20B1;', ',', '.', 1, 100, 0, '2022-02-12 22:24:48', '2022-02-12 22:24:48'),
(31, 'CLP', '152', 'Chilean Peso', '$', 'CLP', 'Peso', 1, 1, '&#36;', ',', '.', 1, 100, 0, '2022-02-12 22:24:48', '2022-02-12 22:24:48'),
(32, 'CNY', '156', 'Chinese Renminbi Yuan', '¥', NULL, 'Fen', 100, 1, '￥', '.', ',', 1, 100, 0, '2022-02-12 22:24:48', '2022-02-12 22:24:48'),
(33, 'COP', '170', 'Colombian Peso', '$', 'COL$', 'Centavo', 100, 1, '&#36;', ',', '.', 20, 100, 0, '2022-02-12 22:24:48', '2022-02-12 22:24:48'),
(34, 'CRC', '188', 'Costa Rican Colón', '₡', NULL, 'Céntimo', 100, 1, '&#x20A1;', ',', '.', 500, 100, 0, '2022-02-12 22:24:48', '2022-02-12 22:24:48'),
(35, 'CUC', '931', 'Cuban Convertible Peso', '$', 'CUC$', 'Centavo', 100, 0, '', '.', ',', 1, 100, 0, '2022-02-12 22:24:48', '2022-02-12 22:24:48'),
(36, 'CUP', '192', 'Cuban Peso', '$', '$MN', 'Centavo', 100, 1, '&#x20B1;', '.', ',', 1, 100, 0, '2022-02-12 22:24:48', '2022-02-12 22:24:48'),
(37, 'CVE', '132', 'Cape Verdean Escudo', '$', 'Esc', 'Centavo', 100, 0, '', '.', ',', 100, 100, 0, '2022-02-12 22:24:48', '2022-02-12 22:24:48'),
(38, 'CZK', '203', 'Czech Koruna', 'Kč', NULL, 'Haléř', 100, 0, '', ',', ' ', 100, 100, 0, '2022-02-12 22:24:48', '2022-02-12 22:24:48'),
(39, 'DJF', '262', 'Djiboutian Franc', 'Fdj', NULL, 'Centime', 1, 0, '', '.', ',', 100, 100, 0, '2022-02-12 22:24:48', '2022-02-12 22:24:48'),
(40, 'DKK', '208', 'Danish Krone', 'kr.', 'DKK', 'Øre', 100, 0, '', ',', '.', 50, 100, 0, '2022-02-12 22:24:48', '2022-02-12 22:24:48'),
(41, 'DOP', '214', 'Dominican Peso', '$', 'RD$', 'Centavo', 100, 1, '&#x20B1;', '.', ',', 100, 100, 0, '2022-02-12 22:24:48', '2022-02-12 22:24:48'),
(42, 'DZD', '012', 'Algerian Dinar', 'د.ج', NULL, 'Centime', 100, 0, '', '.', ',', 100, 100, 0, '2022-02-12 22:24:48', '2022-02-12 22:24:48'),
(43, 'EGP', '818', 'Egyptian Pound', 'ج.م', NULL, 'Piastre', 100, 1, '&#x00A3;', '.', ',', 25, 100, 0, '2022-02-12 22:24:48', '2022-02-12 22:24:48'),
(44, 'ERN', '232', 'Eritrean Nakfa', 'Nfk', NULL, 'Cent', 100, 0, '', '.', ',', 1, 100, 0, '2022-02-12 22:24:48', '2022-02-12 22:24:48'),
(45, 'ETB', '230', 'Ethiopian Birr', 'Br', 'ETB', 'Santim', 100, 0, '', '.', ',', 1, 100, 0, '2022-02-12 22:24:48', '2022-02-12 22:24:48'),
(46, 'EUR', '978', 'Euro', '€', NULL, 'Cent', 100, 1, '&#x20AC;', ',', '.', 1, 2, 1, '2022-02-12 22:24:48', '2022-02-12 22:24:48'),
(47, 'FJD', '242', 'Fijian Dollar', '$', 'FJ$', 'Cent', 100, 0, '$', '.', ',', 5, 100, 0, '2022-02-12 22:24:48', '2022-02-12 22:24:48'),
(48, 'FKP', '238', 'Falkland Pound', '£', 'FK£', 'Penny', 100, 0, '&#x00A3;', '.', ',', 1, 100, 0, '2022-02-12 22:24:48', '2022-02-12 22:24:48'),
(49, 'GBP', '826', 'British Pound', '£', NULL, 'Penny', 100, 1, '&#x00A3;', '.', ',', 1, 3, 0, '2022-02-12 22:24:48', '2022-02-12 22:24:48'),
(50, 'GEL', '981', 'Georgian Lari', 'ლ', NULL, 'Tetri', 100, 0, '', '.', ',', 1, 100, 0, '2022-02-12 22:24:48', '2022-02-12 22:24:48'),
(51, 'GHS', '936', 'Ghanaian Cedi', '₵', NULL, 'Pesewa', 100, 1, '&#x20B5;', '.', ',', 1, 100, 0, '2022-02-12 22:24:48', '2022-02-12 22:24:48'),
(52, 'GIP', '292', 'Gibraltar Pound', '£', 'GIP', 'Penny', 100, 1, '&#x00A3;', '.', ',', 1, 100, 0, '2022-02-12 22:24:48', '2022-02-12 22:24:48'),
(53, 'GMD', '270', 'Gambian Dalasi', 'D', NULL, 'Butut', 100, 0, '', '.', ',', 1, 100, 0, '2022-02-12 22:24:48', '2022-02-12 22:24:48'),
(54, 'GNF', '324', 'Guinean Franc', 'Fr', 'FG', 'Centime', 1, 0, '', '.', ',', 100, 100, 0, '2022-02-12 22:24:48', '2022-02-12 22:24:48'),
(55, 'GTQ', '320', 'Guatemalan Quetzal', 'Q', NULL, 'Centavo', 100, 1, '', '.', ',', 1, 100, 0, '2022-02-12 22:24:48', '2022-02-12 22:24:48'),
(56, 'GYD', '328', 'Guyanese Dollar', '$', 'G$', 'Cent', 100, 0, '$', '.', ',', 100, 100, 0, '2022-02-12 22:24:48', '2022-02-12 22:24:48'),
(57, 'HKD', '344', 'Hong Kong Dollar', '$', 'HK$', 'Cent', 100, 1, '$', '.', ',', 10, 100, 0, '2022-02-12 22:24:48', '2022-02-12 22:24:48'),
(58, 'HNL', '340', 'Honduran Lempira', 'L', 'HNL', 'Centavo', 100, 1, '', '.', ',', 5, 100, 0, '2022-02-12 22:24:48', '2022-02-12 22:24:48'),
(59, 'HRK', '191', 'Croatian Kuna', 'kn', NULL, 'Lipa', 100, 0, '', ',', '.', 1, 100, 0, '2022-02-12 22:24:48', '2022-02-12 22:24:48'),
(60, 'HTG', '332', 'Haitian Gourde', 'G', NULL, 'Centime', 100, 0, '', '.', ',', 5, 100, 0, '2022-02-12 22:24:48', '2022-02-12 22:24:48'),
(61, 'HUF', '348', 'Hungarian Forint', 'Ft', NULL, 'Fillér', 1, 0, '', ',', '.', 5, 100, 0, '2022-02-12 22:24:48', '2022-02-12 22:24:48'),
(62, 'IDR', '360', 'Indonesian Rupiah', 'Rp', NULL, 'Sen', 100, 1, '', ',', '.', 5000, 100, 0, '2022-02-12 22:24:48', '2022-02-12 22:24:48'),
(63, 'ILS', '376', 'Israeli New Sheqel', '₪', NULL, 'Agora', 100, 1, '&#x20AA;', '.', ',', 10, 100, 0, '2022-02-12 22:24:48', '2022-02-12 22:24:48'),
(64, 'INR', '356', 'Indian Rupee', '₹', NULL, 'Paisa', 100, 1, '&#x20b9;', '.', ',', 50, 59, 1, '2022-02-12 22:24:48', '2022-02-12 22:24:48'),
(65, 'IQD', '368', 'Iraqi Dinar', 'ع.د', NULL, 'Fils', 1000, 0, '', '.', ',', 50000, 100, 0, '2022-02-12 22:24:48', '2022-02-12 22:24:48'),
(66, 'IRR', '364', 'Iranian Rial', '﷼', NULL, NULL, 100, 1, '&#xFDFC;', '.', ',', 5000, 100, 0, '2022-02-12 22:24:48', '2022-02-12 22:24:48'),
(67, 'ISK', '352', 'Icelandic Króna', 'kr', NULL, NULL, 1, 1, '', ',', '.', 1, 100, 0, '2022-02-12 22:24:48', '2022-02-12 22:24:48'),
(68, 'JMD', '388', 'Jamaican Dollar', '$', 'J$', 'Cent', 100, 1, '$', '.', ',', 1, 100, 0, '2022-02-12 22:24:48', '2022-02-12 22:24:48'),
(69, 'JOD', '400', 'Jordanian Dinar', 'د.ا', NULL, 'Fils', 1000, 1, '', '.', ',', 5, 100, 0, '2022-02-12 22:24:48', '2022-02-12 22:24:48'),
(70, 'JPY', '392', 'Japanese Yen', '¥', NULL, NULL, 1, 1, '&#x00A5;', '.', ',', 1, 6, 1, '2022-02-12 22:24:48', '2022-02-12 22:24:48'),
(71, 'KES', '404', 'Kenyan Shilling', 'KSh', NULL, 'Cent', 100, 1, '', '.', ',', 50, 100, 0, '2022-02-12 22:24:48', '2022-02-12 22:24:48'),
(72, 'KGS', '417', 'Kyrgyzstani Som', 'som', NULL, 'Tyiyn', 100, 0, '', '.', ',', 1, 100, 0, '2022-02-12 22:24:48', '2022-02-12 22:24:48'),
(73, 'KHR', '116', 'Cambodian Riel', '៛', NULL, 'Sen', 100, 0, '&#x17DB;', '.', ',', 5000, 100, 0, '2022-02-12 22:24:48', '2022-02-12 22:24:48'),
(74, 'KMF', '174', 'Comorian Franc', 'Fr', 'CF', 'Centime', 1, 0, '', '.', ',', 100, 100, 0, '2022-02-12 22:24:48', '2022-02-12 22:24:48'),
(75, 'KPW', '408', 'North Korean Won', '₩', NULL, 'Chŏn', 100, 0, '&#x20A9;', '.', ',', 1, 100, 0, '2022-02-12 22:24:48', '2022-02-12 22:24:48'),
(76, 'KRW', '410', 'South Korean Won', '₩', NULL, NULL, 1, 1, '&#x20A9;', '.', ',', 1, 100, 0, '2022-02-12 22:24:48', '2022-02-12 22:24:48'),
(77, 'KWD', '414', 'Kuwaiti Dinar', 'د.ك', NULL, 'Fils', 1000, 1, '', '.', ',', 5, 100, 0, '2022-02-12 22:24:48', '2022-02-12 22:24:48'),
(78, 'KYD', '136', 'Cayman Islands Dollar', '$', 'CI$', 'Cent', 100, 1, '$', '.', ',', 1, 100, 0, '2022-02-12 22:24:48', '2022-02-12 22:24:48'),
(79, 'KZT', '398', 'Kazakhstani Tenge', '〒', NULL, 'Tiyn', 100, 0, '', '.', ',', 100, 100, 0, '2022-02-12 22:24:48', '2022-02-12 22:24:48'),
(80, 'LAK', '418', 'Lao Kip', '₭', NULL, 'Att', 100, 0, '&#x20AD;', '.', ',', 10, 100, 0, '2022-02-12 22:24:48', '2022-02-12 22:24:48'),
(81, 'LBP', '422', 'Lebanese Pound', 'ل.ل', NULL, 'Piastre', 100, 1, '&#x00A3;', '.', ',', 25000, 100, 0, '2022-02-12 22:24:48', '2022-02-12 22:24:48'),
(82, 'LKR', '144', 'Sri Lankan Rupee', '₨', 'SLRs', 'Cent', 100, 0, '&#x0BF9;', '.', ',', 100, 100, 0, '2022-02-12 22:24:48', '2022-02-12 22:24:48'),
(83, 'LRD', '430', 'Liberian Dollar', '$', 'L$', 'Cent', 100, 0, '$', '.', ',', 5, 100, 0, '2022-02-12 22:24:48', '2022-02-12 22:24:48'),
(84, 'LSL', '426', 'Lesotho Loti', 'L', 'M', 'Sente', 100, 0, '', '.', ',', 1, 100, 0, '2022-02-12 22:24:48', '2022-02-12 22:24:48'),
(85, 'LTL', '440', 'Lithuanian Litas', 'Lt', NULL, 'Centas', 100, 0, '', '.', ',', 1, 100, 0, '2022-02-12 22:24:48', '2022-02-12 22:24:48'),
(86, 'LVL', '428', 'Latvian Lats', 'Ls', NULL, 'Santīms', 100, 1, '', '.', ',', 1, 100, 0, '2022-02-12 22:24:48', '2022-02-12 22:24:48'),
(87, 'LYD', '434', 'Libyan Dinar', 'ل.د', NULL, 'Dirham', 1000, 0, '', '.', ',', 50, 100, 0, '2022-02-12 22:24:48', '2022-02-12 22:24:48'),
(88, 'MAD', '504', 'Moroccan Dirham', 'د.م.', NULL, 'Centime', 100, 0, '', '.', ',', 1, 100, 0, '2022-02-12 22:24:48', '2022-02-12 22:24:48'),
(89, 'MDL', '498', 'Moldovan Leu', 'L', NULL, 'Ban', 100, 0, '', '.', ',', 1, 100, 0, '2022-02-12 22:24:48', '2022-02-12 22:24:48'),
(90, 'MGA', '969', 'Malagasy Ariary', 'Ar', NULL, 'Iraimbilanja', 5, 1, '', '.', ',', 1, 100, 0, '2022-02-12 22:24:48', '2022-02-12 22:24:48'),
(91, 'MKD', '807', 'Macedonian Denar', 'ден', NULL, 'Deni', 100, 0, '', '.', ',', 100, 100, 0, '2022-02-12 22:24:48', '2022-02-12 22:24:48'),
(92, 'MMK', '104', 'Myanmar Kyat', 'K', 'MMK', 'Pya', 100, 0, '', '.', ',', 50, 100, 0, '2022-02-12 22:24:48', '2022-02-12 22:24:48'),
(93, 'MNT', '496', 'Mongolian Tögrög', '₮', NULL, 'Möngö', 100, 0, '&#x20AE;', '.', ',', 2000, 100, 0, '2022-02-12 22:24:48', '2022-02-12 22:24:48'),
(94, 'MOP', '446', 'Macanese Pataca', 'P', NULL, 'Avo', 100, 0, '', '.', ',', 10, 100, 0, '2022-02-12 22:24:48', '2022-02-12 22:24:48'),
(95, 'MRO', '478', 'Mauritanian Ouguiya', 'UM', NULL, 'Khoums', 5, 0, '', '.', ',', 1, 100, 0, '2022-02-12 22:24:48', '2022-02-12 22:24:48'),
(96, 'MUR', '480', 'Mauritian Rupee', '₨', NULL, 'Cent', 100, 1, '&#x20A8;', '.', ',', 100, 100, 0, '2022-02-12 22:24:48', '2022-02-12 22:24:48'),
(97, 'MVR', '462', 'Maldivian Rufiyaa', 'MVR', NULL, 'Laari', 100, 0, '', '.', ',', 1, 100, 0, '2022-02-12 22:24:49', '2022-02-12 22:24:49'),
(98, 'MWK', '454', 'Malawian Kwacha', 'MK', NULL, 'Tambala', 100, 0, '', '.', ',', 1, 100, 0, '2022-02-12 22:24:49', '2022-02-12 22:24:49'),
(99, 'MXN', '484', 'Mexican Peso', '$', 'MEX$', 'Centavo', 100, 1, '$', '.', ',', 5, 100, 0, '2022-02-12 22:24:49', '2022-02-12 22:24:49'),
(100, 'MYR', '458', 'Malaysian Ringgit', 'RM', NULL, 'Sen', 100, 1, '', '.', ',', 5, 100, 0, '2022-02-12 22:24:49', '2022-02-12 22:24:49'),
(101, 'MZN', '943', 'Mozambican Metical', 'MTn', NULL, 'Centavo', 100, 1, '', ',', '.', 1, 100, 0, '2022-02-12 22:24:49', '2022-02-12 22:24:49'),
(102, 'NAD', '516', 'Namibian Dollar', '$', 'N$', 'Cent', 100, 0, '$', '.', ',', 5, 100, 0, '2022-02-12 22:24:49', '2022-02-12 22:24:49'),
(103, 'NGN', '566', 'Nigerian Naira', '₦', NULL, 'Kobo', 100, 1, '&#x20A6;', '.', ',', 50, 100, 0, '2022-02-12 22:24:49', '2022-02-12 22:24:49'),
(104, 'NIO', '558', 'Nicaraguan Córdoba', 'C$', NULL, 'Centavo', 100, 0, '', '.', ',', 5, 100, 0, '2022-02-12 22:24:49', '2022-02-12 22:24:49'),
(105, 'NOK', '578', 'Norwegian Krone', 'kr', 'NOK', 'Øre', 100, 0, 'kr', ',', '.', 100, 100, 0, '2022-02-12 22:24:49', '2022-02-12 22:24:49'),
(106, 'NPR', '524', 'Nepalese Rupee', '₨', 'NPR', 'Paisa', 100, 1, '&#x20A8;', '.', ',', 1, 100, 0, '2022-02-12 22:24:49', '2022-02-12 22:24:49'),
(107, 'NZD', '554', 'New Zealand Dollar', '$', 'NZ$', 'Cent', 100, 1, '$', '.', ',', 10, 100, 0, '2022-02-12 22:24:49', '2022-02-12 22:24:49'),
(108, 'OMR', '512', 'Omani Rial', 'ر.ع.', NULL, 'Baisa', 1000, 1, '&#xFDFC;', '.', ',', 5, 100, 0, '2022-02-12 22:24:49', '2022-02-12 22:24:49'),
(109, 'PAB', '590', 'Panamanian Balboa', 'B/.', NULL, 'Centésimo', 100, 0, '', '.', ',', 1, 100, 0, '2022-02-12 22:24:49', '2022-02-12 22:24:49'),
(110, 'PEN', '604', 'Peruvian Nuevo Sol', 'S/.', NULL, 'Céntimo', 100, 1, 'S/.', '.', ',', 1, 100, 0, '2022-02-12 22:24:49', '2022-02-12 22:24:49'),
(111, 'PGK', '598', 'Papua New Guinean Kina', 'K', 'PGK', 'Toea', 100, 0, '', '.', ',', 5, 100, 0, '2022-02-12 22:24:49', '2022-02-12 22:24:49'),
(112, 'PHP', '608', 'Philippine Peso', '₱', NULL, 'Centavo', 100, 1, '&#x20B1;', '.', ',', 1, 100, 0, '2022-02-12 22:24:49', '2022-02-12 22:24:49'),
(113, 'PKR', '586', 'Pakistani Rupee', '₨', 'PKR', 'Paisa', 100, 1, '&#x20A8;', '.', ',', 100, 100, 0, '2022-02-12 22:24:49', '2022-02-12 22:24:49'),
(114, 'PLN', '985', 'Polish Złoty', 'zł', NULL, 'Grosz', 100, 0, 'z&#322;', ',', ' ', 1, 100, 0, '2022-02-12 22:24:49', '2022-02-12 22:24:49'),
(115, 'PYG', '600', 'Paraguayan Guaraní', '₲', NULL, 'Céntimo', 1, 1, '&#x20B2;', '.', ',', 5000, 100, 0, '2022-02-12 22:24:49', '2022-02-12 22:24:49'),
(116, 'QAR', '634', 'Qatari Riyal', 'ر.ق', NULL, 'Dirham', 100, 0, '&#xFDFC;', '.', ',', 1, 100, 0, '2022-02-12 22:24:49', '2022-02-12 22:24:49'),
(117, 'RON', '946', 'Romanian Leu', 'Lei', NULL, 'Bani', 100, 0, '', ',', '.', 1, 100, 0, '2022-02-12 22:24:49', '2022-02-12 22:24:49'),
(118, 'RSD', '941', 'Serbian Dinar', 'РСД', NULL, 'Para', 100, 1, '', '.', ',', 100, 100, 0, '2022-02-12 22:24:49', '2022-02-12 22:24:49'),
(119, 'RUB', '643', 'Russian Ruble', '₽', NULL, 'Kopeck', 100, 0, '&#x20BD;', ',', '.', 1, 100, 0, '2022-02-12 22:24:49', '2022-02-12 22:24:49'),
(120, 'RWF', '646', 'Rwandan Franc', 'FRw', NULL, 'Centime', 1, 0, '', '.', ',', 100, 100, 0, '2022-02-12 22:24:49', '2022-02-12 22:24:49'),
(121, 'SAR', '682', 'Saudi Riyal', 'ر.س', NULL, 'Hallallah', 100, 1, '&#xFDFC;', '.', ',', 5, 100, 0, '2022-02-12 22:24:49', '2022-02-12 22:24:49'),
(122, 'SBD', '090', 'Solomon Islands Dollar', '$', 'SI$', 'Cent', 100, 0, '$', '.', ',', 10, 100, 0, '2022-02-12 22:24:49', '2022-02-12 22:24:49'),
(123, 'SCR', '690', 'Seychellois Rupee', '₨', 'SRe', 'Cent', 100, 0, '&#x20A8;', '.', ',', 1, 100, 0, '2022-02-12 22:24:49', '2022-02-12 22:24:49'),
(124, 'SDG', '938', 'Sudanese Pound', '£', 'SDG', 'Piastre', 100, 1, '', '.', ',', 1, 100, 0, '2022-02-12 22:24:49', '2022-02-12 22:24:49'),
(125, 'SEK', '752', 'Swedish Krona', 'kr', 'SEK', 'Öre', 100, 0, '', ',', ' ', 100, 100, 0, '2022-02-12 22:24:49', '2022-02-12 22:24:49'),
(126, 'SGD', '702', 'Singapore Dollar', '$', 'S$', 'Cent', 100, 1, '$', '.', ',', 1, 100, 0, '2022-02-12 22:24:49', '2022-02-12 22:24:49'),
(127, 'SHP', '654', 'Saint Helenian Pound', '£', 'SHP', 'Penny', 100, 0, '&#x00A3;', '.', ',', 1, 100, 0, '2022-02-12 22:24:49', '2022-02-12 22:24:49'),
(128, 'SKK', '703', 'Slovak Koruna', 'Sk', NULL, 'Halier', 100, 1, '', '.', ',', 50, 100, 0, '2022-02-12 22:24:49', '2022-02-12 22:24:49'),
(129, 'SLL', '694', 'Sierra Leonean Leone', 'Le', NULL, 'Cent', 100, 0, '', '.', ',', 1000, 100, 0, '2022-02-12 22:24:49', '2022-02-12 22:24:49'),
(130, 'SOS', '706', 'Somali Shilling', 'Sh', NULL, 'Cent', 100, 0, '', '.', ',', 1, 100, 0, '2022-02-12 22:24:49', '2022-02-12 22:24:49'),
(131, 'SRD', '968', 'Surinamese Dollar', '$', 'SRD', 'Cent', 100, 0, '', '.', ',', 1, 100, 0, '2022-02-12 22:24:49', '2022-02-12 22:24:49'),
(132, 'SSP', '728', 'South Sudanese Pound', '£', 'SSP', 'piaster', 100, 0, '&#x00A3;', '.', ',', 5, 100, 0, '2022-02-12 22:24:49', '2022-02-12 22:24:49'),
(133, 'STD', '678', 'São Tomé and Príncipe Dobra', 'Db', NULL, 'Cêntimo', 100, 0, '', '.', ',', 10000, 100, 0, '2022-02-12 22:24:49', '2022-02-12 22:24:49'),
(134, 'SVC', '222', 'Salvadoran Colón', '₡', NULL, 'Centavo', 100, 1, '&#x20A1;', '.', ',', 1, 100, 0, '2022-02-12 22:24:49', '2022-02-12 22:24:49'),
(135, 'SYP', '760', 'Syrian Pound', '£S', NULL, 'Piastre', 100, 0, '&#x00A3;', '.', ',', 100, 100, 0, '2022-02-12 22:24:49', '2022-02-12 22:24:49'),
(136, 'SZL', '748', 'Swazi Lilangeni', 'E', 'SZL', 'Cent', 100, 1, '', '.', ',', 1, 100, 0, '2022-02-12 22:24:49', '2022-02-12 22:24:49'),
(137, 'THB', '764', 'Thai Baht', '฿', NULL, 'Satang', 100, 1, '&#x0E3F;', '.', ',', 1, 100, 0, '2022-02-12 22:24:49', '2022-02-12 22:24:49'),
(138, 'TJS', '972', 'Tajikistani Somoni', 'ЅМ', NULL, 'Diram', 100, 0, '', '.', ',', 1, 100, 0, '2022-02-12 22:24:49', '2022-02-12 22:24:49'),
(139, 'TMT', '934', 'Turkmenistani Manat', 'T', NULL, 'Tenge', 100, 0, '', '.', ',', 1, 100, 0, '2022-02-12 22:24:49', '2022-02-12 22:24:49'),
(140, 'TND', '788', 'Tunisian Dinar', 'د.ت', NULL, 'Millime', 1000, 0, '', '.', ',', 10, 100, 0, '2022-02-12 22:24:49', '2022-02-12 22:24:49'),
(141, 'TOP', '776', 'Tongan Paʻanga', 'T$', NULL, 'Seniti', 100, 1, '', '.', ',', 1, 100, 0, '2022-02-12 22:24:49', '2022-02-12 22:24:49'),
(142, 'TRY', '949', 'Turkish Lira', '₺', NULL, 'kuruş', 100, 1, '&#8378;', ',', '.', 1, 100, 0, '2022-02-12 22:24:49', '2022-02-12 22:24:49'),
(143, 'TTD', '780', 'Trinidad and Tobago Dollar', '$', 'TT$', 'Cent', 100, 0, '$', '.', ',', 1, 100, 0, '2022-02-12 22:24:49', '2022-02-12 22:24:49'),
(144, 'TWD', '901', 'New Taiwan Dollar', '$', 'NT$', 'Cent', 100, 1, '$', '.', ',', 50, 100, 0, '2022-02-12 22:24:49', '2022-02-12 22:24:49'),
(145, 'TZS', '834', 'Tanzanian Shilling', 'Sh', NULL, 'Cent', 100, 1, '', '.', ',', 5000, 100, 0, '2022-02-12 22:24:49', '2022-02-12 22:24:49'),
(146, 'UAH', '980', 'Ukrainian Hryvnia', '₴', NULL, 'Kopiyka', 100, 0, '&#x20B4;', '.', ',', 1, 100, 0, '2022-02-12 22:24:49', '2022-02-12 22:24:49'),
(147, 'UGX', '800', 'Ugandan Shilling', 'USh', NULL, 'Cent', 1, 0, '', '.', ',', 1000, 100, 0, '2022-02-12 22:24:49', '2022-02-12 22:24:49'),
(148, 'USD', '840', 'United States Dollar', '$', 'US$', 'Cent', 100, 1, '$', '.', ',', 1, 1, 1, '2022-02-12 22:24:49', '2022-02-12 22:24:49'),
(149, 'UYU', '858', 'Uruguayan Peso', '$', NULL, 'Centésimo', 100, 1, '&#x20B1;', ',', '.', 100, 100, 0, '2022-02-12 22:24:49', '2022-02-12 22:24:49'),
(150, 'UZS', '860', 'Uzbekistan Som', '', NULL, 'Tiyin', 100, 0, '', '.', ',', 100, 100, 0, '2022-02-12 22:24:49', '2022-02-12 22:24:49'),
(151, 'VEF', '937', 'Venezuelan Bolívar', 'Bs', NULL, 'Céntimo', 100, 1, '', ',', '.', 1, 100, 0, '2022-02-12 22:24:49', '2022-02-12 22:24:49'),
(152, 'VND', '704', 'Vietnamese Đồng', '₫', NULL, 'Hào', 1, 1, '&#x20AB;', ',', '.', 100, 100, 0, '2022-02-12 22:24:49', '2022-02-12 22:24:49'),
(153, 'VUV', '548', 'Vanuatu Vatu', 'Vt', NULL, NULL, 1, 1, '', '.', ',', 1, 100, 0, '2022-02-12 22:24:49', '2022-02-12 22:24:49'),
(154, 'WST', '882', 'Samoan Tala', 'T', 'WS$', 'Sene', 100, 0, '', '.', ',', 10, 100, 0, '2022-02-12 22:24:49', '2022-02-12 22:24:49'),
(155, 'XAF', '950', 'Central African Cfa Franc', 'Fr', 'FCFA', 'Centime', 1, 0, '', '.', ',', 100, 100, 0, '2022-02-12 22:24:49', '2022-02-12 22:24:49'),
(156, 'XAG', '961', 'Silver (Troy Ounce)', 'oz t', 'XAG', 'oz', 1, 0, '', '.', ',', 1, 100, 0, '2022-02-12 22:24:49', '2022-02-12 22:24:49'),
(157, 'XAU', '959', 'Gold (Troy Ounce)', 'oz t', 'XAU', 'oz', 1, 0, '', '.', ',', 1, 100, 0, '2022-02-12 22:24:49', '2022-02-12 22:24:49'),
(158, 'XBA', '955', 'European Composite Unit', '', 'XBA', '', 1, 0, '', '.', ',', 1, 100, 0, '2022-02-12 22:24:49', '2022-02-12 22:24:49'),
(159, 'XBB', '956', 'European Monetary Unit', '', 'XBB', '', 1, 0, '', '.', ',', 1, 100, 0, '2022-02-12 22:24:49', '2022-02-12 22:24:49'),
(160, 'XBC', '957', 'European Unit of Account 9', '', 'XBC', '', 1, 0, '', '.', ',', 1, 100, 0, '2022-02-12 22:24:49', '2022-02-12 22:24:49'),
(161, 'XBD', '958', 'European Unit of Account 17', '', 'XBD', '', 1, 0, '', '.', ',', 1, 100, 0, '2022-02-12 22:24:49', '2022-02-12 22:24:49'),
(162, 'XCD', '951', 'East Caribbean Dollar', '$', 'EX$', 'Cent', 100, 1, '$', '.', ',', 1, 100, 0, '2022-02-12 22:24:49', '2022-02-12 22:24:49'),
(163, 'XDR', '960', 'Special Drawing Rights', 'SDR', NULL, '', 1, 0, '$', '.', ',', 1, 100, 0, '2022-02-12 22:24:49', '2022-02-12 22:24:49'),
(164, 'XOF', '952', 'West African Cfa Franc', 'Fr', 'CFA', 'Centime', 1, 0, '', '.', ',', 100, 100, 0, '2022-02-12 22:24:49', '2022-02-12 22:24:49'),
(165, 'XPD', '964', 'Palladium', 'oz t', 'XPD', 'oz', 1, 0, '', '.', ',', 1, 100, 0, '2022-02-12 22:24:49', '2022-02-12 22:24:49'),
(166, 'XPF', '953', 'Cfp Franc', 'Fr', NULL, 'Centime', 1, 0, '', '.', ',', 100, 100, 0, '2022-02-12 22:24:49', '2022-02-12 22:24:49'),
(167, 'XPT', '962', 'Platinum', 'oz t', NULL, '', 1, 0, '', '.', ',', 1, 100, 0, '2022-02-12 22:24:49', '2022-02-12 22:24:49'),
(168, 'xts', '963', 'Codes specifically reserved for testing purposes', '', NULL, '', 1, 0, '', '.', ',', 1, 100, 0, '2022-02-12 22:24:49', '2022-02-12 22:24:49'),
(169, 'YER', '886', 'Yemeni Rial', '﷼', NULL, 'Fils', 100, 0, '&#xFDFC;', '.', ',', 100, 100, 0, '2022-02-12 22:24:49', '2022-02-12 22:24:49'),
(170, 'ZAR', '710', 'South African Rand', 'R', NULL, 'Cent', 100, 1, '&#x0052;', '.', ',', 10, 100, 0, '2022-02-12 22:24:49', '2022-02-12 22:24:49'),
(171, 'ZMK', '894', 'Zambian Kwacha', 'ZK', 'ZMK', 'Ngwee', 100, 0, '', '.', ',', 5, 100, 0, '2022-02-12 22:24:49', '2022-02-12 22:24:49'),
(172, 'ZMW', '967', 'Zambian Kwacha', 'ZK', 'ZMW', 'Ngwee', 100, 0, '', '.', ',', 5, 100, 0, '2022-02-12 22:24:49', '2022-02-12 22:24:49'),
(173, 'BTC', '', 'Bitcoin', 'B⃦', NULL, 'Satoshi', 100000000, 1, '', '.', ',', 1, 100, 0, '2022-02-12 22:24:49', '2022-02-12 22:24:49'),
(174, 'JEP', '', 'Jersey Pound', '£', 'JEP', 'Penny', 100, 1, '&#x00A3;', '.', ',', 1, 100, 0, '2022-02-12 22:24:49', '2022-02-12 22:24:49'),
(175, 'GGP', '', 'Guernsey Pound', '£', 'GGP', 'Penny', 100, 1, '&#x00A3;', '.', ',', 1, 100, 0, '2022-02-12 22:24:49', '2022-02-12 22:24:49'),
(176, 'IMP', '', 'Isle of Man Pound', '£', 'IMP', 'Penny', 100, 1, '&#x00A3;', '.', ',', 1, 100, 0, '2022-02-12 22:24:49', '2022-02-12 22:24:49'),
(177, 'XFU', '', 'UIC Franc', '', 'XFU', '', 100, 1, '', '.', ',', 1, 100, 0, '2022-02-12 22:24:49', '2022-02-12 22:24:49');

-- --------------------------------------------------------

--
-- Table structure for table `dashboard_configs`
--

CREATE TABLE `dashboard_configs` (
  `user_id` bigint(20) NOT NULL,
  `upgrade_plan_notice` tinyint(1) DEFAULT '1',
  `created_at` timestamp NULL DEFAULT NULL,
  `updated_at` timestamp NULL DEFAULT NULL
) ENGINE=InnoDB DEFAULT CHARSET=utf8 COLLATE=utf8_unicode_ci;

--
-- Dumping data for table `dashboard_configs`
--

INSERT INTO `dashboard_configs` (`user_id`, `upgrade_plan_notice`, `created_at`, `updated_at`) VALUES
(1, 1, '2022-02-12 22:24:49', '2022-02-12 22:24:49'),
(2, 1, '2022-02-12 22:24:56', '2022-02-12 22:24:56'),
(3, 1, '2022-02-12 22:24:56', '2022-02-12 22:24:56'),
(4, 1, '2022-02-12 22:24:56', '2022-02-12 22:24:56'),
(5, 1, '2022-02-12 22:24:56', '2022-02-12 22:24:56'),
(6, 1, '2022-02-12 22:24:56', '2022-02-12 22:24:56'),
(7, 1, '2022-02-12 22:24:56', '2022-02-12 22:24:56');

-- --------------------------------------------------------

--
-- Table structure for table `disputes`
--

CREATE TABLE `disputes` (
  `id` bigint(20) UNSIGNED NOT NULL,
  `shop_id` int(10) UNSIGNED DEFAULT NULL,
  `dispute_type_id` int(10) UNSIGNED DEFAULT NULL,
  `customer_id` bigint(20) UNSIGNED NOT NULL,
  `order_id` bigint(20) UNSIGNED NOT NULL,
  `product_id` bigint(20) UNSIGNED DEFAULT NULL,
  `description` longtext COLLATE utf8_unicode_ci,
  `order_received` tinyint(1) NOT NULL DEFAULT '1',
  `return_goods` tinyint(1) DEFAULT NULL,
  `refund_amount` decimal(20,6) DEFAULT NULL,
  `status` int(10) UNSIGNED NOT NULL DEFAULT '1',
  `created_at` timestamp NULL DEFAULT NULL,
  `updated_at` timestamp NULL DEFAULT NULL
) ENGINE=InnoDB DEFAULT CHARSET=utf8 COLLATE=utf8_unicode_ci;

--
-- Dumping data for table `disputes`
--

INSERT INTO `disputes` (`id`, `shop_id`, `dispute_type_id`, `customer_id`, `order_id`, `product_id`, `description`, `order_received`, `return_goods`, `refund_amount`, `status`, `created_at`, `updated_at`) VALUES
(1, 3, 4, 14, 9, NULL, 'Totam praesentium pariatur libero qui necessitatibus. Et et illum dolorem quia.', 1, 1, NULL, 2, '2022-02-12 22:25:04', '2022-01-12 22:25:04'),
(2, 3, 5, 7, 7, NULL, 'Totam neque libero omnis in quos aut. Id non tempore asperiores iste eos nam sed.', 1, 1, NULL, 4, '2022-01-12 22:25:04', '2021-12-12 22:25:04'),
(3, 5, 4, 5, 14, NULL, 'Hic est ratione nobis qui aperiam ratione. Sed quasi sit eveniet mollitia aut sit iure.', 1, 1, NULL, 3, '2022-01-12 22:25:04', '2022-01-12 22:25:04'),
(4, 3, 6, 7, 7, NULL, 'Corrupti nihil voluptatem eum quam aut illum. Amet sit numquam iusto fugiat. Iste et modi et.', 1, 1, NULL, 6, '2021-12-12 22:25:04', '2022-01-12 22:25:04'),
(5, 2, 2, 1, 12, NULL, 'Fugiat cumque modi est corporis est quia voluptas. Dolorum nihil sunt magni atque qui temporibus.', 0, 0, NULL, 6, '2021-10-12 22:25:04', '2022-01-12 22:25:04');

-- --------------------------------------------------------

--
-- Table structure for table `dispute_types`
--

CREATE TABLE `dispute_types` (
  `id` int(10) UNSIGNED NOT NULL,
  `detail` varchar(255) COLLATE utf8_unicode_ci NOT NULL
) ENGINE=InnoDB DEFAULT CHARSET=utf8 COLLATE=utf8_unicode_ci;

--
-- Dumping data for table `dispute_types`
--

INSERT INTO `dispute_types` (`id`, `detail`) VALUES
(2, 'Counterfeit goods'),
(9, 'Customs problem'),
(4, 'Damaged goods'),
(1, 'Did not receive goods'),
(7, 'Problems with the accessories'),
(6, 'Product not as described'),
(5, 'Quality not good'),
(3, 'Quantity shortage'),
(10, 'Shipping address not correct'),
(8, 'Shipping method');

-- --------------------------------------------------------

--
-- Table structure for table `email_templates`
--

CREATE TABLE `email_templates` (
  `id` int(10) UNSIGNED NOT NULL,
  `shop_id` int(10) UNSIGNED DEFAULT NULL,
  `name` varchar(255) COLLATE utf8_unicode_ci DEFAULT NULL,
  `sender_name` varchar(255) COLLATE utf8_unicode_ci DEFAULT NULL,
  `sender_email` varchar(255) COLLATE utf8_unicode_ci DEFAULT NULL,
  `subject` varchar(255) COLLATE utf8_unicode_ci DEFAULT NULL,
  `body` longtext COLLATE utf8_unicode_ci,
  `type` enum('HTML','Text') COLLATE utf8_unicode_ci NOT NULL DEFAULT 'HTML',
  `position` enum('Content','Header','Footer') COLLATE utf8_unicode_ci NOT NULL DEFAULT 'Content',
  `template_for` enum('Platform','Merchant') COLLATE utf8_unicode_ci NOT NULL DEFAULT 'Platform',
  `files` longtext COLLATE utf8_unicode_ci,
  `deleted_at` timestamp NULL DEFAULT NULL,
  `created_at` timestamp NULL DEFAULT NULL,
  `updated_at` timestamp NULL DEFAULT NULL
) ENGINE=InnoDB DEFAULT CHARSET=utf8 COLLATE=utf8_unicode_ci;

--
-- Dumping data for table `email_templates`
--

INSERT INTO `email_templates` (`id`, `shop_id`, `name`, `sender_name`, `sender_email`, `subject`, `body`, `type`, `position`, `template_for`, `files`, `deleted_at`, `created_at`, `updated_at`) VALUES
(1, NULL, 'Welcome Merchant', NULL, 'support@domain.com', 'Welcome to {platform_name}', '<table class=\"m_886163020439323843footer\" width=\"700\" height=\"165\" bgcolor=\"#efefef\" align=\"center\" border=\"0\" cellpadding=\"0\" cellspacing=\"0\"><tbody><tr><td valign=\"bottom\" style=\"color:#999;line-height:18px;font-size:11px;font-family:arial\">Site Access: <a href=\"http://d.incevio.com/http://www.incevio.com/?tracelog=rowan&amp;rowan_id1=sellerLeaveFeedbackToBuyer_en_US_2017-10-22&amp;rowan_msg_id=c063bc521feb4649a25121ff130ac482&amp;ck=in_edm_other\" style=\"color:#999;text-decoration:underline;font-size:11px;font-family:arial\" target=\"_blank\" data-saferedirecturl=\"https://www.google.com/url?hl=en&amp;q=http://d.incevio.com/http://www.incevio.com/?tracelog%3Drowan%26rowan_id1%3DsellerLeaveFeedbackToBuyer_en_US_2017-10-22%26rowan_msg_id%3Dc063bc521feb4649a25121ff130ac482%26ck%3Din_edm_other&amp;source=gmail&amp;ust=1508835770795000&amp;usg=AFQjCNFswRI--_oSylG_TCSI9jMZfEgJFw\">Homepage</a> <span style=\"color:#999\">|</span> <a href=\"http://d.incevio.com/http://trade.incevio.com?tracelog=rowan&amp;rowan_id1=sellerLeaveFeedbackToBuyer_en_US_2017-10-22&amp;rowan_msg_id=c063bc521feb4649a25121ff130ac482&amp;ck=in_edm_other\" style=\"color:#999;text-decoration:underline;font-size:11px;font-family:arial\" target=\"_blank\" data-saferedirecturl=\"https://www.google.com/url?hl=en&amp;q=http://d.incevio.com/http://trade.incevio.com?tracelog%3Drowan%26rowan_id1%3DsellerLeaveFeedbackToBuyer_en_US_2017-10-22%26rowan_msg_id%3Dc063bc521feb4649a25121ff130ac482%26ck%3Din_edm_other&amp;source=gmail&amp;ust=1508835770795000&amp;usg=AFQjCNHs5u0lVvXx_IxyFnkfBFEuVdacig\">My Orders</a> <span style=\"color:#999\">|</span> <a href=\"http://d.incevio.com/http://www.incevio.com/buyerprotection/index.html?tracelog=rowan&amp;rowan_id1=sellerLeaveFeedbackToBuyer_en_US_2017-10-22&amp;rowan_msg_id=c063bc521feb4649a25121ff130ac482&amp;ck=in_edm_other\" style=\"color:#999;text-decoration:underline;font-size:11px;font-family:arial\" target=\"_blank\" data-saferedirecturl=\"https://www.google.com/url?hl=en&amp;q=http://d.incevio.com/http://www.incevio.com/buyerprotection/index.html?tracelog%3Drowan%26rowan_id1%3DsellerLeaveFeedbackToBuyer_en_US_2017-10-22%26rowan_msg_id%3Dc063bc521feb4649a25121ff130ac482%26ck%3Din_edm_other&amp;source=gmail&amp;ust=1508835770795000&amp;usg=AFQjCNFgBGjO2cWQlMNn3ok1sdo9FEI0PQ\">Buyer Protection</a> <span style=\"color:#999\">|</span> <a href=\"http://help.incevio.com/?tracelog=rowan&amp;rowan_id1=sellerLeaveFeedbackToBuyer_en_US_2017-10-22&amp;rowan_msg_id=c063bc521feb4649a25121ff130ac482&amp;ck=in_edm_other\" style=\"color:#999;text-decoration:underline;font-size:11px;font-family:arial\" target=\"_blank\" data-saferedirecturl=\"https://www.google.com/url?hl=en&amp;q=http://help.incevio.com/?tracelog%3Drowan%26rowan_id1%3DsellerLeaveFeedbackToBuyer_en_US_2017-10-22%26rowan_msg_id%3Dc063bc521feb4649a25121ff130ac482%26ck%3Din_edm_other&amp;source=gmail&amp;ust=1508835770795000&amp;usg=AFQjCNEY6uWlpV61xJ2EWu_OnR1ImK1k8A\">Help Center</a> <span style=\"color:#999\">|</span> <a href=\"http://www.incevio.com/help/home.html#contact?tracelog=rowan&amp;rowan_id1=sellerLeaveFeedbackToBuyer_en_US_2017-10-22&amp;rowan_msg_id=c063bc521feb4649a25121ff130ac482&amp;ck=in_edm_other\" style=\"color:#999;text-decoration:underline;font-size:11px;font-family:arial\" target=\"_blank\" data-saferedirecturl=\"https://www.google.com/url?hl=en&amp;q=http://www.incevio.com/help/home.html%23contact?tracelog%3Drowan%26rowan_id1%3DsellerLeaveFeedbackToBuyer_en_US_2017-10-22%26rowan_msg_id%3Dc063bc521feb4649a25121ff130ac482%26ck%3Din_edm_other&amp;source=gmail&amp;ust=1508835770795000&amp;usg=AFQjCNFrHNdxDedZiwv6L-zLA4_5jthBKw\">Contact Us</a><br><a href=\"http://us.my.incevio.com/user/company/forget_password_input_email.htm?edm_src=wto&amp;edm_type=ifm&amp;edm_cta=footer&amp;tracelog=rowan&amp;rowan_id1=sellerLeaveFeedbackToBuyer_en_US_2017-10-22&amp;rowan_msg_id=c063bc521feb4649a25121ff130ac482&amp;ck=in_edm_other\" style=\"color:#999;text-decoration:underline\" target=\"_blank\" data-saferedirecturl=\"https://www.google.com/url?hl=en&amp;q=http://us.my.incevio.com/user/company/forget_password_input_email.htm?edm_src%3Dwto%26edm_type%3Difm%26edm_cta%3Dfooter%26tracelog%3Drowan%26rowan_id1%3DsellerLeaveFeedbackToBuyer_en_US_2017-10-22%26rowan_msg_id%3Dc063bc521feb4649a25121ff130ac482%26ck%3Din_edm_other&amp;source=gmail&amp;ust=1508835770795000&amp;usg=AFQjCNGl36Hq7gk2E4ZfaHgnp8lgblu0Hw\">Forgot your password?</a> <br>This email was sent to <a href=\"http://d.incevio.com/mailto:?tracelog=rowan&amp;rowan_id1=sellerLeaveFeedbackToBuyer_en_US_2017-10-22&amp;rowan_msg_id=c063bc521feb4649a25121ff130ac482&amp;ck=in_edm_other\" style=\"color:#999;text-decoration:underline\" target=\"_blank\" data-saferedirecturl=\"https://www.google.com/url?hl=en&amp;q=http://d.incevio.com/mailto:?tracelog%3Drowan%26rowan_id1%3DsellerLeaveFeedbackToBuyer_en_US_2017-10-22%26rowan_msg_id%3Dc063bc521feb4649a25121ff130ac482%26ck%3Din_edm_other&amp;source=gmail&amp;ust=1508835770795000&amp;usg=AFQjCNF57ZGzDDxPVbiErICMxd6_6wJH0Q\"></a>. <br>You are receiving this email because you are a registered member of <a href=\"http://d.incevio.com/http://www.incevio.com?tracelog=rowan&amp;rowan_id1=sellerLeaveFeedbackToBuyer_en_US_2017-10-22&amp;rowan_msg_id=c063bc521feb4649a25121ff130ac482&amp;ck=in_edm_other\" style=\"color:#999;text-decoration:underline\" target=\"_blank\" data-saferedirecturl=\"https://www.google.com/url?hl=en&amp;q=http://d.incevio.com/http://www.incevio.com?tracelog%3Drowan%26rowan_id1%3DsellerLeaveFeedbackToBuyer_en_US_2017-10-22%26rowan_msg_id%3Dc063bc521feb4649a25121ff130ac482%26ck%3Din_edm_other&amp;source=gmail&amp;ust=1508835770795000&amp;usg=AFQjCNEV-vw0uLnpfTBy2KjLmMrSWfquEA\">www.<span class=\"il\">incevio</span>.com</a>, powered by incevio.com. <br>Read our <a href=\"http://www.incevio.com/help/safety_security/policies_rules/others/001.html?tracelog=rowan&amp;rowan_id1=sellerLeaveFeedbackToBuyer_en_US_2017-10-22&amp;rowan_msg_id=c063bc521feb4649a25121ff130ac482&amp;ck=in_edm_other\" style=\"color:#999;text-decoration:underline\" target=\"_blank\" data-saferedirecturl=\"https://www.google.com/url?hl=en&amp;q=http://www.incevio.com/help/safety_security/policies_rules/others/001.html?tracelog%3Drowan%26rowan_id1%3DsellerLeaveFeedbackToBuyer_en_US_2017-10-22%26rowan_msg_id%3Dc063bc521feb4649a25121ff130ac482%26ck%3Din_edm_other&amp;source=gmail&amp;ust=1508835770795000&amp;usg=AFQjCNHhvncoIuRqRpPKKTgyRYpiV6Z5vg\">Privacy Policy</a> and <a href=\"http://www.incevio.com/help/safety_security/policies_rules/others/002.html?tracelog=rowan&amp;rowan_id1=sellerLeaveFeedbackToBuyer_en_US_2017-10-22&amp;rowan_msg_id=c063bc521feb4649a25121ff130ac482&amp;ck=in_edm_other\" style=\"color:#999;text-decoration:underline\" target=\"_blank\" data-saferedirecturl=\"https://www.google.com/url?hl=en&amp;q=http://www.incevio.com/help/safety_security/policies_rules/others/002.html?tracelog%3Drowan%26rowan_id1%3DsellerLeaveFeedbackToBuyer_en_US_2017-10-22%26rowan_msg_id%3Dc063bc521feb4649a25121ff130ac482%26ck%3Din_edm_other&amp;source=gmail&amp;ust=1508835770795000&amp;usg=AFQjCNGdCuw2_Z7MHkHP5eKVE0mPoK_ysA\">Terms of Use</a> if you have any questions. <br><span class=\"il\">incevio</span> Service Center: <a href=\"http://d.incevio.com/mailto:buyer@incevio.com?tracelog=rowan&amp;rowan_id1=sellerLeaveFeedbackToBuyer_en_US_2017-10-22&amp;rowan_msg_id=c063bc521feb4649a25121ff130ac482&amp;ck=in_edm_other\" style=\"color:#999;text-decoration:underline\" target=\"_blank\" data-saferedirecturl=\"https://www.google.com/url?hl=en&amp;q=http://d.incevio.com/mailto:buyer@incevio.com?tracelog%3Drowan%26rowan_id1%3DsellerLeaveFeedbackToBuyer_en_US_2017-10-22%26rowan_msg_id%3Dc063bc521feb4649a25121ff130ac482%26ck%3Din_edm_other&amp;source=gmail&amp;ust=1508835770795000&amp;usg=AFQjCNEZo5gjjdfsNWKIaeuOQoM6rxxuNQ\">buyer@<span class=\"il\">incevio</span>.com</a> <br>incevio.com Hong Kong Limited, 26/F Tower One, Times Square1 Matheson Street Causeway Bay, Hong Kong.</td></tr><tr><td height=\"20\">&nbsp;</td></tr></tbody></table>', 'HTML', 'Footer', 'Platform', NULL, NULL, '2022-02-12 22:25:05', '2022-02-12 22:25:05'),
(2, NULL, 'Welcome Merchant', NULL, 'support@domain.com', 'Welcome to {platform_name}', 'Welcome to {platform_name}', 'HTML', 'Content', 'Platform', NULL, NULL, '2022-02-12 22:25:05', '2022-02-12 22:25:05'),
(3, NULL, 'Welcome User', NULL, 'support@domain.com', 'Welcome to {shop_name}', '<!DOCTYPE html PUBLIC \"-//W3C//DTD XHTML 1.0 Transitional//EN\" \"http://www.w3.org/TR/xhtml1/DTD/xhtml1-transitional.dtd\">\n                <html xmlns=\"http://www.w3.org/1999/xhtml\">\n                <head>\n                  <meta http-equiv=\"Content-Type\" content=\"text/html; charset=utf-8\" />\n                  <meta name=\"viewport\" content=\"width=device-width\" />\n                  <title>Airmail Welcome</title>\n                </head>\n                <body bgcolor=\"#ffffff\">\n                  <div align=\"center\">\n                    <table class=\"head-wrap w320 full-width-gmail-android\" bgcolor=\"#f9f8f8\" cellpadding=\"0\" cellspacing=\"0\" border=\"0\" width=\"100%\">\n                      <tr>\n                        <td background=\"https://www.filepicker.io/api/file/UOesoVZTFObSHCgUDygC\" bgcolor=\"#ffffff\" width=\"100%\" height=\"8\" valign=\"top\">\n                          <!--[if gte mso 9]>\n                          <v:rect xmlns:v=\"urn:schemas-microsoft-com:vml\" fill=\"true\" stroke=\"false\" style=\"mso-width-percent:1000;height:8px;\">\n                            <v:fill type=\"tile\" src=\"https://www.filepicker.io/api/file/UOesoVZTFObSHCgUDygC\" color=\"#ffffff\" />\n                            <v:textbox inset=\"0,0,0,0\">\n                          <![endif]-->\n                          <div height=\"8\">\n                          </div>\n                          <!--[if gte mso 9]>\n                            </v:textbox>\n                          </v:rect>\n                          <![endif]-->\n                        </td>\n                      </tr>\n                      <tr class=\"header-background\">\n                        <td class=\"header container\" align=\"center\">\n                          <div class=\"content\">\n                            <span class=\"brand\">\n                              <a href=\"#\">\n                                Company Name\n                              </a>\n                            </span>\n                          </div>\n                        </td>\n                      </tr>\n                    </table>\n\n                    <table class=\"body-wrap w320\">\n                      <tr>\n                        <td></td>\n                        <td class=\"container\">\n                          <div class=\"content\">\n                            <table cellspacing=\"0\">\n                              <tr>\n                                <td>\n                                  <table class=\"soapbox\">\n                                    <tr>\n                                      <td class=\"soapbox-title\">Welcome to {platform_name}</td>\n                                    </tr>\n                                  </table>\n                                  <table class=\"status-container single\">\n                                    <tr>\n                                      <td class=\"status-padding\"></td>\n                                      <td>\n                                        <table class=\"status\" bgcolor=\"#fffeea\" cellspacing=\"0\">\n                                          <tr>\n                                            <td class=\"status-cell\">\n                                              Coupon code: <b>13448278949</b>\n                                            </td>\n                                          </tr>\n                                        </table>\n                                      </td>\n                                      <td class=\"status-padding\"></td>\n                                    </tr>\n                                  </table>\n                                  <table class=\"body\">\n                                    <tr>\n                                      <td class=\"body-padding\"></td>\n                                      <td class=\"body-padded\">\n                                        <div class=\"body-title\">Hey {{ first_name }}, thanks for signing up</div>\n                                        <table class=\"body-text\">\n                                          <tr>\n                                            <td class=\"body-text-cell\">\n                                              We\'re really excited for you to join our community! You\'re just one click away from activate your account.\n                                            </td>\n                                          </tr>\n                                        </table>\n                                        <div style=\"text-align:left;\"><!--[if mso]>\n                                          <v:roundrect xmlns:v=\"urn:schemas-microsoft-com:vml\" xmlns:w=\"urn:schemas-microsoft-com:office:word\" href=\"#\" style=\"height:38px;v-text-anchor:middle;width:190px;\" arcsize=\"11%\" strokecolor=\"#407429\" fill=\"t\">\n                                            <v:fill type=\"tile\" src=\"https://www.filepicker.io/api/file/N8GiNGsmT6mK6ORk00S7\" color=\"#41CC00\" />\n                                            <w:anchorlock/>\n                                            <center style=\"color:#ffffff;font-family:sans-serif;font-size:17px;font-weight:bold;\">Come on back</center>\n                                          </v:roundrect>\n                                        <![endif]--><a href=\"#\"\n                                        style=\"background-color:#41CC00;background-image:url(https://www.filepicker.io/api/file/N8GiNGsmT6mK6ORk00S7);border:1px solid #407429;border-radius:4px;color:#ffffff;display:inline-block;font-family:sans-serif;font-size:17px;font-weight:bold;text-shadow: -1px -1px #47A54B;line-height:38px;text-align:center;text-decoration:none;width:190px;-webkit-text-size-adjust:none;mso-hide:all;\">Activate Account!</a></div>\n                                        <table class=\"body-signature-block\">\n                                          <tr>\n                                            <td class=\"body-signature-cell\">\n                                              <p>Thanks so much,</p>\n                                              <p class=\"body-signature\"><img src=\"https://www.filepicker.io/api/file/2R9HpqboTPaB4NyF35xt\" alt=\"Company Name\"></p>\n                                            </td>\n                                          </tr>\n                                        </table>\n                                      </td>\n                                      <td class=\"body-padding\"></td>\n                                    </tr>\n                                  </table>\n                                </td>\n                              </tr>\n                            </table>\n                          </div>\n                        </td>\n                        <td></td>\n                      </tr>\n                    </table>\n\n                    <table class=\"footer-wrap w320 full-width-gmail-android\" bgcolor=\"#e5e5e5\">\n                      <tr>\n                        <td class=\"container\">\n                          <div class=\"content footer-lead\">\n                            <a href=\"#\"><b>Get in touch</b></a> if you have any questions or feedback\n                          </div>\n                        </td>\n                      </tr>\n                    </table>\n                    <table class=\"footer-wrap w320 full-width-gmail-android\" bgcolor=\"#e5e5e5\">\n                      <tr>\n                        <td class=\"container\">\n                          <div class=\"content\">\n                            <a href=\"#\">Contact Us</a>&nbsp;&nbsp;|&nbsp;&nbsp;\n                            <span class=\"footer-group\">\n                              <a href=\"#\">Facebook</a>&nbsp;&nbsp;|&nbsp;&nbsp;\n                              <a href=\"#\">Twitter</a>&nbsp;&nbsp;|&nbsp;&nbsp;\n                              <a href=\"#\">Support</a>\n                            </span>\n                          </div>\n                        </td>\n                      </tr>\n                    </table>\n                  </div>\n\n                </body>\n                </html>\n                ', 'HTML', 'Content', 'Platform', NULL, NULL, '2022-02-12 22:25:05', '2022-02-12 22:25:05'),
(4, NULL, 'Welcome Customer', NULL, 'support@domain.com', 'Welcome to {platform_name}', '<!DOCTYPE html PUBLIC \"-//W3C//DTD XHTML 1.0 Transitional//EN\" \"http://www.w3.org/TR/xhtml1/DTD/xhtml1-transitional.dtd\">\n<html xmlns=\"http://www.w3.org/1999/xhtml\">\n<head>\n  <meta http-equiv=\"Content-Type\" content=\"text/html; charset=utf-8\" />\n  <meta name=\"viewport\" content=\"width=device-width\" />\n  <title>Airmail Welcome</title>\n</head>\n<body bgcolor=\"#ffffff\">\n  <div align=\"center\">\n    <table class=\"head-wrap w320 full-width-gmail-android\" bgcolor=\"#f9f8f8\" cellpadding=\"0\" cellspacing=\"0\" border=\"0\" width=\"100%\">\n      <tr>\n        <td background=\"https://www.filepicker.io/api/file/UOesoVZTFObSHCgUDygC\" bgcolor=\"#ffffff\" width=\"100%\" height=\"8\" valign=\"top\">\n          <!--[if gte mso 9]>\n          <v:rect xmlns:v=\"urn:schemas-microsoft-com:vml\" fill=\"true\" stroke=\"false\" style=\"mso-width-percent:1000;height:8px;\">\n            <v:fill type=\"tile\" src=\"https://www.filepicker.io/api/file/UOesoVZTFObSHCgUDygC\" color=\"#ffffff\" />\n            <v:textbox inset=\"0,0,0,0\">\n          <![endif]-->\n          <div height=\"8\">\n          </div>\n          <!--[if gte mso 9]>\n            </v:textbox>\n          </v:rect>\n          <![endif]-->\n        </td>\n      </tr>\n      <tr class=\"header-background\">\n        <td class=\"header container\" align=\"center\">\n          <div class=\"content\">\n            <span class=\"brand\">\n              <a href=\"#\">\n                Company Name\n              </a>\n            </span>\n          </div>\n        </td>\n      </tr>\n    </table>\n\n    <table class=\"body-wrap w320\">\n      <tr>\n        <td></td>\n        <td class=\"container\">\n          <div class=\"content\">\n            <table cellspacing=\"0\">\n              <tr>\n                <td>\n                  <table class=\"soapbox\">\n                    <tr>\n                      <td class=\"soapbox-title\">Welcome to {platform_name}</td>\n                    </tr>\n                  </table>\n                  <table class=\"status-container single\">\n                    <tr>\n                      <td class=\"status-padding\"></td>\n                      <td>\n                        <table class=\"status\" bgcolor=\"#fffeea\" cellspacing=\"0\">\n                          <tr>\n                            <td class=\"status-cell\">\n                              Coupon code: <b>13448278949</b>\n                            </td>\n                          </tr>\n                        </table>\n                      </td>\n                      <td class=\"status-padding\"></td>\n                    </tr>\n                  </table>\n                  <table class=\"body\">\n                    <tr>\n                      <td class=\"body-padding\"></td>\n                      <td class=\"body-padded\">\n                        <div class=\"body-title\">Hey {{ first_name }}, thanks for signing up</div>\n                        <table class=\"body-text\">\n                          <tr>\n                            <td class=\"body-text-cell\">\n                              We\'re really excited for you to join our community! You\'re just one click away from activate your account.\n                            </td>\n                          </tr>\n                        </table>\n                        <div style=\"text-align:left;\"><!--[if mso]>\n                          <v:roundrect xmlns:v=\"urn:schemas-microsoft-com:vml\" xmlns:w=\"urn:schemas-microsoft-com:office:word\" href=\"#\" style=\"height:38px;v-text-anchor:middle;width:190px;\" arcsize=\"11%\" strokecolor=\"#407429\" fill=\"t\">\n                            <v:fill type=\"tile\" src=\"https://www.filepicker.io/api/file/N8GiNGsmT6mK6ORk00S7\" color=\"#41CC00\" />\n                            <w:anchorlock/>\n                            <center style=\"color:#ffffff;font-family:sans-serif;font-size:17px;font-weight:bold;\">Come on back</center>\n                          </v:roundrect>\n                        <![endif]--><a href=\"#\"\n                        style=\"background-color:#41CC00;background-image:url(https://www.filepicker.io/api/file/N8GiNGsmT6mK6ORk00S7);border:1px solid #407429;border-radius:4px;color:#ffffff;display:inline-block;font-family:sans-serif;font-size:17px;font-weight:bold;text-shadow: -1px -1px #47A54B;line-height:38px;text-align:center;text-decoration:none;width:190px;-webkit-text-size-adjust:none;mso-hide:all;\">Activate Account!</a></div>\n                        <table class=\"body-signature-block\">\n                          <tr>\n                            <td class=\"body-signature-cell\">\n                              <p>Thanks so much,</p>\n                              <p class=\"body-signature\"><img src=\"https://www.filepicker.io/api/file/2R9HpqboTPaB4NyF35xt\" alt=\"Company Name\"></p>\n                            </td>\n                          </tr>\n                        </table>\n                      </td>\n                      <td class=\"body-padding\"></td>\n                    </tr>\n                  </table>\n                </td>\n              </tr>\n            </table>\n          </div>\n        </td>\n        <td></td>\n      </tr>\n    </table>\n\n    <table class=\"footer-wrap w320 full-width-gmail-android\" bgcolor=\"#e5e5e5\">\n      <tr>\n        <td class=\"container\">\n          <div class=\"content footer-lead\">\n            <a href=\"#\"><b>Get in touch</b></a> if you have any questions or feedback\n          </div>\n        </td>\n      </tr>\n    </table>\n    <table class=\"footer-wrap w320 full-width-gmail-android\" bgcolor=\"#e5e5e5\">\n      <tr>\n        <td class=\"container\">\n          <div class=\"content\">\n            <a href=\"#\">Contact Us</a>&nbsp;&nbsp;|&nbsp;&nbsp;\n            <span class=\"footer-group\">\n              <a href=\"#\">Facebook</a>&nbsp;&nbsp;|&nbsp;&nbsp;\n              <a href=\"#\">Twitter</a>&nbsp;&nbsp;|&nbsp;&nbsp;\n              <a href=\"#\">Support</a>\n            </span>\n          </div>\n        </td>\n      </tr>\n    </table>\n  </div>\n\n</body>\n</html>\n', 'HTML', 'Content', 'Platform', NULL, NULL, '2022-02-12 22:25:05', '2022-02-12 22:25:05'),
(5, NULL, 'User account updated', NULL, 'support@domain.com', 'Your account settings have been updated', '<!DOCTYPE html PUBLIC \"-//W3C//DTD XHTML 1.0 Transitional//EN\" \"http://www.w3.org/TR/xhtml1/DTD/xhtml1-transitional.dtd\">\n<html xmlns=\"http://www.w3.org/1999/xhtml\">\n<head>\n  <meta http-equiv=\"Content-Type\" content=\"text/html; charset=utf-8\" />\n  <meta name=\"viewport\" content=\"width=device-width\" />\n  <title>Airmail Ping</title>\n</head>\n\n<body bgcolor=\"#ffffff\">\n\n  <div align=\"center\">\n    <table class=\"head-wrap w320 full-width-gmail-android\" bgcolor=\"#f9f8f8\" cellpadding=\"0\" cellspacing=\"0\" border=\"0\">\n      <tr>\n        <td background=\"https://www.filepicker.io/api/file/UOesoVZTFObSHCgUDygC\" bgcolor=\"#ffffff\" width=\"100%\" height=\"8\" valign=\"top\">\n          <!--[if gte mso 9]>\n          <v:rect xmlns:v=\"urn:schemas-microsoft-com:vml\" fill=\"true\" stroke=\"false\" style=\"mso-width-percent:1000;height:8px;\">\n            <v:fill type=\"tile\" src=\"https://www.filepicker.io/api/file/UOesoVZTFObSHCgUDygC\" color=\"#ffffff\" />\n            <v:textbox inset=\"0,0,0,0\">\n          <![endif]-->\n          <div height=\"8\">\n          </div>\n          <!--[if gte mso 9]>\n            </v:textbox>\n          </v:rect>\n          <![endif]-->\n        </td>\n      </tr>\n      <tr class=\"header-background\">\n        <td class=\"header container\" align=\"center\">\n          <div class=\"content\">\n            <span class=\"brand\">\n              <a href=\"#\">\n                Company Name\n              </a>\n            </span>\n          </div>\n        </td>\n      </tr>\n    </table>\n\n    <table class=\"body-wrap w320\">\n      <tr>\n        <td></td>\n        <td class=\"container\">\n          <div class=\"content\">\n            <table cellspacing=\"0\">\n              <tr>\n                <td>\n                  <table class=\"soapbox\">\n                    <tr>\n                      <td class=\"soapbox-title\">Your account settings have been updated</td>\n                    </tr>\n                  </table>\n                  <table class=\"body\">\n                    <tr>\n                      <td class=\"body-padding\"></td>\n                      <td class=\"body-padded\">\n                        <div class=\"body-title\">Hi {{ first_name }},</div>\n                        <table class=\"body-text\">\n                          <tr>\n                            <td class=\"body-text-cell\">\n                              Your account settings have been updated. If you did not update your settings, please <a href=\"#\">contact support</a>.\n                            </td>\n                          </tr>\n                        </table>\n                        <div><!--[if mso]>\n                          <v:roundrect xmlns:v=\"urn:schemas-microsoft-com:vml\" xmlns:w=\"urn:schemas-microsoft-com:office:word\" href=\"#\" style=\"height:38px;v-text-anchor:middle;width:230px;\" arcsize=\"11%\" strokecolor=\"#407429\" fill=\"t\">\n                            <v:fill type=\"tile\" src=\"https://www.filepicker.io/api/file/N8GiNGsmT6mK6ORk00S7\" color=\"#41CC00\" />\n                            <w:anchorlock/>\n                            <center style=\"color:#ffffff;font-family:sans-serif;font-size:17px;font-weight:bold;\">Review Account Settings</center>\n                          </v:roundrect>\n                        <![endif]--><a href=\"#\"\n                        style=\"background-color:#41CC00;background-image:url(https://www.filepicker.io/api/file/N8GiNGsmT6mK6ORk00S7);border:1px solid #407429;border-radius:4px;color:#ffffff;display:inline-block;font-family:sans-serif;font-size:17px;font-weight:bold;text-shadow: -1px -1px #47A54B;line-height:38px;text-align:center;text-decoration:none;width:230px;-webkit-text-size-adjust:none;mso-hide:all;\">Review Account Settings</a></div>\n                        <table class=\"body-signature-block\">\n                          <tr>\n                            <td class=\"body-signature-cell\">\n                              <p>Thanks for being a customer!</p>\n                              <p class=\"body-signature\"><img src=\"https://www.filepicker.io/api/file/2R9HpqboTPaB4NyF35xt\" alt=\"Company Name\"></p>\n                            </td>\n                          </tr>\n                        </table>\n                      </td>\n                      <td class=\"body-padding\"></td>\n                    </tr>\n                  </table>\n                </td>\n              </tr>\n            </table>\n          </div>\n        </td>\n        <td></td>\n      </tr>\n    </table>\n\n    <table class=\"footer-wrap w320 full-width-gmail-android\" bgcolor=\"#e5e5e5\">\n      <tr>\n        <td></td>\n        <td class=\"container\">\n          <div class=\"content footer-lead\">\n            <a href=\"#\"><b>Get in touch</b></a> if you have any questions or feedback\n          </div>\n        </td>\n        <td></td>\n      </tr>\n    </table>\n    <table class=\"footer-wrap w320 full-width-gmail-android\" bgcolor=\"#e5e5e5\">\n      <tr>\n        <td></td>\n        <td class=\"container\">\n          <div class=\"content\">\n            <a href=\"#\">Contact Us</a>&nbsp;&nbsp;|&nbsp;&nbsp;\n            <span class=\"footer-group\">\n              <a href=\"#\">Facebook</a>&nbsp;&nbsp;|&nbsp;&nbsp;\n              <a href=\"#\">Twitter</a>&nbsp;&nbsp;|&nbsp;&nbsp;\n              <a href=\"#\">Support</a>\n            </span>\n          </div>\n        </td>\n        <td></td>\n      </tr>\n    </table>\n  </div>\n\n</body>\n</html>\n', 'HTML', 'Content', 'Platform', NULL, NULL, '2022-02-12 22:25:05', '2022-02-12 22:25:05');

-- --------------------------------------------------------

--
