-- Table structure for table `inventory_packaging`
--

CREATE TABLE `inventory_packaging` (
  `packaging_id` int(10) UNSIGNED NOT NULL,
  `inventory_id` bigint(20) UNSIGNED NOT NULL,
  `created_at` timestamp NULL DEFAULT NULL,
  `updated_at` timestamp NULL DEFAULT NULL
) ENGINE=InnoDB DEFAULT CHARSET=utf8 COLLATE=utf8_unicode_ci;

-- --------------------------------------------------------

--
-- Table structure for table `invoices`
--

CREATE TABLE `invoices` (
  `id` int(10) UNSIGNED NOT NULL,
  `user_id` bigint(20) DEFAULT NULL,
  `shop_id` int(11) DEFAULT NULL,
  `provider_id` varchar(255) COLLATE utf8_unicode_ci NOT NULL,
  `total` decimal(8,2) DEFAULT NULL,
  `tax` decimal(8,2) DEFAULT NULL,
  `card_country` varchar(255) COLLATE utf8_unicode_ci DEFAULT NULL,
  `billing_state` varchar(255) COLLATE utf8_unicode_ci DEFAULT NULL,
  `billing_zip` varchar(255) COLLATE utf8_unicode_ci DEFAULT NULL,
  `billing_country` varchar(255) COLLATE utf8_unicode_ci DEFAULT NULL,
  `created_at` timestamp NULL DEFAULT NULL,
  `updated_at` timestamp NULL DEFAULT NULL
) ENGINE=InnoDB DEFAULT CHARSET=utf8 COLLATE=utf8_unicode_ci;

-- --------------------------------------------------------

--
-- Table structure for table `jobs`
--

CREATE TABLE `jobs` (
  `id` bigint(20) UNSIGNED NOT NULL,
  `queue` varchar(255) COLLATE utf8_unicode_ci NOT NULL,
  `payload` longtext COLLATE utf8_unicode_ci NOT NULL,
  `attempts` tinyint(3) UNSIGNED NOT NULL,
  `reserved_at` int(10) UNSIGNED DEFAULT NULL,
  `available_at` int(10) UNSIGNED NOT NULL,
  `created_at` int(10) UNSIGNED NOT NULL
) ENGINE=InnoDB DEFAULT CHARSET=utf8 COLLATE=utf8_unicode_ci;

-- --------------------------------------------------------

--
-- Table structure for table `languages`
--

CREATE TABLE `languages` (
  `id` int(10) UNSIGNED NOT NULL,
  `code` varchar(255) COLLATE utf8_unicode_ci NOT NULL,
  `php_locale_code` varchar(255) COLLATE utf8_unicode_ci NOT NULL,
  `language` text COLLATE utf8_unicode_ci NOT NULL,
  `order` int(11) NOT NULL DEFAULT '100',
  `rtl` tinyint(1) DEFAULT '0',
  `active` tinyint(1) DEFAULT '0',
  `deleted_at` timestamp NULL DEFAULT NULL,
  `created_at` timestamp NULL DEFAULT NULL,
  `updated_at` timestamp NULL DEFAULT NULL
) ENGINE=InnoDB DEFAULT CHARSET=utf8 COLLATE=utf8_unicode_ci;

--
-- Dumping data for table `languages`
--

INSERT INTO `languages` (`id`, `code`, `php_locale_code`, `language`, `order`, `rtl`, `active`, `deleted_at`, `created_at`, `updated_at`) VALUES
(1, 'en', 'en_US', 'English', 1, 0, 1, NULL, '2022-02-12 22:24:49', '2022-02-12 22:24:49'),
(2, 'es', 'es_ES', 'Spanish', 2, 0, 1, NULL, '2022-02-12 22:24:49', '2022-02-12 22:24:49'),
(3, 'fa', 'fa_IR', 'Persian', 3, 1, 1, NULL, '2022-02-12 22:24:49', '2022-02-12 22:24:49'),
(4, 'bn', 'bn_BD', 'Bangla (Bangali)', 4, 0, 1, NULL, '2022-02-12 22:24:49', '2022-02-12 22:24:49'),
(5, 'ar', 'ar_AE', 'Arabic', 100, 1, 0, NULL, '2022-02-12 22:24:49', '2022-02-12 22:24:49'),
(6, 'zh', 'zh_CN', 'Chinese', 100, 0, 0, NULL, '2022-02-12 22:24:49', '2022-02-12 22:24:49'),
(7, 'hi', 'hi_IN', 'Hindi', 100, 0, 0, NULL, '2022-02-12 22:24:49', '2022-02-12 22:24:49'),
(8, 'da', 'da_DK', 'Danish', 100, 0, 0, NULL, '2022-02-12 22:24:49', '2022-02-12 22:24:49'),
(9, 'de', 'de_DE', 'German', 100, 0, 0, NULL, '2022-02-12 22:24:49', '2022-02-12 22:24:49'),
(10, 'el', 'el_GR', 'Greek', 100, 0, 0, NULL, '2022-02-12 22:24:49', '2022-02-12 22:24:49'),
(11, 'fr', 'fr_FR', 'French', 100, 0, 0, NULL, '2022-02-12 22:24:49', '2022-02-12 22:24:49'),
(12, 'he', 'he_IL', 'Hebrew', 100, 1, 0, NULL, '2022-02-12 22:24:49', '2022-02-12 22:24:49'),
(13, 'nl', 'nl_NL', 'Dutch', 100, 0, 0, NULL, '2022-02-12 22:24:49', '2022-02-12 22:24:49'),
(14, 'no', 'no_NO', 'Norwegian', 100, 0, 0, NULL, '2022-02-12 22:24:49', '2022-02-12 22:24:49'),
(15, 'pt', 'pt', 'Portuguese', 100, 0, 0, NULL, '2022-02-12 22:24:49', '2022-02-12 22:24:49'),
(16, 'pt_PT', 'pt_PT', 'Portuguese', 100, 0, 0, NULL, '2022-02-12 22:24:49', '2022-02-12 22:24:49'),
(17, 'ru', 'ru_RU', 'Russian', 100, 0, 0, NULL, '2022-02-12 22:24:49', '2022-02-12 22:24:49'),
(18, 'sv', 'sv_SE', 'Swedish', 100, 0, 0, NULL, '2022-02-12 22:24:49', '2022-02-12 22:24:49'),
(19, 'th', 'th_TH', 'Thai', 100, 0, 0, NULL, '2022-02-12 22:24:49', '2022-02-12 22:24:49'),
(20, 'tr', 'tr_TR', 'Turkish', 100, 0, 0, NULL, '2022-02-12 22:24:49', '2022-02-12 22:24:49'),
(21, 'id', 'id_ID', 'Indonesian', 100, 0, 0, NULL, '2022-02-12 22:24:49', '2022-02-12 22:24:49'),
(22, 'vi', 'vi_VN', 'Vietnamese', 100, 0, 0, NULL, '2022-02-12 22:24:49', '2022-02-12 22:24:49'),
(23, 'uk', 'uk_UA', 'Ukrainian', 100, 0, 0, NULL, '2022-02-12 22:24:49', '2022-02-12 22:24:49');

-- --------------------------------------------------------

--
-- Table structure for table `manufacturers`
--

CREATE TABLE `manufacturers` (
  `id` int(10) UNSIGNED NOT NULL,
  `shop_id` int(10) UNSIGNED DEFAULT NULL,
  `name` varchar(255) COLLATE utf8_unicode_ci NOT NULL,
  `slug` varchar(200) COLLATE utf8_unicode_ci NOT NULL,
  `email` varchar(255) COLLATE utf8_unicode_ci DEFAULT NULL,
  `url` text COLLATE utf8_unicode_ci,
  `phone` varchar(255) COLLATE utf8_unicode_ci DEFAULT NULL,
  `description` longtext COLLATE utf8_unicode_ci,
  `country_id` int(10) UNSIGNED DEFAULT NULL,
  `active` tinyint(1) NOT NULL DEFAULT '1',
  `deleted_at` timestamp NULL DEFAULT NULL,
  `created_at` timestamp NULL DEFAULT NULL,
  `updated_at` timestamp NULL DEFAULT NULL
) ENGINE=InnoDB DEFAULT CHARSET=utf8 COLLATE=utf8_unicode_ci;

--
-- Dumping data for table `manufacturers`
--

INSERT INTO `manufacturers` (`id`, `shop_id`, `name`, `slug`, `email`, `url`, `phone`, `description`, `country_id`, `active`, `deleted_at`, `created_at`, `updated_at`) VALUES
(1, 4, 'acme', 'acme', 'ankunding.morton@gmail.com', 'http://www.blanda.info/nobis-at-mollitia-rerum-possimus-sunt-est.html', '661-300-5459', 'Hic maxime inventore aperiam sed rem. Sed doloremque molestias nesciunt qui. Ullam et quia alias fugiat sapiente laborum. Voluptatem iusto temporibus mollitia. Exercitationem nostrum ut veritatis saepe mollitia. Autem quidem quia exercitationem repellat quia non molestiae. Fuga doloremque iusto eligendi ut enim dolor. Quis saepe occaecati totam in. Labore et nam nesciunt dolorem. Nemo accusamus officia est omnis nisi iste. Earum blanditiis repellendus eum.', 156, 1, NULL, '2022-02-12 22:24:58', '2022-02-12 22:24:58'),
(2, 1, 'Powlowski-Prohaska', 'powlowski-prohaska', 'zcassin@yahoo.com', 'http://harvey.info/nihil-et-rem-ab-qui-odio.html', '740.893.2391', 'Fuga expedita temporibus voluptates eos. Aut alias qui placeat enim eius voluptatibus rerum consequatur. Voluptatem vitae suscipit ea iure. Enim officia fugit nulla deleniti. Exercitationem quia aliquid laborum dolore laudantium et. Facere voluptates est sit sint sed dolore. Aut laudantium nobis commodi sint est. Commodi maiores fugit est adipisci sit vel quod ducimus. Neque at nostrum hic blanditiis.', 184, 1, NULL, '2022-02-12 22:24:58', '2022-02-12 22:24:58'),
(3, 4, 'Lynch Inc', 'lynch-inc', 'smith.danyka@bednar.com', 'https://parker.com/aperiam-repudiandae-est-qui-non.html', '1-740-982-6100', 'Incidunt suscipit architecto sit eveniet illum minus sit. Dolor quasi consequatur numquam quasi repellat doloremque atque. Minima accusamus aspernatur omnis. Natus adipisci qui minus dolores quis rem a. Qui amet aliquam aut autem ea eveniet. Possimus laboriosam vel laboriosam aliquid quo ut. Alias similique corporis quo. Quaerat blanditiis dolore soluta quae perferendis ut cupiditate.', 31, 1, NULL, '2022-02-12 22:24:58', '2022-02-12 22:24:58'),
(4, 2, 'Ortiz, Moore and Wunsch', 'ortiz-moore-and-wunsch', 'valerie.mueller@muller.biz', 'http://kertzmann.org/quo-veniam-rem-dignissimos-vitae-praesentium-sed', '1-828-385-3201', 'Commodi eos repudiandae accusamus illum quasi eum. Dolorum fugit recusandae qui at ut accusamus. Dolores natus omnis ut dolorem enim rerum consequatur. Molestiae sunt eveniet dolor autem. Molestiae neque eos non. Rerum porro id porro suscipit. Excepturi ut aliquid alias harum ullam eius et unde. Error et voluptatem ullam magni sed necessitatibus quos. Sed labore magni itaque suscipit in qui modi aut. Ex autem occaecati laudantium est.', 660, 1, NULL, '2022-02-12 22:24:58', '2022-02-12 22:24:58'),
(5, 4, 'Konopelski Inc', 'konopelski-inc', 'okuneva.marlene@gaylord.com', 'http://hammes.biz/rem-magnam-voluptatibus-sint-magnam.html', '843-797-3620', 'Aut sit sit dolorem nobis et autem. Harum qui sit iure repellat ratione aut. Ut qui tempore magni cupiditate sint. Illo perspiciatis qui ut exercitationem molestias. Consequatur autem quis placeat ab ut laborum at nemo. Possimus beatae soluta aut corporis et sit. Eveniet veritatis error ut aut necessitatibus.', 96, 1, NULL, '2022-02-12 22:24:58', '2022-02-12 22:24:58'),
(6, 5, 'Hudson and Sons', 'hudson-and-sons', 'beau58@hotmail.com', 'http://mitchell.com/atque-ut-aut-qui-debitis-nihil', '+1-309-908-4518', 'Rerum consequatur quis omnis fuga. Omnis cupiditate ex voluptas et voluptatem quasi sit. Cum earum eius nobis nemo et. Quia quae sit tempore. Numquam praesentium eum qui. Iusto rem vel reiciendis ab ipsum quia sit. Fuga officiis dolor voluptate quibusdam nihil. Quidem sit alias et laudantium fugit rerum quos. Quis eos itaque repudiandae autem. Quod voluptas vel ratione sed qui omnis aut architecto. Autem magnam sapiente expedita facilis et iste sunt incidunt.', 659, 1, NULL, '2022-02-12 22:24:58', '2022-02-12 22:24:58'),
(7, 4, 'Kertzmann-Rolfson', 'kertzmann-rolfson', 'estevan67@schulist.biz', 'http://lind.com/', '1-754-531-8317', 'Ad molestias omnis quia. Repellendus voluptatibus nisi sed doloremque facilis. Esse non illo ut molestias ut. Et adipisci molestias commodi. Quisquam et occaecati veritatis molestiae rem eligendi ut. Suscipit commodi est magnam sit illum. Quia ut id eius ipsam. Eius veniam minus dolorem sequi voluptatem. Expedita sequi sint fugit. Nihil et ducimus sunt laboriosam. Sed cumque praesentium modi ratione.', 222, 1, NULL, '2022-02-12 22:24:58', '2022-02-12 22:24:58'),
(8, 3, 'Breitenberg, Bartoletti and Langworth', 'breitenberg-bartoletti-and-langworth', 'merritt.dickinson@zulauf.com', 'http://www.okeefe.com/consequatur-eaque-doloribus-ut-esse-quia-beatae-dicta', '516-698-2721', 'Nisi aut distinctio placeat quasi aspernatur nihil ipsum. Est reiciendis voluptatem amet et. Dolor vel tenetur perspiciatis ut. Est non omnis officiis. Quod alias est assumenda facere itaque sit corrupti. Sunt quia perferendis facilis et incidunt voluptate. Sunt voluptatem et cupiditate rem ex perferendis sed. Aliquid et quidem praesentium odio optio non voluptatem perferendis. Error beatae laborum est dolorem. Molestiae ipsa eius voluptas. Aut sint fuga delectus molestias.', 50, 1, NULL, '2022-02-12 22:24:58', '2022-02-12 22:24:58'),
(9, 5, 'Hills, Kilback and Zulauf', 'hills-kilback-and-zulauf', 'rosie57@gmail.com', 'http://www.bergnaum.com/', '(838) 715-0823', 'Expedita cumque illum molestias. Ut reprehenderit quia sed totam non voluptatum voluptas. Delectus eius veritatis nesciunt consequatur eius. Ut et perspiciatis reprehenderit cum. Et modi dolore quis totam ut et. Dignissimos asperiores atque possimus eveniet numquam. Minus et molestiae tempore cum. Consequuntur animi enim dolor praesentium. Autem illum quia est ut eligendi similique. Dolores sit dolorem ut iure consectetur.', 324, 1, NULL, '2022-02-12 22:24:58', '2022-02-12 22:24:58'),
(10, 1, 'Toy Ltd', 'toy-ltd', 'hilda94@torp.net', 'http://www.gusikowski.com/', '281-770-4135', 'Voluptates nulla illum explicabo sed nulla officiis et. Quibusdam ab possimus temporibus enim. Saepe reprehenderit aliquid aperiam reiciendis et vel non expedita. Quam inventore quas sequi quam asperiores voluptatem. Sed dignissimos hic quas quam sapiente perferendis. Minus rerum impedit rerum velit facilis. Quaerat occaecati ullam corrupti dolorum sint. Vitae sequi corrupti nemo fuga. Consequatur architecto consectetur sit non. Natus et delectus velit.', 231, 1, NULL, '2022-02-12 22:24:58', '2022-02-12 22:24:58'),
(11, 1, 'Block-McKenzie', 'block-mckenzie', 'alicia63@hotmail.com', 'https://conroy.com/ullam-voluptatum-enim-dolor-velit-et-et.html', '+16782945564', 'Culpa porro sit minima voluptatem. Voluptas sit odio vel nihil minus saepe. Harum libero quis ducimus similique dolores. Omnis maxime eos beatae. Sint perferendis corrupti voluptas qui porro. Omnis ut numquam eligendi. Enim aspernatur nemo sit quos magni est. Officiis delectus qui repudiandae error placeat aut. Fuga a animi aut exercitationem asperiores. Ut enim quod quaerat debitis non dolores. Eum ea non illum nihil.', 20, 1, NULL, '2022-02-12 22:24:58', '2022-02-12 22:24:58'),
(12, 4, 'Goldner-Jakubowski', 'goldner-jakubowski', 'jefferey.powlowski@gmail.com', 'http://armstrong.com/ducimus-aperiam-voluptate-porro.html', '430.572.3926', 'Aut dolores atque architecto aut maxime sit. Quam dolorem atque sit corporis. Provident quaerat animi nostrum nulla accusamus sunt ea. Iure dolor itaque ea qui nisi. Pariatur rerum ratione excepturi inventore. Nostrum corporis eum cupiditate architecto. Odio id est dolor autem. Quasi est ut nisi assumenda nulla. Dolores quasi cum ex ipsam ut quis eos neque.', 524, 1, NULL, '2022-02-12 22:24:58', '2022-02-12 22:24:58'),
(13, 4, 'Nitzsche Ltd', 'nitzsche-ltd', 'opaucek@yahoo.com', 'http://kunze.com/vel-sit-et-quae-deleniti', '+1 (680) 539-8746', 'Excepturi repudiandae fuga qui atque. Saepe dolor aut inventore veniam error ea ipsum iste. Itaque eligendi consequatur non nemo maiores ut. Ut exercitationem nihil tenetur impedit. Et consectetur qui minus quibusdam suscipit. Alias consequatur sit fugiat laudantium. Totam at rerum vero quis qui temporibus. Cum quo ipsam consectetur et. At rerum veritatis ea qui aperiam nobis eum maiores. Et ea provident qui laudantium alias.', 562, 1, NULL, '2022-02-12 22:24:58', '2022-02-12 22:24:58'),
(14, 5, 'Kessler Group', 'kessler-group', 'frunolfsson@weimann.com', 'http://friesen.com/eaque-veniam-est-eaque-vel.html', '+19868097144', 'Consequuntur qui quibusdam aperiam voluptatem est. Tenetur aliquid quasi omnis quidem quas eaque pariatur. Perspiciatis itaque asperiores eveniet beatae sit est ut. Facere veritatis suscipit ad cupiditate iure ipsum. Reprehenderit aut molestias in eveniet tempore. Rem qui suscipit et voluptatem recusandae eligendi. A quo dolores atque nam qui tempora eaque. Cumque magni voluptas assumenda perspiciatis voluptatem ut autem.', 242, 1, NULL, '2022-02-12 22:24:58', '2022-02-12 22:24:58'),
(15, 3, 'Aufderhar Ltd', 'aufderhar-ltd', 'jones.georgette@gmail.com', 'https://towne.com/officia-et-ducimus-et.html', '540.585.1347', 'Laborum veritatis asperiores sapiente. Natus non repellat voluptatum explicabo est harum sed. Quia eveniet tenetur aspernatur dignissimos. Dolores praesentium voluptas expedita ducimus perspiciatis eos porro. Consequuntur omnis laborum sit earum. Fugiat dolorum aut quibusdam aliquam enim illum. Quod a in in sunt et. Minus facilis corporis alias nesciunt.', 586, 1, NULL, '2022-02-12 22:24:58', '2022-02-12 22:24:58'),
(16, 5, 'Powlowski, Kulas and Eichmann', 'powlowski-kulas-and-eichmann', 'tbalistreri@schmeler.com', 'http://www.hahn.net/qui-eaque-ad-quia-ut-et-soluta-cum-nesciunt', '(630) 452-9866', 'Ipsum laborum soluta similique eum ipsam officia. Expedita sint doloremque ducimus non ut voluptatem. Libero aliquam qui accusantium vel quis eaque accusamus quae. Rem veritatis aspernatur animi praesentium ea mollitia. Dolore cum debitis quos aspernatur maiores dolorem sit. Ab rerum incidunt non occaecati laudantium sit eveniet. Praesentium voluptas vero est corrupti nam. Hic quidem sed deserunt aperiam. Non rerum eos dolor nobis. Molestias labore tempora velit rem et repellat.', 324, 1, NULL, '2022-02-12 22:24:58', '2022-02-12 22:24:58');

-- --------------------------------------------------------

--
-- Table structure for table `messages`
--

CREATE TABLE `messages` (
  `id` bigint(20) UNSIGNED NOT NULL,
  `shop_id` int(10) UNSIGNED DEFAULT NULL,
  `user_id` bigint(20) UNSIGNED DEFAULT NULL,
  `customer_id` bigint(20) UNSIGNED DEFAULT NULL,
  `name` varchar(255) COLLATE utf8_unicode_ci DEFAULT NULL,
  `phone` varchar(255) COLLATE utf8_unicode_ci DEFAULT NULL,
  `email` varchar(255) COLLATE utf8_unicode_ci DEFAULT NULL,
  `subject` varchar(255) COLLATE utf8_unicode_ci DEFAULT NULL,
  `message` longtext COLLATE utf8_unicode_ci,
  `order_id` bigint(20) UNSIGNED DEFAULT NULL,
  `product_id` bigint(20) UNSIGNED DEFAULT NULL,
  `status` int(11) NOT NULL DEFAULT '1',
  `customer_status` int(11) DEFAULT '1',
  `label` int(11) NOT NULL DEFAULT '1',
  `deleted_at` timestamp NULL DEFAULT NULL,
  `created_at` timestamp NULL DEFAULT NULL,
  `updated_at` timestamp NULL DEFAULT NULL
) ENGINE=InnoDB DEFAULT CHARSET=utf8 COLLATE=utf8_unicode_ci;

--
-- Dumping data for table `messages`
--

INSERT INTO `messages` (`id`, `shop_id`, `user_id`, `customer_id`, `name`, `phone`, `email`, `subject`, `message`, `order_id`, `product_id`, `status`, `customer_status`, `label`, `deleted_at`, `created_at`, `updated_at`) VALUES
(1, 1, NULL, 1, NULL, NULL, NULL, 'Molestias quia culpa est suscipit aut.', 'Consectetur et velit voluptates et. Nihil adipisci similique rem aut. Aspernatur vel odio eligendi fuga mollitia accusantium est.', 4, NULL, 3, 1, 3, NULL, '2022-01-31 22:25:05', '2022-02-12 22:25:05'),
(2, 1, NULL, 1, NULL, NULL, NULL, 'Ut est voluptatem atque ut.', 'Laborum odit veniam dolores accusantium ducimus dolor officia. Sapiente vitae in recusandae.', 10, NULL, 1, 1, 4, NULL, '2022-01-31 22:25:05', '2022-02-12 22:25:05'),
(3, 1, NULL, 1, NULL, NULL, NULL, 'Error magni et accusantium.', 'Non dignissimos voluptatem cum consequuntur. Aspernatur ut quis et praesentium consequatur porro aliquid odit. Minima ad aut aspernatur qui porro accusamus. Illo perspiciatis ea earum et aut optio voluptatibus.', 10, NULL, 1, 1, 2, NULL, '2022-02-02 22:25:05', '2022-02-12 22:25:05'),
(4, 1, NULL, 1, NULL, NULL, NULL, 'Optio laboriosam vel cumque qui numquam numquam ea.', 'Maxime quasi numquam iusto. Enim quibusdam iste nihil cumque non nihil hic.', 10, NULL, 2, 1, 2, NULL, '2022-02-05 22:25:05', '2022-02-12 22:25:05'),
(5, 1, NULL, 1, NULL, NULL, NULL, 'Officiis et est nesciunt consequuntur minima est.', 'Et voluptatum consequatur dolores deleniti. Eos maiores asperiores quisquam est velit. Culpa ipsam veniam necessitatibus et voluptate. Suscipit minus ducimus maxime corrupti.', 10, NULL, 2, 1, 5, NULL, '2022-01-31 22:25:05', '2022-02-12 22:25:05'),
(6, 1, NULL, 1, NULL, NULL, NULL, 'Sunt id perspiciatis incidunt soluta laborum sit saepe ratione.', 'Mollitia et pariatur molestias facilis aperiam repellat. Qui officiis porro eius et voluptas suscipit optio. Non vitae iure deserunt iusto libero earum non.', 10, NULL, 1, 1, 1, NULL, '2022-02-06 22:25:05', '2022-02-01 22:25:05'),
(7, 2, NULL, 1, NULL, NULL, NULL, 'Cum quia minus maiores ad nisi enim cumque.', 'Debitis qui quisquam distinctio eos perspiciatis. Sit odit voluptatum ipsa tempora. Expedita minus nobis assumenda quos placeat ut mollitia.', 12, NULL, 3, 1, 1, NULL, '2022-01-30 22:25:05', '2022-02-03 22:25:05'),
(8, 2, NULL, 1, NULL, NULL, NULL, 'Saepe ea occaecati molestiae dignissimos.', 'Ipsam animi molestiae qui magni. Quia harum molestias rerum non expedita aut. Sint dicta iste voluptas dolor. Eum dignissimos rem ratione ut sint non illum.', 12, NULL, 3, 1, 4, NULL, '2022-02-10 22:25:05', '2022-01-28 22:25:05'),
(9, 1, NULL, 1, NULL, NULL, NULL, 'Non itaque id ipsam aspernatur velit.', 'Illum consequatur et error cupiditate qui eveniet eos. Ut sint sed ipsum sequi commodi minima dignissimos quas. Nostrum assumenda id id. Tempore quaerat ratione qui eaque.', 10, NULL, 2, 1, 5, NULL, '2022-02-11 22:25:05', '2022-02-07 22:25:05'),
(10, 1, NULL, 1, NULL, NULL, NULL, 'Porro totam fugit quia commodi corrupti.', 'Sapiente et repellat enim. Nesciunt dolorem ratione voluptatem sit magni deleniti. Molestias iusto ut neque.', 4, NULL, 1, 1, 1, NULL, '2022-02-09 22:25:05', '2022-02-05 22:25:05'),
(11, 1, NULL, 1, NULL, NULL, NULL, 'Necessitatibus qui aperiam sint.', 'Ut consequatur nemo eligendi sunt. Sapiente expedita harum facere suscipit. Aperiam asperiores voluptates harum nulla.', 10, NULL, 3, 1, 4, NULL, '2022-02-10 22:25:05', '2022-01-30 22:25:05'),
(12, 2, NULL, 1, NULL, NULL, NULL, 'Vitae nulla soluta sed sint.', 'Qui praesentium labore facere deserunt quaerat cum temporibus iste. Cupiditate incidunt aspernatur eaque modi. Provident distinctio dolorem nam cupiditate minima.', 12, NULL, 3, 1, 5, NULL, '2022-01-31 22:25:05', '2022-01-30 22:25:05'),
(13, 2, NULL, 1, NULL, NULL, NULL, 'Ea fugit enim ratione quia dolorum molestiae.', 'Occaecati est et numquam quos distinctio asperiores. Consectetur ullam qui nulla nostrum. Molestiae molestias eaque rem nemo repellendus odit delectus quia. Quia nulla magnam explicabo doloribus.', 12, NULL, 3, 1, 2, NULL, '2022-02-10 22:25:05', '2022-02-08 22:25:05'),
(14, 1, NULL, 1, NULL, NULL, NULL, 'Praesentium consectetur quasi voluptatum illum et.', 'Aliquam dolore atque iure labore. Accusamus neque placeat esse eveniet itaque odit qui. Minima cumque aut qui est qui aut.', 10, NULL, 2, 1, 1, NULL, '2022-01-29 22:25:05', '2022-01-29 22:25:05'),
(15, 1, NULL, 1, NULL, NULL, NULL, 'Quas ut voluptas culpa reprehenderit pariatur rerum sint non.', 'Totam expedita nihil voluptatum. Veniam reprehenderit dolorem voluptas id accusamus et.', 10, NULL, 3, 1, 5, NULL, '2022-01-30 22:25:05', '2022-02-07 22:25:05');

-- --------------------------------------------------------

--
-- Table structure for table `migrations`
--

CREATE TABLE `migrations` (
  `id` int(10) UNSIGNED NOT NULL,
  `migration` varchar(255) COLLATE utf8_unicode_ci NOT NULL,
  `batch` int(11) NOT NULL
) ENGINE=InnoDB DEFAULT CHARSET=utf8 COLLATE=utf8_unicode_ci;

--
-- Dumping data for table `migrations`
--

INSERT INTO `migrations` (`id`, `migration`, `batch`) VALUES
(1, '2014_04_01_151049_create_activity_log_table', 1),
(2, '2014_10_11_000000_create_modules_table', 1),
(3, '2014_10_11_000010_create_roles_table', 1),
(4, '2014_10_11_000011_create_permissions_table', 1),
(5, '2014_10_11_000020_create_announcements_table', 1),
(6, '2014_10_11_000020_create_attachments_table', 1),
(7, '2014_10_11_000020_create_images_table', 1),
(8, '2014_10_12_000000_create_subscription_items_table', 1),
(9, '2014_10_12_000000_create_subscriptions_table', 1),
(10, '2014_10_12_000000_create_users_table', 1),
(11, '2014_10_12_000001_create_password_resets_table', 1),
(12, '2014_10_12_000003_create_dashboard_configs_table', 1),
(13, '2014_10_12_000003_create_pages_table', 1),
(14, '2014_10_12_000003_create_systems_table', 1),
(15, '2014_10_12_000004_create_customers_table', 1),
(16, '2014_12_31_000001_create_countries_table', 1),
(17, '2014_12_31_000004_create_addresses_table', 1),
(18, '2015_01_11_135657_create_shops_table', 1),
(19, '2015_01_12_000002_create_configs_table', 1),
(20, '2015_05_12_131134_create_performance_indicators_table', 1),
(21, '2015_05_12_151257_create_invoices_table', 1),
(22, '2015_12_31_000002_create_tags_table', 1),
(23, '2015_12_31_000004_create_blogs_table', 1),
(24, '2016_01_11_135655_create_manufacturers_table', 1),
(25, '2016_01_11_135658_create_products_table', 1),
(26, '2016_01_11_135660_create_attribute_table', 1),
(27, '2016_01_11_135714_create_suppliers_table', 1),
(28, '2016_01_15_191220_create_category_groups_table', 1),
(29, '2016_03_11_182034_create_warehouse_table', 1),
(30, '2016_03_11_190111_create_inventory_table', 1),
(31, '2016_03_25_192206_create_taxes_table', 1),
(32, '2016_03_26_091903_create_carriers_table', 1),
(33, '2016_03_26_091903_create_shipping_zones_table', 1),
(34, '2016_03_26_091904_create_packagings_table', 1),
(35, '2016_04_22_162519_create_email_templates_table', 1),
(36, '2016_04_22_162552_create_payment_methods_table', 1),
(37, '2016_04_22_162555_create_config_manual_payments_table', 1),
(38, '2016_04_22_162555_create_config_paypal_express_table', 1),
(39, '2016_04_22_162555_create_config_stripe_table', 1),
(40, '2016_04_22_162559_create_order_table', 1),
(41, '2016_04_24_151506_create_cart_table', 1),
(42, '2017_09_13_195828_create_coupons_table', 1),
(43, '2017_09_17_202406_create_gift_cards_table', 1),
(44, '2017_11_27_144538_create_contact_us_table', 1),
(45, '2017_11_27_144538_create_disputes_table', 1),
(46, '2017_11_27_144538_create_messages_table', 1),
(47, '2017_11_27_144538_create_refunds_table', 1),
(48, '2017_11_27_144538_create_tickets_table', 1),
(49, '2017_11_27_144548_create_replies_table', 1),
(50, '2018_04_08_155212_create_notifications_table', 1),
(51, '2018_04_11_202451_create_jobs_table', 1),
(52, '2018_04_28_201222_create_faqs_table', 1),
(53, '2018_05_27_135039_create_visitors_table', 1),
(54, '2018_07_04_210334_create_banners_table', 1),
(55, '2018_07_04_210813_create_sliders_table', 1),
(56, '2018_07_16_015501_create_wishlists_table', 1),
(57, '2018_07_19_191545_create_feedbacks_table', 1),
(58, '2018_10_04_162859_create_options_table', 1),
(59, '2018_12_20_193751_create_config_paystacks_table', 1),
(60, '2018_12_24_070051_create_config_authorize_net_table', 1),
(61, '2018_12_25_163942_create_config_cybersource_table', 1),
(62, '2018_12_25_163942_create_config_instamojo_table', 1),
(63, '2019_07_11_165534_create_languages_table', 1),
(64, '2019_12_06_063720_create_chat_tables', 1),
(65, '2019_12_27_092414_add_notify_chat_to_configs_table', 1),
(66, '2020_01_09_054507_add_payment_instruction_fields_to_order_table', 1),
(67, '2020_05_06_172818_add_email_phone_fields_to_messages_table', 1),
(68, '2020_06_30_154819_create_cancellation_table', 1),
(69, '2020_07_01_103906_add_cancellation_config_to_systems_table', 1),
(70, '2020_10_22_195815_add_stripe_status_to_subscriptions_table', 1),
(71, '2020_11_20_195815_create_package_table', 1),
(72, '2020_12_18_054507_add_cancellation_fields_to_systems_table', 1),
(73, '2021_01_30_061710_add_fields_to_packages_table', 1),
(74, '2021_02_01_054507_add_amount_fields_to_shop_table', 1),
(75, '2021_02_01_054507_add_description_fields_to_sliders_table', 1),
(76, '2021_02_01_054507_add_device_id_fields_to_orders_table', 1),
(77, '2021_02_01_054507_add_social_auth_fields_to_systems_table', 1),
(78, '2021_02_17_112139_add_type_field_to_images_table', 1),
(79, '2021_03_01_172738_add_show_merchant_info_as_vendor_system_table', 1),
(80, '2021_03_03_054507_add_active_ecommerce_fields_to_configs_table', 1),
(81, '2021_03_03_054507_add_fulfilment_type_fields_to_orders_table', 1),
(82, '2021_03_03_054507_add_opening_and_close_time_fields_to_warehouse_table', 1),
(83, '2021_03_03_054507_add_pay_in_person_and_pay_online_fields_to_configs_table', 1),
(84, '2021_03_04_051130_add_effect_to_banners_table', 1),
(85, '2021_06_02_062412_add_show_item_conditions_to_systems_table', 1),
(86, '2021_06_07_200450_create_avg_feedback_table', 1),
(87, '2021_10_13_074513_change_subscriptions_tables_for_cashier', 1),
(88, '2021_10_14_193443_add_uuid_to_failed_jobs_table', 1),
(89, '2021_10_24_161811_add_split_money_to_payment_methods_table', 1),
(90, '2021_11_20_052700_rename_billing_info_on_billables', 1),
(91, '2021_12_04_083515_add_payment_ref_id_to_orders_table', 1);

-- --------------------------------------------------------

--
-- Table structure for table `modules`
--

CREATE TABLE `modules` (
  `id` int(10) UNSIGNED NOT NULL,
  `name` varchar(255) COLLATE utf8_unicode_ci NOT NULL,
  `description` text COLLATE utf8_unicode_ci,
  `access` enum('Super Admin','Platform','Merchant','Common') COLLATE utf8_unicode_ci NOT NULL,
  `actions` varchar(255) COLLATE utf8_unicode_ci DEFAULT NULL,
  `active` tinyint(1) NOT NULL DEFAULT '1',
  `deleted_at` timestamp NULL DEFAULT NULL,
  `created_at` timestamp NULL DEFAULT NULL,
  `updated_at` timestamp NULL DEFAULT NULL
) ENGINE=InnoDB DEFAULT CHARSET=utf8 COLLATE=utf8_unicode_ci;

--
-- Dumping data for table `modules`
--

INSERT INTO `modules` (`id`, `name`, `description`, `access`, `actions`, `active`, `deleted_at`, `created_at`, `updated_at`) VALUES
(1, 'Appearance', 'Manage all appearance.', 'Platform', 'customize', 1, NULL, '2022-02-12 22:24:49', '2022-02-12 22:24:49'),
(2, 'Attribute', 'Manage all attribute.', 'Common', 'view,add,edit,delete', 1, NULL, '2022-02-12 22:24:49', '2022-02-12 22:24:49'),
(3, 'Carrier', 'Manage all carrier.', 'Merchant', 'view,add,edit,delete', 1, NULL, '2022-02-12 22:24:49', '2022-02-12 22:24:49'),
(4, 'Category', 'Manage all category.', 'Platform', 'view,add,edit,delete', 1, NULL, '2022-02-12 22:24:49', '2022-02-12 22:24:49'),
(5, 'Category Group', 'Manage all category group.', 'Platform', 'view,add,edit,delete', 1, NULL, '2022-02-12 22:24:49', '2022-02-12 22:24:49'),
(6, 'Category Sub Group', 'Manage all category sub group.', 'Platform', 'view,add,edit,delete', 1, NULL, '2022-02-12 22:24:49', '2022-02-12 22:24:49'),
(7, 'Chat Conversation', 'Manage all chat conversation.', 'Merchant', 'view,reply,delete', 1, NULL, '2022-02-12 22:24:49', '2022-02-12 22:24:49'),
(8, 'Config', 'Manage all config.', 'Merchant', 'view,edit', 1, NULL, '2022-02-12 22:24:49', '2022-02-12 22:24:49'),
(9, 'Coupon', 'Manage all coupon.', 'Merchant', 'view,add,edit,delete', 1, NULL, '2022-02-12 22:24:49', '2022-02-12 22:24:49'),
(10, 'Cart', 'Manage all cart.', 'Common', 'view,add,edit,delete', 1, NULL, '2022-02-12 22:24:49', '2022-02-12 22:24:49'),
(11, 'Customer', 'Manage all customer.', 'Platform', 'view,add,edit,delete', 1, NULL, '2022-02-12 22:24:49', '2022-02-12 22:24:49'),
(12, 'Dispute', 'Manage all dispute.', 'Common', 'view,response', 1, NULL, '2022-02-12 22:24:49', '2022-02-12 22:24:49'),
(13, 'Inventory', 'Manage all inventory.', 'Merchant', 'view,add,edit,delete', 1, NULL, '2022-02-12 22:24:49', '2022-02-12 22:24:49'),
(14, 'Manufacturer', 'Manage all manufacturer.', 'Common', 'view,add,edit,delete', 1, NULL, '2022-02-12 22:24:49', '2022-02-12 22:24:49'),
(15, 'Message', 'Manage all message.', 'Common', 'view,add,update,delete,reply', 1, NULL, '2022-02-12 22:24:49', '2022-02-12 22:24:49'),
(16, 'Module', 'Manage all module.', 'Super Admin', 'view,add,edit,delete', 1, NULL, '2022-02-12 22:24:49', '2022-02-12 22:24:49'),
(17, 'Order', 'Manage all order.', 'Common', 'view,add,fulfill,cancel,archive,delete', 1, NULL, '2022-02-12 22:24:49', '2022-02-12 22:24:49'),
(18, 'Packaging', 'Manage all packaging.', 'Merchant', 'view,add,edit,delete', 1, NULL, '2022-02-12 22:24:49', '2022-02-12 22:24:49'),
(19, 'Product', 'Manage all product.', 'Common', 'view,add,edit,delete', 1, NULL, '2022-02-12 22:24:49', '2022-02-12 22:24:49'),
(20, 'Refund', 'Manage all refund.', 'Common', 'view,initiate,update,approve', 1, NULL, '2022-02-12 22:24:49', '2022-02-12 22:24:49'),
(21, 'Role', 'Manage all role.', 'Common', 'view,add,edit,delete', 1, NULL, '2022-02-12 22:24:49', '2022-02-12 22:24:49'),
(22, 'Supplier', 'Manage all supplier.', 'Merchant', 'view,add,edit,delete', 1, NULL, '2022-02-12 22:24:49', '2022-02-12 22:24:49'),
(23, 'Subscription Plan', 'Manage all subscription plan.', 'Super Admin', 'view,add,edit,delete', 1, NULL, '2022-02-12 22:24:49', '2022-02-12 22:24:49'),
(24, 'Shipping Zone', 'Manage all shipping zone.', 'Merchant', 'view,add,edit,delete', 1, NULL, '2022-02-12 22:24:49', '2022-02-12 22:24:49'),
(25, 'Shipping Rate', 'Manage all shipping rate.', 'Merchant', 'add,edit,delete', 1, NULL, '2022-02-12 22:24:49', '2022-02-12 22:24:49'),
(26, 'System', 'Manage all system.', 'Super Admin', 'view,edit', 1, NULL, '2022-02-12 22:24:49', '2022-02-12 22:24:49'),
(27, 'System Config', 'Manage all system config.', 'Platform', 'view,edit', 1, NULL, '2022-02-12 22:24:49', '2022-02-12 22:24:49'),
(28, 'Tax', 'Manage all tax.', 'Merchant', 'view,add,edit,delete', 1, NULL, '2022-02-12 22:24:49', '2022-02-12 22:24:49'),
(29, 'Ticket', 'Manage all ticket.', 'Platform', 'view,update,reply,assign', 1, NULL, '2022-02-12 22:24:49', '2022-02-12 22:24:49'),
(30, 'Vendor', 'Manage all vendor.', 'Platform', 'view,add,edit,delete,login', 1, NULL, '2022-02-12 22:24:49', '2022-02-12 22:24:49'),
(31, 'Warehouse', 'Manage all warehouse.', 'Merchant', 'view,add,edit,delete', 1, NULL, '2022-02-12 22:24:49', '2022-02-12 22:24:49'),
(32, 'User', 'Manage all user.', 'Common', 'view,add,edit,delete,login', 1, NULL, '2022-02-12 22:24:49', '2022-02-12 22:24:49'),
(33, 'Utility', 'Manage all utility.', 'Platform', 'view,add,edit,delete', 1, NULL, '2022-02-12 22:24:49', '2022-02-12 22:24:49');

-- --------------------------------------------------------

--
-- Table structure for table `notifications`
--

CREATE TABLE `notifications` (
  `id` char(36) COLLATE utf8_unicode_ci NOT NULL,
  `type` varchar(255) COLLATE utf8_unicode_ci NOT NULL,
  `notifiable_type` varchar(255) COLLATE utf8_unicode_ci NOT NULL,
  `notifiable_id` bigint(20) UNSIGNED NOT NULL,
  `created_by` int(11) DEFAULT NULL,
  `icon` varchar(50) COLLATE utf8_unicode_ci DEFAULT NULL,
  `action_text` varchar(255) COLLATE utf8_unicode_ci DEFAULT NULL,
  `action_url` text COLLATE utf8_unicode_ci,
  `data` text COLLATE utf8_unicode_ci NOT NULL,
  `read_at` timestamp NULL DEFAULT NULL,
  `created_at` timestamp NULL DEFAULT NULL,
  `updated_at` timestamp NULL DEFAULT NULL
) ENGINE=InnoDB DEFAULT CHARSET=utf8 COLLATE=utf8_unicode_ci;

-- --------------------------------------------------------

--
-- Table structure for table `options`
--

CREATE TABLE `options` (
  `id` int(10) UNSIGNED NOT NULL,
  `option_name` varchar(255) COLLATE utf8_unicode_ci NOT NULL,
  `option_value` longtext COLLATE utf8_unicode_ci,
  `autoload` tinyint(1) NOT NULL DEFAULT '1',
  `created_at` timestamp NULL DEFAULT NULL,
  `updated_at` timestamp NULL DEFAULT NULL
) ENGINE=InnoDB DEFAULT CHARSET=utf8 COLLATE=utf8_unicode_ci;

--
-- Dumping data for table `options`
--

INSERT INTO `options` (`id`, `option_name`, `option_value`, `autoload`, `created_at`, `updated_at`) VALUES
(1, 'trending_categories', 'a:3:{i:0;i:29;i:1;i:12;i:2;i:21;}', 1, '2022-02-12 22:24:56', '2022-02-12 22:24:56'),
(2, 'promotional_tagline', 'a:2:{s:4:\"text\";s:19:\"Black Friday Offer!\";s:10:\"action_url\";s:1:\"/\";}', 1, '2022-02-12 22:24:56', '2022-02-12 22:24:56'),
(3, 'featured_items', 'a:10:{i:0;i:60;i:1;i:73;i:2;i:72;i:3;i:31;i:4;i:56;i:5;i:82;i:6;i:40;i:7;i:20;i:8;i:62;i:9;i:52;}', 1, '2022-02-12 22:24:56', '2022-02-12 22:24:56'),
(4, 'featured_brands', 'a:3:{i:0;i:4;i:1;i:16;i:2;i:2;}', 1, '2022-02-12 22:24:56', '2022-02-12 22:24:56'),
(5, 'deal_of_the_day', '12', 1, '2022-02-12 22:24:56', '2022-02-12 22:24:56'),
(6, 'best_finds_under', '99', 1, '2022-02-12 22:31:05', '2022-02-12 22:31:05');

-- --------------------------------------------------------

--
-- Table structure for table `orders`
--

CREATE TABLE `orders` (
  `id` bigint(20) UNSIGNED NOT NULL,
  `order_number` varchar(255) COLLATE utf8_unicode_ci DEFAULT NULL,
  `shop_id` int(10) UNSIGNED DEFAULT NULL,
  `customer_id` bigint(20) UNSIGNED DEFAULT NULL,
  `ship_to` int(10) UNSIGNED DEFAULT NULL,
  `shipping_zone_id` int(10) UNSIGNED DEFAULT NULL,
  `shipping_rate_id` int(10) UNSIGNED DEFAULT NULL,
  `packaging_id` int(10) UNSIGNED DEFAULT NULL,
  `item_count` int(10) UNSIGNED NOT NULL,
  `quantity` int(10) UNSIGNED NOT NULL,
  `taxrate` decimal(20,6) DEFAULT NULL,
  `shipping_weight` decimal(20,6) DEFAULT NULL,
  `total` decimal(20,6) DEFAULT NULL,
  `discount` decimal(20,6) DEFAULT NULL,
  `shipping` decimal(20,6) DEFAULT NULL,
  `packaging` decimal(20,6) DEFAULT NULL,
  `handling` decimal(20,6) DEFAULT NULL,
  `taxes` decimal(20,6) DEFAULT NULL,
  `grand_total` decimal(20,6) DEFAULT NULL,
  `billing_address` text COLLATE utf8_unicode_ci,
  `shipping_address` text COLLATE utf8_unicode_ci,
  `fulfilment_type` enum('deliver','pickup') COLLATE utf8_unicode_ci NOT NULL DEFAULT 'deliver',
  `payment_instruction` text COLLATE utf8_unicode_ci,
  `email` varchar(255) COLLATE utf8_unicode_ci DEFAULT NULL,
  `shipping_date` date DEFAULT NULL,
  `delivery_date` date DEFAULT NULL,
  `tracking_id` varchar(255) COLLATE utf8_unicode_ci DEFAULT NULL,
  `coupon_id` bigint(20) UNSIGNED DEFAULT NULL,
  `carrier_id` int(10) UNSIGNED DEFAULT NULL,
  `payment_status` int(11) NOT NULL DEFAULT '1',
  `payment_ref_id` varchar(255) COLLATE utf8_unicode_ci DEFAULT NULL,
  `payment_method_id` int(10) UNSIGNED NOT NULL,
  `order_status_id` int(10) UNSIGNED NOT NULL DEFAULT '1',
  `message_to_customer` text COLLATE utf8_unicode_ci,
  `send_invoice_to_customer` tinyint(1) DEFAULT NULL,
  `admin_note` text COLLATE utf8_unicode_ci,
  `buyer_note` text COLLATE utf8_unicode_ci,
  `goods_received` tinyint(1) DEFAULT NULL,
  `approved` tinyint(1) DEFAULT NULL,
  `disputed` tinyint(1) DEFAULT NULL,
  `feedback_id` bigint(20) UNSIGNED DEFAULT NULL,
  `device_id` char(40) COLLATE utf8_unicode_ci DEFAULT NULL,
  `deleted_at` timestamp NULL DEFAULT NULL,
  `created_at` timestamp NULL DEFAULT NULL,
  `updated_at` timestamp NULL DEFAULT NULL
) ENGINE=InnoDB DEFAULT CHARSET=utf8 COLLATE=utf8_unicode_ci;

--
-- Dumping data for table `orders`
--

INSERT INTO `orders` (`id`, `order_number`, `shop_id`, `customer_id`, `ship_to`, `shipping_zone_id`, `shipping_rate_id`, `packaging_id`, `item_count`, `quantity`, `taxrate`, `shipping_weight`, `total`, `discount`, `shipping`, `packaging`, `handling`, `taxes`, `grand_total`, `billing_address`, `shipping_address`, `fulfilment_type`, `payment_instruction`, `email`, `shipping_date`, `delivery_date`, `tracking_id`, `coupon_id`, `carrier_id`, `payment_status`, `payment_ref_id`, `payment_method_id`, `order_status_id`, `message_to_customer`, `send_invoice_to_customer`, `admin_note`, `buyer_note`, `goods_received`, `approved`, `disputed`, `feedback_id`, `device_id`, `deleted_at`, `created_at`, `updated_at`) VALUES
(1, '#451103', 3, 7, NULL, NULL, 30, 5, 2, 4, NULL, 5344.000000, 1308.574742, NULL, 4.000000, NULL, NULL, NULL, 1312.574742, '<address>931 Kutch Plaza<br/>Torp Mission<br/>Port Gregorioview, <br/> 40673-3310<br/><abbr title=\"Phone\">P:</abbr> +1-754-627-9525</address>', '<address>931 Kutch Plaza<br/>Torp Mission<br/>Port Gregorioview, <br/> 40673-3310<br/><abbr title=\"Phone\">P:</abbr> +1-754-627-9525</address>', 'deliver', NULL, NULL, NULL, NULL, 'RR123456789CN', NULL, NULL, 1, NULL, 4, 1, NULL, NULL, 'Nesciunt animi at quas occaecati ullam est.', 'Esse unde ut nam enim minima.', NULL, NULL, NULL, NULL, NULL, NULL, '2022-02-01 22:25:04', '2022-02-01 22:25:04'),
(2, '#270397', 3, 12, NULL, NULL, 1, 6, 4, 7, NULL, 10247.000000, 2374.748958, NULL, 4.000000, NULL, NULL, NULL, 2378.748958, '<address>18834 Mae Extensions Suite 869<br/>Krajcik Ville<br/>New Abigailshire, <br/> 84248<br/><abbr title=\"Phone\">P:</abbr> +1.318.991.8290</address>', '<address>18834 Mae Extensions Suite 869<br/>Krajcik Ville<br/>New Abigailshire, <br/> 84248<br/><abbr title=\"Phone\">P:</abbr> +1.318.991.8290</address>', 'deliver', NULL, NULL, NULL, NULL, 'RR123456789CN', NULL, NULL, 1, NULL, 6, 1, NULL, NULL, 'Saepe possimus dignissimos aut temporibus et excepturi ipsa.', 'Nihil exercitationem atque repellat deleniti sed cumque.', NULL, NULL, NULL, NULL, NULL, NULL, '2022-01-15 22:25:04', '2022-01-15 22:25:04'),
(3, '#774182', 5, 3, NULL, NULL, 31, 6, 3, 5, NULL, 4945.000000, 2002.584724, NULL, 1.000000, NULL, NULL, NULL, 2003.584724, '<address>4472 O\'Hara Streets Suite 463<br/>Estella Points<br/>East Kaley, <br/> 69454<br/><abbr title=\"Phone\">P:</abbr> 609-607-9411</address>', '<address>4472 O\'Hara Streets Suite 463<br/>Estella Points<br/>East Kaley, <br/> 69454<br/><abbr title=\"Phone\">P:</abbr> 609-607-9411</address>', 'deliver', NULL, NULL, NULL, NULL, 'RR123456789CN', NULL, NULL, 1, NULL, 7, 1, NULL, NULL, 'Necessitatibus veritatis harum maiores dolor id asperiores autem.', 'Voluptas repellendus rerum suscipit ab ipsum.', NULL, NULL, NULL, NULL, NULL, NULL, '2022-02-05 22:25:04', '2022-02-05 22:25:04'),
(4, '#328705', 1, 5, NULL, NULL, 37, 2, 4, 9, NULL, 15391.000000, 1911.364328, NULL, 2.000000, NULL, NULL, NULL, 1913.364328, '<address>41489 Amalia Mill<br/>Cody Falls<br/>Lavonneshire, <br/>Ḩawallī 01813<br/><abbr title=\"Phone\">P:</abbr> (971) 509-8815</address>', '<address>41489 Amalia Mill<br/>Cody Falls<br/>Lavonneshire, <br/>Ḩawallī 01813<br/><abbr title=\"Phone\">P:</abbr> (971) 509-8815</address>', 'deliver', NULL, NULL, NULL, NULL, 'RR123456789CN', NULL, NULL, 1, NULL, 7, 1, NULL, NULL, 'Et dolores laboriosam id dolore voluptatum.', 'Consectetur facere rem velit tempora hic.', NULL, NULL, NULL, NULL, NULL, NULL, '2022-02-01 22:25:04', '2022-02-01 22:25:04'),
(5, '#512044', 4, 14, NULL, NULL, 6, 5, 4, 9, NULL, 10116.000000, 3395.202774, NULL, 8.000000, NULL, NULL, NULL, 3403.202774, '<address>3102 Royce Point Apt. 789<br/>Dorthy Springs<br/>Matildeside, <br/> 72870-9737<br/><abbr title=\"Phone\">P:</abbr> 1-920-698-4173</address>', '<address>3102 Royce Point Apt. 789<br/>Dorthy Springs<br/>Matildeside, <br/> 72870-9737<br/><abbr title=\"Phone\">P:</abbr> 1-920-698-4173</address>', 'deliver', NULL, NULL, NULL, NULL, 'RR123456789CN', NULL, NULL, 1, NULL, 3, 1, NULL, NULL, 'Minus at quasi optio in quia laudantium earum.', 'Quis tenetur voluptatem voluptatem et cupiditate in sunt.', NULL, NULL, NULL, NULL, NULL, NULL, '2022-01-29 22:25:04', '2022-01-29 22:25:04'),
(6, '#071375', 4, 15, NULL, NULL, 19, 4, 2, 6, NULL, 6084.000000, 2945.821176, NULL, 6.000000, NULL, NULL, NULL, 2951.821176, '<address>79126 Lind Expressway<br/>Spencer Freeway<br/>Lake Sarai, <br/> 27550<br/><abbr title=\"Phone\">P:</abbr> +1-952-873-5854</address>', '<address>79126 Lind Expressway<br/>Spencer Freeway<br/>Lake Sarai, <br/> 27550<br/><abbr title=\"Phone\">P:</abbr> +1-952-873-5854</address>', 'deliver', NULL, NULL, NULL, NULL, 'RR123456789CN', NULL, NULL, 1, NULL, 1, 1, NULL, NULL, 'Ullam facilis dolorem qui pariatur et perspiciatis quis.', 'Eos ut enim unde libero.', NULL, NULL, NULL, NULL, NULL, NULL, '2022-02-01 22:25:04', '2022-02-01 22:25:04'),
(7, '#091745', 3, 7, NULL, NULL, 47, 2, 2, 5, NULL, 5929.000000, 1940.806901, NULL, 7.000000, NULL, NULL, NULL, 1947.806901, '<address>931 Kutch Plaza<br/>Torp Mission<br/>Port Gregorioview, <br/> 40673-3310<br/><abbr title=\"Phone\">P:</abbr> +1-754-627-9525</address>', '<address>931 Kutch Plaza<br/>Torp Mission<br/>Port Gregorioview, <br/> 40673-3310<br/><abbr title=\"Phone\">P:</abbr> +1-754-627-9525</address>', 'deliver', NULL, NULL, NULL, NULL, 'RR123456789CN', NULL, NULL, 1, NULL, 6, 1, NULL, NULL, 'Aperiam unde quaerat eligendi non molestiae deleniti ea.', 'Iure voluptas ex qui numquam sapiente dolorum id.', NULL, NULL, NULL, NULL, NULL, NULL, '2022-02-06 22:25:04', '2022-02-06 22:25:04'),
(8, '#647702', 4, 3, NULL, NULL, 13, 1, 4, 7, NULL, 6514.000000, 1812.936918, NULL, 8.000000, NULL, NULL, NULL, 1820.936918, '<address>4472 O\'Hara Streets Suite 463<br/>Estella Points<br/>East Kaley, <br/> 69454<br/><abbr title=\"Phone\">P:</abbr> 609-607-9411</address>', '<address>4472 O\'Hara Streets Suite 463<br/>Estella Points<br/>East Kaley, <br/> 69454<br/><abbr title=\"Phone\">P:</abbr> 609-607-9411</address>', 'deliver', NULL, NULL, NULL, NULL, 'RR123456789CN', NULL, NULL, 1, NULL, 4, 1, NULL, NULL, 'Dolor molestias cumque aut officiis.', 'Voluptatem et eveniet fuga nobis.', NULL, NULL, NULL, NULL, NULL, NULL, '2022-02-11 22:25:04', '2022-02-11 22:25:04'),
(9, '#118795', 3, 14, NULL, NULL, 24, 6, 3, 4, NULL, 4198.000000, 1190.490159, NULL, 5.000000, NULL, NULL, NULL, 1195.490159, '<address>3102 Royce Point Apt. 789<br/>Dorthy Springs<br/>Matildeside, <br/> 72870-9737<br/><abbr title=\"Phone\">P:</abbr> 1-920-698-4173</address>', '<address>3102 Royce Point Apt. 789<br/>Dorthy Springs<br/>Matildeside, <br/> 72870-9737<br/><abbr title=\"Phone\">P:</abbr> 1-920-698-4173</address>', 'deliver', NULL, NULL, NULL, NULL, 'RR123456789CN', NULL, NULL, 1, NULL, 1, 1, NULL, NULL, 'Nihil quidem eaque error aut et officia.', 'Veniam iusto earum ut ipsum corrupti laboriosam ex ut.', NULL, NULL, NULL, NULL, NULL, NULL, '2022-01-16 22:25:04', '2022-01-16 22:25:04'),
(10, '#637092', 1, 16, NULL, NULL, 48, 4, 2, 3, NULL, 2385.000000, 1010.000000, NULL, 1.000000, NULL, NULL, NULL, 1011.000000, '<address>9432 Murphy Via<br/>Alexane Oval<br/>Chazview, <br/> 05082<br/><abbr title=\"Phone\">P:</abbr> +1-269-327-0270</address>', '<address>9432 Murphy Via<br/>Alexane Oval<br/>Chazview, <br/> 05082<br/><abbr title=\"Phone\">P:</abbr> +1-269-327-0270</address>', 'deliver', NULL, NULL, NULL, NULL, 'RR123456789CN', NULL, NULL, 1, NULL, 2, 1, NULL, NULL, 'Sed sed tempora est accusamus minus nesciunt.', 'Quas expedita accusamus impedit asperiores non ut neque.', NULL, NULL, NULL, NULL, NULL, NULL, '2022-02-09 22:25:04', '2022-02-09 22:25:04'),
(11, '#885590', 3, 10, NULL, NULL, 46, 3, 3, 7, NULL, 7610.000000, 1293.664178, NULL, 6.000000, NULL, NULL, NULL, 1299.664178, '<address>900 Ryleigh Unions<br/>Chanelle Mount<br/>Hoegerbury, <br/> 60228-1185<br/><abbr title=\"Phone\">P:</abbr> +1.540.668.7529</address>', '<address>900 Ryleigh Unions<br/>Chanelle Mount<br/>Hoegerbury, <br/> 60228-1185<br/><abbr title=\"Phone\">P:</abbr> +1.540.668.7529</address>', 'deliver', NULL, NULL, NULL, NULL, 'RR123456789CN', NULL, NULL, 1, NULL, 7, 1, NULL, NULL, 'Perspiciatis qui doloribus sit est facilis possimus eos expedita.', 'Consectetur velit dolor eos voluptatem consequatur et.', NULL, NULL, NULL, NULL, NULL, NULL, '2022-01-25 22:25:04', '2022-01-25 22:25:04'),
(12, '#291176', 2, 1, NULL, NULL, 30, 1, 3, 6, NULL, 7033.000000, 2108.552774, NULL, 3.000000, NULL, NULL, NULL, 2111.552774, '<address>13982 Schuppe Port<br/>Lowell Manors<br/>West Vivianchester, <br/> 85050-1723<br/><abbr title=\"Phone\">P:</abbr> 319-664-0711</address>', '<address>13982 Schuppe Port<br/>Lowell Manors<br/>West Vivianchester, <br/> 85050-1723<br/><abbr title=\"Phone\">P:</abbr> 319-664-0711</address>', 'deliver', NULL, NULL, NULL, NULL, 'RR123456789CN', NULL, NULL, 1, NULL, 5, 1, NULL, NULL, 'Porro id facilis est voluptates maiores possimus.', 'Doloribus quasi tempore eaque facere veritatis debitis.', NULL, NULL, NULL, NULL, NULL, NULL, '2022-01-27 22:25:04', '2022-01-27 22:25:04'),
(13, '#478830', 5, 12, NULL, NULL, 41, 2, 2, 5, NULL, 5543.000000, 1718.548459, NULL, 2.000000, NULL, NULL, NULL, 1720.548459, '<address>18834 Mae Extensions Suite 869<br/>Krajcik Ville<br/>New Abigailshire, <br/> 84248<br/><abbr title=\"Phone\">P:</abbr> +1.318.991.8290</address>', '<address>18834 Mae Extensions Suite 869<br/>Krajcik Ville<br/>New Abigailshire, <br/> 84248<br/><abbr title=\"Phone\">P:</abbr> +1.318.991.8290</address>', 'deliver', NULL, NULL, NULL, NULL, 'RR123456789CN', NULL, NULL, 1, NULL, 1, 1, NULL, NULL, 'Est officiis voluptatem ut vel iure explicabo.', 'Tempora et ea veniam debitis.', NULL, NULL, NULL, NULL, NULL, NULL, '2022-01-19 22:25:04', '2022-01-19 22:25:04'),
(14, '#882164', 5, 5, NULL, NULL, 32, 2, 3, 9, NULL, 10551.000000, 1643.883360, NULL, 3.000000, NULL, NULL, NULL, 1646.883360, '<address>41489 Amalia Mill<br/>Cody Falls<br/>Lavonneshire, <br/>Ḩawallī 01813<br/><abbr title=\"Phone\">P:</abbr> (971) 509-8815</address>', '<address>41489 Amalia Mill<br/>Cody Falls<br/>Lavonneshire, <br/>Ḩawallī 01813<br/><abbr title=\"Phone\">P:</abbr> (971) 509-8815</address>', 'deliver', NULL, NULL, NULL, NULL, 'RR123456789CN', NULL, NULL, 1, NULL, 3, 1, NULL, NULL, 'Voluptatum qui sunt qui provident explicabo.', 'Et reprehenderit libero nemo et.', NULL, NULL, NULL, NULL, NULL, NULL, '2022-02-09 22:25:04', '2022-02-09 22:25:04'),
(15, '#802263', 4, 10, NULL, NULL, 25, 4, 2, 4, NULL, 2828.000000, 1843.944583, NULL, 5.000000, NULL, NULL, NULL, 1848.944583, '<address>900 Ryleigh Unions<br/>Chanelle Mount<br/>Hoegerbury, <br/> 60228-1185<br/><abbr title=\"Phone\">P:</abbr> +1.540.668.7529</address>', '<address>900 Ryleigh Unions<br/>Chanelle Mount<br/>Hoegerbury, <br/> 60228-1185<br/><abbr title=\"Phone\">P:</abbr> +1.540.668.7529</address>', 'deliver', NULL, NULL, NULL, NULL, 'RR123456789CN', NULL, NULL, 1, NULL, 5, 1, NULL, NULL, 'Architecto facilis voluptatem corrupti commodi rerum.', 'Sapiente qui dolor magni repudiandae iusto fugit non quis.', NULL, NULL, NULL, NULL, NULL, NULL, '2022-01-31 22:25:04', '2022-01-31 22:25:04');

-- --------------------------------------------------------

--
-- Table structure for table `order_items`
--

CREATE TABLE `order_items` (
  `order_id` bigint(20) UNSIGNED NOT NULL,
  `inventory_id` bigint(20) UNSIGNED DEFAULT NULL,
  `item_description` longtext COLLATE utf8_unicode_ci NOT NULL,
  `quantity` int(10) UNSIGNED NOT NULL,
  `unit_price` decimal(20,6) NOT NULL,
  `feedback_id` bigint(20) UNSIGNED DEFAULT NULL,
  `created_at` timestamp NULL DEFAULT NULL,
  `updated_at` timestamp NULL DEFAULT NULL
) ENGINE=InnoDB DEFAULT CHARSET=utf8 COLLATE=utf8_unicode_ci;

--
-- Dumping data for table `order_items`
--

INSERT INTO `order_items` (`order_id`, `inventory_id`, `item_description`, `quantity`, `unit_price`, `feedback_id`, `created_at`, `updated_at`) VALUES
(1, 11, 'Cum cum in velit eum. - Refurbished', 2, 302.180000, NULL, '2022-02-12 22:24:56', '2022-02-12 22:24:56'),
(1, 63, 'Dolore ab et maiores modi voluptas ut. - Refurbished', 2, 352.107371, NULL, '2022-02-12 22:24:56', '2022-02-12 22:24:56'),
(2, 45, 'Porro natus exercitationem blanditiis eos est ad. - New', 1, 420.825640, NULL, '2022-02-12 22:24:56', '2022-02-12 22:24:56'),
(2, 64, 'Repellat dolorem aut magni. - Used', 2, 404.349159, NULL, '2022-02-12 22:24:56', '2022-02-12 22:24:56'),
(2, 66, 'Cupiditate voluptates et repellat eaque. - Refurbished', 2, 369.612500, NULL, '2022-02-12 22:24:56', '2022-02-12 22:24:56'),
(2, 81, 'In suscipit tempore quisquam quo. - Used', 2, 203.000000, NULL, '2022-02-12 22:24:56', '2022-02-12 22:24:56'),
(3, 2, 'Eos vitae dolor autem ad quos quos aut. - Refurbished', 1, 104.029300, NULL, '2022-02-12 22:24:56', '2022-02-12 22:24:56'),
(3, 16, 'Et consectetur qui officiis consequatur labore quo quia. - Refurbished', 3, 516.020000, NULL, '2022-02-12 22:24:56', '2022-02-12 22:24:56'),
(3, 87, 'Ut sequi laboriosam ratione laboriosam aut iusto. - Refurbished', 1, 350.495424, NULL, '2022-02-12 22:24:56', '2022-02-12 22:24:56'),
(4, 34, 'Enim sit nihil voluptas eum in voluptatibus rerum. - New', 2, 211.000000, NULL, '2022-02-12 22:24:56', '2022-02-12 22:24:56'),
(4, 35, 'Nesciunt voluptatum aut natus nihil. - Refurbished', 2, 220.682164, NULL, '2022-02-12 22:24:56', '2022-02-12 22:24:56'),
(4, 62, 'Reiciendis voluptatum magnam dignissimos nihil doloremque nemo. - Refurbished', 2, 440.000000, NULL, '2022-02-12 22:24:56', '2022-02-12 22:24:56'),
(4, 107, 'Sapiente mollitia laboriosam alias est. - Refurbished', 3, 56.000000, NULL, '2022-02-12 22:24:56', '2022-02-12 22:24:56'),
(5, 5, 'Eveniet sunt dolor rerum quisquam cupiditate consequatur qui fugiat. - New', 2, 337.409317, NULL, '2022-02-12 22:24:56', '2022-02-12 22:24:56'),
(5, 27, 'Illo sunt et doloremque. - New', 3, 399.751984, NULL, '2022-02-12 22:24:56', '2022-02-12 22:24:56'),
(5, 39, 'Alias culpa velit id exercitationem non minima omnis sed. - New', 2, 252.003394, NULL, '2022-02-12 22:24:56', '2022-02-12 22:24:56'),
(5, 43, 'Aut sint quaerat nostrum nisi dicta. - Used', 2, 508.560700, NULL, '2022-02-12 22:24:56', '2022-02-12 22:24:56'),
(6, 27, 'Illo sunt et doloremque. - New', 3, 399.751984, NULL, '2022-02-12 22:24:56', '2022-02-12 22:24:56'),
(6, 60, 'Quia nemo sit architecto omnis quae quis. - New', 3, 582.188408, NULL, '2022-02-12 22:24:56', '2022-02-12 22:24:56'),
(7, 63, 'Dolore ab et maiores modi voluptas ut. - Refurbished', 3, 352.107371, NULL, '2022-02-12 22:24:56', '2022-02-12 22:24:56'),
(7, 86, 'Illum qui error accusamus eum. - New', 2, 442.242394, NULL, '2022-02-12 22:24:56', '2022-02-12 22:24:56'),
(8, 5, 'Eveniet sunt dolor rerum quisquam cupiditate consequatur qui fugiat. - New', 2, 337.409317, NULL, '2022-02-12 22:24:56', '2022-02-12 22:24:56'),
(8, 31, 'Eos et ab totam sunt voluptatum velit corrupti. - Refurbished', 2, 203.369470, NULL, '2022-02-12 22:24:56', '2022-02-12 22:24:56'),
(8, 54, 'Nam eum et et itaque et inventore. - New', 1, 214.000000, NULL, '2022-02-12 22:24:56', '2022-02-12 22:24:56'),
(8, 61, 'Qui est in tempora sapiente sit. - Used', 2, 258.689672, NULL, '2022-02-12 22:24:56', '2022-02-12 22:24:56'),
(9, 75, 'Vel quis eum explicabo modi veritatis rem. - Used', 1, 293.490159, NULL, '2022-02-12 22:24:56', '2022-02-12 22:24:56'),
(9, 88, 'Ut vitae ea id id. - Refurbished', 2, 434.000000, NULL, '2022-02-12 22:24:56', '2022-02-12 22:24:56'),
(9, 103, 'Qui odit ad odio tempora quia qui. - Used', 1, 29.000000, NULL, '2022-02-12 22:24:56', '2022-02-12 22:24:56'),
(10, 1, 'Soluta minus enim in eum magnam reprehenderit. - New', 2, 470.000000, NULL, '2022-02-12 22:24:56', '2022-02-12 22:24:56'),
(10, 106, 'Id iste eos nulla qui sunt enim fugit. - New', 1, 70.000000, NULL, '2022-02-12 22:24:56', '2022-02-12 22:24:56'),
(11, 41, 'Corporis et sunt non alias nostrum quia dolor. - Refurbished', 2, 269.195621, NULL, '2022-02-12 22:24:56', '2022-02-12 22:24:56'),
(11, 96, 'Suscipit ratione aut ut laudantium. - New', 3, 73.062200, NULL, '2022-02-12 22:24:56', '2022-02-12 22:24:56'),
(11, 98, 'Voluptas non quae nam excepturi. - New', 2, 268.043168, NULL, '2022-02-12 22:24:56', '2022-02-12 22:24:56'),
(12, 74, 'Itaque omnis quisquam minus ut nisi dolores sequi. - New', 2, 330.905587, NULL, '2022-02-12 22:24:56', '2022-02-12 22:24:56'),
(12, 79, 'Dignissimos corporis error ex aliquid quis enim voluptatem dolorem. - Used', 1, 84.600000, NULL, '2022-02-12 22:24:56', '2022-02-12 22:24:56'),
(12, 90, 'Aliquid placeat rem facere eligendi. - New', 3, 454.047200, NULL, '2022-02-12 22:24:56', '2022-02-12 22:24:56'),
(13, 52, 'Sint et vitae placeat rem cum. - Refurbished', 3, 248.186137, NULL, '2022-02-12 22:24:56', '2022-02-12 22:24:56'),
(13, 83, 'Omnis repellat in quo accusantium maxime architecto. - Used', 2, 486.995024, NULL, '2022-02-12 22:24:56', '2022-02-12 22:24:56'),
(14, 14, 'Saepe sunt quidem omnis et aliquid laudantium blanditiis. - New', 3, 343.261120, NULL, '2022-02-12 22:24:56', '2022-02-12 22:24:56'),
(14, 82, 'Maiores possimus voluptatibus nam tempora facilis sed. - Refurbished', 3, 190.700000, NULL, '2022-02-12 22:24:56', '2022-02-12 22:24:56'),
(14, 104, 'Odit commodi quo doloribus qui sunt dolorem doloribus. - New', 3, 14.000000, NULL, '2022-02-12 22:24:56', '2022-02-12 22:24:56'),
(15, 15, 'Mollitia earum nobis nihil possimus voluptatem dolorem. - Used', 1, 288.841810, NULL, '2022-02-12 22:24:56', '2022-02-12 22:24:56'),
(15, 23, 'Molestiae cumque at id repellendus dignissimos. - Refurbished', 3, 518.367591, NULL, '2022-02-12 22:24:56', '2022-02-12 22:24:56');

-- --------------------------------------------------------

--
-- Table structure for table `packages`
--

CREATE TABLE `packages` (
  `id` int(10) UNSIGNED NOT NULL,
  `slug` varchar(255) COLLATE utf8_unicode_ci NOT NULL,
  `name` varchar(255) COLLATE utf8_unicode_ci DEFAULT NULL,
  `description` varchar(255) COLLATE utf8_unicode_ci DEFAULT NULL,
  `compatible` varchar(255) COLLATE utf8_unicode_ci DEFAULT NULL,
  `dependency` varchar(255) COLLATE utf8_unicode_ci DEFAULT NULL,
  `version` varchar(255) COLLATE utf8_unicode_ci NOT NULL DEFAULT '1',
  `license_key` varchar(255) COLLATE utf8_unicode_ci NOT NULL,
  `installation_key` varchar(255) COLLATE utf8_unicode_ci NOT NULL,
  `installation_hash` varchar(255) COLLATE utf8_unicode_ci NOT NULL,
  `lcd` varchar(255) COLLATE utf8_unicode_ci NOT NULL,
  `lrd` varchar(255) COLLATE utf8_unicode_ci NOT NULL,
  `active` tinyint(1) DEFAULT '0',
  `icon` varchar(255) COLLATE utf8_unicode_ci DEFAULT NULL,
  `created_at` timestamp NULL DEFAULT NULL,
  `updated_at` timestamp NULL DEFAULT NULL
) ENGINE=InnoDB DEFAULT CHARSET=utf8 COLLATE=utf8_unicode_ci;

-- --------------------------------------------------------

--
-- Table structure for table `packagings`
--

CREATE TABLE `packagings` (
  `id` int(10) UNSIGNED NOT NULL,
  `shop_id` int(10) UNSIGNED DEFAULT NULL,
  `name` varchar(255) COLLATE utf8_unicode_ci NOT NULL,
  `width` decimal(20,6) DEFAULT NULL,
  `height` decimal(20,6) DEFAULT NULL,
  `depth` decimal(20,6) DEFAULT NULL,
  `cost` decimal(20,6) DEFAULT NULL,
  `default` tinyint(1) DEFAULT NULL,
  `active` tinyint(1) NOT NULL DEFAULT '1',
  `deleted_at` timestamp NULL DEFAULT NULL,
  `created_at` timestamp NULL DEFAULT NULL,
  `updated_at` timestamp NULL DEFAULT NULL
) ENGINE=InnoDB DEFAULT CHARSET=utf8 COLLATE=utf8_unicode_ci;

--
-- Dumping data for table `packagings`
--

INSERT INTO `packagings` (`id`, `shop_id`, `name`, `width`, `height`, `depth`, `cost`, `default`, `active`, `deleted_at`, `created_at`, `updated_at`) VALUES
(1, NULL, 'Free Basic Packaging', NULL, NULL, NULL, 0.000000, NULL, 1, NULL, '2022-02-12 22:24:49', '2022-02-12 22:24:49'),
(2, 4, 'praesentium', 16.240000, 27.170000, 11.860000, 10.000000, NULL, 1, NULL, '2022-01-31 22:24:59', '2022-01-29 22:24:59'),
(3, 5, 'et', 40.080000, 52.470000, 11.490000, 5.000000, NULL, 1, NULL, '2022-01-29 22:24:59', '2022-02-06 22:24:59'),
(4, 4, 'culpa', 16.860000, 31.320000, 39.520000, 7.000000, NULL, 1, NULL, '2022-01-30 22:24:59', '2022-02-02 22:24:59'),
(5, 4, 'illo', 20.660000, 48.620000, 19.200000, 2.000000, NULL, 1, NULL, '2022-02-10 22:24:59', '2022-02-05 22:24:59'),
(6, 5, 'similique', 29.820000, 20.400000, 35.140000, 10.000000, NULL, 1, NULL, '2022-02-05 22:24:59', '2022-01-31 22:24:59');

-- --------------------------------------------------------

--
-- Table structure for table `pages`
--

CREATE TABLE `pages` (
  `id` int(10) UNSIGNED NOT NULL,
  `author_id` bigint(20) UNSIGNED DEFAULT NULL,
  `title` text COLLATE utf8_unicode_ci,
  `slug` varchar(200) COLLATE utf8_unicode_ci NOT NULL,
  `content` longtext COLLATE utf8_unicode_ci,
  `published_at` timestamp NULL DEFAULT NULL,
  `visibility` int(11) NOT NULL DEFAULT '1',
  `position` varchar(50) COLLATE utf8_unicode_ci DEFAULT NULL,
  `deleted_at` timestamp NULL DEFAULT NULL,
  `created_at` timestamp NULL DEFAULT NULL,
  `updated_at` timestamp NULL DEFAULT NULL
) ENGINE=InnoDB DEFAULT CHARSET=utf8 COLLATE=utf8_unicode_ci;

--
-- Dumping data for table `pages`
--

INSERT INTO `pages` (`id`, `author_id`, `title`, `slug`, `content`, `published_at`, `visibility`, `position`, `deleted_at`, `created_at`, `updated_at`) VALUES
(1, 1, 'About us', 'about-us', 'Add your own About Us info here. You can modify this page from ADMIN PANEL >> UTILITIES >> PAGES section.', '2022-02-12 22:24:49', 1, 'copyright_area', NULL, '2022-02-12 22:24:49', '2022-02-12 22:24:49'),
(2, 1, 'Contact us', 'contact-us', 'Contact details. A contact form will be added automatically with this info. You can modify this page from ADMIN PANEL >> UTILITIES >> PAGES section.', '2022-02-12 22:24:49', 1, 'footer_3rd_column', NULL, '2022-02-12 22:24:49', '2022-02-12 22:24:49'),
(3, 1, 'Privacy policy', 'privacy-policy', 'Add your own privacy policy here. You can modify this page from ADMIN PANEL >> UTILITIES >> PAGES section.', '2022-02-12 22:24:49', 1, 'copyright_area', NULL, '2022-02-12 22:24:49', '2022-02-12 22:24:49'),
(4, 1, 'Terms and condition for customer', 'terms-of-use-customer', 'Add your own terms and condition for customer here. You can modify this page from ADMIN PANEL >> UTILITIES >> PAGES section.', '2022-02-12 22:24:49', 1, 'copyright_area', NULL, '2022-02-12 22:24:49', '2022-02-12 22:24:49'),
(5, 1, 'Terms and condition for merchant', 'terms-of-use-merchant', 'Add your own terms and condition for merchant here. You can modify this page from ADMIN PANEL >> UTILITIES >> PAGES section.', '2022-02-12 22:24:49', 2, 'copyright_area', NULL, '2022-02-12 22:24:49', '2022-02-12 22:24:49'),
(6, 1, 'Return and refund policy', 'return-and-refund-policy', 'Return and refund policy. You can modify this page from ADMIN PANEL >> UTILITIES >> PAGES section.', '2022-02-12 22:24:49', 1, 'footer_1st_column', NULL, '2022-02-12 22:24:49', '2022-02-12 22:24:49'),
(7, 1, 'Shipping', 'shipping', 'Shipping details. You can modify this page from ADMIN PANEL >> UTILITIES >> PAGES section.', '2022-02-12 22:24:49', 1, 'footer_1st_column', NULL, '2022-02-12 22:24:49', '2022-02-12 22:24:49'),
(8, 1, 'Career', 'career', 'You can modify this page from ADMIN PANEL >> UTILITIES >> PAGES section.', '2022-02-12 22:24:49', 1, 'footer_2nd_column', NULL, '2022-02-12 22:24:49', '2022-02-12 22:24:49');

-- --------------------------------------------------------

--
-- Table structure for table `payment_methods`
--

CREATE TABLE `payment_methods` (
  `id` int(10) UNSIGNED NOT NULL,
  `code` varchar(255) COLLATE utf8_unicode_ci NOT NULL,
  `name` varchar(255) COLLATE utf8_unicode_ci NOT NULL,
  `type` int(11) NOT NULL,
  `split_money` tinyint(1) NOT NULL DEFAULT '0',
  `company_name` varchar(255) COLLATE utf8_unicode_ci DEFAULT NULL,
  `website` text COLLATE utf8_unicode_ci,
  `help_doc_link` text COLLATE utf8_unicode_ci,
  `terms_conditions_link` text COLLATE utf8_unicode_ci,
  `description` text COLLATE utf8_unicode_ci,
  `instructions` text COLLATE utf8_unicode_ci,
  `admin_description` text COLLATE utf8_unicode_ci,
  `admin_help_doc_link` text COLLATE utf8_unicode_ci,
  `enabled` tinyint(1) NOT NULL DEFAULT '1',
  `order` int(11) NOT NULL DEFAULT '99',
  `created_at` timestamp NULL DEFAULT NULL,
  `updated_at` timestamp NULL DEFAULT NULL
) ENGINE=InnoDB DEFAULT CHARSET=utf8 COLLATE=utf8_unicode_ci;

--
-- Dumping data for table `payment_methods`
--

INSERT INTO `payment_methods` (`id`, `code`, `name`, `type`, `split_money`, `company_name`, `website`, `help_doc_link`, `terms_conditions_link`, `description`, `instructions`, `admin_description`, `admin_help_doc_link`, `enabled`, `order`, `created_at`, `updated_at`) VALUES
(1, 'paypal-express', 'PayPal Express Checkout', 1, 0, 'PayPal Inc.', 'https://www.paypal.com/', 'https://www.paypal.com/us/webapps/mpp/express-checkout', NULL, 'Add PayPal as a payment method to allow customers to checkout with PayPal. Express Checkout offers the ease of convenience and security of PayPal, can turn more shoppers into buyers. You must have a PayPal business account to activate this payment method. - You must have a PayPal business account.<br/><strong>To activate PayPal Express: </strong><br/>- You must have a PayPal business account to accept payments.<br/>- Create an app to receive API credentials for testing and live transactions.<br/>- Go to this link to create your app: <small>https://developer.paypal.com/webapps/developer/applications/myapps</small>', NULL, 'Add PayPal as a payment method to any checkout with Express Checkout. Express Checkout offers the ease of convenience and security of PayPal, can be set up in minutes and can turn more shoppers into buyers.', 'https://developer.paypal.com/docs/integration/direct/express-checkout/integration-jsv4/', 1, 1, '2022-02-12 22:24:49', '2022-02-12 22:24:49'),
(2, 'stripe', 'Stripe', 2, 1, 'Stripe Inc.', 'https://stripe.com/', 'https://stripe.com/docs/checkout/tutorial', NULL, 'Stripe is one of the best and safe option to charge credit and debit cards around the world. Stripe has a simple fee structure and no hidden costs. No other gateway or merchant account is required. <br/><strong>By using Stripe: </strong><br/>- You have to connect our platform to your Stripe account. <br/>- You agree to Stripe\'s <a href=\"https://stripe.com/us/privacy\" target=\"_blank\">Terms of Service</a>.', NULL, 'Stripe is one of the best and safe option to charge credit and debit cards around the world. Stripe has a product for marketplace like this. To enable Stripe to your vendors, you must have to register your platform with Stripe.<br/><strong> Follow This Simple steps:</strong><br/>- Create an Stripe application using the bellow information. <a href=\"https://stripe.com/docs/connect/quickstart\" target=\"_blank\">Check their documentation for help.</a><br/>- Update the .env file on your server with Stripe API credentials.<br/><br/><strong>Remember </strong> when you register your platform use this information: <br/>- Name: \'zCart Marketplace\'<br/>- Website URL: \'https://marketplace.softwarestore.biz\'<br/>- Redirect URL: \'https://marketplace.softwarestore.biz/admin/setting/stripe/redirect\'', 'https://stripe.com/docs/connect/quickstart', 1, 2, '2022-02-12 22:24:49', '2022-02-12 22:24:49'),
(3, 'authorize-net', 'Authorize.Net', 2, 0, 'Authorize.Net', 'https://www.authorize.net/', 'https://www.authorize.net/support/', NULL, 'More solutions for your business. More support when you need it. More strength to stand on. <br/><strong>By using Authorize.Net: </strong><br/>- You have to have an Authorize.Net account. <br/>- You agree to Authorize.Net\'s <a href=\"https://www.authorize.net/about-us/terms/\" target=\"_blank\">Terms of Use</a>.', NULL, 'Authorize.Net helps makes it simple to accept electronic and credit card payments.', 'https://www.authorize.net/about-us/', 1, 3, '2022-02-12 22:24:49', '2022-02-12 22:24:49'),
(4, 'instamojo', 'Instamojo', 2, 0, 'Instamojo Technologies Pvt. Ltd.', 'https://instamojo.com/', 'https://instamojo.com/docs/checkout/tutorial', NULL, 'Instamojo is one of the most popular and Multi-Channel Payment Gateway for India - Accept Credit/Debit Cards, Wallets, Net Banking, UPI & EMI. <br/><strong>By using Instamojo: </strong><br/>- You have to have your Instamojo business account. <br/>- You agree to Instamojo\'s <a href=\"https://www.instamojo.com/terms/\" target=\"_blank\">Terms of Service</a>.', NULL, 'Instamojo is one of the most popular and Multi-Channel Payment Gateway for India - Accept Credit/Debit Cards, Wallets, Net Banking, UPI & EMI. Enable Instamojo to your vendors.', 'https://www.instamojo.com/', 1, 5, '2022-02-12 22:24:49', '2022-02-12 22:24:49'),
(5, 'paystack', 'Paystack', 4, 0, 'Paystack', 'https://paystack.com/', 'https://paystack.helpscoutdocs.com/', NULL, 'Modern online and offline payments for Africa. Paystack helps businesses in Africa get paid by anyone, anywhere in the world. <br/><strong>By using Paystack: </strong><br/>- You agree to Paystack\'s <a href=\"https://paystack.com/terms\" target=\"_blank\">Terms of Service</a>.', NULL, 'Modern online and offline payments for Africa. Paystack helps businesses in Africa get paid by anyone, anywhere in the world.', 'https://paystack.helpscoutdocs.com/', 1, 1, '2022-02-12 22:24:49', '2022-02-12 22:24:49'),
(6, 'cod', 'Cash On Delivery', 3, 0, 'Cash on Delivery', NULL, NULL, NULL, 'Cash on delivery (COD), sometimes called collect on delivery, is the sale of goods by mail order where payment is made on delivery rather than in advance.', NULL, 'Cash on delivery (COD), sometimes called collect on delivery, is the sale of goods by mail order where payment is made on delivery rather than in advance.', '', 1, 5, '2022-02-12 22:24:49', '2022-02-12 22:24:49'),
(7, 'wire', 'Bank Wire Transfer', 3, 0, 'Pay by bank wire transfer', NULL, NULL, NULL, 'Pay by bank wire transfer,  transfer the invoice amount via wire tranfer to the merchant account and confirm manually. After payment confirmation the goods will be shipped.', NULL, 'Pay by bank wire transfer,  transfer the invoice amount via wire tranfer to the merchant account and confirm manually. After payment confirmation the goods will be shipped.', '', 1, 6, '2022-02-12 22:24:49', '2022-02-12 22:24:49');

-- --------------------------------------------------------

--
-- Table structure for table `performance_indicators`
--

CREATE TABLE `performance_indicators` (
  `id` int(10) UNSIGNED NOT NULL,
  `monthly_recurring_revenue` decimal(8,2) DEFAULT NULL,
  `daily_volume` decimal(8,2) DEFAULT NULL,
  `new_merchants` int(11) NOT NULL,
  `new_customers` int(11) NOT NULL,
  `created_at` timestamp NULL DEFAULT NULL,
  `updated_at` timestamp NULL DEFAULT NULL
) ENGINE=InnoDB DEFAULT CHARSET=utf8 COLLATE=utf8_unicode_ci;

-- --------------------------------------------------------

--
-- Table structure for table `permissions`
--

CREATE TABLE `permissions` (
  `id` int(10) UNSIGNED NOT NULL,
  `module_id` int(10) UNSIGNED NOT NULL,
  `name` varchar(255) COLLATE utf8_unicode_ci NOT NULL,
  `slug` varchar(255) COLLATE utf8_unicode_ci NOT NULL,
  `created_at` timestamp NULL DEFAULT NULL,
  `updated_at` timestamp NULL DEFAULT NULL
) ENGINE=InnoDB DEFAULT CHARSET=utf8 COLLATE=utf8_unicode_ci;

--
-- Dumping data for table `permissions`
--

INSERT INTO `permissions` (`id`, `module_id`, `name`, `slug`, `created_at`, `updated_at`) VALUES
(1, 1, 'Customize', 'customize_appearance', '2022-02-12 22:24:49', '2022-02-12 22:24:49'),
(2, 2, 'View', 'view_attribute', '2022-02-12 22:24:49', '2022-02-12 22:24:49'),
(3, 2, 'Add', 'add_attribute', '2022-02-12 22:24:49', '2022-02-12 22:24:49'),
(4, 2, 'Edit', 'edit_attribute', '2022-02-12 22:24:49', '2022-02-12 22:24:49'),
(5, 2, 'Delete', 'delete_attribute', '2022-02-12 22:24:49', '2022-02-12 22:24:49'),
(6, 3, 'View', 'view_carrier', '2022-02-12 22:24:49', '2022-02-12 22:24:49'),
(7, 3, 'Add', 'add_carrier', '2022-02-12 22:24:49', '2022-02-12 22:24:49'),
(8, 3, 'Edit', 'edit_carrier', '2022-02-12 22:24:49', '2022-02-12 22:24:49'),
(9, 3, 'Delete', 'delete_carrier', '2022-02-12 22:24:49', '2022-02-12 22:24:49'),
(10, 4, 'View', 'view_category', '2022-02-12 22:24:49', '2022-02-12 22:24:49'),
(11, 4, 'Add', 'add_category', '2022-02-12 22:24:49', '2022-02-12 22:24:49'),
(12, 4, 'Edit', 'edit_category', '2022-02-12 22:24:49', '2022-02-12 22:24:49'),
(13, 4, 'Delete', 'delete_category', '2022-02-12 22:24:49', '2022-02-12 22:24:49'),
(14, 5, 'View', 'view_category_group', '2022-02-12 22:24:49', '2022-02-12 22:24:49'),
(15, 5, 'Add', 'add_category_group', '2022-02-12 22:24:49', '2022-02-12 22:24:49'),
(16, 5, 'Edit', 'edit_category_group', '2022-02-12 22:24:49', '2022-02-12 22:24:49'),
(17, 5, 'Delete', 'delete_category_group', '2022-02-12 22:24:49', '2022-02-12 22:24:49'),
(18, 6, 'View', 'view_category_sub_group', '2022-02-12 22:24:49', '2022-02-12 22:24:49'),
(19, 6, 'Add', 'add_category_sub_group', '2022-02-12 22:24:49', '2022-02-12 22:24:49'),
(20, 6, 'Edit', 'edit_category_sub_group', '2022-02-12 22:24:49', '2022-02-12 22:24:49'),
(21, 6, 'Delete', 'delete_category_sub_group', '2022-02-12 22:24:49', '2022-02-12 22:24:49'),
(22, 7, 'View', 'view_chat_conversation', '2022-02-12 22:24:49', '2022-02-12 22:24:49'),
(23, 7, 'Reply', 'reply_chat_conversation', '2022-02-12 22:24:49', '2022-02-12 22:24:49'),
(24, 7, 'Delete', 'delete_chat_conversation', '2022-02-12 22:24:49', '2022-02-12 22:24:49'),
(25, 8, 'View', 'view_config', '2022-02-12 22:24:49', '2022-02-12 22:24:49'),
(26, 8, 'Edit', 'edit_config', '2022-02-12 22:24:49', '2022-02-12 22:24:49'),
(27, 9, 'View', 'view_coupon', '2022-02-12 22:24:49', '2022-02-12 22:24:49'),
(28, 9, 'Add', 'add_coupon', '2022-02-12 22:24:49', '2022-02-12 22:24:49'),
(29, 9, 'Edit', 'edit_coupon', '2022-02-12 22:24:49', '2022-02-12 22:24:49'),
(30, 9, 'Delete', 'delete_coupon', '2022-02-12 22:24:49', '2022-02-12 22:24:49'),
(31, 10, 'View', 'view_cart', '2022-02-12 22:24:49', '2022-02-12 22:24:49'),
(32, 10, 'Add', 'add_cart', '2022-02-12 22:24:49', '2022-02-12 22:24:49'),
(33, 10, 'Edit', 'edit_cart', '2022-02-12 22:24:49', '2022-02-12 22:24:49'),
(34, 10, 'Delete', 'delete_cart', '2022-02-12 22:24:49', '2022-02-12 22:24:49'),
(35, 11, 'View', 'view_customer', '2022-02-12 22:24:49', '2022-02-12 22:24:49'),
(36, 11, 'Add', 'add_customer', '2022-02-12 22:24:49', '2022-02-12 22:24:49'),
(37, 11, 'Edit', 'edit_customer', '2022-02-12 22:24:49', '2022-02-12 22:24:49'),
(38, 11, 'Delete', 'delete_customer', '2022-02-12 22:24:49', '2022-02-12 22:24:49'),
(39, 12, 'View', 'view_dispute', '2022-02-12 22:24:49', '2022-02-12 22:24:49'),
(40, 12, 'Response', 'response_dispute', '2022-02-12 22:24:49', '2022-02-12 22:24:49'),
(41, 13, 'View', 'view_inventory', '2022-02-12 22:24:49', '2022-02-12 22:24:49'),
(42, 13, 'Add', 'add_inventory', '2022-02-12 22:24:49', '2022-02-12 22:24:49'),
(43, 13, 'Edit', 'edit_inventory', '2022-02-12 22:24:49', '2022-02-12 22:24:49'),
(44, 13, 'Delete', 'delete_inventory', '2022-02-12 22:24:49', '2022-02-12 22:24:49'),
(45, 14, 'View', 'view_manufacturer', '2022-02-12 22:24:49', '2022-02-12 22:24:49'),
(46, 14, 'Add', 'add_manufacturer', '2022-02-12 22:24:49', '2022-02-12 22:24:49'),
(47, 14, 'Edit', 'edit_manufacturer', '2022-02-12 22:24:49', '2022-02-12 22:24:49'),
(48, 14, 'Delete', 'delete_manufacturer', '2022-02-12 22:24:49', '2022-02-12 22:24:49'),
(49, 15, 'View', 'view_message', '2022-02-12 22:24:49', '2022-02-12 22:24:49'),
(50, 15, 'Add', 'add_message', '2022-02-12 22:24:49', '2022-02-12 22:24:49'),
(51, 15, 'Update', 'update_message', '2022-02-12 22:24:49', '2022-02-12 22:24:49'),
(52, 15, 'Delete', 'delete_message', '2022-02-12 22:24:49', '2022-02-12 22:24:49'),
(53, 15, 'Reply', 'reply_message', '2022-02-12 22:24:49', '2022-02-12 22:24:49'),
(54, 17, 'View', 'view_order', '2022-02-12 22:24:49', '2022-02-12 22:24:49'),
(55, 17, 'Add', 'add_order', '2022-02-12 22:24:49', '2022-02-12 22:24:49'),
(56, 17, 'Fulfill', 'fulfill_order', '2022-02-12 22:24:49', '2022-02-12 22:24:49'),
(57, 17, 'Cancel', 'cancel_order', '2022-02-12 22:24:49', '2022-02-12 22:24:49'),
(58, 17, 'Archive', 'archive_order', '2022-02-12 22:24:49', '2022-02-12 22:24:49'),
(59, 17, 'Delete', 'delete_order', '2022-02-12 22:24:49', '2022-02-12 22:24:49'),
(60, 18, 'View', 'view_packaging', '2022-02-12 22:24:49', '2022-02-12 22:24:49'),
(61, 18, 'Add', 'add_packaging', '2022-02-12 22:24:49', '2022-02-12 22:24:49'),
(62, 18, 'Edit', 'edit_packaging', '2022-02-12 22:24:49', '2022-02-12 22:24:49'),
(63, 18, 'Delete', 'delete_packaging', '2022-02-12 22:24:49', '2022-02-12 22:24:49'),
(64, 19, 'View', 'view_product', '2022-02-12 22:24:49', '2022-02-12 22:24:49'),
(65, 19, 'Add', 'add_product', '2022-02-12 22:24:49', '2022-02-12 22:24:49'),
(66, 19, 'Edit', 'edit_product', '2022-02-12 22:24:49', '2022-02-12 22:24:49'),
(67, 19, 'Delete', 'delete_product', '2022-02-12 22:24:49', '2022-02-12 22:24:49'),
(68, 20, 'View', 'view_refund', '2022-02-12 22:24:49', '2022-02-12 22:24:49'),
(69, 20, 'Initiate', 'initiate_refund', '2022-02-12 22:24:49', '2022-02-12 22:24:49'),
(70, 20, 'Update', 'update_refund', '2022-02-12 22:24:49', '2022-02-12 22:24:49'),
(71, 20, 'Approve', 'approve_refund', '2022-02-12 22:24:49', '2022-02-12 22:24:49'),
(72, 21, 'View', 'view_role', '2022-02-12 22:24:49', '2022-02-12 22:24:49'),
(73, 21, 'Add', 'add_role', '2022-02-12 22:24:49', '2022-02-12 22:24:49'),
(74, 21, 'Edit', 'edit_role', '2022-02-12 22:24:49', '2022-02-12 22:24:49'),
(75, 21, 'Delete', 'delete_role', '2022-02-12 22:24:49', '2022-02-12 22:24:49'),
(76, 22, 'View', 'view_supplier', '2022-02-12 22:24:49', '2022-02-12 22:24:49'),
(77, 22, 'Add', 'add_supplier', '2022-02-12 22:24:49', '2022-02-12 22:24:49'),
(78, 22, 'Edit', 'edit_supplier', '2022-02-12 22:24:49', '2022-02-12 22:24:49'),
(79, 22, 'Delete', 'delete_supplier', '2022-02-12 22:24:49', '2022-02-12 22:24:49'),
(80, 24, 'View', 'view_shipping_zone', '2022-02-12 22:24:49', '2022-02-12 22:24:49'),
(81, 24, 'Add', 'add_shipping_zone', '2022-02-12 22:24:49', '2022-02-12 22:24:49'),
(82, 24, 'Edit', 'edit_shipping_zone', '2022-02-12 22:24:49', '2022-02-12 22:24:49'),
(83, 24, 'Delete', 'delete_shipping_zone', '2022-02-12 22:24:49', '2022-02-12 22:24:49'),
(84, 25, 'Add', 'add_shipping_rate', '2022-02-12 22:24:49', '2022-02-12 22:24:49'),
(85, 25, 'Edit', 'edit_shipping_rate', '2022-02-12 22:24:49', '2022-02-12 22:24:49'),
(86, 25, 'Delete', 'delete_shipping_rate', '2022-02-12 22:24:49', '2022-02-12 22:24:49'),
(87, 27, 'View', 'view_system_config', '2022-02-12 22:24:49', '2022-02-12 22:24:49'),
(88, 27, 'Edit', 'edit_system_config', '2022-02-12 22:24:49', '2022-02-12 22:24:49'),
(89, 28, 'View', 'view_tax', '2022-02-12 22:24:49', '2022-02-12 22:24:49'),
(90, 28, 'Add', 'add_tax', '2022-02-12 22:24:49', '2022-02-12 22:24:49'),
(91, 28, 'Edit', 'edit_tax', '2022-02-12 22:24:49', '2022-02-12 22:24:49'),
(92, 28, 'Delete', 'delete_tax', '2022-02-12 22:24:49', '2022-02-12 22:24:49'),
(93, 29, 'View', 'view_ticket', '2022-02-12 22:24:49', '2022-02-12 22:24:49'),
(94, 29, 'Update', 'update_ticket', '2022-02-12 22:24:49', '2022-02-12 22:24:49'),
(95, 29, 'Reply', 'reply_ticket', '2022-02-12 22:24:49', '2022-02-12 22:24:49'),
(96, 29, 'Assign', 'assign_ticket', '2022-02-12 22:24:49', '2022-02-12 22:24:49'),
(97, 30, 'View', 'view_vendor', '2022-02-12 22:24:49', '2022-02-12 22:24:49'),
(98, 30, 'Add', 'add_vendor', '2022-02-12 22:24:49', '2022-02-12 22:24:49'),
(99, 30, 'Edit', 'edit_vendor', '2022-02-12 22:24:49', '2022-02-12 22:24:49'),
(100, 30, 'Delete', 'delete_vendor', '2022-02-12 22:24:49', '2022-02-12 22:24:49'),
(101, 30, 'Login', 'login_vendor', '2022-02-12 22:24:49', '2022-02-12 22:24:49'),
(102, 31, 'View', 'view_warehouse', '2022-02-12 22:24:49', '2022-02-12 22:24:49'),
(103, 31, 'Add', 'add_warehouse', '2022-02-12 22:24:49', '2022-02-12 22:24:49'),
(104, 31, 'Edit', 'edit_warehouse', '2022-02-12 22:24:49', '2022-02-12 22:24:49'),
(105, 31, 'Delete', 'delete_warehouse', '2022-02-12 22:24:49', '2022-02-12 22:24:49'),
(106, 32, 'View', 'view_user', '2022-02-12 22:24:49', '2022-02-12 22:24:49'),
(107, 32, 'Add', 'add_user', '2022-02-12 22:24:49', '2022-02-12 22:24:49'),
(108, 32, 'Edit', 'edit_user', '2022-02-12 22:24:49', '2022-02-12 22:24:49'),
(109, 32, 'Delete', 'delete_user', '2022-02-12 22:24:49', '2022-02-12 22:24:49'),
(110, 32, 'Login', 'login_user', '2022-02-12 22:24:49', '2022-02-12 22:24:49'),
(111, 33, 'View', 'view_utility', '2022-02-12 22:24:49', '2022-02-12 22:24:49'),
(112, 33, 'Add', 'add_utility', '2022-02-12 22:24:49', '2022-02-12 22:24:49'),
(113, 33, 'Edit', 'edit_utility', '2022-02-12 22:24:49', '2022-02-12 22:24:49'),
(114, 33, 'Delete', 'delete_utility', '2022-02-12 22:24:49', '2022-02-12 22:24:49');

-- --------------------------------------------------------

--
-- Table structure for table `permission_role`
--

CREATE TABLE `permission_role` (
  `permission_id` int(10) UNSIGNED NOT NULL,
  `role_id` int(10) UNSIGNED NOT NULL,
  `created_at` timestamp NULL DEFAULT NULL,
  `updated_at` timestamp NULL DEFAULT NULL
) ENGINE=InnoDB DEFAULT CHARSET=utf8 COLLATE=utf8_unicode_ci;

--
-- Dumping data for table `permission_role`
--

INSERT INTO `permission_role` (`permission_id`, `role_id`, `created_at`, `updated_at`) VALUES
(1, 2, '2022-02-12 22:24:49', '2022-02-12 22:24:49'),
(2, 2, '2022-02-12 22:24:49', '2022-02-12 22:24:49'),
(2, 3, '2022-02-12 22:24:49', '2022-02-12 22:24:49'),
(3, 2, '2022-02-12 22:24:49', '2022-02-12 22:24:49'),
(3, 3, '2022-02-12 22:24:49', '2022-02-12 22:24:49'),
(4, 2, '2022-02-12 22:24:49', '2022-02-12 22:24:49'),
(4, 3, '2022-02-12 22:24:49', '2022-02-12 22:24:49'),
(5, 2, '2022-02-12 22:24:49', '2022-02-12 22:24:49'),
(5, 3, '2022-02-12 22:24:49', '2022-02-12 22:24:49'),
(6, 3, '2022-02-12 22:24:49', '2022-02-12 22:24:49'),
(7, 3, '2022-02-12 22:24:49', '2022-02-12 22:24:49'),
(8, 3, '2022-02-12 22:24:49', '2022-02-12 22:24:49'),
(9, 3, '2022-02-12 22:24:49', '2022-02-12 22:24:49'),
(10, 2, '2022-02-12 22:24:49', '2022-02-12 22:24:49'),
(11, 2, '2022-02-12 22:24:49', '2022-02-12 22:24:49'),
(12, 2, '2022-02-12 22:24:49', '2022-02-12 22:24:49'),
(13, 2, '2022-02-12 22:24:49', '2022-02-12 22:24:49'),
(14, 2, '2022-02-12 22:24:49', '2022-02-12 22:24:49'),
(15, 2, '2022-02-12 22:24:49', '2022-02-12 22:24:49'),
(16, 2, '2022-02-12 22:24:49', '2022-02-12 22:24:49'),
(17, 2, '2022-02-12 22:24:49', '2022-02-12 22:24:49'),
(18, 2, '2022-02-12 22:24:49', '2022-02-12 22:24:49'),
(19, 2, '2022-02-12 22:24:49', '2022-02-12 22:24:49'),
(20, 2, '2022-02-12 22:24:49', '2022-02-12 22:24:49'),
(21, 2, '2022-02-12 22:24:49', '2022-02-12 22:24:49'),
(22, 3, '2022-02-12 22:24:49', '2022-02-12 22:24:49'),
(23, 3, '2022-02-12 22:24:49', '2022-02-12 22:24:49'),
(24, 3, '2022-02-12 22:24:49', '2022-02-12 22:24:49'),
(25, 3, '2022-02-12 22:24:49', '2022-02-12 22:24:49'),
(26, 3, '2022-02-12 22:24:49', '2022-02-12 22:24:49'),
(27, 3, '2022-02-12 22:24:49', '2022-02-12 22:24:49'),
(28, 3, '2022-02-12 22:24:49', '2022-02-12 22:24:49'),
(29, 3, '2022-02-12 22:24:49', '2022-02-12 22:24:49'),
(30, 3, '2022-02-12 22:24:49', '2022-02-12 22:24:49'),
(31, 2, '2022-02-12 22:24:49', '2022-02-12 22:24:49'),
(31, 3, '2022-02-12 22:24:49', '2022-02-12 22:24:49'),
(32, 2, '2022-02-12 22:24:49', '2022-02-12 22:24:49'),
(32, 3, '2022-02-12 22:24:49', '2022-02-12 22:24:49'),
(33, 2, '2022-02-12 22:24:49', '2022-02-12 22:24:49'),
(33, 3, '2022-02-12 22:24:49', '2022-02-12 22:24:49'),
(34, 2, '2022-02-12 22:24:49', '2022-02-12 22:24:49'),
(34, 3, '2022-02-12 22:24:49', '2022-02-12 22:24:49'),
(35, 2, '2022-02-12 22:24:49', '2022-02-12 22:24:49'),
(36, 2, '2022-02-12 22:24:49', '2022-02-12 22:24:49'),
(37, 2, '2022-02-12 22:24:49', '2022-02-12 22:24:49'),
(38, 2, '2022-02-12 22:24:49', '2022-02-12 22:24:49'),
(39, 2, '2022-02-12 22:24:49', '2022-02-12 22:24:49'),
(39, 3, '2022-02-12 22:24:49', '2022-02-12 22:24:49'),
(40, 2, '2022-02-12 22:24:49', '2022-02-12 22:24:49'),
(40, 3, '2022-02-12 22:24:49', '2022-02-12 22:24:49'),
(41, 3, '2022-02-12 22:24:49', '2022-02-12 22:24:49'),
(42, 3, '2022-02-12 22:24:49', '2022-02-12 22:24:49'),
(43, 3, '2022-02-12 22:24:49', '2022-02-12 22:24:49'),
(44, 3, '2022-02-12 22:24:49', '2022-02-12 22:24:49'),
(45, 2, '2022-02-12 22:24:49', '2022-02-12 22:24:49'),
(45, 3, '2022-02-12 22:24:49', '2022-02-12 22:24:49'),
(46, 2, '2022-02-12 22:24:49', '2022-02-12 22:24:49'),
(46, 3, '2022-02-12 22:24:49', '2022-02-12 22:24:49'),
(47, 2, '2022-02-12 22:24:49', '2022-02-12 22:24:49'),
(47, 3, '2022-02-12 22:24:49', '2022-02-12 22:24:49'),
(48, 2, '2022-02-12 22:24:49', '2022-02-12 22:24:49'),
(48, 3, '2022-02-12 22:24:49', '2022-02-12 22:24:49'),
(49, 2, '2022-02-12 22:24:49', '2022-02-12 22:24:49'),
(49, 3, '2022-02-12 22:24:49', '2022-02-12 22:24:49'),
(50, 2, '2022-02-12 22:24:49', '2022-02-12 22:24:49'),
(50, 3, '2022-02-12 22:24:49', '2022-02-12 22:24:49'),
(51, 2, '2022-02-12 22:24:49', '2022-02-12 22:24:49'),
(51, 3, '2022-02-12 22:24:49', '2022-02-12 22:24:49'),
(52, 2, '2022-02-12 22:24:49', '2022-02-12 22:24:49'),
(52, 3, '2022-02-12 22:24:49', '2022-02-12 22:24:49'),
(53, 2, '2022-02-12 22:24:49', '2022-02-12 22:24:49'),
(53, 3, '2022-02-12 22:24:49', '2022-02-12 22:24:49'),
(54, 2, '2022-02-12 22:24:49', '2022-02-12 22:24:49'),
(54, 3, '2022-02-12 22:24:49', '2022-02-12 22:24:49'),
(55, 2, '2022-02-12 22:24:49', '2022-02-12 22:24:49'),
(55, 3, '2022-02-12 22:24:49', '2022-02-12 22:24:49'),
(56, 2, '2022-02-12 22:24:49', '2022-02-12 22:24:49'),
(56, 3, '2022-02-12 22:24:49', '2022-02-12 22:24:49'),
(57, 2, '2022-02-12 22:24:49', '2022-02-12 22:24:49'),
(57, 3, '2022-02-12 22:24:49', '2022-02-12 22:24:49'),
(58, 2, '2022-02-12 22:24:49', '2022-02-12 22:24:49'),
(58, 3, '2022-02-12 22:24:49', '2022-02-12 22:24:49'),
(59, 2, '2022-02-12 22:24:49', '2022-02-12 22:24:49'),
(59, 3, '2022-02-12 22:24:49', '2022-02-12 22:24:49'),
(60, 3, '2022-02-12 22:24:49', '2022-02-12 22:24:49'),
(61, 3, '2022-02-12 22:24:49', '2022-02-12 22:24:49'),
(62, 3, '2022-02-12 22:24:49', '2022-02-12 22:24:49'),
(63, 3, '2022-02-12 22:24:49', '2022-02-12 22:24:49'),
(64, 2, '2022-02-12 22:24:49', '2022-02-12 22:24:49'),
(64, 3, '2022-02-12 22:24:49', '2022-02-12 22:24:49'),
(65, 2, '2022-02-12 22:24:49', '2022-02-12 22:24:49'),
(65, 3, '2022-02-12 22:24:49', '2022-02-12 22:24:49'),
(66, 2, '2022-02-12 22:24:49', '2022-02-12 22:24:49'),
(66, 3, '2022-02-12 22:24:49', '2022-02-12 22:24:49'),
(67, 2, '2022-02-12 22:24:49', '2022-02-12 22:24:49'),
(67, 3, '2022-02-12 22:24:49', '2022-02-12 22:24:49'),
(68, 2, '2022-02-12 22:24:49', '2022-02-12 22:24:49'),
(68, 3, '2022-02-12 22:24:49', '2022-02-12 22:24:49'),
(69, 2, '2022-02-12 22:24:49', '2022-02-12 22:24:49'),
(69, 3, '2022-02-12 22:24:49', '2022-02-12 22:24:49'),
(70, 2, '2022-02-12 22:24:49', '2022-02-12 22:24:49'),
(70, 3, '2022-02-12 22:24:49', '2022-02-12 22:24:49'),
(71, 2, '2022-02-12 22:24:49', '2022-02-12 22:24:49'),
(71, 3, '2022-02-12 22:24:49', '2022-02-12 22:24:49'),
(72, 2, '2022-02-12 22:24:49', '2022-02-12 22:24:49'),
(72, 3, '2022-02-12 22:24:49', '2022-02-12 22:24:49'),
(73, 2, '2022-02-12 22:24:49', '2022-02-12 22:24:49'),
(73, 3, '2022-02-12 22:24:49', '2022-02-12 22:24:49'),
(74, 2, '2022-02-12 22:24:49', '2022-02-12 22:24:49'),
(74, 3, '2022-02-12 22:24:49', '2022-02-12 22:24:49'),
(75, 2, '2022-02-12 22:24:49', '2022-02-12 22:24:49'),
(75, 3, '2022-02-12 22:24:49', '2022-02-12 22:24:49'),
(76, 3, '2022-02-12 22:24:49', '2022-02-12 22:24:49'),
(77, 3, '2022-02-12 22:24:49', '2022-02-12 22:24:49'),
(78, 3, '2022-02-12 22:24:49', '2022-02-12 22:24:49'),
(79, 3, '2022-02-12 22:24:49', '2022-02-12 22:24:49'),
(80, 3, '2022-02-12 22:24:49', '2022-02-12 22:24:49'),
(81, 3, '2022-02-12 22:24:49', '2022-02-12 22:24:49'),
(82, 3, '2022-02-12 22:24:49', '2022-02-12 22:24:49'),
(83, 3, '2022-02-12 22:24:49', '2022-02-12 22:24:49'),
(84, 3, '2022-02-12 22:24:49', '2022-02-12 22:24:49'),
(85, 3, '2022-02-12 22:24:49', '2022-02-12 22:24:49'),
(86, 3, '2022-02-12 22:24:49', '2022-02-12 22:24:49'),
(87, 2, '2022-02-12 22:24:49', '2022-02-12 22:24:49'),
(88, 2, '2022-02-12 22:24:49', '2022-02-12 22:24:49'),
(89, 3, '2022-02-12 22:24:49', '2022-02-12 22:24:49'),
(90, 3, '2022-02-12 22:24:49', '2022-02-12 22:24:49'),
(91, 3, '2022-02-12 22:24:49', '2022-02-12 22:24:49'),
(92, 3, '2022-02-12 22:24:49', '2022-02-12 22:24:49'),
(93, 2, '2022-02-12 22:24:49', '2022-02-12 22:24:49'),
(94, 2, '2022-02-12 22:24:49', '2022-02-12 22:24:49'),
(95, 2, '2022-02-12 22:24:49', '2022-02-12 22:24:49'),
(96, 2, '2022-02-12 22:24:49', '2022-02-12 22:24:49'),
(97, 2, '2022-02-12 22:24:49', '2022-02-12 22:24:49'),
(98, 2, '2022-02-12 22:24:49', '2022-02-12 22:24:49'),
(99, 2, '2022-02-12 22:24:49', '2022-02-12 22:24:49'),
(100, 2, '2022-02-12 22:24:49', '2022-02-12 22:24:49'),
(101, 2, '2022-02-12 22:24:49', '2022-02-12 22:24:49'),
(102, 3, '2022-02-12 22:24:49', '2022-02-12 22:24:49'),
(103, 3, '2022-02-12 22:24:49', '2022-02-12 22:24:49'),
(104, 3, '2022-02-12 22:24:49', '2022-02-12 22:24:49'),
(105, 3, '2022-02-12 22:24:49', '2022-02-12 22:24:49'),
(106, 2, '2022-02-12 22:24:49', '2022-02-12 22:24:49'),
(106, 3, '2022-02-12 22:24:49', '2022-02-12 22:24:49'),
(107, 2, '2022-02-12 22:24:49', '2022-02-12 22:24:49'),
(107, 3, '2022-02-12 22:24:49', '2022-02-12 22:24:49'),
(108, 2, '2022-02-12 22:24:49', '2022-02-12 22:24:49'),
(108, 3, '2022-02-12 22:24:49', '2022-02-12 22:24:49'),
(109, 2, '2022-02-12 22:24:49', '2022-02-12 22:24:49'),
(109, 3, '2022-02-12 22:24:49', '2022-02-12 22:24:49'),
(110, 2, '2022-02-12 22:24:49', '2022-02-12 22:24:49'),
(110, 3, '2022-02-12 22:24:49', '2022-02-12 22:24:49'),
(111, 2, '2022-02-12 22:24:49', '2022-02-12 22:24:49'),
(112, 2, '2022-02-12 22:24:49', '2022-02-12 22:24:49'),
(113, 2, '2022-02-12 22:24:49', '2022-02-12 22:24:49'),
(114, 2, '2022-02-12 22:24:49', '2022-02-12 22:24:49');

-- --------------------------------------------------------

--
-- Table structure for table `products`
--

CREATE TABLE `products` (
  `id` bigint(20) UNSIGNED NOT NULL,
  `shop_id` int(10) UNSIGNED DEFAULT NULL,
  `manufacturer_id` int(10) UNSIGNED DEFAULT NULL,
  `brand` varchar(255) COLLATE utf8_unicode_ci DEFAULT NULL,
  `name` varchar(255) COLLATE utf8_unicode_ci NOT NULL,
  `model_number` varchar(255) COLLATE utf8_unicode_ci DEFAULT NULL,
  `mpn` varchar(255) COLLATE utf8_unicode_ci DEFAULT NULL,
  `gtin` varchar(255) COLLATE utf8_unicode_ci DEFAULT NULL,
  `gtin_type` varchar(255) COLLATE utf8_unicode_ci DEFAULT NULL,
  `description` longtext COLLATE utf8_unicode_ci,
  `min_price` decimal(20,6) DEFAULT '0.000000',
  `max_price` decimal(20,6) DEFAULT NULL,
  `origin_country` int(10) UNSIGNED DEFAULT NULL,
  `has_variant` tinyint(1) DEFAULT NULL,
  `requires_shipping` tinyint(1) DEFAULT '1',
  `downloadable` tinyint(1) DEFAULT NULL,
  `slug` varchar(255) COLLATE utf8_unicode_ci NOT NULL,
  `sale_count` bigint(20) DEFAULT NULL,
  `active` tinyint(1) NOT NULL DEFAULT '1',
  `deleted_at` timestamp NULL DEFAULT NULL,
  `created_at` timestamp NULL DEFAULT NULL,
  `updated_at` timestamp NULL DEFAULT NULL
) ENGINE=InnoDB DEFAULT CHARSET=utf8 COLLATE=utf8_unicode_ci;

--
-- Dumping data for table `products`
--

INSERT INTO `products` (`id`, `shop_id`, `manufacturer_id`, `brand`, `name`, `model_number`, `mpn`, `gtin`, `gtin_type`, `description`, `min_price`, `max_price`, `origin_country`, `has_variant`, `requires_shipping`, `downloadable`, `slug`, `sale_count`, `active`, `deleted_at`, `created_at`, `updated_at`) VALUES
(1, 2, 4, 'harum', 'Consequatur nostrum omnis maiores molestiae.', 'fugiat fn304', '7996', '5115011977052', 'EAN', 'Nobis esse consequuntur ab repudiandae dolores ipsam aperiam sit. Molestiae sed ipsum ut. Ut officia dolor repellat vero eos suscipit. Veniam pariatur incidunt dolor hic. Iusto quibusdam velit et rerum et fuga. Illo est est eligendi iure earum doloremque aut. Veritatis nobis doloremque et quo. Optio deserunt voluptatem dolorem libero ducimus rerum sint.<p><br/><iframe frameborder=\"0\" src=\"//www.youtube.com/embed/MLpWrANjFbI\" class=\"note-video-clip\" style=\"width: 100%; height: 475px; float: none;\"></iframe></p><br/>Qui voluptatum maiores architecto fugit optio. Voluptates eligendi dicta minima molestiae. Et atque quos rerum voluptatem in. Esse voluptates qui fugit rerum. Quia qui labore cumque consectetur. Culpa quo corrupti officiis quis molestiae. Quo voluptas ut quasi sequi sapiente. Ut ea officiis vero rerum voluptate quod.<img src=\"https://picsum.photos/640/360.webp\" style=\"width: 50%; float: right; margin: 20px 0 20px 20px;\">Dolores consequatur assumenda molestiae dicta voluptatibus deleniti maxime. Itaque vel et aspernatur tempora fugit. Reiciendis hic sed culpa unde consequatur aut. Omnis soluta et ipsum necessitatibus nemo et id. Non cumque accusantium eius labore. Et possimus necessitatibus qui repellendus praesentium eligendi velit nam. Ut fugiat vitae magnam. Ut et inventore beatae quod. Qui quae voluptatem qui aut natus. Fugit aut et ut at sit rerum. Est ullam voluptas aut eum aut recusandae sed. Quam consequatur deleniti sit harum nesciunt et iusto. Fugit autem reprehenderit harum tempora eaque est. Suscipit non facere doloremque perferendis iste ad. Iusto voluptates corporis consectetur itaque sunt hic ab necessitatibus. Quia qui quaerat doloremque ea sed molestiae. Similique placeat animi omnis. Exercitationem modi dicta voluptatem nesciunt magnam illo. Ab expedita quae dolorum rerum autem ad. Aut dolore quis aliquid nisi impedit occaecati eum. Nihil officia error possimus a distinctio ducimus laborum voluptas. Eum consequatur autem perferendis. Omnis amet sapiente doloremque exercitationem et officiis ea optio.<p><br/><img src=\"https://picsum.photos/640/360.webp\" style=\"width: 100%; float: none;\"></p><br/>Aut consequatur autem et ullam similique dolores eaque. Adipisci optio et soluta tempora incidunt nisi. Rerum exercitationem aspernatur nostrum. Quasi vitae autem placeat. Aspernatur possimus omnis libero velit accusantium. Distinctio magnam consequatur nostrum. Quo soluta similique quisquam esse rerum iste et praesentium. Inventore voluptatem quibusdam in. Architecto quam accusantium fugiat similique. Voluptatem velit et minima porro maxime sed deserunt.', 0.000000, NULL, 584, 1, 1, NULL, 'abc-xyz-product-123', 5, 1, NULL, '2022-02-07 22:24:58', '2022-01-30 22:24:58'),
(2, 1, 4, 'laboriosam', 'Dolorem reprehenderit molestiae itaque quia totam.', 'et uh402', '8', '7967164425489', 'JAN', 'Natus commodi architecto dignissimos voluptas neque voluptate et itaque. Totam officiis aut debitis earum modi distinctio. Est iure et voluptatem nemo ut vitae ab qui. Ut fugiat animi voluptas corrupti debitis ut vitae quo. Quibusdam nobis porro sit magnam rem odit numquam. Ut veritatis ipsam exercitationem quis quae enim omnis. Eos qui provident ut voluptatum. Suscipit quae aliquid inventore et. Quae consequatur nostrum perspiciatis eum. Sit ea non ipsum occaecati ut harum.<p><br/><iframe frameborder=\"0\" src=\"//www.youtube.com/embed/mATMpaPBBFI\" class=\"note-video-clip\" style=\"width: 100%; height: 475px; float: none;\"></iframe></p><br/>Id architecto magnam temporibus rem rem repellendus est repellendus. Quas dolore possimus iure at perspiciatis et. Quas molestiae voluptatem ea omnis ducimus tempore. Qui officia aliquam quasi dolorem porro vitae ut.<img src=\"http://placeimg.com/640/360/any\" style=\"width: 50%; float: right; margin: 20px 0 20px 20px;\">Accusantium reprehenderit sit est rerum minima consectetur sit. Delectus officia earum doloribus laudantium quos dolor. Perspiciatis quam sit consequatur incidunt et totam. Doloribus rem quae debitis explicabo nihil minus quia corrupti. Tempore et pariatur exercitationem perferendis voluptatibus quo. Aut amet architecto ipsam aut aut id. Harum perspiciatis dolores maxime. Impedit possimus quod ut ipsum eveniet ipsam omnis. Quas ratione rerum qui blanditiis dolorem placeat qui praesentium. Quia libero sed a aut ducimus. Ratione est nihil corrupti incidunt animi. Praesentium optio in autem vel. Vero et deserunt similique eveniet voluptatem. Quia explicabo consectetur saepe aperiam et. Sed quo iusto sint nihil cumque qui dolor. Sit ea ad hic doloremque aspernatur aut officia. Sed hic quas velit quas dolorem dolores. Debitis quidem explicabo deserunt odio non ratione earum. Et qui non aut nisi. Iusto culpa doloremque consequatur qui ipsam. Voluptatem quia facilis vero et dicta ea expedita similique. In molestiae sapiente et dolorem quasi qui.<p><br/><img src=\"https://picsum.photos/640/360.webp\" style=\"width: 100%; float: none;\"></p><br/>Cupiditate iusto omnis quidem et voluptatem. Adipisci incidunt rem omnis temporibus. Nulla et molestiae ut in. Deserunt dolorem aperiam consequatur. Tempora culpa in iusto. Ut quo et aut. Optio et beatae minima. Numquam autem ipsa accusamus fugit dolorum porro expedita. Ipsa quia dolorum nobis. Similique ut nemo aspernatur ut. Aut cumque aspernatur temporibus possimus magnam similique. Iure consectetur qui impedit rerum. Mollitia corporis placeat animi quis. Nesciunt odit quis culpa facere magni id. Beatae aut minima cumque quos quia perspiciatis architecto. Modi aliquid quis suscipit.', 0.000000, NULL, 804, 1, 1, NULL, 'facilis-et-qui-hic-animi-dolore-facere-reprehenderit', 1, 1, NULL, '2022-02-09 22:24:58', '2022-02-03 22:24:58'),
(3, NULL, 4, 'veritatis', 'Maxime repellendus consequatur dolor dolor culpa exercitationem voluptatem.', 'et ny557', '2117', '1802658388641', 'JAN', 'Consectetur odit inventore fugit rerum ut. Enim accusamus fugiat et animi aut voluptas modi. Aut eum ad et sed error a commodi. Sit numquam odio tenetur atque molestiae beatae sed. Voluptas eum ut et eos et velit. Magni porro et nam soluta omnis. Qui id recusandae dolorum quasi corporis delectus. Consequatur modi ducimus fuga voluptas et sit autem. Est voluptas reprehenderit voluptatem eveniet officia autem quo. Sed ullam culpa fuga sint totam. Id minus porro quisquam animi.<p><br/><iframe frameborder=\"0\" src=\"//www.youtube.com/embed/SKbHHcdLGKw\" class=\"note-video-clip\" style=\"width: 100%; height: 475px; float: none;\"></iframe></p><br/>Dolorem omnis asperiores veniam soluta dolorem. Qui placeat ullam nulla. Natus aut est sit et dolorem nisi consectetur. Debitis soluta voluptas qui a eum eius. Autem fugiat quam aut tempora totam itaque. Et voluptas et labore occaecati aliquid deserunt. Molestiae reiciendis aperiam ab aut.<img src=\"http://placeimg.com/640/360/any\" style=\"width: 50%; float: right; margin: 20px 0 20px 20px;\">Sit ipsa aut fugiat iure sit vitae. Modi veritatis est asperiores qui dolores. Illo voluptatem ut eum omnis libero quae. Dolor temporibus voluptas atque sint aut. Quia aperiam totam blanditiis vero. Assumenda at non delectus illo consequatur. Adipisci fugiat fugit adipisci sit enim amet. Distinctio eveniet tempore asperiores vitae a eaque. Aperiam dolores tempore aperiam sint. Quia itaque harum eos ut aliquid aut. Atque ipsam aspernatur facilis ut quaerat pariatur sit. Reiciendis deserunt aliquam sit ut repellendus esse. Quia voluptas ut pariatur voluptates doloribus. Molestiae veritatis rem vel blanditiis repellat inventore saepe. Deleniti fugiat corrupti ea ducimus necessitatibus ab sed. Qui dolor mollitia provident minus est rerum. Ut ratione ratione nesciunt officia. Non eos velit accusamus blanditiis. Sint minima consequuntur sint vel tempore placeat consequatur. Repellendus modi nam dolorum sed. Et aut dolor occaecati quidem vitae molestias modi. Voluptatem quos qui sint pariatur eligendi. Temporibus atque facilis illum deleniti quibusdam et. Et eum recusandae est.<p><br/><img src=\"https://picsum.photos/640/360.webp\" style=\"width: 100%; float: none;\"></p><br/>Et assumenda voluptas accusamus minus. Ex soluta libero quos. Accusamus qui hic aut repudiandae qui. Ut asperiores reprehenderit dolorem repudiandae repellendus eveniet autem ut. Provident similique assumenda ipsa occaecati nihil. Est tempora quia suscipit et aut occaecati reprehenderit. Et mollitia impedit ut. Quod ut numquam sapiente beatae omnis non beatae. Eligendi fugit eligendi ab a labore quis voluptatem. Corrupti sunt qui facilis voluptatibus qui. Eos tempore praesentium eum amet officiis nulla doloribus. Consequatur sequi est illo sunt iure.', 0.000000, NULL, 535, 0, 1, NULL, 'suscipit-nihil-eos-sit-vel-quod-ut-consequuntur', 4, 1, NULL, '2022-02-09 22:24:58', '2022-02-12 22:24:58'),
(4, 3, 4, 'dolor', 'Ullam debitis consequatur accusantium sit corrupti voluptas quia.', 'quod me058', '7', '9628547607318', 'ITF', 'Maxime nobis nisi repudiandae ducimus temporibus error. In quod asperiores qui ut eos maxime. Id delectus omnis id velit sed sit. Ipsa et blanditiis quo quibusdam blanditiis. Qui est quae qui quia quae sit. Facere unde cupiditate minima porro minus quas. Tenetur voluptas eaque deleniti veniam non explicabo. Ipsum et suscipit asperiores inventore qui facere animi. A beatae aut rerum amet aut molestiae corporis. Dolor repudiandae non id omnis odit. Voluptas esse distinctio distinctio explicabo sunt aut ipsa. Dolore sed eveniet enim iure.<p><br/><iframe frameborder=\"0\" src=\"//www.youtube.com/embed/AVpcxtH8hWg\" class=\"note-video-clip\" style=\"width: 100%; height: 475px; float: none;\"></iframe></p><br/>Aliquid corrupti ratione adipisci praesentium quos temporibus quia. Rerum quia culpa nostrum est nam iste aliquam quia. Culpa dolores tenetur eos autem totam. Quam dicta autem aut architecto dolor quis commodi. Enim sed distinctio laudantium nesciunt omnis voluptas ipsam. Qui maxime facilis autem id. Error quos et aut. Quae veritatis officiis amet qui pariatur.<img src=\"https://picsum.photos/640/360.webp\" style=\"width: 50%; float: right; margin: 20px 0 20px 20px;\">Qui eos commodi provident voluptas voluptas quaerat. Quae qui id corrupti inventore aut omnis. Nemo omnis vero maiores ex a. Quia quod illo eum ut nam quam. Voluptatem dolorem unde aliquid error. Odit aut nemo enim sit. Et quae inventore voluptas vitae eligendi. Et maxime quo voluptatem. Deleniti nesciunt fuga alias odit eum veritatis distinctio sit. Corrupti perferendis veniam explicabo facilis. Non illum suscipit quod consequatur voluptas nulla pariatur sit. Nostrum consequatur ut rerum facere atque molestiae dolorem. Sapiente ut vel quis et sed vitae. Voluptatem quis id fugit modi quae. Eum dolorem non sunt veniam. Dolor quidem est dolore provident rerum quis dicta. Ratione quia quia laboriosam voluptas aut repellat voluptas. Quibusdam ullam dolorem earum aliquam omnis. Deleniti dignissimos deserunt eius in doloribus. Quibusdam impedit ut voluptatem voluptas iusto animi est. Quis quisquam omnis et excepturi ut. Mollitia laborum officia corrupti consequuntur distinctio occaecati nesciunt. Dolorum adipisci amet et numquam ut magnam dolor.<p><br/><img src=\"http://placeimg.com/640/360/any\" style=\"width: 100%; float: none;\"></p><br/>Eum ad voluptatum et vel accusantium optio deserunt expedita. Ullam vitae non illo consectetur. Autem aspernatur quae exercitationem reprehenderit. Fugiat voluptas doloribus vel. Sed explicabo libero reiciendis accusamus necessitatibus aut eveniet. Culpa quia eaque mollitia unde similique. Consectetur dolore qui enim nihil vel. Ut quis voluptatem eum ut eos. Consequatur porro suscipit ullam voluptates quae enim ratione. Et et voluptates velit ducimus ad. Totam neque repellendus excepturi sunt voluptatem aut incidunt aperiam. Molestiae voluptatibus nobis iure animi.', 0.000000, NULL, 442, 0, 1, NULL, 'distinctio-cumque-modi-assumenda-natus', 8, 1, NULL, '2022-02-10 22:24:58', '2022-02-11 22:24:58'),
(5, NULL, 4, 'nobis', 'Ipsam a quis nostrum maiores repellat blanditiis.', 'nihil eb846', '2952', '3002213415135', 'JAN', 'Non quae blanditiis vitae aliquam. Quisquam maiores minus totam accusamus. Nemo minima voluptas hic vel ad. Iure dolorem dolor id sunt iure ipsam. Doloremque velit reprehenderit distinctio non ducimus repellendus quia. Harum repellat et ut sunt eum. Perspiciatis facilis repellat soluta velit quia est. Dolor ab sit qui consequuntur dignissimos impedit. Qui saepe laudantium quae ut ut. Nulla est est asperiores temporibus omnis dolorem.<p><br/><iframe frameborder=\"0\" src=\"//www.youtube.com/embed/SKbHHcdLGKw\" class=\"note-video-clip\" style=\"width: 100%; height: 475px; float: none;\"></iframe></p><br/>Voluptate tenetur non labore et quis. Nulla dolorem rerum nemo debitis culpa id nesciunt. Earum quidem beatae illo ea. Hic dolorum fuga sunt commodi molestiae debitis autem omnis. Quisquam perspiciatis rerum praesentium qui ea ab numquam. Nihil libero ut molestiae aut.<img src=\"https://loremflickr.com/640/360\" style=\"width: 50%; float: right; margin: 20px 0 20px 20px;\">Perferendis a sint eius et et ducimus maxime. Repellendus autem corrupti perferendis ex quas consectetur. Quo quia et deserunt quo. Assumenda pariatur id enim excepturi iure. Animi sed in rerum neque temporibus. Minus et eum pariatur quo quo perspiciatis. Quo et quo eum omnis. Vitae molestiae ullam modi cum. Animi ratione omnis autem. Cupiditate distinctio harum quasi. Pariatur officia ab recusandae fuga qui quos corporis. Et neque saepe aut occaecati consectetur. Odio corporis est delectus rerum repellat. Explicabo quidem porro maiores alias. Et distinctio nihil est aliquid distinctio et suscipit. Commodi iste ducimus ex asperiores accusamus alias ea. Fugiat eveniet optio blanditiis ullam earum voluptatem velit ipsum. Enim commodi et omnis non dicta exercitationem asperiores. Cum voluptatem consequatur corporis quia amet possimus necessitatibus et. Eveniet reiciendis omnis sunt voluptatibus enim. Ab esse et possimus porro et. Inventore est est veritatis atque voluptates et. Consequatur reprehenderit doloremque eius molestiae. Enim sed rerum rerum quaerat voluptatem quaerat consequuntur.<p><br/><img src=\"https://loremflickr.com/640/360\" style=\"width: 100%; float: none;\"></p><br/>Praesentium soluta modi facilis accusamus quis. Non tempore beatae molestiae rerum quas sint consectetur. Voluptas dolor cumque quaerat quidem consequatur dolor doloribus. Omnis ut qui dolore rerum autem. Adipisci quas sunt similique neque. Consequuntur et facere consectetur voluptas neque et velit. Explicabo vero debitis nihil perferendis quam magni ea modi. Natus voluptatem praesentium numquam omnis. Et ratione voluptatem dolorem molestiae eligendi alias hic et.', 0.000000, NULL, 470, 0, 1, NULL, 'necessitatibus-autem-voluptatem-magni-aut-voluptates', 0, 1, NULL, '2022-02-02 22:24:58', '2022-02-02 22:24:58'),
(6, 5, 16, 'facere', 'Et fugiat dolorem vel est sed provident et quis.', 'quisquam jp376', '2', '0008984254631', 'JAN', 'Occaecati quas odio aut nesciunt quis quo assumenda temporibus. Ut minima nam suscipit dolor ullam. Et labore consequatur error odio totam. Velit odit architecto eos voluptates cum ea tenetur numquam. Quisquam sunt architecto quod in eum. Omnis expedita nostrum sit itaque aspernatur voluptatem sint. Eum soluta veritatis voluptas nulla. Voluptas nobis architecto aliquam voluptatem repellat aut repellat repudiandae.<p><br/><iframe frameborder=\"0\" src=\"//www.youtube.com/embed/n7EmdNsKIhk\" class=\"note-video-clip\" style=\"width: 100%; height: 475px; float: none;\"></iframe></p><br/>Non ut sed tempora sequi dignissimos. Id accusantium ipsum molestias nobis sequi aspernatur. Iure ut laborum explicabo voluptas. Ut deserunt fuga esse autem ducimus fuga. Aspernatur omnis quo eos eos iure laboriosam expedita. Maxime aut eaque qui consequatur. Dolor rerum inventore hic corporis est. Facere doloribus laborum sit voluptatem.<img src=\"https://picsum.photos/640/360.webp\" style=\"width: 50%; float: right; margin: 20px 0 20px 20px;\">Aliquam debitis vel architecto ut non iusto dolorem. Et explicabo quia facilis. Ut omnis et tempora fugiat. Quis est ut in voluptatem. Voluptatem et et eos sed sed incidunt. Ex voluptas et consequatur et eius quaerat consectetur consequuntur. Sint magni pariatur maxime aut facere aut dolore. Et est ducimus suscipit placeat autem quo. Reiciendis corrupti excepturi libero eos. Accusantium omnis officia non quia non quis quia. Tenetur iusto facere provident fugiat omnis dignissimos. Beatae quos ab quis sunt. Itaque est aut eligendi excepturi. Aut consequatur ut placeat quis. Consequuntur consequatur fugiat quis quos ullam. Aspernatur accusantium doloremque dolores architecto eaque omnis omnis. Natus quia sit nostrum odio. Animi vel est est mollitia. Consequatur nesciunt doloremque qui eos eum laudantium ullam. Accusamus rerum qui itaque cum. Iste maiores unde vel et. Omnis inventore aut vitae aut expedita veniam. Est sunt ea est facilis. Et aut animi voluptatem nostrum numquam quas quo vel.<p><br/><img src=\"https://loremflickr.com/640/360\" style=\"width: 100%; float: none;\"></p><br/>Sunt autem sed sit consequatur optio et. Dolorem quo occaecati quo ea molestiae aut voluptas. Ut sapiente repellat magnam repudiandae nam dolor tempore. Voluptas eos qui distinctio sit saepe consequatur. Ut rerum officia et sed recusandae quia maxime. Rem distinctio ut aut qui. Ducimus non doloribus quo rem. Molestiae quaerat deleniti ullam pariatur natus incidunt voluptatum. Ut officiis quisquam suscipit autem fugiat facilis repellat. Sit necessitatibus est impedit rerum perferendis nam.', 0.000000, NULL, 72, 1, 1, NULL, 'tempore-aut-dolores-voluptatum-quas-ut', 2, 1, NULL, '2022-02-06 22:24:58', '2022-02-03 22:24:58'),
(7, NULL, 16, 'incidunt', 'At vel dolorem et et tempore.', 'molestias rc952', '14', '1949800968747', 'ITF', 'Amet nulla consequatur ipsum dignissimos aut et iure fugit. Ratione odit itaque eum est. Vitae occaecati suscipit voluptatem. Est voluptates quas sed quo et non. Quas cupiditate velit voluptas non fugit et eligendi. Fugiat corrupti delectus temporibus eos aut. Aperiam ea eligendi debitis quia beatae cum repellat. Maxime quas nulla rerum repellendus. In ratione sunt expedita accusamus esse deserunt.<p><br/><iframe frameborder=\"0\" src=\"//www.youtube.com/embed/tJlzIJaokVY\" class=\"note-video-clip\" style=\"width: 100%; height: 475px; float: none;\"></iframe></p><br/>Eum dolore nostrum facere unde ad aperiam eius. Dolore sint voluptatem asperiores architecto ullam aut. Voluptate commodi qui aspernatur. Qui a numquam quos quia qui eius. Maxime ipsa excepturi molestias accusantium voluptatem est voluptatibus. Error non enim autem quia dolorum hic incidunt culpa.<img src=\"https://loremflickr.com/640/360\" style=\"width: 50%; float: right; margin: 20px 0 20px 20px;\">Illo officiis consequuntur et voluptas sint voluptatem deserunt. A ea expedita ipsum consequatur ipsa inventore. Quae quis iure id repellat. Et quas quia distinctio rem. Modi autem fugiat ad molestias possimus et. Enim ea doloremque dolor nam nam est voluptates. Voluptas iste et sunt illum. Nesciunt earum repudiandae et eligendi incidunt debitis. Ut eos dolor aliquid occaecati voluptas. Nam dolores incidunt aliquam eveniet accusantium similique. Eos voluptatibus ipsa labore aspernatur aliquid. Assumenda molestias ratione dolorem quidem maxime quia officiis. Deserunt qui et et. Unde sint voluptatibus asperiores nostrum molestiae. Nam excepturi commodi id fuga illum soluta. Occaecati ex ipsa illum assumenda. Ut et recusandae dolorem consectetur nemo labore amet. Laborum rerum totam sed nostrum et quia. Saepe facilis id illo assumenda recusandae. Dolorem inventore ipsum omnis. Veritatis quisquam non dolores. Consectetur qui dolor sunt provident. Velit praesentium fugit voluptates ipsa reiciendis tenetur. Id hic ut recusandae ratione autem illum error. Ut rerum occaecati quis libero exercitationem. Molestiae optio nulla rem nihil.<p><br/><img src=\"https://picsum.photos/640/360.webp\" style=\"width: 100%; float: none;\"></p><br/>Atque omnis numquam id. Sapiente facilis ipsum quaerat quibusdam ipsa repudiandae. Laboriosam necessitatibus alias quia vel. Accusamus neque vitae et illo quisquam. Nostrum qui dolores enim et omnis. Dolores qui quia in in. Nesciunt inventore in est illo. Modi voluptatum repellendus nesciunt doloribus. Eum totam distinctio doloribus at velit quis recusandae. Neque voluptatem recusandae ullam hic pariatur assumenda omnis. Voluptate in sed nobis commodi. Molestiae voluptatem officiis et. Saepe quos sed qui iusto. Ut tempora qui molestiae quia voluptatem corrupti nam.', 0.000000, NULL, 654, 0, 1, NULL, 'pariatur-dolores-laboriosam-placeat-provident-molestias-minima', 9, 1, NULL, '2022-02-05 22:24:58', '2022-02-02 22:24:58'),
(8, 4, 16, 'quia', 'Et doloremque et consequatur sunt dolorem.', 'quis md177', '33', '3662341297081', 'ISBN', 'Tempore sed necessitatibus corrupti culpa. Tenetur corporis asperiores autem facilis corrupti non. Illo autem eaque temporibus non. Harum sed consequatur officia. Voluptate ut facilis commodi deserunt. Perferendis ut voluptatem praesentium ab ut ut voluptate. Ea voluptatum perspiciatis ut numquam ratione consequatur quia est. Inventore beatae fugiat rerum. Veniam error quibusdam maiores ea molestiae laudantium nobis. Nulla delectus esse at aspernatur est velit numquam. Reiciendis et nisi molestias et.<p><br/><iframe frameborder=\"0\" src=\"//www.youtube.com/embed/tJlzIJaokVY\" class=\"note-video-clip\" style=\"width: 100%; height: 475px; float: none;\"></iframe></p><br/>Omnis ex facilis sit. Maxime voluptatem nulla fugit unde et nobis magni culpa. Itaque pariatur aut aut ducimus. Omnis qui vel rem eos reprehenderit. Accusamus sed aut facilis sed. Labore pariatur saepe sunt sit dicta ab. Accusantium quia ab ad ullam magnam voluptatum qui sed. Reprehenderit eos est dolore aut quis. Qui similique hic saepe. Error maxime ut non ut.<img src=\"https://picsum.photos/640/360.webp\" style=\"width: 50%; float: right; margin: 20px 0 20px 20px;\">Cumque aspernatur repellat sit ad enim id. Rerum minima eos dolorem amet eum incidunt. Ut qui laboriosam deserunt accusamus voluptates. Perferendis occaecati et blanditiis voluptatem eaque. Laudantium dolores aspernatur sed facilis. Temporibus numquam sunt repellat perferendis nisi ratione est. Accusantium consequatur veritatis iste eius quaerat. In quis eum quas doloribus. Voluptas id qui aspernatur. Et sint magni id voluptate laudantium. Atque ad et et veniam impedit. Qui dignissimos dolorem saepe nihil unde nihil. Dolorum dolore omnis magnam eligendi dolorem. Numquam eum beatae atque labore. Ut a placeat blanditiis eum repudiandae cupiditate. Accusamus molestiae qui vel voluptas aut quos. Quibusdam minima omnis dolorem sequi molestiae eum aut. Magni eum incidunt aspernatur. Est et autem vitae esse non. Consequatur dicta voluptatem veritatis neque ut voluptas. Vel voluptatem veritatis error atque dolores est sapiente. Dignissimos eos harum consequatur quam accusantium. Qui expedita et veniam perspiciatis et delectus. Commodi voluptas ab et. Necessitatibus et vel ut aperiam. Necessitatibus vel iste ut fuga tenetur.<p><br/><img src=\"https://picsum.photos/640/360.webp\" style=\"width: 100%; float: none;\"></p><br/>Omnis doloribus et dicta ut dolores asperiores sequi. Quia blanditiis et dolor deserunt voluptatem iure. Porro nobis quod voluptatibus quia porro vero aliquid. A et vitae inventore consequuntur. Atque molestiae ipsum omnis modi accusantium laudantium. Officia modi eveniet et ad doloremque. Accusantium est dolorem magnam reiciendis beatae labore. Voluptas voluptates molestiae consequatur ab. Ut quibusdam quasi facere numquam. Placeat voluptatibus doloremque corrupti iste placeat dolores enim.', 0.000000, NULL, 480, 0, 1, NULL, 'illo-porro-distinctio-quam-maiores-vero-praesentium-qui', 2, 1, NULL, '2022-01-30 22:24:58', '2022-02-09 22:24:58'),
(9, 4, 16, 'suscipit', 'Sint non odio saepe voluptatem voluptatem.', 'ad vu268', '367062', '9383533277233', 'UPC', 'Nisi totam ab minima magnam quibusdam voluptatem. Saepe nesciunt dignissimos itaque officiis. Nam minus officia quia ex et eos. Quia rerum aut ipsam sunt autem. Quia quia laboriosam nesciunt libero. Qui natus quidem ut nobis eligendi dolorum porro. Quis in sed alias sunt provident laudantium ullam quia. Et eaque libero dolorum iste sit et. Consequuntur architecto nam molestias repellat quis repellat. Ducimus id itaque explicabo et facilis in qui. Id ut quae iusto. Delectus soluta voluptates eligendi voluptatem.<p><br/><iframe frameborder=\"0\" src=\"//www.youtube.com/embed/AVpcxtH8hWg\" class=\"note-video-clip\" style=\"width: 100%; height: 475px; float: none;\"></iframe></p><br/>Quod et molestias voluptate aut nesciunt eveniet. Sed illo dolorem molestiae voluptatibus culpa minus incidunt. Id dolor consectetur id ad aut sed. Nemo est neque ut reprehenderit aut in harum. Unde qui sequi nam aliquid enim incidunt. Maxime odit rerum nobis blanditiis at. Nulla aut eveniet id. In quam ipsa laudantium dolor. Qui non nam dolore. A itaque itaque unde atque libero non.<img src=\"https://loremflickr.com/640/360\" style=\"width: 50%; float: right; margin: 20px 0 20px 20px;\">Odit illum consequuntur eum quia. Autem sed repellat blanditiis deserunt ipsum. Vel perspiciatis provident molestias cum. Non sit enim quis. Quibusdam minima ut consequatur dolores omnis. Nemo illo veniam sint sequi debitis qui. Dicta consequatur saepe dignissimos eligendi. Ipsa molestiae saepe aliquam exercitationem asperiores repudiandae ad. Recusandae laboriosam a ut dolore aliquid. Sed est quas et nostrum libero hic eligendi. Et dolores ipsam ipsa possimus. Beatae hic odit natus sunt enim in et ipsa. Dolorem numquam atque delectus minus eligendi sed. Eos facere temporibus repellendus quia corrupti est. Hic sapiente velit qui placeat ullam. Veritatis veniam aut ut hic dignissimos eligendi. Omnis enim accusantium ut eos quia. Dignissimos id et exercitationem officiis. Soluta dicta et dolores placeat sunt in. Culpa delectus sed labore ut ipsum. Quo odit enim provident ut. Molestiae magni ex magni dolorem. Sed ea velit a eius fuga et pariatur nesciunt. Nam ut doloribus consequuntur incidunt et. Sunt in maxime assumenda modi voluptatibus animi id. Delectus assumenda magni et quis et.<p><br/><img src=\"http://placeimg.com/640/360/any\" style=\"width: 100%; float: none;\"></p><br/>Voluptatem consequatur mollitia ducimus laudantium cupiditate impedit. Omnis hic ut perferendis praesentium quaerat. Exercitationem aut eligendi qui ullam harum sunt. Iste recusandae ad quibusdam molestias. Id qui autem reiciendis perspiciatis qui rem. Laudantium eius vitae aspernatur. Et repudiandae dignissimos est. Sit repellat sapiente voluptatem. In et consectetur cumque quia possimus. Et quas aut rerum dolorem aperiam commodi et. Facere doloribus debitis eos animi reiciendis.', 0.000000, NULL, 348, 1, 1, NULL, 'porro-rerum-sit-id', 4, 1, NULL, '2022-01-28 22:24:58', '2022-02-08 22:24:58'),
(10, 4, 16, 'aut', 'Aut laborum eum quibusdam quia cupiditate ex.', 'soluta rd114', '46178', '4577470608808', 'EAN', 'Odit nisi illo qui quisquam illo placeat. Doloremque itaque est temporibus tempora eum inventore. Eligendi quidem corporis ea commodi praesentium. Nobis consequatur ipsam doloremque natus. Asperiores dolorum voluptas consectetur quas est. Blanditiis unde et et veritatis architecto rerum et recusandae. Ut deserunt itaque magni sed perspiciatis.<p><br/><iframe frameborder=\"0\" src=\"//www.youtube.com/embed/mATMpaPBBFI\" class=\"note-video-clip\" style=\"width: 100%; height: 475px; float: none;\"></iframe></p><br/>Nesciunt occaecati est incidunt perspiciatis rerum et est. In maiores sed omnis non vitae et. Ratione qui officia nostrum dignissimos. Est aut commodi sunt voluptatum. Sint nihil voluptatibus dolor nemo repellat in. Maxime voluptas doloribus ad fuga.<img src=\"https://loremflickr.com/640/360\" style=\"width: 50%; float: right; margin: 20px 0 20px 20px;\">Dolorum excepturi maiores asperiores dolorem quia eos non quos. Sit eum molestias nisi aspernatur. Aut error illo distinctio quae. Facere tempora distinctio eos suscipit quis minima. Laborum iste ab eaque aliquam cumque minus. Qui dolor odit totam sed nihil. Impedit enim ut nam assumenda voluptatem ipsum. Numquam atque quia excepturi. Minima aut error amet suscipit et. Consequatur et sint natus et itaque. Animi ducimus aspernatur est debitis. Quidem laudantium fugiat officiis quas et rerum voluptas. Facilis fugit dolorum quod beatae provident numquam odio. Non mollitia deleniti tempore harum modi consectetur. Sint voluptatem et et non natus voluptas. Asperiores nemo debitis laborum. Commodi maxime sunt neque ipsa maiores ut soluta. Occaecati eius est rerum dolores nostrum. Officia omnis sit saepe. Corporis voluptas quisquam ratione optio tempore. Tenetur sapiente necessitatibus necessitatibus aliquam voluptatum est est. Laudantium dolorem in omnis aut. At eius qui quasi sed distinctio. Explicabo dolor a iusto quidem molestiae qui eum. Vero laudantium maxime quo et placeat nam. Sit nulla est vel odio ex perferendis debitis.<p><br/><img src=\"https://loremflickr.com/640/360\" style=\"width: 100%; float: none;\"></p><br/>Distinctio eaque est iusto deserunt impedit. Numquam est et ut aperiam dignissimos ducimus. Voluptas recusandae culpa maiores sit. Unde tempora dolorem quis et. Consequatur et odio voluptatum modi illo ipsum. Veritatis et sunt quam quidem enim doloribus. Quia facilis dolore optio dolor sunt est et. Illo ea aliquid fuga est molestiae commodi dolorum. Voluptate debitis labore quo ipsam aut hic laboriosam. Non fugiat non aut quia voluptate et. Vel laboriosam totam ullam aperiam ut. Illum vel repellendus autem cumque id. Animi sit quaerat reiciendis mollitia qui ullam quod.', 0.000000, NULL, 90, 0, 1, NULL, 'magni-debitis-voluptatibus-dolores-odio-non', 8, 1, NULL, '2022-01-30 22:24:58', '2022-02-12 22:24:58'),
(11, NULL, 2, 'nobis', 'Voluptas voluptatem dolores in quam velit quisquam.', 'dignissimos yr238', '227525', '8368562998541', 'ISBN', 'Iure nam voluptatem ad quia dolore dolorum. Qui saepe voluptas autem. Esse porro reprehenderit qui et sint ullam. Rerum ipsam quis soluta et dolorum vel dolores pariatur. Sed aliquam nihil quod voluptatibus esse aut. Modi et et qui. Ab mollitia sapiente sequi quia. Dolorum ex eius sunt quod porro eveniet. Quod tenetur et eius aspernatur et ad. Rerum dolor rem recusandae officiis officiis. Sint et fuga porro dolorem perferendis nostrum ut.<p><br/><iframe frameborder=\"0\" src=\"//www.youtube.com/embed/TGbUpEJ1z-k\" class=\"note-video-clip\" style=\"width: 100%; height: 475px; float: none;\"></iframe></p><br/>Dolores totam neque aut. Voluptas non in ut sint. Fugiat ex inventore et sit. Alias rerum vel voluptatem reprehenderit quia eaque aspernatur. Distinctio accusamus facilis consectetur possimus. Nulla placeat est doloremque est quae mollitia. Reiciendis suscipit quia omnis velit quibusdam maxime dicta maxime. Non culpa ratione rerum vel natus est ut. Ipsam cumque maxime aut velit quis.<img src=\"http://placeimg.com/640/360/any\" style=\"width: 50%; float: right; margin: 20px 0 20px 20px;\">Maxime perferendis omnis delectus sit distinctio expedita. Cumque vel minima eum eum iure. Rerum asperiores temporibus eveniet cum culpa hic. Labore vel exercitationem quam perferendis facilis quidem. Rerum rem placeat eum deserunt. Mollitia debitis nulla quos quis reiciendis animi quam. Molestias et dignissimos doloribus non assumenda velit omnis. Possimus consequatur voluptatem dolores non. Eum saepe recusandae ut culpa. Necessitatibus temporibus impedit velit sit sapiente. Commodi sunt possimus quia deleniti tenetur et ullam. Placeat quo aut explicabo. Sed occaecati odit sapiente et tempora. Et omnis quia magnam qui minus perferendis molestiae. Quo nostrum animi amet rem provident cupiditate vero. Temporibus error dolorum rerum et inventore quia temporibus. Non et consequuntur dignissimos sunt itaque non eligendi. Nam fuga voluptate sit dicta ut fugiat. Aut ea perferendis itaque quas tenetur et laboriosam. Eum incidunt et harum eos voluptates velit debitis et. A molestias vel excepturi et tempora et. Voluptas et ut numquam maxime quidem. Laboriosam fugit excepturi dolorum.<p><br/><img src=\"https://loremflickr.com/640/360\" style=\"width: 100%; float: none;\"></p><br/>Recusandae provident nam dolor fugit hic. Et repellat autem sed sapiente atque. Vero est hic quibusdam nobis quia voluptatibus consequatur. Perferendis officiis suscipit in quia. Omnis consequatur neque ducimus. Cum atque quis voluptas minima tempora vel qui veritatis. Incidunt vel omnis quisquam. Cupiditate voluptas autem sed odit molestiae. Magnam voluptatibus qui consequatur vero eaque voluptas. Tenetur dolores et necessitatibus qui at in. Quis nesciunt doloribus aperiam non ex. Voluptas dignissimos culpa voluptatum fugiat ducimus omnis consequatur.', 0.000000, NULL, 31, 1, 1, NULL, 'dicta-est-sed-eos-quia-rem', 0, 1, NULL, '2022-02-12 22:24:58', '2022-02-04 22:24:58'),
(12, NULL, 2, 'nesciunt', 'Distinctio voluptate incidunt consequatur dolores praesentium cupiditate.', 'et jt085', '91', '7100519731877', 'EAN', 'Sit est delectus voluptatem molestias porro quo consequatur. Odit ut voluptatem aut dolor dolorem voluptatem qui. Provident vel et enim omnis maiores accusantium. Ut consequatur voluptas delectus dolorem nemo vel qui. Eos sunt voluptate eos. Quisquam omnis officia quidem. Hic velit sapiente animi expedita. Perspiciatis in eum eos eligendi non nobis unde eaque. Saepe laborum alias nisi et modi odio est. Porro non voluptas ipsum ab est. Mollitia sapiente officia qui voluptatem eos amet. Molestiae deleniti hic dolorem.<p><br/><iframe frameborder=\"0\" src=\"//www.youtube.com/embed/MLpWrANjFbI\" class=\"note-video-clip\" style=\"width: 100%; height: 475px; float: none;\"></iframe></p><br/>Velit recusandae id ut. Et perferendis perferendis dolor sit quos omnis eaque. Corporis asperiores neque sed est qui voluptatem aut. Incidunt ratione ad autem fuga dolorem similique. Rerum rerum est nesciunt ad mollitia. Ex asperiores sed ut ipsum voluptate mollitia. Quasi eius praesentium molestiae id quidem itaque minus. Distinctio natus accusamus qui.<img src=\"https://loremflickr.com/640/360\" style=\"width: 50%; float: right; margin: 20px 0 20px 20px;\">Mollitia ea numquam voluptas excepturi aperiam porro. Tenetur labore sed corrupti cumque magni ut vitae. Corporis corrupti voluptas qui et atque culpa cumque. Esse voluptatibus non libero quisquam. Voluptas dolores cumque ipsam fuga aut ut. Id expedita amet vel eveniet possimus. Deleniti a at quam sed eum id qui non. Maiores sed rerum voluptatibus aut est itaque voluptas aut. Dolor amet similique sit eligendi. Occaecati magnam harum tenetur qui iusto provident. Et dolores enim quis. Nihil asperiores assumenda est qui qui sit. Tempore repudiandae pariatur et facere tenetur illum. Amet rerum aut vero in odit facilis maxime. Quibusdam rerum adipisci quae iure. Voluptatum sed vero assumenda rerum eum. Sint praesentium optio aut deleniti. Iste ut ea aliquam aut quidem. Itaque non quos deserunt ex. Voluptatem tenetur dolorem eos quo ut sint. Provident vero ut non tempora quia culpa qui. Qui officia rerum aut ipsa ducimus. Officia minus facilis officiis. At nulla sunt nesciunt occaecati consectetur labore. Perspiciatis aut nisi suscipit omnis magnam repellendus. Inventore fugit et ut qui repellat. Aut dignissimos officiis quis vel. Quia est qui perspiciatis vel unde.<p><br/><img src=\"https://picsum.photos/640/360.webp\" style=\"width: 100%; float: none;\"></p><br/>Earum quod asperiores nobis pariatur distinctio non ipsam. Autem harum sit qui corporis nostrum ea laboriosam. Ex vitae aut voluptatem ex aliquid exercitationem porro dolorem. Aperiam ab aut sed consectetur. Possimus quis explicabo doloribus id omnis tempora. Ab eius est ratione assumenda nobis. Libero quasi iure ut placeat perspiciatis. Omnis quis eius consequatur qui sunt laboriosam. Rerum hic architecto reiciendis sed. Voluptate voluptatem qui autem. Est nihil recusandae et autem. Veritatis nam at qui molestiae quo ipsam quod. Assumenda illum earum sed qui. Qui sed laboriosam nam.', 0.000000, NULL, 266, 0, 1, NULL, 'sunt-sint-ut-amet-laborum-vitae-non-neque-voluptatem', 6, 1, NULL, '2022-01-28 22:24:58', '2022-02-06 22:24:58'),
(13, NULL, 2, 'et', 'Ipsam molestiae eum est atque omnis ipsa natus.', 'occaecati jx240', '2412', '3453150909544', 'ITF', 'Tenetur molestiae ut excepturi. Et qui laudantium placeat fugit sint quos. Quia voluptates qui sapiente voluptatibus nemo earum consequuntur aliquid. Maiores molestiae est est quaerat aut dolores impedit. Debitis nostrum qui quidem asperiores exercitationem adipisci iure sit. Odio molestias quis suscipit adipisci asperiores eveniet odit. Hic sunt doloribus provident alias fugiat reiciendis rerum. Omnis natus aut ducimus expedita tempora.<p><br/><iframe frameborder=\"0\" src=\"//www.youtube.com/embed/SKbHHcdLGKw\" class=\"note-video-clip\" style=\"width: 100%; height: 475px; float: none;\"></iframe></p><br/>Sed similique repudiandae et recusandae culpa. Eveniet est repellendus quo eaque aut sunt distinctio. Vel porro libero sit. Itaque sit autem ea harum. Fuga porro provident laudantium quae reiciendis. Perspiciatis sunt quibusdam aut molestiae. Qui labore provident eius molestiae ullam beatae qui.<img src=\"http://placeimg.com/640/360/any\" style=\"width: 50%; float: right; margin: 20px 0 20px 20px;\">Voluptatem illo repudiandae distinctio consectetur ex facilis. A quis qui omnis nisi. Sint autem unde laboriosam officiis maxime et quibusdam nihil. Laboriosam soluta asperiores unde nam sunt accusamus. Nesciunt ab ut unde quia impedit ut blanditiis et. Magnam officiis animi cumque sint laborum impedit non. Ipsum ratione nemo suscipit facilis. Sequi esse et magnam omnis numquam. Velit non sit ut odio. Rerum voluptas officiis sunt dolor dolorem. Quod expedita voluptatibus animi et. At fugit quia et quas accusantium. Aut sit sequi architecto et dolor reprehenderit. Eos similique cum qui consequatur ut. Dolorum deleniti quis totam et molestiae. Et esse ullam vero non cum mollitia. Quia porro ratione praesentium qui molestias id. Non maxime impedit veritatis qui sunt. Nisi harum numquam minima omnis accusantium magnam ab. Enim quia aut tempora eum harum nemo. Corporis deleniti et quia maiores qui sunt veniam. Sapiente repudiandae ipsum nostrum qui. Ex blanditiis perspiciatis voluptas quo corrupti voluptas. Temporibus facere quia quas adipisci autem sapiente. Eos sequi ut laudantium vel ratione qui. Qui qui saepe qui assumenda.<p><br/><img src=\"http://placeimg.com/640/360/any\" style=\"width: 100%; float: none;\"></p><br/>Reprehenderit sed quis repellat nulla et. Iure at eum nobis quo dolor amet quaerat. Hic eaque fugiat perspiciatis placeat in. Et rerum ut porro minima neque beatae autem quis. Magni porro ut autem sit quis eos ratione. Quod dicta totam occaecati veritatis nihil a ut. Dolores nostrum rem quibusdam delectus molestiae qui vel. Aut deserunt dignissimos nobis assumenda exercitationem. Molestiae aut aliquid consequatur asperiores quae. Ea ratione ut aspernatur doloremque amet dolor animi autem. Odio nam vel et voluptatem provident.', 0.000000, NULL, 348, 0, 1, NULL, 'maiores-consectetur-quibusdam-qui-vero-cumque', 4, 1, NULL, '2022-02-10 22:24:58', '2022-02-11 22:24:58'),
(14, 3, 2, 'et', 'Qui consequatur odio non ab veritatis pariatur minima.', 'blanditiis dy470', '37824784', '3169931678836', 'ISBN', 'Odio optio vel soluta est labore accusantium. Eligendi distinctio iusto sequi aspernatur est enim et. Praesentium aperiam omnis et tenetur magnam quos fuga magni. Iure molestias quidem ut quia autem neque numquam. Autem voluptas eligendi ipsa dolor itaque. Sunt ea sint et quos debitis qui. Ad ratione voluptas dolorem. Omnis ullam ab adipisci blanditiis molestiae. Quae cumque aspernatur recusandae delectus aspernatur voluptatem error quae. Perferendis ratione maiores quia exercitationem modi illo.<p><br/><iframe frameborder=\"0\" src=\"//www.youtube.com/embed/SKbHHcdLGKw\" class=\"note-video-clip\" style=\"width: 100%; height: 475px; float: none;\"></iframe></p><br/>Omnis dicta quasi distinctio aut et sint. Sunt accusamus sint hic dignissimos excepturi est libero commodi. Quisquam facilis quae illum cumque voluptatum quo similique. Aut qui quisquam illum saepe aspernatur enim et. Sit ut nam laborum neque maxime. Ea voluptatibus praesentium perferendis minus ad est rerum. Ut et saepe magni. Voluptatem et praesentium ut commodi unde.<img src=\"https://picsum.photos/640/360.webp\" style=\"width: 50%; float: right; margin: 20px 0 20px 20px;\">Corrupti dolores atque enim dolorem est hic. Architecto veritatis molestiae quidem maiores. Sed asperiores tenetur optio dolores illum ipsa sint. Aliquam vero ullam fugiat nihil cupiditate. Aspernatur quis repellendus quae excepturi harum. Expedita aut et omnis magni quam consequatur dignissimos. Magnam est iusto reprehenderit rerum minima nihil soluta praesentium. Occaecati nobis tempore ab est omnis sint repellat. Eveniet odit molestiae blanditiis modi similique ipsam. Reiciendis perferendis excepturi facilis autem vel. Ipsam est enim ea recusandae ratione dolore soluta. Corrupti dolor error consequuntur quas qui consequatur. Quidem voluptatem dolores cum repudiandae molestiae ut libero. Repudiandae corporis facilis provident voluptatum. Inventore quibusdam perferendis eos consequuntur. Ut cumque quia rem totam. Nemo expedita voluptatibus voluptatem cum hic laboriosam illum. Vel quo et dolorum voluptas. Nemo est quia soluta et est tenetur nulla. Blanditiis quae amet labore nobis doloribus blanditiis perferendis. Dicta velit voluptate aliquid omnis iste iure quo reiciendis.<p><br/><img src=\"https://loremflickr.com/640/360\" style=\"width: 100%; float: none;\"></p><br/>Laboriosam harum dignissimos non aut rerum. Est tempora et sapiente velit a culpa ut soluta. Occaecati et excepturi recusandae. Accusantium provident amet et voluptates pariatur ullam. Repellat tempore doloribus dolore quia sit quam sed. Et ad autem temporibus omnis sed. Est consequatur corporis in quia quisquam dolorem. Sed ducimus ipsum similique. Commodi velit optio dolores dolore. Et earum velit quia id et consequatur et. Officiis exercitationem delectus qui vitae consequatur natus recusandae. Culpa voluptas alias perferendis est ea sed et.', 0.000000, NULL, 512, 1, 1, NULL, 'doloremque-dolorem-esse-quod-optio-tempora-expedita-cupiditate-repellendus', 6, 1, NULL, '2022-02-03 22:24:58', '2022-01-28 22:24:58'),
(15, NULL, 2, 'dolore', 'Sed labore aspernatur voluptatibus vel nihil ut quam.', 'quo xe654', '59457414', '2995143914261', 'ITF', 'Quia maiores quo est atque voluptas et delectus nobis. Voluptate vel quia pariatur aut placeat blanditiis aliquam. Et quia incidunt aut vel. Totam omnis quo magnam. Vel possimus id velit repudiandae dolores. Vel earum ut quo quia provident autem. Sint culpa quidem incidunt non. Unde minima doloribus autem rerum voluptatem hic cupiditate. Distinctio in possimus qui quaerat tenetur. Reiciendis reprehenderit voluptatum quidem et dignissimos iste deserunt. Autem totam aspernatur rerum odio illum. Est soluta soluta exercitationem aut tenetur.<p><br/><iframe frameborder=\"0\" src=\"//www.youtube.com/embed/TGbUpEJ1z-k\" class=\"note-video-clip\" style=\"width: 100%; height: 475px; float: none;\"></iframe></p><br/>Et est ea voluptas ut. Nulla ipsum aut ex. Tempore voluptates odit et harum quas nostrum. Consectetur dolor voluptatem dicta blanditiis quibusdam repellat. Est dolores qui in possimus. Repudiandae non nihil delectus inventore. Possimus numquam perferendis omnis consequatur beatae.<img src=\"https://loremflickr.com/640/360\" style=\"width: 50%; float: right; margin: 20px 0 20px 20px;\">Possimus saepe iste sint libero cumque aut ab rem. Facilis inventore ipsa non delectus rerum laborum laboriosam. Qui velit sit laboriosam consequatur harum minima voluptas. Temporibus quibusdam eius animi cupiditate dolorem voluptatem. Ut qui in praesentium id. Voluptate inventore quisquam eum et amet autem. Facilis dolore qui excepturi ad ea repudiandae. Vel quos modi quod dolore eum dolores et. Fuga sit et voluptates omnis est aut. Dolores voluptatem beatae qui veniam a enim. Sunt saepe cum nihil magni expedita id ab. Minima ut beatae quia accusamus minus est tempora. Ratione libero voluptate est. Quas pariatur tenetur cumque optio labore itaque. Porro magni id nulla id. Quo facere neque quia numquam inventore totam. Aut ad animi ea voluptatibus aut qui molestiae. Impedit dolorem inventore molestias molestiae sit et. Dolorem debitis qui modi nobis eius expedita ducimus architecto. Quae sint rerum reprehenderit aut dolorum ullam. Quis at et et similique unde et. Accusantium sequi omnis veritatis autem. Nobis perspiciatis optio unde nulla id. Molestiae voluptatem quo iure. Sit ut nulla aperiam aliquam.<p><br/><img src=\"https://picsum.photos/640/360.webp\" style=\"width: 100%; float: none;\"></p><br/>Veniam dignissimos delectus odio fugit exercitationem beatae. Dicta officia debitis occaecati. Iure totam maiores ipsum. Sint quia beatae omnis consequatur fugit velit fugiat. Facilis autem rerum dolorem sunt et optio facere ipsam. Velit officia sapiente praesentium dolor quod vitae. Eius amet id incidunt ut est. Quibusdam fugiat ea iure. Sint impedit tenetur recusandae fugiat quam aut corrupti. Dolorum aut sit molestias aut. Vel sed rerum possimus nihil id incidunt. Animi ipsa consequatur odit ratione.', 0.000000, NULL, 316, 0, 1, NULL, 'hic-culpa-commodi-culpa-a', 0, 1, NULL, '2022-01-29 22:24:58', '2022-02-05 22:24:58'),
(16, NULL, 13, 'voluptate', 'Enim possimus quae dolorem est modi modi pariatur sunt.', 'ut aq228', '7627', '6743823514463', 'ITF', 'Cum voluptas fugiat libero ipsa repellendus. Corrupti perspiciatis vel odit numquam. Incidunt eos sint quo distinctio incidunt aperiam. Sit est blanditiis error rerum eligendi. Harum voluptatem qui reiciendis qui facere laudantium est labore. Eos ut facilis distinctio hic quisquam possimus ea. Expedita ut qui quis ut neque temporibus inventore. Maiores eligendi tempora necessitatibus placeat sint quos eligendi. Accusamus sed reprehenderit dolor ea sit dolores et.<p><br/><iframe frameborder=\"0\" src=\"//www.youtube.com/embed/MLpWrANjFbI\" class=\"note-video-clip\" style=\"width: 100%; height: 475px; float: none;\"></iframe></p><br/>Sit labore perspiciatis sed autem vel maxime. Reiciendis et dolor cumque minus voluptatum animi reiciendis. Eligendi dolores et dolorum et. Reprehenderit libero asperiores ex at quas impedit dolor. Et eaque facere sapiente aut qui dolorem nobis eaque. Sunt iusto nemo quisquam iste ipsum eum fuga.<img src=\"http://placeimg.com/640/360/any\" style=\"width: 50%; float: right; margin: 20px 0 20px 20px;\">Velit molestiae eius et nesciunt omnis consequatur. Dicta est qui asperiores non voluptatem rerum. Eligendi dolorem ullam illo placeat non autem natus et. Qui quo ipsum iure et et eos. Odit nihil enim aperiam omnis. Omnis optio sed adipisci dignissimos deserunt blanditiis. Voluptate est dolore quidem quia velit cum. Excepturi optio tempore fuga soluta quis blanditiis exercitationem. Temporibus aut pariatur illo. Ratione ad qui esse rerum. Est eum vitae iure hic laborum. Et placeat occaecati doloribus nobis molestias temporibus quis in. Quae aut ex rerum amet omnis. Et nihil totam expedita quas. Mollitia quas qui non pariatur rerum aut. Ad non temporibus incidunt eum accusantium nisi. Voluptas et ab reiciendis vero ex omnis. Est iure deserunt ad perferendis est et numquam. Quisquam tempora voluptatem molestias ipsam dignissimos est laudantium id. Quia placeat cumque asperiores velit magnam repellat at. Dolore odio quibusdam reiciendis nostrum et magni. Sed ut enim odit repellendus eos. Consequatur est porro rem ad quos vel sapiente. Nobis nostrum iusto saepe sapiente magni nisi voluptates. Incidunt placeat numquam quae odit.<p><br/><img src=\"https://loremflickr.com/640/360\" style=\"width: 100%; float: none;\"></p><br/>Odio velit ipsam vitae facere. Tenetur at porro error sed. Reiciendis ullam adipisci autem. Beatae sed eos quisquam qui odit sunt provident. Nihil voluptatem earum necessitatibus ad. Quod natus praesentium a sed. Tempore amet qui in aliquam quasi aut. Recusandae earum minus recusandae quia autem. Consectetur perferendis iure enim voluptas id qui. Facilis facere dolore in esse numquam harum aut. Provident dolores non iure nihil tempora non et. Veritatis quis provident repellendus natus. Voluptatum id voluptatem quae at sed in sunt perferendis.', 0.000000, NULL, 784, 0, 1, NULL, 'eius-earum-quibusdam-consequuntur-et-nihil-maxime-odit', 3, 1, NULL, '2022-02-04 22:24:58', '2022-01-29 22:24:58');
INSERT INTO `products` (`id`, `shop_id`, `manufacturer_id`, `brand`, `name`, `model_number`, `mpn`, `gtin`, `gtin_type`, `description`, `min_price`, `max_price`, `origin_country`, `has_variant`, `requires_shipping`, `downloadable`, `slug`, `sale_count`, `active`, `deleted_at`, `created_at`, `updated_at`) VALUES
(17, 5, 5, 'beatae', 'Quaerat commodi fugit aut est.', 'ut et392', '75882964', '4153948142571', 'ISBN', 'At corporis et dolore. Nesciunt similique et sint molestias et ducimus et. Dolorem reiciendis voluptatum quo et eum ut. Iusto aut qui dolores ea excepturi. Dolorem velit praesentium iusto dignissimos aut. Officia similique iusto excepturi laudantium sunt temporibus. Maiores quis voluptates necessitatibus laboriosam. Necessitatibus quam omnis aut temporibus eius magnam optio quos. Nemo et hic minus qui et. Deserunt et iste quis enim. Qui tenetur placeat recusandae qui quaerat. Corrupti adipisci accusamus sit nemo saepe esse.<p><br/><iframe frameborder=\"0\" src=\"//www.youtube.com/embed/n7EmdNsKIhk\" class=\"note-video-clip\" style=\"width: 100%; height: 475px; float: none;\"></iframe></p><br/>Mollitia quia ut ipsa sunt. Qui et et sequi. Quia alias qui assumenda reiciendis. Nulla sint delectus voluptatem numquam natus. Quod magni fugiat enim et ullam architecto. Eveniet est eaque reiciendis sapiente quod rerum. Qui reiciendis illo id nesciunt harum. Qui nulla perspiciatis ad corporis reiciendis eum.<img src=\"https://loremflickr.com/640/360\" style=\"width: 50%; float: right; margin: 20px 0 20px 20px;\">Voluptates eius minima nihil tempore voluptatem. Atque est quas quod quo quasi. Magnam voluptates non similique odit animi magnam alias. Labore vitae voluptatem vel et sit. Explicabo corrupti eum nostrum. Nam non cumque voluptas fuga ducimus ex. Distinctio eos id nemo eaque sed. Commodi aliquam quas vel quidem ea reiciendis. Aperiam fugiat qui excepturi. Quia est dolorem error. Tempora non vel error iure. Ipsa adipisci distinctio autem earum quia. Dicta consequuntur sint fuga id ea velit dolor repellat. Voluptas omnis voluptatem sit ullam culpa. Perspiciatis distinctio reiciendis et quisquam voluptate iure. Fugiat ratione ducimus ullam. Non quo voluptatem accusantium cum hic ea distinctio. Tempore aperiam ut totam saepe odio unde saepe. Dignissimos accusantium neque repellat fuga. Ea distinctio at aut est non sit. Sunt rerum cumque iusto quia. Est numquam tenetur harum recusandae aut pariatur neque. Vel et omnis esse velit et et. Qui facere earum eum officia necessitatibus possimus. Necessitatibus sint voluptas in non recusandae consectetur.<p><br/><img src=\"https://picsum.photos/640/360.webp\" style=\"width: 100%; float: none;\"></p><br/>Corrupti tenetur ea mollitia sequi eum exercitationem qui. Inventore dolorem nulla porro occaecati optio accusantium et. Enim autem provident et saepe impedit et. Ad et et delectus eius. Et pariatur velit aspernatur aut maiores in. Ipsa totam adipisci non omnis quia. Quasi ut autem similique ab sit labore. Consequatur reiciendis animi eos rem ea et. Quibusdam voluptas quidem voluptatibus ab accusamus minima ullam. Iusto corrupti perspiciatis ad est velit. Eum eaque ipsam nemo et sit eum.', 0.000000, NULL, 670, 1, 1, NULL, 'aut-molestias-quis-qui-ea-architecto-quasi-natus', 4, 1, NULL, '2022-02-12 22:24:58', '2022-01-31 22:24:58'),
(18, 4, 15, 'sed', 'Fugit harum ipsam consequatur itaque officiis aut ut rerum.', 'rerum mz877', '179479822', '9140882557948', 'UPC', 'Porro cumque ut laborum et ipsam. Dicta officiis adipisci sunt nisi nihil. Quo inventore sit magnam ut. Commodi assumenda excepturi est aut dolorem enim quasi. Ducimus et quis ab quis recusandae et asperiores culpa. Quaerat animi quidem eum placeat necessitatibus molestiae. Sit assumenda ea quo est. Ut cupiditate ut quo quidem animi fuga. Velit tempora pariatur laborum inventore quas. Perferendis nulla provident omnis.<p><br/><iframe frameborder=\"0\" src=\"//www.youtube.com/embed/AVpcxtH8hWg\" class=\"note-video-clip\" style=\"width: 100%; height: 475px; float: none;\"></iframe></p><br/>Ea dolores suscipit iure tempore perspiciatis dolorem. Nam rerum deleniti laborum architecto culpa in occaecati. Et facilis adipisci et enim. Est quis modi et nemo qui quibusdam.<img src=\"https://loremflickr.com/640/360\" style=\"width: 50%; float: right; margin: 20px 0 20px 20px;\">Animi eaque laborum rerum sapiente sed. Tempora provident voluptas numquam aut dolorem. Quasi facilis maxime sed exercitationem autem. Aliquam temporibus reprehenderit cupiditate velit. Dolorem consectetur minima ea vel ullam praesentium quisquam. Omnis dolores cupiditate repudiandae. Explicabo ullam accusantium cumque illum quis voluptatem aut. Delectus non et qui voluptas qui sit. Totam adipisci in sequi est. Dolor et officiis consequuntur ad dolor aut laudantium reprehenderit. Ut qui ut perferendis. Quo tempore sapiente ut deleniti alias esse. Aliquam natus placeat quis assumenda et natus doloremque. Voluptatem delectus cupiditate atque nemo. Voluptatum illum occaecati expedita enim quod perferendis dolor. Neque inventore doloribus deserunt est. Fuga sed voluptatum omnis necessitatibus. Fugit sunt occaecati delectus. Autem corporis vel reprehenderit a officiis laudantium eos. Quisquam corporis illum excepturi rerum consectetur optio sequi est. Mollitia dicta aut eius iure illo debitis. Iure totam voluptatem est.<p><br/><img src=\"https://loremflickr.com/640/360\" style=\"width: 100%; float: none;\"></p><br/>Qui earum animi autem voluptates. Earum fuga fuga impedit ea ad. Inventore consequatur repellendus quis ut cupiditate sunt eum quia. Mollitia neque aut culpa enim in. Est incidunt dolor id dolorem ratione voluptatem. Et ut voluptatem earum nobis cumque. Et ratione reiciendis rerum. Esse dolorem eaque expedita consequatur. Vero hic ipsum tempora modi magni voluptatem corporis. Necessitatibus velit eos ullam laboriosam. Nihil nisi ut quis doloremque sint dolor ex. Omnis sed ut dolorem inventore.', 0.000000, NULL, 540, 0, 1, NULL, 'dolorem-amet-sit-nam-dolorem-et', 9, 1, NULL, '2022-02-12 22:24:58', '2022-02-01 22:24:58'),
(19, NULL, 3, 'rerum', 'Nemo et earum omnis ipsam et vitae.', 'et mi556', '600333', '0417378683429', 'ITF', 'Quia nobis alias et ea. Laborum esse aspernatur ratione velit provident asperiores vel. Ratione ab sapiente temporibus illo sit sunt repudiandae. Minus et laborum nulla eum. Cumque et eveniet autem saepe voluptatem aut sit. Porro placeat et non ullam. Molestias facere dicta aperiam et itaque quia harum. Consequuntur dolor et animi possimus ducimus dignissimos sunt. Error ipsum nostrum vel nemo aut consequatur. Quasi dolorum quidem sit voluptate et et. Tempore molestiae nobis et officiis ut non ut. Id veniam ducimus non ut aut officia eos.<p><br/><iframe frameborder=\"0\" src=\"//www.youtube.com/embed/MLpWrANjFbI\" class=\"note-video-clip\" style=\"width: 100%; height: 475px; float: none;\"></iframe></p><br/>Nemo nobis aut vel earum unde. Quia quod dolor impedit atque dolorum et ipsa. Quidem laboriosam perspiciatis cumque saepe dolores at veniam. Porro rerum ut at fuga. Praesentium similique cumque aut voluptates. Velit accusantium quis corporis reprehenderit est soluta qui. Quia quo aut qui ut earum. Harum et corporis quia ut dicta.<img src=\"http://placeimg.com/640/360/any\" style=\"width: 50%; float: right; margin: 20px 0 20px 20px;\">Sint qui aliquam animi dolorem vero tenetur nihil. Est consequuntur non quia aspernatur. Officia fugit qui nihil voluptatem in non. Numquam ut sunt illum minima ipsam sed deleniti. Qui aut esse nemo et aut veniam. Voluptates maxime aut sint enim. Dolorem veritatis est beatae excepturi qui ratione pariatur. Soluta tempora quia modi est. Quos vel illo hic modi soluta. Ut rem repudiandae adipisci tempore sunt quam. Libero veritatis expedita quia dignissimos. Ab ullam eius soluta recusandae. Veritatis in quo odit est. Rerum rerum laudantium odit debitis dolor. Quae consectetur odit esse qui minus facilis. Quae rerum aliquam aliquam est. Soluta expedita natus molestiae distinctio molestiae ea. Corrupti dicta et voluptatem molestias. Est eos distinctio quo odio facere fugiat ipsum. Dicta porro reiciendis qui repellat illum eius aut. Et hic qui dolore rerum commodi enim. Consequatur voluptatum labore reiciendis molestias error nihil nihil. Qui sit tempora ipsum quisquam ipsa illum voluptatum numquam. Omnis in numquam mollitia.<p><br/><img src=\"https://loremflickr.com/640/360\" style=\"width: 100%; float: none;\"></p><br/>Rem sint et vitae dolorem et tempore dolore. Dolorem quae blanditiis exercitationem itaque ex inventore. Qui sit itaque accusantium esse perspiciatis necessitatibus. Voluptatem alias cupiditate ea maxime in quaerat in. Earum unde pariatur tempore qui quis pariatur. Inventore voluptatem aut perspiciatis ut sed eius quidem. Natus molestiae magni cum. Quo et ut voluptatem doloribus adipisci. Et error dolor est explicabo dolores nulla incidunt ut. Velit eveniet dignissimos possimus impedit neque eum.', 0.000000, NULL, 162, 0, 1, NULL, 'possimus-itaque-quos-ad-labore-provident-aut', 8, 1, NULL, '2022-02-10 22:24:58', '2022-02-03 22:24:58'),
(20, NULL, 14, 'natus', 'Debitis aut dolores consequatur qui.', 'vel gt817', '1761888', '3550227633347', 'ISBN', 'Dolorem accusantium quae eos ipsum atque praesentium eos. Sunt accusamus inventore quis dignissimos. Nobis dolores voluptas minus et at. Delectus officia adipisci necessitatibus mollitia ea hic. Et aut sit quidem neque. Doloribus excepturi ut officia veniam ut repellendus. Laboriosam voluptatum dolorem hic perspiciatis enim officiis. Beatae consequatur nostrum voluptas architecto voluptate eos nobis. Omnis nisi officiis similique aut. Ut ducimus hic voluptatem quod et a voluptatem.<p><br/><iframe frameborder=\"0\" src=\"//www.youtube.com/embed/mATMpaPBBFI\" class=\"note-video-clip\" style=\"width: 100%; height: 475px; float: none;\"></iframe></p><br/>Animi dolores nostrum distinctio voluptas nihil quisquam dicta minima. Sequi similique dignissimos eveniet est. Provident quo quidem aspernatur harum et rerum hic. Voluptatum et earum doloribus sint. Aut error sunt sit unde vitae voluptas. Et quo enim voluptatem corporis possimus.<img src=\"https://loremflickr.com/640/360\" style=\"width: 50%; float: right; margin: 20px 0 20px 20px;\">Iure omnis sed aut. Eaque suscipit et optio cupiditate perspiciatis omnis aliquid. Sed ex qui qui est reprehenderit. Enim numquam omnis laudantium ex ut nesciunt totam. Error enim modi magnam et non molestiae. Qui quia nemo odio enim autem libero. Provident eos aliquid ad voluptatibus hic reiciendis non. Perferendis qui in dolorem rerum. Id saepe nihil id fuga inventore quia qui. Dolores veniam molestiae soluta. Consequuntur earum atque exercitationem omnis doloribus voluptates. Iure ullam voluptatem praesentium porro. Qui minus porro id unde commodi commodi recusandae laborum. Deleniti doloremque corrupti cupiditate incidunt omnis. Cum corporis suscipit laudantium ab numquam. Est optio deleniti consequatur delectus maiores. Ut quas sint repellat sequi vel dolores animi fugit. Natus similique aut reiciendis. Temporibus a esse quasi. Quo minima provident officia officia et ipsa. Rerum perferendis ab et adipisci occaecati aut itaque adipisci. Sit qui esse aut. Voluptas similique aut commodi in. Sapiente et eum dolorem vero. Non sint ipsam nemo nostrum id et harum. Qui voluptatibus rem rerum dolores blanditiis sint. Aut labore molestiae eaque fugit ut praesentium veniam qui.<p><br/><img src=\"https://loremflickr.com/640/360\" style=\"width: 100%; float: none;\"></p><br/>Laudantium ut quia est et officia. Placeat fugiat libero dicta. Dolores ut reiciendis quo aut porro. Quia impedit et qui id voluptas nostrum. Et beatae voluptatem vel dicta necessitatibus exercitationem sed soluta. Laboriosam modi aliquam distinctio repudiandae. Repellendus sequi illo sunt et. Id ipsum non cumque fuga nesciunt vitae dolor. Eum minima provident ex eius nam occaecati ut. Facilis ipsam sequi dolor ipsam quibusdam. Sint ea et excepturi perferendis.', 0.000000, NULL, 660, 1, 1, NULL, 'aut-incidunt-dolores-est-similique-tempora-est-repudiandae', 4, 1, NULL, '2022-02-10 22:24:58', '2022-02-02 22:24:58'),
(21, 2, 7, 'nulla', 'Illum molestiae voluptate est maxime et suscipit.', 'fugiat jt643', '28', '8594456177208', 'ISBN', 'Ut sed quia occaecati non ipsam. Velit sint fugit aut cum ratione veritatis. Ea dolorum illum ut. Sint ullam quidem quis accusantium deleniti et. Blanditiis perspiciatis qui cupiditate ut repudiandae voluptatem. Fugiat consequatur aut dolorum temporibus quod. Laborum dolorem mollitia quis nihil quis rerum voluptas. Quam amet reprehenderit amet officiis alias. Quas enim alias quo. Debitis ut rerum vel sunt numquam fugiat reprehenderit.<p><br/><iframe frameborder=\"0\" src=\"//www.youtube.com/embed/TGbUpEJ1z-k\" class=\"note-video-clip\" style=\"width: 100%; height: 475px; float: none;\"></iframe></p><br/>Eveniet repellendus reprehenderit aliquam ut sint voluptatibus. Aut amet voluptas dolor eum eligendi sit corrupti. In quibusdam eum praesentium veritatis. Reiciendis veniam dolores vitae cumque totam quis ducimus.<img src=\"https://picsum.photos/640/360.webp\" style=\"width: 50%; float: right; margin: 20px 0 20px 20px;\">Officia possimus similique sequi consectetur quibusdam. Ut laudantium provident aliquam velit. Sit velit ipsam eum et. Et aspernatur dolor ut. Voluptate dolores inventore ut est repellendus explicabo quo. Atque ullam quae quam itaque ut. Enim cum voluptatem illum aliquam doloribus dolorum quia vel. Odio laudantium excepturi ut rerum. Voluptate hic qui impedit nobis minus. Eaque id vel sed modi sed modi. Quas voluptas reiciendis dolore repudiandae. Velit vel ut aspernatur autem. Consectetur nemo dignissimos ad. Reiciendis qui est optio sit pariatur. Accusamus dolore temporibus dolor dolorem cumque quis aut. Quis incidunt quo quos sint. Dolores magnam adipisci corporis tenetur quas ut rerum. Voluptate porro in molestias. Soluta quidem omnis expedita omnis tempora sint assumenda tenetur. Quia quis corporis sed et praesentium minima illum ut. Ut ducimus repellat voluptatem exercitationem voluptatem eum. Quidem ab illo nulla. Autem officia minus nobis provident dolore. Quibusdam tempora labore sequi molestiae eum placeat totam. Quo ipsa esse aliquid sed est autem. Rerum omnis molestiae commodi vel ex.<p><br/><img src=\"https://loremflickr.com/640/360\" style=\"width: 100%; float: none;\"></p><br/>Vel nihil totam eius occaecati quia velit. Dignissimos laborum est rerum aut et harum. Iure nihil et quod voluptates. Cumque inventore quaerat placeat placeat deserunt et asperiores blanditiis. Non adipisci qui assumenda sed nemo pariatur animi. Magnam et eaque ea qui eveniet mollitia sint. Illo reprehenderit adipisci esse et ut eligendi. Corrupti quo recusandae id ut magni a. Et iusto excepturi accusantium. Veritatis maxime a nesciunt ex officiis molestiae sint. Ut sunt voluptatem quam repudiandae.', 0.000000, NULL, 76, 1, 1, NULL, 'commodi-qui-alias-a-qui-aut-repudiandae-non', 4, 1, NULL, '2022-02-06 22:24:58', '2022-02-05 22:24:58'),
(22, 5, 12, 'modi', 'Deleniti fuga dolor a sit atque.', 'sint ue377', '846602252', '1783814636120', 'ITF', 'Molestiae dignissimos quam quidem. Aut vel sit veniam et eum et quia. Odit porro aut molestiae quisquam quia. Alias eaque qui eligendi modi. Iste delectus eligendi asperiores molestiae occaecati voluptatum enim architecto. Tenetur enim qui ut aut nobis veritatis. Quis unde esse omnis illum. Magnam repudiandae iure quaerat consectetur voluptatem magnam beatae. Ut laboriosam ut unde optio reiciendis. Delectus maiores sit eos adipisci repellendus et quasi.<p><br/><iframe frameborder=\"0\" src=\"//www.youtube.com/embed/AVpcxtH8hWg\" class=\"note-video-clip\" style=\"width: 100%; height: 475px; float: none;\"></iframe></p><br/>Quia harum quia dolorem tenetur distinctio sit in nesciunt. Repellat sit cupiditate vitae ratione. Nihil aliquam distinctio iste sunt aut laudantium porro. Aliquam sit est nemo et. Odio qui omnis dolorem qui odio. At est delectus molestias harum animi. Aut consequatur reprehenderit voluptas reprehenderit molestiae.<img src=\"http://placeimg.com/640/360/any\" style=\"width: 50%; float: right; margin: 20px 0 20px 20px;\">Consequatur vitae ut dolor voluptatum exercitationem veritatis aspernatur. Facilis iste consequatur et iure perferendis. Debitis sequi voluptates amet sit rerum quia a. Et nobis aut voluptatem natus. Perspiciatis molestiae ullam in commodi sint facere et. Quidem ad iste et nam. In neque praesentium aliquam dolor nemo recusandae vel. Quos perferendis placeat qui sed. Cupiditate optio temporibus quod sed earum. Voluptatum illum odio voluptas illum. Est esse qui ad eligendi sunt debitis dignissimos. Doloribus architecto ut quia id. Amet consequuntur non assumenda aut quam doloribus. Ut voluptas delectus impedit qui voluptatem. In ut omnis voluptatibus beatae earum. Consequuntur sapiente non eum non neque. Fugiat dolor suscipit asperiores debitis id commodi ipsum. Laudantium deleniti officiis quaerat asperiores. Exercitationem voluptates dolor ipsa accusamus aut molestiae. Fuga et animi porro est aliquam eligendi recusandae ad. Ea incidunt temporibus animi doloribus enim qui. Eum et velit illum eos est natus velit dolor.<p><br/><img src=\"http://placeimg.com/640/360/any\" style=\"width: 100%; float: none;\"></p><br/>Et est alias sed aut voluptas est eos. Consectetur id culpa cum rerum officiis officiis. Numquam et consequatur quasi et ut est. Voluptas dolorum doloremque dolor. Dicta animi eveniet odit sunt. Molestiae in libero quam. Accusantium nulla ducimus sed. Laborum soluta quam tempore ut a voluptates aut. Natus amet voluptates sed non sunt. Et et dolores id omnis mollitia. Sapiente ab asperiores rem amet. Molestias culpa natus recusandae odit aut. Quasi totam explicabo magni autem et in aut eum.', 0.000000, NULL, 670, 1, 1, NULL, 'eum-sequi-aut-quo-maxime-ab-omnis', 0, 1, NULL, '2022-02-12 22:24:58', '2022-02-04 22:24:58'),
(23, 3, 10, 'minima', 'Aut fugiat debitis illum ullam.', 'aut bb815', '86683', '9474844317630', 'JAN', 'Architecto consequatur non et culpa id quia numquam. Vitae dolor placeat quae et voluptas eveniet. Nemo officia repellat ipsum dignissimos itaque corporis porro. Dolorum in enim animi. Iste et et consequatur. Culpa ullam similique accusantium minus dolore cupiditate nesciunt. Eveniet cum laborum dolore voluptatem. Reiciendis non tempore recusandae deserunt laudantium. Et laudantium eius corrupti voluptates. Optio voluptatem necessitatibus eos eius. Impedit cupiditate cupiditate quia dolore esse expedita quidem.<p><br/><iframe frameborder=\"0\" src=\"//www.youtube.com/embed/eEzD-Y97ges\" class=\"note-video-clip\" style=\"width: 100%; height: 475px; float: none;\"></iframe></p><br/>Quia dolor dolores dignissimos est sint mollitia ratione quas. Nisi quam sit minus error. Eaque quasi aut sit quis. Aut et harum et et non provident. Praesentium adipisci illum vel adipisci aut. Aut eum ea officia dolor et in iste. Necessitatibus ut corporis velit totam similique. Ad ullam non libero facilis enim laborum perferendis. Accusantium commodi in alias esse non.<img src=\"https://picsum.photos/640/360.webp\" style=\"width: 50%; float: right; margin: 20px 0 20px 20px;\">Et repellendus esse provident in nesciunt nam sit. Ut est facere consequatur ut ratione. Facere magni dolorum eum ab. Quia qui rerum possimus. Blanditiis molestias modi delectus soluta magni aut. Harum quisquam sint tempore similique voluptate fugit repudiandae odit. Non ex dolor sapiente aut incidunt labore consectetur. Ab sint ipsum et rem deserunt optio et. Similique voluptates aliquid magni natus consectetur et et. Non sint incidunt eaque. Doloribus fuga alias aut error rem consequuntur quis sapiente. Facere dolores et harum voluptates quia qui quia. Odit ut consequatur doloribus ipsum vel sed alias. Aut voluptatibus occaecati ut rerum saepe laudantium. Sunt corporis debitis quis corporis iusto. Velit repellendus voluptatibus expedita asperiores tempora excepturi. Voluptas tempore blanditiis reiciendis nulla quis. Error ullam delectus quibusdam voluptates ut. Earum et dolores blanditiis. Explicabo expedita atque eos repellat aut expedita repellat odit. Voluptatem consectetur rerum blanditiis dolore provident. Et ut enim eum illum voluptas sint ad voluptates. Qui in dolore officiis nemo.<p><br/><img src=\"http://placeimg.com/640/360/any\" style=\"width: 100%; float: none;\"></p><br/>Nulla dolor recusandae consequatur reiciendis hic nobis nostrum. Modi odio sit quia ad iure sint distinctio. Ipsa quo eius molestiae placeat et sed id. Sapiente aut quo error cumque. Iusto necessitatibus nam minima sed consequuntur dignissimos. Sint minima laborum numquam fugiat. Doloremque eum voluptate fuga odio sunt eos excepturi. Eum occaecati illum ipsum excepturi assumenda. Culpa modi est aut tempora aspernatur omnis. Ut dolore voluptatem maiores modi sit recusandae sed totam.', 0.000000, NULL, 516, 1, 1, NULL, 'qui-quod-tempora-inventore-accusamus-quo', 6, 1, NULL, '2022-01-31 22:24:58', '2022-02-02 22:24:58'),
(24, NULL, 10, 'sunt', 'Reiciendis molestias est ut aut dignissimos nostrum.', 'ea rp068', '62041', '5815447536181', 'UPC', 'Saepe et officiis voluptate aperiam asperiores. Sit earum nostrum explicabo. Possimus officiis a sint consequatur. Assumenda omnis in eum est. Unde est aut enim et. Minima aperiam qui a voluptatem. Laboriosam omnis est nobis corporis qui iure ullam. Reiciendis maiores praesentium sint beatae. Est repellat quam in est est in. Rerum sit sequi voluptatem quisquam neque voluptas distinctio nam.<p><br/><iframe frameborder=\"0\" src=\"//www.youtube.com/embed/eEzD-Y97ges\" class=\"note-video-clip\" style=\"width: 100%; height: 475px; float: none;\"></iframe></p><br/>Non asperiores odio aliquid nemo ratione molestias. Sint labore doloremque ratione est esse. Libero iusto quia sed recusandae. Non quia veritatis aut voluptatum velit quas tempora. Qui distinctio non inventore cupiditate. Nemo repellendus est dolorum voluptatem animi nemo. Sint illo est minima similique ut ut. Ullam in modi nihil.<img src=\"https://loremflickr.com/640/360\" style=\"width: 50%; float: right; margin: 20px 0 20px 20px;\">Vel omnis reprehenderit rerum eaque architecto dolorem. Ab voluptas rerum saepe qui sequi voluptatem exercitationem. Delectus distinctio dicta enim alias at. Nesciunt unde doloribus dolorum perferendis animi eos eius. Officiis nobis minima id perferendis alias. Ullam beatae voluptatem at deserunt molestiae fugit. Delectus culpa atque quam iusto. Ut aut tempora quis enim neque eveniet rerum quas. Ipsam tempora quod molestiae. Perferendis odio quia velit animi corrupti. Libero corporis dignissimos quia sint excepturi. Odio velit aliquam ipsam ratione. Esse sed molestiae quod itaque eos sed aperiam. Atque incidunt omnis qui consequatur maiores dolores. Excepturi ducimus dolor facilis animi. Quasi doloremque eos ea maxime distinctio. Et maxime consequatur consequatur quod possimus. Aperiam est fugit quo natus veniam molestiae itaque nulla. Tempora rerum earum deserunt quibusdam vel autem voluptatem. Deleniti voluptatem eum id velit enim eaque eos cum. Consequatur facere dolor quia dicta expedita et. Eum temporibus dolor nulla sit praesentium et rerum. Veritatis necessitatibus commodi iusto aliquid ratione molestiae ipsum.<p><br/><img src=\"https://picsum.photos/640/360.webp\" style=\"width: 100%; float: none;\"></p><br/>Dolore sint aspernatur minus vitae tempore quia. Tempore maiores architecto sed placeat harum. Optio et molestiae molestias saepe reiciendis facere in. Voluptatum autem illum aut et sequi. Sed omnis praesentium dolorum. Id nesciunt ut molestiae rem dolor veniam. Deleniti sit maiores praesentium quis voluptates molestiae voluptates. Soluta qui provident nihil iusto ad doloribus recusandae. Omnis soluta deleniti pariatur sunt qui totam vero. Quo autem exercitationem voluptatum eaque distinctio sit. Et maxime dolor sed corrupti aliquam enim dolorem.', 0.000000, NULL, 524, 1, 1, NULL, 'aut-sed-necessitatibus-eum-placeat-aut', 6, 1, NULL, '2022-02-12 22:24:58', '2022-02-02 22:24:58'),
(25, NULL, 14, 'rem', 'Libero eligendi exercitationem similique possimus.', 'esse ta456', '55900', '0527254103948', 'ISBN', 'Rerum placeat necessitatibus voluptatum necessitatibus quidem ab. Inventore consequuntur nemo maxime ut. Nihil ut quasi facilis culpa cumque qui. Tempora ut sed et enim iure. Aliquam id voluptatem quidem officiis asperiores est. Dolores vel qui quidem ut. Temporibus ipsa molestias occaecati molestias aliquam vero non et. Neque ut et vel neque sed. Non laudantium earum rerum dolorem ut explicabo perferendis. Ea quia ipsam fuga. Minus magni ea aut similique quisquam omnis.<p><br/><iframe frameborder=\"0\" src=\"//www.youtube.com/embed/MLpWrANjFbI\" class=\"note-video-clip\" style=\"width: 100%; height: 475px; float: none;\"></iframe></p><br/>Sunt aperiam nemo rerum omnis voluptatem. Laudantium nihil sequi et exercitationem ipsa minima occaecati accusamus. Earum culpa ullam iure eos. Maxime et dolore et omnis. Ipsa sed qui inventore deleniti. Cum pariatur et officiis possimus ab error. Consequuntur autem officia autem totam omnis.<img src=\"https://picsum.photos/640/360.webp\" style=\"width: 50%; float: right; margin: 20px 0 20px 20px;\">Sit odit atque nam cum. Ut aut necessitatibus fugiat quis. Magni laborum reiciendis voluptatem maxime sed expedita minus. Voluptatum officiis dolor iste velit quo placeat. Voluptatum possimus porro debitis adipisci et quia rem. Et facere et aliquam cumque voluptatem ipsa et. Voluptatum et tenetur nobis sint quas in. Et qui aliquam consequatur ab. Et omnis natus quia deleniti. Tempora non cum alias voluptatem. Quis iste enim voluptas possimus error. Optio omnis est expedita quia beatae. Voluptas beatae eveniet et perspiciatis quisquam dolor. Minus aperiam et consequatur est. Quis molestiae aut natus autem. Alias aut unde quidem voluptas. Quo aut accusantium officia et delectus officiis officia et. Maxime maiores aut culpa quidem. Consequatur illo voluptatem perspiciatis nihil aliquam dicta. A autem aliquid quia et deserunt amet consequatur. Ut fugiat dolore corporis dolorum unde dicta minima. Blanditiis officiis ipsa maiores odio rerum. Ut aperiam saepe autem animi dolorem dolorum. Voluptatem ea perspiciatis eum eligendi atque.<p><br/><img src=\"https://picsum.photos/640/360.webp\" style=\"width: 100%; float: none;\"></p><br/>Porro quo in quis earum temporibus sit. Cumque accusantium sapiente consequatur voluptatum. Quo aut incidunt reprehenderit sunt. Est sapiente nihil facere ullam esse ea. Omnis excepturi ut nihil molestias expedita consequatur eos. Consequatur aperiam itaque vero ut voluptates dolorem sed. Ut debitis odit rerum qui qui fugiat. Vel minima voluptatem tenetur minus dignissimos doloremque. Rerum nostrum autem facere aut asperiores. Ipsa dolor voluptatem debitis. Impedit exercitationem rerum enim.', 0.000000, NULL, 48, 1, 1, NULL, 'molestiae-est-quibusdam-ut', 9, 1, NULL, '2022-02-02 22:24:58', '2022-02-09 22:24:58'),
(26, 2, 6, 'at', 'Officiis dolorum sapiente quam aliquid.', 'sequi ok052', '348900054', '6265813974618', 'UPC', 'Harum eum est autem sit. Optio sit ipsum reprehenderit ut minima qui voluptatem. Magni consequatur voluptas et laudantium et. Alias quae et doloribus vero. Incidunt qui sapiente omnis excepturi. Dolor est omnis odit quidem consectetur iusto mollitia. Sunt dolor debitis rem. Quibusdam necessitatibus recusandae tempore ipsam incidunt vero fugit. Non voluptatem occaecati laudantium amet vero.<p><br/><iframe frameborder=\"0\" src=\"//www.youtube.com/embed/AVpcxtH8hWg\" class=\"note-video-clip\" style=\"width: 100%; height: 475px; float: none;\"></iframe></p><br/>Numquam necessitatibus doloremque est ut aut odit dolor. Deserunt animi laborum eum error voluptas rerum minus aut. Libero consectetur saepe aliquam qui tempore autem ea. Ut tenetur incidunt voluptatum nisi. Optio aut laboriosam velit et dicta repellat ut.<img src=\"https://picsum.photos/640/360.webp\" style=\"width: 50%; float: right; margin: 20px 0 20px 20px;\">Quibusdam aut perspiciatis omnis pariatur repellat et ab ut. Reprehenderit optio assumenda quis cumque voluptatem. Accusantium libero consequatur dolor tempore quaerat. Vel neque et pariatur inventore et omnis. Non dolor totam voluptatum. Dignissimos ut dolorem quasi nihil minus ea et. Ut ea repudiandae explicabo porro ipsum voluptatem. Alias ratione id est repudiandae ducimus consequatur ducimus. Ipsam qui et dignissimos sed. Aut fugit placeat voluptas nam odio doloremque. Quis non accusantium est quaerat. Et aut natus reiciendis eos quas. Laborum ullam in iure id sed qui quos fugit. Cupiditate qui nisi molestiae ea. Fuga temporibus corrupti nulla accusamus recusandae. Provident in in sint itaque voluptatum voluptas quos. Qui ut qui quod et sint. Autem eligendi ut magni dicta. Quis voluptatem nulla nam. Eligendi eveniet omnis ex eligendi. Repudiandae repellat unde eveniet aliquid dicta praesentium sed occaecati. Sed repellendus voluptatem earum eius aut. Minima assumenda illum aut optio illo sed quae nam.<p><br/><img src=\"https://loremflickr.com/640/360\" style=\"width: 100%; float: none;\"></p><br/>Ut atque voluptas reprehenderit eaque id aliquid. Tempore ut veniam consequatur. Quaerat illo voluptatum laudantium dolor omnis aperiam deleniti. Nesciunt culpa repellat repudiandae. Vitae eos dolorem nisi quas numquam rerum tenetur. Quia eum illum quam fugit architecto. Vero in nam repellat enim earum at sed. Placeat atque magnam voluptatibus. Voluptas debitis cumque illo in. Qui enim sed odio accusamus et. Et architecto eligendi veritatis porro consequuntur saepe. Itaque cumque facere magni rem alias fugiat vitae distinctio.', 0.000000, NULL, 340, 1, 1, NULL, 'quam-tenetur-velit-pariatur-provident-rerum-vel', 3, 1, NULL, '2022-02-07 22:24:58', '2022-02-07 22:24:58'),
(27, NULL, 10, 'beatae', 'Sit placeat ipsam molestiae sequi est rerum facere autem.', 'reprehenderit di705', '658559282', '3188162790513', 'JAN', 'Nam iste harum repudiandae asperiores provident. Quibusdam voluptates sed sit facere et qui quidem natus. Est atque dicta nostrum molestiae incidunt. Nihil sequi quia non rerum quaerat. Molestiae quia minima nihil est corrupti. Quis praesentium voluptatum unde quasi. Deleniti voluptas non et consequatur et. Et reprehenderit sunt nisi sed. Amet praesentium omnis nihil ut dolores aut culpa. Est saepe sunt architecto autem et dolore blanditiis.<p><br/><iframe frameborder=\"0\" src=\"//www.youtube.com/embed/tJlzIJaokVY\" class=\"note-video-clip\" style=\"width: 100%; height: 475px; float: none;\"></iframe></p><br/>Et veritatis laudantium fugit labore delectus. Autem pariatur alias voluptatem voluptas impedit dolor. Dignissimos illo magni illo. Quam doloribus veniam ducimus esse repellendus quia. Voluptatibus quia consequatur aut et facere dolore. Iste eveniet quo pariatur.<img src=\"https://picsum.photos/640/360.webp\" style=\"width: 50%; float: right; margin: 20px 0 20px 20px;\">Est ratione doloribus inventore reiciendis est quia iusto. Corporis ut eum assumenda neque blanditiis ut facilis. Consectetur expedita et earum ad ratione assumenda soluta cupiditate. Molestiae consequuntur eaque et ratione laborum eius alias. Autem quae dolor aperiam laudantium. Nisi non inventore et fuga velit officia est nesciunt. Nemo illum nihil quos illo quibusdam non ea. Sit maiores voluptates consequuntur quaerat illum vero quis. Eius quis quidem consequatur earum provident perspiciatis. Repudiandae expedita tempora dolorem dolore. Iste consequatur enim molestias error. Rerum et et minus sapiente harum nihil quia. A asperiores error distinctio ad dolores natus. Eveniet provident inventore modi perspiciatis molestiae recusandae ut quia. Magnam sit amet dolores veritatis necessitatibus dolores. Molestiae consequatur quia ut dolorem ut dolores labore. Laborum id deserunt harum eos iusto incidunt. Exercitationem accusantium at reiciendis. Perspiciatis autem quam quis qui quae. Soluta sunt a numquam eum qui aliquid autem. Sunt quasi veritatis quas.<p><br/><img src=\"https://picsum.photos/640/360.webp\" style=\"width: 100%; float: none;\"></p><br/>Nihil mollitia in architecto sed corrupti asperiores omnis. Fugit iste quis quisquam rerum. Aut iure hic sed. Eius in ab doloremque voluptatum. Fugiat culpa ut provident occaecati facere possimus. Exercitationem a quam consequatur eum repudiandae quia quidem. Iusto quae recusandae delectus aliquam. Laboriosam incidunt ut repudiandae laboriosam et. Rerum qui itaque consectetur ea. Dignissimos quis saepe et rerum voluptate. Veritatis nihil nisi cum veniam odit qui aut. Voluptatem itaque voluptatem sed iusto aliquam. Quia non enim quibusdam aut qui sequi.', 0.000000, NULL, 807, 1, 1, NULL, 'quam-culpa-enim-fuga-animi-aut-deserunt-ipsum-enim', 6, 1, NULL, '2022-02-06 22:24:58', '2022-02-08 22:24:58'),
(28, NULL, 13, 'fugiat', 'Aliquam maxime optio doloribus provident omnis.', 'eligendi pp439', '40', '1247720840694', 'JAN', 'Aut sint ut cum voluptates autem tenetur possimus. Necessitatibus consequatur quod harum a quod possimus. Reprehenderit eos doloribus provident incidunt unde. At tenetur eos mollitia qui est. Et iusto ratione magnam ipsam libero est odio. Illo consequuntur ullam tenetur optio voluptatem magnam. Ullam nam eaque qui enim temporibus et nostrum. Eveniet laborum ipsam temporibus inventore quaerat. Ut quam architecto in est non temporibus illum ut.<p><br/><iframe frameborder=\"0\" src=\"//www.youtube.com/embed/n7EmdNsKIhk\" class=\"note-video-clip\" style=\"width: 100%; height: 475px; float: none;\"></iframe></p><br/>Dolores possimus odio corrupti. Qui deserunt sed assumenda corrupti tenetur voluptate. Accusamus dolor illum soluta omnis optio deserunt nisi. Eveniet ut aspernatur maxime voluptatem quisquam. Id totam quasi modi sapiente mollitia quaerat saepe. Possimus rem voluptatum laborum sint molestiae ut vero voluptas.<img src=\"http://placeimg.com/640/360/any\" style=\"width: 50%; float: right; margin: 20px 0 20px 20px;\">Fugiat voluptatum quia magnam. Atque numquam harum est suscipit magni fugit. Minus ab qui autem. Dolorem dolor ut dolores et voluptatem ad. Sapiente quidem totam ut qui aut doloribus. Et suscipit quasi velit nulla voluptas. Odit nihil sint itaque dolorem eius. Illum qui odio sit suscipit. Earum ut sequi incidunt quisquam. Maxime qui dignissimos modi quis nihil. Et nihil animi tenetur labore. Occaecati accusantium cupiditate nihil aspernatur ratione rerum odit et. Unde qui enim quam non autem maiores possimus. Magni dolorum ea eius modi assumenda dolor molestiae. Deleniti itaque ea dignissimos sequi fugit rerum doloremque. Quisquam voluptatem eum magni quia nesciunt. Eos animi nesciunt corporis. Ab atque qui ipsa optio qui doloribus. Suscipit ex sit odio soluta dolores aliquam. Sapiente ut provident qui et. Accusamus ut perferendis adipisci ut non et autem. Sint et est quaerat sit atque doloribus rerum sapiente. Et maxime magnam dolorum ea iure veniam natus illo. Voluptatem a tempora incidunt sunt eos architecto. Aut sapiente ullam expedita voluptatem maxime facere consequatur officiis. Beatae quas deserunt tenetur ut voluptates consequatur.<p><br/><img src=\"https://picsum.photos/640/360.webp\" style=\"width: 100%; float: none;\"></p><br/>Doloribus magni eligendi debitis esse corporis. Aut nemo rerum in quae. Eos molestiae voluptatem mollitia excepturi. Hic necessitatibus exercitationem aperiam et reiciendis. Rerum in placeat unde consequatur. Et inventore asperiores sint nemo adipisci unde ducimus. Accusantium ea animi debitis et. Eum architecto ea dolorem id officia rerum. Aut rerum laudantium illo enim suscipit consequatur cupiditate. Ut ut quos consequuntur dolor laborum. Qui soluta cum ipsa sunt. Eaque nisi sapiente et facere doloribus omnis.', 0.000000, NULL, 474, 0, 1, NULL, 'quis-quia-molestias-vitae-a-temporibus-delectus-sed', 6, 1, NULL, '2022-02-04 22:24:58', '2022-02-02 22:24:58'),
(29, NULL, 14, 'voluptas', 'Molestias velit quia consequatur quidem et.', 'atque qw289', '29661588', '7861426069438', 'ISBN', 'Eum soluta vel officiis exercitationem. Blanditiis et tenetur voluptates sit sed. Quae deleniti omnis atque velit itaque recusandae vitae. Et corporis omnis veniam. Accusantium eligendi eveniet voluptatum vel dolorem et. In accusantium laboriosam et in nobis in. Est eligendi labore provident ipsam. Neque dolores sit dolorem. Earum suscipit voluptas esse assumenda doloribus id illo. Autem optio et sapiente sit non est maxime doloribus. Incidunt et rerum porro eius.<p><br/><iframe frameborder=\"0\" src=\"//www.youtube.com/embed/AVpcxtH8hWg\" class=\"note-video-clip\" style=\"width: 100%; height: 475px; float: none;\"></iframe></p><br/>Ipsum culpa et ducimus. Velit voluptate debitis pariatur maxime omnis iure. Est rerum nam dolore est ea dolor aut explicabo. Veniam dolores molestiae cum odit molestiae. Et et est odio. Omnis sit nihil illum sit veritatis. Accusantium voluptas ad eveniet molestias ea nihil ipsum. Excepturi et laudantium enim quo ut in quos dolore.<img src=\"https://loremflickr.com/640/360\" style=\"width: 50%; float: right; margin: 20px 0 20px 20px;\">Aspernatur id amet possimus et corporis hic cupiditate voluptas. Ut aut quas dignissimos maiores. Non et ut sit ut accusamus nesciunt autem. Eligendi omnis incidunt eos tenetur eaque aut fugit. Eum qui a doloremque quia. Quo laborum dolorem facere recusandae delectus. Earum vitae sed dolor beatae quia quam. Rem aliquid impedit est amet debitis necessitatibus quos. Aperiam quos pariatur numquam qui quisquam. Nihil at atque sit perspiciatis ullam. Sequi voluptas eligendi molestiae consequatur adipisci sapiente amet. Sed laborum porro corporis mollitia laborum temporibus. Quia quisquam earum quia perspiciatis. Aut nostrum et error atque velit voluptatem. Et suscipit deserunt ut. Officia quo est dignissimos aperiam. Perferendis saepe est laboriosam dolorem cumque harum nulla. Quidem eum esse cum laboriosam explicabo et odio iste. Tempore impedit odio error veniam optio quo. Et iste et voluptatem adipisci minus autem. Eum ratione ullam enim est. In nemo sed sunt ea. Et omnis consequatur vero dolor atque. Deleniti ullam recusandae recusandae deleniti.<p><br/><img src=\"https://picsum.photos/640/360.webp\" style=\"width: 100%; float: none;\"></p><br/>Blanditiis sint dolorem mollitia. Vel aut corporis autem sit veniam. Ut debitis illo quis accusantium doloribus dolorem repellendus. Laudantium velit minus sit aliquam. Ipsum praesentium eos dolor ex. Expedita magnam saepe placeat et. Deleniti itaque a voluptas autem dolorem sed. Omnis veniam quia ut debitis sit officia pariatur expedita. Illum quam dolor esse est enim. Explicabo ex earum tempore aliquam porro facilis nesciunt.', 0.000000, NULL, 404, 1, 1, NULL, 'suscipit-voluptas-laborum-illo-saepe-tempora', 4, 1, NULL, '2022-02-09 22:24:58', '2022-02-01 22:24:58'),
(30, 4, 8, 'dolor', 'Maxime quisquam voluptatem tempora aliquam est voluptatem vel.', 'dignissimos ea221', '3540239', '6483899491809', 'UPC', 'Temporibus maiores ea eius cupiditate qui. Aut optio voluptatem consequatur in quod. Et ut magnam exercitationem soluta nesciunt eum. Eveniet tenetur quis molestiae nihil. Ut eos dolores voluptate autem omnis suscipit doloremque. Ad amet sunt et minus corporis non. Laboriosam sunt optio numquam tenetur laboriosam. Rerum facere sunt et et repudiandae. Voluptates ducimus libero ea neque voluptas est enim. Voluptatum minus sunt consequatur quis ipsa. Ut consectetur architecto animi.<p><br/><iframe frameborder=\"0\" src=\"//www.youtube.com/embed/SKbHHcdLGKw\" class=\"note-video-clip\" style=\"width: 100%; height: 475px; float: none;\"></iframe></p><br/>Odit ut officia recusandae dolor dolor molestiae id error. Et qui distinctio et ea. In tempore nam iure qui. Et totam fugit vero voluptas odio corporis. Ea atque eligendi reprehenderit fugiat aspernatur natus. Repellendus illo quidem omnis. Perferendis expedita non alias quo non illum distinctio. Nam nam optio similique eaque.<img src=\"https://picsum.photos/640/360.webp\" style=\"width: 50%; float: right; margin: 20px 0 20px 20px;\">Officia rem necessitatibus non omnis expedita et. Sed non magni iure ipsum. Qui alias molestiae beatae eaque. Dolor inventore et tenetur dolores mollitia consequuntur. Aut deserunt repellat qui harum. Esse placeat sint voluptatibus voluptates adipisci nesciunt. Delectus nihil aut numquam voluptate. Similique ut perspiciatis rerum occaecati quidem excepturi. Vitae magni voluptatem eos iste aut ut. Quod qui dolore voluptatem nisi ab. Quas ut labore ad et autem accusantium laborum. Quae dolorem omnis odio explicabo accusamus iusto. Itaque voluptatem nisi praesentium consequatur sequi optio. Inventore magni tempore et est tempore. Occaecati ea quia animi aut est eum. Quas sunt iusto doloremque natus veniam quam eum. Impedit molestias ad necessitatibus nesciunt. Asperiores quis culpa qui sapiente. Dolores omnis hic voluptatem harum dolorem. Soluta vel animi laudantium adipisci et. Commodi quo iusto quo sapiente accusantium ipsum. Veritatis id voluptatem quasi itaque facere. Natus sed optio corrupti consequatur animi ipsam. Eos pariatur ea qui aut et et. Itaque quia voluptas non recusandae. Est voluptatem soluta aut numquam. Est vero sit optio maxime mollitia.<p><br/><img src=\"https://loremflickr.com/640/360\" style=\"width: 100%; float: none;\"></p><br/>Nihil corrupti alias non iusto. Vitae blanditiis animi doloremque reiciendis non. Sed officiis quaerat cum voluptates commodi. Culpa doloremque est et nostrum quia vero non. Eos sunt harum est fugiat doloremque eveniet non. Occaecati dolorum eum veritatis quis adipisci. Sint blanditiis ut nihil aut. Eos consequatur doloribus praesentium dolores odio vel in. Quibusdam est voluptas alias temporibus officiis veritatis animi. Aspernatur itaque nobis ut natus.', 0.000000, NULL, 706, 1, 1, NULL, 'sed-non-minima-ipsa-consequatur', 4, 1, NULL, '2022-02-03 22:24:58', '2022-02-08 22:24:58'),
(31, NULL, 13, 'reiciendis', 'Repellendus quidem consequatur consequatur quia rerum eligendi est autem.', 'accusantium qk659', '6', '0263905504480', 'JAN', 'Et ea voluptas voluptatum. Esse dolorum nam commodi quo molestiae enim. Occaecati labore ut aut ducimus debitis quod eum. Ut aliquid et quasi eaque. Natus iure quia quos praesentium. Nostrum ab debitis eaque eum. Ut et delectus qui nemo. Quis ipsum est dolor iusto quia dolore dolor. Nam ut inventore et illo veritatis. Sed sed sint vel. Nisi quas et itaque. Ut deleniti et et aut et. Consequuntur quo iste dolorem dolores cum accusamus cumque deleniti. Et quibusdam autem quo. Laboriosam natus rerum eos cupiditate voluptate animi explicabo.<p><br/><iframe frameborder=\"0\" src=\"//www.youtube.com/embed/eEzD-Y97ges\" class=\"note-video-clip\" style=\"width: 100%; height: 475px; float: none;\"></iframe></p><br/>A ut sed tempora omnis beatae et temporibus. Vitae ut quos minus optio quia debitis. Sit molestiae amet quia facere voluptatibus repudiandae occaecati. Doloribus quo blanditiis sed laboriosam. At hic possimus et facilis. In in fugiat qui amet id possimus mollitia. Nisi eum repudiandae facere provident. A sunt sapiente labore deserunt.<img src=\"https://loremflickr.com/640/360\" style=\"width: 50%; float: right; margin: 20px 0 20px 20px;\">Et beatae quis provident. Odit corrupti enim nihil et aut expedita illo. Consequuntur earum labore ut at corrupti et. Molestias voluptatibus magni et saepe fuga accusantium omnis eum. Quibusdam debitis consequuntur asperiores. Architecto pariatur voluptas molestiae. Quidem itaque cupiditate eum animi occaecati dolorem nihil nesciunt. Exercitationem qui laudantium ad occaecati eum ex quia. Totam rerum iure facilis accusamus et quia qui. Rem cupiditate sequi eligendi sit distinctio occaecati iure. Voluptas officiis sapiente ex molestiae temporibus provident ipsum. Dolores nisi sunt dolor nostrum accusantium. Odit quia consequuntur rem corrupti maiores consequuntur. Iste qui nemo velit velit sunt. Et aut harum magnam nisi voluptate illo aperiam maiores. Nulla quos dolorem impedit. Nobis illo error expedita dignissimos sit asperiores qui. Nisi esse itaque necessitatibus voluptatem et. Et voluptatem officiis facere dolor. Molestiae corrupti eius quidem aut optio. Non odit debitis ut qui ducimus eos aut. Neque sapiente quam voluptate ratione qui quisquam quia. Ipsam sed rerum reiciendis voluptatem totam.<p><br/><img src=\"https://picsum.photos/640/360.webp\" style=\"width: 100%; float: none;\"></p><br/>Voluptas nam non tempore aut eligendi accusantium. Reprehenderit est reprehenderit sapiente aut iusto aut. Non qui fugit quia dolor possimus eum. Et minus illum maxime placeat. Quae hic quasi ipsam saepe corporis. Corporis sit perferendis sit rerum quia. Molestiae dignissimos itaque sit aut amet minima recusandae. Voluptatibus ea et aut dolor dolorem. Qui quisquam impedit at. Exercitationem optio id doloremque velit sunt ad velit. Aspernatur distinctio ab commodi libero in dolorum qui. At numquam consectetur molestias nobis ab. Quo libero suscipit quam expedita odit cupiditate.', 0.000000, NULL, 850, 0, 1, NULL, 'sint-laborum-cum-animi', 2, 1, NULL, '2022-02-05 22:24:58', '2022-02-10 22:24:58'),
(32, 2, 5, 'et', 'Suscipit ut molestiae repellat ab excepturi quaerat.', 'ea fi863', '209454871', '2950249129971', 'UPC', 'Ut sapiente error expedita sunt doloribus sit. Fugiat qui et quis ratione nostrum earum velit nemo. Sit pariatur reiciendis et et enim est qui. Nobis sed cum qui reprehenderit repellat assumenda ut. Aut illum officiis molestias ex cupiditate. Sed labore cum quibusdam. Et aspernatur amet qui. Impedit minima autem illo quas nemo. Mollitia est eos assumenda harum adipisci. Dolore est fuga veniam necessitatibus accusantium id. Nostrum vel cumque voluptates sunt. Quasi nihil a qui qui quia.<p><br/><iframe frameborder=\"0\" src=\"//www.youtube.com/embed/TGbUpEJ1z-k\" class=\"note-video-clip\" style=\"width: 100%; height: 475px; float: none;\"></iframe></p><br/>Delectus qui tempore sunt est numquam. Delectus soluta nemo nam deleniti. Eius ipsam tempora alias voluptas fugit id aut. Sed eos amet iusto et. Nesciunt et et harum eligendi. Similique cumque magni sint qui voluptatum saepe. Magnam dolor inventore et non iure.<img src=\"http://placeimg.com/640/360/any\" style=\"width: 50%; float: right; margin: 20px 0 20px 20px;\">Sed facilis non magnam quas et explicabo. Architecto nobis quaerat qui non accusamus consequatur libero totam. Dicta est quia eos suscipit ratione veniam aut. Molestiae totam delectus aut voluptatum voluptatem molestiae. Officia quidem numquam aut sunt iste accusantium. Maiores omnis tempora sed excepturi laudantium. Et laudantium aliquam et voluptas eum placeat. Nesciunt fuga aliquam voluptatem qui facilis fugit natus. Id consequuntur quae suscipit esse cumque maiores. Accusamus repellendus et dolorem facilis et et suscipit. Et corporis perferendis eveniet ut. Non eos sunt distinctio nihil placeat necessitatibus et. Est nulla magnam reprehenderit laudantium nulla. Qui aut mollitia numquam ipsa possimus. Recusandae atque velit fugit voluptate atque minus. Rerum eligendi minima saepe facere aliquam blanditiis nemo sed. Unde deserunt delectus veniam quibusdam impedit totam. Veritatis et tempora voluptas est. Praesentium consectetur similique laudantium rerum. Eligendi dolores ad debitis dolor nam. Unde et voluptatem voluptatibus laudantium.<p><br/><img src=\"https://picsum.photos/640/360.webp\" style=\"width: 100%; float: none;\"></p><br/>Quae facere voluptatem quo. Ex atque culpa temporibus commodi vero quas aut. Placeat occaecati possimus quo possimus dicta. Quo laudantium qui quaerat necessitatibus nulla sit dolor. Molestiae necessitatibus magnam quisquam ut voluptatibus et est. Cumque quia aliquid et dolore mollitia. Non ab non reprehenderit. Distinctio porro officia quia placeat eaque et aut impedit. Temporibus et dolorem nam inventore eius deleniti laborum quaerat. Dolorem molestiae similique maxime hic rerum. Soluta qui molestiae aperiam sit.', 0.000000, NULL, 528, 0, 1, NULL, 'distinctio-autem-libero-commodi-asperiores-modi-aut-ut', 6, 1, NULL, '2022-02-04 22:24:58', '2022-02-08 22:24:58');
INSERT INTO `products` (`id`, `shop_id`, `manufacturer_id`, `brand`, `name`, `model_number`, `mpn`, `gtin`, `gtin_type`, `description`, `min_price`, `max_price`, `origin_country`, `has_variant`, `requires_shipping`, `downloadable`, `slug`, `sale_count`, `active`, `deleted_at`, `created_at`, `updated_at`) VALUES
(33, 4, 8, 'sapiente', 'Repellat accusantium blanditiis mollitia dignissimos assumenda magni rerum.', 'cum su338', '136554257', '9922854768237', 'EAN', 'Dolore omnis nemo ut nam rerum. Autem est vel magnam qui. Dolorem assumenda voluptatem aut ratione dolores. Cum suscipit nemo saepe dolores. Nam assumenda laudantium in magnam consequatur. Nobis laborum at cum perferendis. Quo itaque reprehenderit sunt ipsam. Laborum quam mollitia ut. Hic fugit delectus nisi et quasi. Non omnis pariatur qui in. Expedita veritatis quae deserunt vitae ipsam quaerat veniam. Aut expedita quo quia.<p><br/><iframe frameborder=\"0\" src=\"//www.youtube.com/embed/7abGwVjXSY4\" class=\"note-video-clip\" style=\"width: 100%; height: 475px; float: none;\"></iframe></p><br/>Similique ex qui saepe omnis. Iusto corrupti repellat repellat praesentium. Ut eaque aut officia error autem vel animi. Natus optio in sed cumque velit quidem ut. Est quisquam dolorem repellendus molestiae recusandae velit labore sapiente. Sed aut suscipit aliquam aut.<img src=\"http://placeimg.com/640/360/any\" style=\"width: 50%; float: right; margin: 20px 0 20px 20px;\">Tenetur voluptatem ut voluptatum dolor aut tempore soluta doloremque. Tenetur eos ducimus asperiores dolores qui quo quia. Est ut officiis illum aut inventore doloribus sint sit. Eligendi qui sunt nihil voluptatem tempore est. Rerum rem sunt in. Est sint placeat laudantium nemo iusto quo totam. Alias in eum ipsa totam. Et voluptatum architecto quia quia sint in. Dolorem eius perferendis distinctio dolores. Aspernatur perferendis deserunt quia est. Id in enim delectus aut qui ducimus. Illo a nihil asperiores. Aut recusandae accusantium deleniti magni reiciendis voluptas et architecto. Quis quos labore optio enim qui ea. Distinctio veniam reiciendis praesentium nulla suscipit sed. Qui quo voluptatem eum non. Rem qui tempore asperiores voluptates dolore non. Saepe mollitia sapiente et. Velit maiores molestiae nobis vel repellendus velit quod. Provident odit consequatur assumenda eos. Amet ea quae architecto nisi est similique sunt. Doloribus eveniet iure aliquam perferendis quos illo. Distinctio quia consequatur molestiae exercitationem. Voluptatem ut consequatur pariatur quos labore possimus.<p><br/><img src=\"http://placeimg.com/640/360/any\" style=\"width: 100%; float: none;\"></p><br/>Porro sapiente harum et. Maxime rerum suscipit et fuga aliquid culpa. Et beatae qui ad expedita laboriosam unde consequuntur. Nihil nesciunt sapiente ut eum assumenda ipsam. Ipsum sed officia maxime iste. Cumque necessitatibus rem eum et aut expedita accusamus laborum. Fuga laboriosam dolores eveniet quo laudantium. Inventore porro et veniam laudantium sunt facilis et. Unde corrupti doloremque impedit aliquam vitae eaque ut quis. Est dolorum commodi eveniet non provident omnis modi. Voluptas doloremque aut quis dolorem.', 0.000000, NULL, 499, 1, 1, NULL, 'quisquam-nihil-aut-quisquam-consequatur-quo-non', 2, 1, NULL, '2022-02-05 22:24:58', '2022-02-04 22:24:58'),
(34, 4, 14, 'hic', 'Praesentium quia tempore eum dolore molestiae est voluptas.', 'at wl080', '6537', '2885726074744', 'EAN', 'Est fuga ut tempore omnis assumenda. Sint reprehenderit quia sit voluptatum est enim. Eius explicabo minus ad eos tenetur. Illum modi non sunt voluptatem ut dicta dolores. Est corporis eaque possimus et ut. Reiciendis ut et at distinctio fuga. Odit eos earum velit rerum molestias velit. Rem quidem qui ea qui repellendus quibusdam praesentium. Minima aut quas accusamus laudantium delectus sit esse qui. Deserunt placeat molestiae repellat sit iste fugiat voluptas. Non maiores ut impedit quaerat iste iste vel.<p><br/><iframe frameborder=\"0\" src=\"//www.youtube.com/embed/MLpWrANjFbI\" class=\"note-video-clip\" style=\"width: 100%; height: 475px; float: none;\"></iframe></p><br/>Quaerat et deserunt est delectus. Voluptatem iste architecto consectetur tempore qui dolores alias. Qui a quia beatae sit impedit. Qui et praesentium maiores nulla. Voluptatem quos autem consequatur tempore velit aut. Eum et labore repellat nam porro quia est. Quibusdam ex aut dolor dicta aut voluptatem. Sit tempora aperiam eaque vel quidem. Labore magni qui nobis exercitationem.<img src=\"https://picsum.photos/640/360.webp\" style=\"width: 50%; float: right; margin: 20px 0 20px 20px;\">Aliquid veniam est qui aut est aperiam ullam et. Sit labore dicta culpa ullam iste exercitationem. Eaque dolores cum quam. Omnis et eos non eius occaecati. Possimus ea est et tempore. Dolorem facere voluptatem facere recusandae natus eligendi. Excepturi sed enim quaerat ullam eaque labore soluta magni. Esse eum eos et eius accusamus corporis temporibus inventore. Ipsum omnis est necessitatibus eius at. Eos dicta fugit repudiandae architecto et quia voluptates. Amet qui consequatur ea cum esse. Error qui possimus illum saepe in voluptas. Qui quo in voluptas. Ad rerum nulla debitis dolor. Aut aut nihil repudiandae exercitationem explicabo vel officia quisquam. Quis natus impedit ex suscipit aliquid optio facilis. Rem eum voluptatum et ipsa. Nemo fugit aut quo maxime eum natus ad. Qui excepturi et error. Nisi laborum consectetur in minima esse vero ut. Beatae distinctio rerum accusantium veritatis atque corporis enim. Aut quibusdam dignissimos facilis eum aperiam molestias. Sint dolor omnis in esse saepe quibusdam expedita.<p><br/><img src=\"https://loremflickr.com/640/360\" style=\"width: 100%; float: none;\"></p><br/>Sed et at voluptatem quae voluptatem quia. Aut sequi quia at rem debitis. Doloribus delectus quia eos magni aut. Aut eveniet mollitia voluptatem sit earum saepe. Facilis modi omnis illo sequi exercitationem. Vel odit tempore perspiciatis quia corrupti. Harum velit sunt explicabo velit. Id labore quas maiores cupiditate. Sunt sequi et ipsam magnam. Nostrum et expedita aut velit voluptas ut et. Quo enim debitis porro aliquid. Quia velit repellendus quasi et. Fuga ratione facilis mollitia nemo est. Quisquam illum aut neque ad est. Id neque vitae cumque corrupti recusandae.', 0.000000, NULL, 516, 0, 1, NULL, 'in-esse-sint-et-laudantium-consectetur', 8, 1, NULL, '2022-02-04 22:24:58', '2022-01-29 22:24:58'),
(35, 1, 14, 'debitis', 'Neque dolor nisi reprehenderit facere debitis eaque tenetur.', 'non ia749', '8694', '6111353888390', 'ISBN', 'Excepturi doloremque numquam libero at sed eveniet odit. Animi officia consequatur possimus ratione dolorem odit. Qui aut modi animi reprehenderit sit. Voluptate occaecati dignissimos voluptas laudantium. Nihil voluptatibus dignissimos sit quam. Hic nihil quos quasi sint repudiandae et. Maiores ea molestiae tempora qui ipsa corrupti consequuntur. Dolores dolorem est consectetur animi tenetur. Ea quis ut quaerat rerum perferendis impedit id. Quis consequatur eaque ut facere.<p><br/><iframe frameborder=\"0\" src=\"//www.youtube.com/embed/AVpcxtH8hWg\" class=\"note-video-clip\" style=\"width: 100%; height: 475px; float: none;\"></iframe></p><br/>Corporis maiores et tenetur aut consequuntur voluptas illum optio. Illum necessitatibus facere et id. Aut cupiditate quos iusto ratione. Eos eveniet nobis delectus omnis. Sint commodi mollitia suscipit sunt. Suscipit et delectus animi nobis quia repudiandae. Atque eligendi vel et numquam numquam rerum.<img src=\"https://picsum.photos/640/360.webp\" style=\"width: 50%; float: right; margin: 20px 0 20px 20px;\">Aperiam iure veniam aut nostrum asperiores perspiciatis. Non temporibus iusto sint consectetur ut nesciunt et. Modi assumenda praesentium dolor pariatur magni tempore aut. Ab blanditiis doloribus necessitatibus cum aperiam quidem necessitatibus. Sunt architecto rerum distinctio aperiam veritatis occaecati suscipit. Aut ut omnis sapiente aut ad eligendi. Sit vero ut consequatur porro. Ipsum cumque voluptates rerum veritatis. Magni fuga ipsa quia ut. Laboriosam magni fugit consequatur molestias saepe. Quasi numquam possimus ratione molestiae aperiam voluptas. Expedita eum iure tempore autem. Dolorem quae in expedita nobis ipsam. Nihil et distinctio placeat laborum velit corporis. Iure iusto et doloribus vel. Corrupti quas harum minus qui suscipit dolor. Ut aut quo rerum illo eligendi et minus. Dolor ut ipsam modi eos nemo vero. Deserunt sit beatae officiis assumenda. Repellat voluptates eius deserunt harum sint ipsum. Pariatur quia aut et consectetur praesentium amet et. Fugit reprehenderit vel modi velit sed. Sed quis molestias ea sequi enim possimus sed.<p><br/><img src=\"https://loremflickr.com/640/360\" style=\"width: 100%; float: none;\"></p><br/>Consequatur exercitationem fugiat voluptas provident. Quo possimus labore atque iste eius tempora sit. Iure tempore eius et et fugiat. Cupiditate debitis eum incidunt nobis aut saepe. Nemo nam voluptas aut assumenda ut voluptas odio. Qui quia possimus dignissimos laborum quisquam sed. Quibusdam quo qui et impedit ut non. Aut sit a nihil quis modi similique animi. Doloremque aut et est iure. Officiis facilis incidunt assumenda modi. Dolores sit hic dolor saepe. Voluptate exercitationem necessitatibus reiciendis sunt illum a. Quas illum quia voluptate aliquam provident aut et consectetur.', 0.000000, NULL, 662, 1, 1, NULL, 'voluptas-non-rem-exercitationem-magni-rerum-rerum-nulla', 3, 1, NULL, '2022-02-08 22:24:58', '2022-02-09 22:24:58'),
(36, 3, 9, 'ut', 'Delectus ad qui explicabo eos.', 'ipsa zd354', '907602938', '2400286406509', 'ITF', 'Id consectetur excepturi nobis sapiente incidunt consequatur. Voluptatem dignissimos qui quibusdam quis a et. Et natus nisi nihil dolorum error doloribus blanditiis. Quisquam deleniti dolor doloremque odio quia alias quis. In ipsa nam qui iste. Aspernatur facilis et libero quae nihil similique. Voluptate ut est eum in maxime ipsa qui. Quia dolorum commodi repudiandae. Sed minus eaque eaque sed nisi.<p><br/><iframe frameborder=\"0\" src=\"//www.youtube.com/embed/eEzD-Y97ges\" class=\"note-video-clip\" style=\"width: 100%; height: 475px; float: none;\"></iframe></p><br/>Beatae excepturi dolor accusantium est architecto. Consequatur sunt error perspiciatis aspernatur quo non corrupti. Neque fugiat sit ratione quasi. Nobis soluta modi eaque fugiat fugit. Est consequatur illum sint. Odit corrupti quaerat nihil architecto quis vitae vero. Expedita excepturi cumque illo aut quaerat omnis. Dolorem sed qui ipsam aliquid deleniti eveniet.<img src=\"https://picsum.photos/640/360.webp\" style=\"width: 50%; float: right; margin: 20px 0 20px 20px;\">Aut omnis perspiciatis ut ut. Quo eveniet molestiae dolores cumque exercitationem qui laborum. Et sunt provident velit dolore quia provident minus. Explicabo consequatur eligendi harum iusto quidem dolorem sunt. In et aut dolorum commodi ducimus mollitia cupiditate. Sit est error ut quos. In est velit delectus qui autem voluptates. Incidunt sunt optio expedita tempora aut quia eaque. Quo culpa aperiam dolor ratione. Distinctio quis aut quia dolores maxime voluptas natus. Qui animi et aut nihil illo esse quod. Maxime numquam vitae sit est quasi aut et nemo. Earum quam doloribus explicabo maiores nisi nihil ea. Ipsa ad in architecto iure consequatur totam temporibus. Commodi fugit consequatur non aliquam id. Sit sit quo quo aliquam aut. Doloremque labore eos cupiditate sunt corporis. Et suscipit provident impedit repellendus ut et. Quis sint sapiente veritatis. At autem corrupti dolore sit pariatur ut. Officiis minima quam amet architecto et illum. Nulla doloribus consectetur ut odit. Veniam tenetur voluptate vel. Sed et laudantium expedita aperiam magni. Minima eos placeat quas totam laboriosam.<p><br/><img src=\"https://loremflickr.com/640/360\" style=\"width: 100%; float: none;\"></p><br/>Illum nesciunt sapiente aperiam cumque animi nihil. Ullam dolores quibusdam asperiores. Quisquam ipsam architecto voluptas et. Iure rerum soluta voluptas enim. Quo nihil mollitia quaerat pariatur et sunt. Voluptatem perspiciatis sequi reiciendis dignissimos est sequi ea tenetur. Unde incidunt aut facilis nemo consequuntur nihil. Occaecati atque corrupti rerum unde nesciunt. Aut incidunt autem ut reiciendis et aut. Molestias voluptatum eos quo id harum et esse consequatur. Praesentium quia sequi maiores quisquam vero iusto doloremque. Ullam rem rem in voluptates expedita eveniet.', 0.000000, NULL, 222, 1, 1, NULL, 'sed-voluptatem-quidem-laudantium-ea', 8, 1, NULL, '2022-02-01 22:24:58', '2022-01-30 22:24:58'),
(37, NULL, 13, 'autem', 'Repellendus ut itaque fuga earum ratione similique.', 'consequuntur pl994', '52824265', '2047055849756', 'JAN', 'Voluptatem quia recusandae et nobis et omnis optio velit. Ut illo odio praesentium quidem. Ut veritatis consequatur sunt qui. Rerum necessitatibus nihil dolorum aliquam commodi voluptatibus saepe. Et a aut delectus occaecati sapiente voluptatibus. Alias blanditiis id consequatur quaerat quam sapiente. Ea quibusdam possimus ducimus facere et explicabo vel. Consectetur sapiente est est temporibus voluptatem nostrum. Ut eos magni ipsam. Explicabo cumque tempore quibusdam.<p><br/><iframe frameborder=\"0\" src=\"//www.youtube.com/embed/AVpcxtH8hWg\" class=\"note-video-clip\" style=\"width: 100%; height: 475px; float: none;\"></iframe></p><br/>Quia aut quaerat expedita atque. In culpa quis dolor et totam. Culpa accusamus sed temporibus fugiat quis et magni. Autem enim vel sit aliquam ut. Qui explicabo deleniti labore ipsa. Error nihil aspernatur ex enim eius repellendus dolorem. Cumque voluptas quis nostrum. Odit est eaque cum ad quaerat. Quo distinctio harum dolor alias voluptatem inventore.<img src=\"http://placeimg.com/640/360/any\" style=\"width: 50%; float: right; margin: 20px 0 20px 20px;\">Et earum harum consequatur vitae velit qui. Asperiores quia saepe quo possimus nihil nulla. Vero rerum ex mollitia architecto sint mollitia. Incidunt quis rem repellat odit quia. Est voluptates explicabo a vel. Voluptatem nobis quia consequatur. Sed laboriosam et quia ut labore sed. Quia at omnis aliquid qui beatae ut repellat. Ut quisquam distinctio atque itaque. Recusandae omnis consequuntur magni assumenda laudantium dicta nemo illo. Aspernatur in numquam aut velit eos. Consectetur quis repellat molestiae occaecati possimus pariatur. Consequuntur quia commodi quia facere. Dicta laboriosam quam autem commodi sunt cupiditate laborum. Perspiciatis quidem error quisquam est minus aut. Aut quibusdam necessitatibus perferendis vitae et vel ex. Quo blanditiis sunt optio doloribus. Repellendus facere minima harum sequi nostrum harum sapiente voluptas. Amet repellat eos accusamus perferendis nihil. Laborum aut repellendus et. Cumque soluta rerum architecto dolores vel. Saepe possimus ut vitae et consequatur hic sit voluptatem. Dolor nam dolores consequuntur blanditiis magni amet deserunt. Enim corporis tenetur est ipsum et nisi sapiente.<p><br/><img src=\"https://loremflickr.com/640/360\" style=\"width: 100%; float: none;\"></p><br/>Reiciendis repellat quia tempore velit commodi dolorem. Eligendi porro quis voluptas atque eveniet soluta praesentium. Animi et aut quasi voluptatum eligendi. Aut non ipsum dignissimos. Est quia et qui velit velit est molestiae. Aut qui explicabo labore perferendis quibusdam autem. Sed non eum voluptatibus architecto eius. Sed quae deserunt quasi quisquam dicta omnis perferendis. Sequi sunt tempore ducimus. Ratione neque minus illo quibusdam est. Officiis recusandae in quam quidem.', 0.000000, NULL, 192, 0, 1, NULL, 'quos-sapiente-consequatur-enim-amet-quam', 0, 1, NULL, '2022-02-05 22:24:58', '2022-02-06 22:24:58'),
(38, NULL, 4, 'culpa', 'Similique ut voluptate unde ipsa similique natus excepturi.', 'commodi nl114', '82655285', '3852053386993', 'ISBN', 'Quia praesentium pariatur qui ipsum laudantium labore natus. Dolore et autem esse numquam molestiae quia. Repellendus nihil exercitationem omnis recusandae sunt consequatur. Repellat porro blanditiis quo quia qui. Ea fugiat laboriosam doloribus quisquam optio. Qui est molestiae pariatur est magni qui officia. Dolor fugiat numquam expedita id ut reprehenderit in.<p><br/><iframe frameborder=\"0\" src=\"//www.youtube.com/embed/TGbUpEJ1z-k\" class=\"note-video-clip\" style=\"width: 100%; height: 475px; float: none;\"></iframe></p><br/>In dolor quam distinctio quisquam. Velit totam necessitatibus sed soluta esse a alias. Voluptatem eius id est. Natus placeat quibusdam eos assumenda culpa. Quo quisquam sed quisquam earum ipsa. Dolores dolor perspiciatis facilis repellat.<img src=\"https://loremflickr.com/640/360\" style=\"width: 50%; float: right; margin: 20px 0 20px 20px;\">Alias non praesentium omnis provident. Cupiditate ducimus consequuntur debitis magnam. Pariatur modi magnam nesciunt dolorem assumenda. Magni sit sed doloribus optio voluptates hic. Magnam aperiam reprehenderit possimus et praesentium tempore. Corrupti qui qui quisquam. Consequatur ea nesciunt ad magni necessitatibus aspernatur eos. Expedita eveniet sed suscipit adipisci. Consectetur dolores omnis nihil sint libero autem. Accusantium impedit id perspiciatis ipsum ipsam laboriosam libero. Dignissimos veniam quisquam sit quia iste velit et. Neque voluptas dolores a. Ut inventore ad illo. Velit dolores et veritatis tempora. Alias accusamus eos autem accusamus ea sint cumque. Voluptatem provident tenetur adipisci eligendi reiciendis ex quaerat. Et sint sed eveniet commodi dolorem. Tenetur quo reprehenderit quia officiis non neque et et. Quam voluptatem blanditiis quo quibusdam. Saepe nemo quis odio reiciendis. Nam totam omnis perferendis aut modi. Quae harum veritatis ut aperiam. Est nobis mollitia non sint pariatur magni qui. Quisquam sunt et voluptas. Accusantium nemo repellat neque dignissimos delectus facere.<p><br/><img src=\"http://placeimg.com/640/360/any\" style=\"width: 100%; float: none;\"></p><br/>Unde et rerum sed repellat vitae. Qui porro eum sunt voluptatibus. Consequatur ipsa eum asperiores delectus. Quos alias ullam quis laudantium ex quae hic corrupti. Qui nobis dolor accusamus est dolorum vitae et laboriosam. Est ut quia tempore voluptatum laborum et. Officiis minus nisi ab deserunt ea inventore. Minus aut consequatur pariatur modi alias deleniti labore. Porro fugiat et aut excepturi autem repudiandae.', 0.000000, NULL, 334, 1, 1, NULL, 'praesentium-ut-voluptas-quia-vitae-magni', 7, 1, NULL, '2022-01-29 22:24:58', '2022-02-10 22:24:58'),
(39, NULL, 8, 'non', 'Placeat error qui voluptatem atque nihil.', 'quia ks453', '67107181', '3250833227564', 'ITF', 'Optio rerum ab sit et ipsam quas. Dolores sint nobis necessitatibus fugit. Quidem ratione voluptatem et sit laboriosam in optio. Velit est facilis culpa sapiente. Asperiores qui eos vitae temporibus eos non. Ad provident consectetur qui. Architecto voluptatem ducimus quisquam qui atque. Repudiandae aut nihil omnis hic voluptate. Doloribus aliquid et pariatur molestiae velit. Eius amet molestiae suscipit debitis molestiae temporibus architecto.<p><br/><iframe frameborder=\"0\" src=\"//www.youtube.com/embed/MLpWrANjFbI\" class=\"note-video-clip\" style=\"width: 100%; height: 475px; float: none;\"></iframe></p><br/>Vitae recusandae enim quaerat maiores. Molestias fuga sapiente commodi explicabo perferendis. Error facilis corrupti et soluta placeat commodi. Odio repellat culpa excepturi iusto dolorum in quaerat. Repellat est quo quasi libero qui. Qui explicabo ad deserunt nam et molestiae nostrum. Et voluptate numquam a debitis laboriosam numquam.<img src=\"http://placeimg.com/640/360/any\" style=\"width: 50%; float: right; margin: 20px 0 20px 20px;\">Ullam omnis minima sed explicabo tempora fugiat inventore porro. Quod et maxime aut et quibusdam officiis architecto. Fuga commodi iusto nemo assumenda. Totam voluptas explicabo exercitationem id. Repudiandae libero facere blanditiis ad quaerat ea. Rerum molestiae assumenda aut minima qui at dolorem. Repellendus aut illum sed aperiam perspiciatis. Nulla ut voluptatem sed non enim veritatis. Fugiat porro quod cumque nihil et ut delectus. Sed est eum aperiam aut et. Aut quisquam voluptatem possimus porro aut voluptates adipisci harum. Voluptatum cupiditate ea et ut vitae assumenda. Iure perspiciatis excepturi est commodi beatae reprehenderit. Dolorem quaerat sit facere quibusdam reprehenderit. Eum rerum asperiores aut quia. Cumque rem voluptatum optio aliquam. Occaecati ut omnis vero sunt saepe aliquid. Blanditiis perferendis quod deserunt temporibus. Blanditiis quo doloribus ut quia animi ab maxime. Ratione aut sed rerum occaecati. Rerum est vel nisi ab illum vel id. Distinctio et sit neque numquam dicta rerum. Impedit qui dolorem eum ea sit sapiente est. Non iusto porro sit sint omnis. Ea eos qui architecto. Quisquam commodi nulla facere aut aut cumque illum.<p><br/><img src=\"http://placeimg.com/640/360/any\" style=\"width: 100%; float: none;\"></p><br/>Nihil autem corrupti non. Doloribus unde reprehenderit sunt nobis eos at provident. Quaerat amet facere ut facilis placeat. Deserunt illo labore aliquid minus. Ut dolore eaque accusantium rerum distinctio ipsa omnis. Laboriosam quidem dolorem fugit hic suscipit modi libero. Aut dolores aut earum vero. Ipsum omnis debitis modi dolore neque. Sapiente animi provident ex assumenda atque. Dolorem et eum necessitatibus id vitae. Amet sequi aut similique dicta qui sit maiores quidem. Eaque et autem quod animi aut rem exercitationem. Iste nulla occaecati debitis sint minima minus.', 0.000000, NULL, 218, 1, 1, NULL, 'voluptatem-velit-in-voluptatem-unde', 6, 1, NULL, '2022-02-12 22:24:58', '2022-01-28 22:24:58'),
(40, NULL, 8, 'inventore', 'Sequi vel exercitationem aliquid voluptas.', 'eius bo905', '6', '5280722506881', 'EAN', 'Molestias fugiat totam voluptas a et dolores. Delectus ipsa ducimus occaecati possimus nobis hic. Blanditiis quibusdam animi corporis aut impedit ea rerum fugit. Rerum ut quibusdam adipisci odit quos commodi voluptatem. Et tenetur fuga quasi pariatur voluptas adipisci dolor. Libero est eligendi error dolores perspiciatis nemo sed. Quasi qui ut nemo sit corrupti. Voluptatum omnis optio necessitatibus ea officia aliquam officiis.<p><br/><iframe frameborder=\"0\" src=\"//www.youtube.com/embed/MLpWrANjFbI\" class=\"note-video-clip\" style=\"width: 100%; height: 475px; float: none;\"></iframe></p><br/>Nihil neque placeat ut hic saepe facilis in. Dignissimos veniam est ex aliquid. Ducimus voluptate blanditiis aut optio rerum. Sed reprehenderit aspernatur aliquam delectus rerum. Dolores est deleniti ea vero ad quis repudiandae quae. Aspernatur autem recusandae voluptatum adipisci incidunt. Deleniti ut nemo alias et odit quis dolorem in.<img src=\"https://loremflickr.com/640/360\" style=\"width: 50%; float: right; margin: 20px 0 20px 20px;\">Suscipit aut ipsa sed sunt saepe. Qui quasi amet eos nostrum iste dolor doloremque. Nam et et eveniet. Error ab temporibus rerum quis consequatur sed quod. Molestias dolorem autem neque impedit sapiente. Aliquid consequatur eius quia illum. Molestiae repellat et voluptatum ea quia in dolores. Non illum quo voluptas et. Debitis optio a odit id consequatur quidem. Saepe odit vel velit qui cum alias. Est praesentium ea hic et. Quia nisi sapiente expedita tempore. Qui quisquam dignissimos incidunt voluptatem maiores perferendis. Et fuga vel rerum distinctio rerum voluptatem eveniet. Dolore alias veniam reprehenderit corporis unde. Voluptate est et qui eveniet. Inventore pariatur aliquid ut. Non cumque harum esse temporibus. Reprehenderit libero aut qui ullam. Sunt quo sunt dolor repellendus. Est commodi voluptas consequatur qui ratione magnam facilis. Nihil ut delectus et commodi est. Error molestiae recusandae autem sit fuga dolor porro. Natus quo et culpa nam assumenda fugiat. Quasi sunt accusamus voluptate qui itaque vero eum. Maiores quo placeat ut amet et. Et est velit voluptas maiores. Similique adipisci rem ut a sunt et debitis.<p><br/><img src=\"http://placeimg.com/640/360/any\" style=\"width: 100%; float: none;\"></p><br/>Sapiente excepturi maiores voluptatum suscipit accusantium dolorem. Dignissimos harum quaerat et aut laboriosam voluptatum in. Cum et ratione ad eum sed soluta perspiciatis autem. Id voluptatem eius odit adipisci. Est officia dolorum ut consectetur ea. Qui repellat molestiae laudantium vel et et et quis. Dolor id provident maxime molestiae. Quidem ut omnis veniam sequi laboriosam eaque quos iusto. Veniam qui qui magnam provident non quod. Omnis voluptatem quas omnis dolorem. Aut autem eos atque rerum suscipit sint harum.', 0.000000, NULL, 500, 0, 1, NULL, 'eius-aspernatur-nesciunt-eligendi-officia-aut-dignissimos-necessitatibus', 6, 1, NULL, '2022-01-31 22:24:58', '2022-01-31 22:24:58'),
(41, 5, 9, 'eum', 'Quia explicabo deleniti aut sed.', 'nostrum eb558', '314951623', '9321731219822', 'UPC', 'Dicta omnis temporibus culpa tempora. Sint deleniti possimus quisquam. Similique iste blanditiis id id sit consequuntur accusantium voluptatem. Sit ipsam fugit et. Neque ut rerum dolorem error. Fugit et quia rerum alias ut fuga fuga fugit. Vel et porro voluptatibus. Et doloremque quidem consequatur ullam voluptatem voluptates. Sit eveniet ipsam eveniet adipisci autem ut at.<p><br/><iframe frameborder=\"0\" src=\"//www.youtube.com/embed/eEzD-Y97ges\" class=\"note-video-clip\" style=\"width: 100%; height: 475px; float: none;\"></iframe></p><br/>Et et facere earum ut et. Quidem laudantium repudiandae temporibus doloremque sunt harum. Aliquid nulla rerum quia quae magnam corporis temporibus. Ratione illo non dolore esse explicabo quo. Expedita qui quam excepturi velit deleniti blanditiis veniam. Dolores neque debitis quia quia vel enim. Minima ullam eligendi officiis voluptate fugit quo. Quod non nihil id et eius delectus.<img src=\"http://placeimg.com/640/360/any\" style=\"width: 50%; float: right; margin: 20px 0 20px 20px;\">Et numquam amet molestias omnis sint animi. Omnis facilis repellendus et et ut corrupti ipsa aspernatur. Quae animi placeat et quam aut. Eius quis et voluptates ad blanditiis. Dolorem voluptatem deleniti quis. Qui voluptatum aut odit nam. Veritatis architecto praesentium quis doloremque. Et voluptates cupiditate non consequatur blanditiis id autem sed. Fuga enim placeat esse molestiae. Optio sint dolorem sint. Ab rem magnam id rerum sit corrupti. Id omnis excepturi dolor ipsum fuga amet. Necessitatibus libero reiciendis velit iure sint. Rem ducimus illum iure autem vel. Perferendis blanditiis dolorum aliquid consectetur. Qui ut repudiandae fuga voluptatum. Deserunt asperiores numquam suscipit eius est quis officia. Ut vitae blanditiis fugiat sit saepe quis. Accusamus quisquam quae iusto eveniet asperiores voluptatem enim. Officiis omnis qui aut illum at eum explicabo. Ullam eius magnam excepturi voluptate enim explicabo velit a. Adipisci qui enim omnis ipsam eveniet. Sed sint hic et alias tempora ullam minima esse. Ipsa consequuntur dignissimos iure non. Dolorem ut et odit placeat. Id consequatur molestiae rerum velit voluptate nesciunt.<p><br/><img src=\"https://picsum.photos/640/360.webp\" style=\"width: 100%; float: none;\"></p><br/>Dolores laudantium minima aut culpa aut alias. Officiis hic error et ut. Ullam architecto provident quo ut commodi ut voluptates. Aspernatur ratione molestiae sit deleniti tenetur hic. Dolor qui recusandae deserunt. Deserunt sed est autem vero. Omnis aperiam aut beatae modi impedit ut maiores. Quaerat distinctio quia sint excepturi. At soluta quaerat est quod. Voluptas placeat quos expedita et animi quos id officiis. Laudantium sed labore quia quod sunt aut quaerat. Consequatur doloribus aliquam modi. Dolorem minima distinctio iusto deleniti molestiae dolores.', 0.000000, NULL, 72, 0, 1, NULL, 'aut-cupiditate-at-laboriosam-qui', 4, 1, NULL, '2022-02-09 22:24:58', '2022-01-28 22:24:58'),
(42, 2, 14, 'nemo', 'Reprehenderit aliquam praesentium distinctio esse ut dolorem.', 'aliquid pn752', '2428', '9409427826032', 'ISBN', 'Ea quibusdam perspiciatis at beatae. Fugiat facere tenetur aperiam deleniti. Dolorem hic repudiandae fuga. Aliquam consequatur nihil illum earum veniam omnis. Et incidunt eum totam et sed beatae quia recusandae. Dolor corporis error vero consequatur commodi nemo id. Magni perferendis illo alias sunt molestias atque enim. Voluptate laboriosam quaerat fugit illum. Ipsum fugit quasi quia. Ipsum voluptatibus vitae voluptatem dignissimos. Quo et autem corrupti explicabo.<p><br/><iframe frameborder=\"0\" src=\"//www.youtube.com/embed/7abGwVjXSY4\" class=\"note-video-clip\" style=\"width: 100%; height: 475px; float: none;\"></iframe></p><br/>Similique aspernatur asperiores nam qui quas quisquam commodi. Eveniet tempore aut laboriosam eum distinctio. In non nisi totam sit nihil. Quia adipisci aut deserunt explicabo. Soluta consequuntur ullam est tempora distinctio sunt. Doloribus suscipit voluptate est numquam facilis dolor.<img src=\"https://loremflickr.com/640/360\" style=\"width: 50%; float: right; margin: 20px 0 20px 20px;\">A doloremque rerum magnam provident quo ducimus. In necessitatibus molestiae commodi temporibus quos commodi optio aut. Est odit illum recusandae at. Perspiciatis non qui autem laborum distinctio alias aspernatur sit. Voluptatum quod aut modi voluptate et. Rem doloremque non ex quod ut voluptates vero. Impedit modi velit voluptate excepturi sint dolores. Nihil ab eum quam facere dolore aut. Quam est est perspiciatis aut suscipit. Eos qui rerum blanditiis. Nisi quos commodi et aut quia eligendi earum. Est eveniet in et laboriosam aut non aut impedit. Consequatur sed aut ipsa et vel id ex. Esse ullam iure voluptas perspiciatis magni illum. Et eius animi quasi deserunt corporis. Hic sed nihil autem in. Sunt molestiae magnam totam. Sed quis aut accusantium molestias velit ex nemo totam. Deleniti non illum hic eveniet cum. Ad a incidunt sit aut eveniet temporibus. Expedita enim perferendis velit doloribus quia blanditiis optio ab. Dolorem velit cum et aut ipsa porro asperiores. Possimus necessitatibus possimus totam praesentium repellat sint. Dolor nam at nemo quaerat eum totam quo. Distinctio eos officia quis quis inventore provident est.<p><br/><img src=\"http://placeimg.com/640/360/any\" style=\"width: 100%; float: none;\"></p><br/>Eligendi natus enim nihil magni animi. Non voluptatem eos molestiae exercitationem vel optio molestiae. Aut facilis nostrum id quia et. Nobis eveniet quod omnis non. Quisquam sunt ut reiciendis consequuntur aperiam. Repellendus aliquid rem consequuntur velit rerum nihil. Impedit atque maiores accusantium et aut assumenda id. Et eligendi explicabo nihil ab. Quisquam non cupiditate aut asperiores dicta veritatis. Corporis voluptas officiis quis minus. Et similique et possimus ut. Reiciendis magnam eaque excepturi mollitia illum. Debitis et cupiditate numquam ea repudiandae.', 0.000000, NULL, 860, 1, 1, NULL, 'temporibus-facere-animi-qui-rerum-sed-maiores-est', 8, 1, NULL, '2022-01-30 22:24:58', '2022-02-12 22:24:58'),
(43, NULL, 2, 'aut', 'Aut ad et autem sunt et id id.', 'sunt yd785', '1', '7871149410059', 'EAN', 'Consequatur et ut qui porro in omnis cupiditate. Optio ab voluptates ea sequi. Fugit ab eius et. Autem porro veritatis magni eveniet aut saepe a eligendi. Atque iusto pariatur quis modi ea voluptates. Voluptas consequuntur odit beatae cumque sequi maiores officiis. Velit laudantium eaque voluptatibus beatae illum. Est itaque animi corporis saepe minima. Quis voluptas error et reiciendis aliquam velit possimus. Placeat magnam autem laboriosam eos.<p><br/><iframe frameborder=\"0\" src=\"//www.youtube.com/embed/TGbUpEJ1z-k\" class=\"note-video-clip\" style=\"width: 100%; height: 475px; float: none;\"></iframe></p><br/>Atque architecto eum vero. Dolorem consequatur reiciendis ab sequi voluptate. Quia dolorum ut unde culpa minus. Aut voluptatem soluta dolorem voluptas. Voluptas ipsam distinctio illo consequatur et neque consequatur. Sit quisquam ullam ut rerum. Ipsa non earum omnis. Molestiae qui qui qui voluptatem aliquam.<img src=\"http://placeimg.com/640/360/any\" style=\"width: 50%; float: right; margin: 20px 0 20px 20px;\">Voluptas facere rerum voluptatem culpa. Corporis voluptatibus qui aut optio tempora id. Corrupti aut doloremque illum ducimus. Iusto voluptate ut quidem voluptatem at est dolor. Officia tempore laboriosam aut aut optio. Eum error quos delectus corrupti ut impedit. Quis quae corporis minus magni repellat. Qui eius voluptatem porro voluptas provident distinctio. Ut non in deserunt saepe. Mollitia quis suscipit amet occaecati doloremque animi nam. Sint qui temporibus eos. Delectus voluptatem mollitia ut quae voluptate et illo. Consequatur deleniti soluta nulla sed. Eligendi qui ex aliquid iure voluptatum veniam. Id sed eligendi qui ducimus sed velit voluptatem. Ut molestiae quidem repellat ipsa et eos ut. Eum beatae aliquid commodi itaque quo libero. Est quo pariatur dolor et inventore hic eveniet dolorum. Quia veniam optio accusamus dignissimos aut cupiditate. Eos voluptatibus dolorum ducimus consequatur commodi et. Provident recusandae illum eum recusandae quo quasi impedit. Corrupti ullam ea sint omnis exercitationem et. Omnis qui nihil temporibus placeat cumque.<p><br/><img src=\"http://placeimg.com/640/360/any\" style=\"width: 100%; float: none;\"></p><br/>Quod inventore eos ut quae tempore magni. Quibusdam aut in dolorum id molestias. Occaecati illo consectetur sit rerum consequuntur. Quasi dolorem molestiae recusandae sequi architecto tempora cum. Cumque repellat veritatis quibusdam voluptates. Atque libero at rerum harum. Reprehenderit ut dolorem amet. Et laudantium facere error id nobis omnis et. In unde voluptatum nihil totam voluptatibus impedit aut. Qui velit a voluptas in. Fuga expedita iste vel ut error.', 0.000000, NULL, 408, 1, 1, NULL, 'qui-ut-saepe-voluptate-et', 4, 1, NULL, '2022-02-01 22:24:58', '2022-02-05 22:24:58'),
(44, NULL, 3, 'animi', 'Facilis facere ut omnis vel.', 'sunt mr163', '4375327', '3451301608384', 'UPC', 'Voluptas qui et perferendis atque. Atque provident exercitationem molestias rem voluptatem sunt vel. Aut rerum et rerum libero quia fuga. Eaque perspiciatis consequatur hic dolorum reiciendis sed. Facilis quo et dicta. Maxime asperiores consequuntur voluptatem. Ad ut suscipit officiis deleniti. Est molestiae dolor enim voluptatum exercitationem molestiae. Ea voluptatem et voluptatem vel doloribus laborum est. Numquam ratione sapiente ab doloremque et praesentium.<p><br/><iframe frameborder=\"0\" src=\"//www.youtube.com/embed/MLpWrANjFbI\" class=\"note-video-clip\" style=\"width: 100%; height: 475px; float: none;\"></iframe></p><br/>Rem quis qui voluptatum maxime tenetur architecto. Ut tenetur sed neque fugiat doloremque temporibus accusamus. Aperiam molestiae omnis nobis ipsam corrupti laboriosam. Impedit officiis soluta ut aut ut ratione quas. Mollitia iste ipsum et ut dolor commodi labore possimus. Enim veritatis sunt vero sunt voluptatem ducimus. Eius ab sint aspernatur porro voluptatem. Id et et sequi repellat qui quae.<img src=\"http://placeimg.com/640/360/any\" style=\"width: 50%; float: right; margin: 20px 0 20px 20px;\">Voluptates doloribus debitis est deleniti. Et iusto nobis quas aperiam. Incidunt explicabo autem aperiam. Et nesciunt sint et omnis quia consectetur. Facere fugiat adipisci et incidunt. Ut qui praesentium nihil dolores. Sed consequatur odio asperiores quo et. Nihil facere at et fugit. Beatae atque dolores cumque quaerat temporibus. Repellat nostrum et nostrum ex sunt doloremque reprehenderit repellat. Odit sit veritatis dolore rerum dolorem eum magnam. Dolor nostrum itaque consequuntur. Ad officia voluptas aut. Blanditiis aliquid dolorem omnis sunt omnis id eos. Expedita et dicta et quis quia labore. Omnis quo eligendi sed necessitatibus. Laborum ut qui porro qui et quae velit. Dignissimos esse aut illum. Natus rem ut accusamus commodi sunt eum. Est molestiae aspernatur consequuntur voluptate quis enim distinctio. Sed ipsam omnis dignissimos qui et aut. Veritatis in dicta reprehenderit libero doloribus repellat. Minus sit ex non laudantium. Rerum nemo odio illo est quo. Incidunt est eligendi explicabo et voluptatibus itaque. Unde aut aliquam quis labore autem nam velit. Voluptatum sint ipsa iste ipsum distinctio rerum. Voluptatem in architecto sit.<p><br/><img src=\"https://loremflickr.com/640/360\" style=\"width: 100%; float: none;\"></p><br/>Non enim laudantium enim eos rerum quia occaecati. Iure mollitia qui praesentium ea omnis quia magnam accusamus. Repellendus ut ipsum earum quo. Non iusto qui quo necessitatibus voluptas numquam. Ut qui sunt omnis dolorum voluptatem. Sequi saepe unde eveniet voluptas ipsam. Perspiciatis optio et eligendi sed. Voluptatum laboriosam eius ex culpa. Mollitia maiores veritatis veniam aut ipsam enim voluptatem. Harum odit quos debitis enim laborum assumenda consequatur.', 0.000000, NULL, 178, 1, 1, NULL, 'qui-qui-est-eveniet-quia-voluptatibus-eius-reiciendis-aspernatur', 6, 1, NULL, '2022-02-03 22:24:58', '2022-02-12 22:24:58'),
(45, NULL, 4, 'suscipit', 'A ut quod nostrum enim illo officia.', 'temporibus kb463', '344105525', '5737872027471', 'ITF', 'Neque dolor quis repudiandae laborum sit. Blanditiis exercitationem et nulla deserunt nam. Ut laborum a veritatis. Est necessitatibus qui quos nesciunt ut rerum. Cum rem esse rerum dolorem doloremque corporis voluptas molestias. Quod autem ullam voluptas. Est blanditiis debitis est iusto iste sed qui ut. Impedit quibusdam et expedita. Aperiam et repellat asperiores dolorem. Doloremque illo aliquam tenetur quia. Et corporis iusto ab qui. Ut aut optio officiis dolorum rem. Dolorum inventore vel adipisci laudantium illo fuga unde.<p><br/><iframe frameborder=\"0\" src=\"//www.youtube.com/embed/AVpcxtH8hWg\" class=\"note-video-clip\" style=\"width: 100%; height: 475px; float: none;\"></iframe></p><br/>Iure ipsum fuga magni aliquam nostrum. Impedit ut ducimus rerum ipsam sint nostrum reiciendis. Voluptatum nulla necessitatibus asperiores eaque perspiciatis aspernatur suscipit doloribus. Earum doloremque id et sit consequatur minima. Placeat ipsa impedit quis quis voluptate.<img src=\"https://picsum.photos/640/360.webp\" style=\"width: 50%; float: right; margin: 20px 0 20px 20px;\">Unde consectetur placeat vel exercitationem voluptas illo tenetur. Aut in architecto facere deserunt inventore voluptate. Labore aut quas nobis ut quaerat. Consequatur error nihil similique quos similique modi. Veritatis consequatur perferendis quisquam ut nulla et nulla. Voluptatem quae ratione sit ullam doloribus et. Maiores quis nesciunt corrupti eveniet quibusdam sequi deserunt voluptatem. Corrupti tempore commodi aut. Et omnis provident repellendus ut nostrum dolorum. Et exercitationem aut asperiores rem. Ipsa consequatur adipisci quisquam id nobis minima ullam. Ea eum et aut pariatur corrupti minus quod. Ipsa repellendus nisi laudantium libero iure. Sed non vel ad id quasi officiis. Molestias non occaecati magnam eos harum totam quaerat voluptas. Suscipit consequatur maiores ab error. Aliquam et officiis aspernatur odit. Aut odio qui incidunt quaerat quod esse nostrum. Facere est itaque ipsam distinctio et aliquam. Esse odio corrupti necessitatibus provident provident. Et maxime magnam tempore unde quas officiis. Ut recusandae et dolor quia ut error. Ipsam perspiciatis quo repellendus sit quia. Accusantium architecto aut est voluptatem.<p><br/><img src=\"http://placeimg.com/640/360/any\" style=\"width: 100%; float: none;\"></p><br/>Iusto et velit blanditiis. Eum doloribus id quia quia dolorem perspiciatis velit commodi. Et natus vitae ipsam sed molestias nihil. Cupiditate esse consequuntur saepe officiis. Architecto autem error pariatur. Aut ut rerum qui quia eos eius voluptate. Quibusdam perferendis quaerat eos veniam repudiandae. Eligendi est eius ea animi cupiditate corporis. Ratione voluptatem nam accusantium atque. Ex tempora nisi sunt animi eos rem quae ullam. Aut animi et cumque quia aliquam.', 0.000000, NULL, 384, 0, 1, NULL, 'ab-architecto-exercitationem-quis', 1, 1, NULL, '2022-02-08 22:24:58', '2022-02-11 22:24:58'),
(46, NULL, 8, 'quia', 'Ut aspernatur aut aperiam.', 'id zm525', '7617', '7760954203386', 'ITF', 'Quia iusto voluptas deserunt perspiciatis excepturi neque. Vero magnam inventore voluptatum ut id. Ut necessitatibus reprehenderit officia. Sequi asperiores fugiat non occaecati quaerat. Suscipit vel unde quod. Ea quis in repudiandae et quia placeat sunt. Veniam illo ipsa ducimus adipisci. Tempora sit omnis modi sint non. Ratione sapiente numquam dolor autem facere eum ad. Quaerat et esse sunt. Occaecati eum maxime dolor eos. Autem aliquid vel assumenda. Unde vero qui velit earum.<p><br/><iframe frameborder=\"0\" src=\"//www.youtube.com/embed/tJlzIJaokVY\" class=\"note-video-clip\" style=\"width: 100%; height: 475px; float: none;\"></iframe></p><br/>Est quisquam et accusamus. Et molestias aperiam voluptatibus. Officiis velit ea officiis sit quam hic ipsum fugiat. Accusantium vel enim sed quasi numquam consequuntur aut. Delectus sit saepe voluptatum quidem atque eius ullam. Nostrum voluptas et eum qui. Nihil nihil quia expedita et. Consequatur nemo voluptate ut quia dolores voluptatum. Nostrum voluptates a veritatis dolore quia in.<img src=\"https://loremflickr.com/640/360\" style=\"width: 50%; float: right; margin: 20px 0 20px 20px;\">Et perferendis autem distinctio repudiandae. Quibusdam maiores est libero ut quo suscipit. Beatae nulla quia ut quibusdam. Fuga magnam magnam est tempora. Doloribus animi cumque consequatur facere est est. Quas in ipsam ut eveniet eum inventore autem minus. Est et ad aspernatur corporis delectus. Magnam nobis quas labore esse numquam distinctio ut voluptatem. Illum est dolore ratione occaecati dolore. Voluptas sed rerum porro culpa. Qui et aut eum blanditiis ut. A ex vel quo. Et voluptatum praesentium eaque rerum facere minus et. Possimus et neque quae pariatur provident et consectetur. Voluptas vero possimus soluta. Deserunt a eveniet et dolor necessitatibus deserunt molestiae. Voluptate occaecati ipsam quasi omnis animi. Odio voluptatem quidem et soluta dolores sit est. Est neque aliquid voluptas. Repudiandae omnis aut voluptas doloremque alias asperiores. Qui commodi dolores harum dicta aut deserunt. Voluptatem et et est ratione voluptas. Assumenda dolorem laudantium voluptatibus dolor. Vitae quia hic sunt veritatis maiores.<p><br/><img src=\"http://placeimg.com/640/360/any\" style=\"width: 100%; float: none;\"></p><br/>Natus illum labore aperiam labore distinctio voluptatibus. Et qui eligendi assumenda sint et beatae sit eum. Excepturi rem quo quasi natus vero omnis. Iusto dolore perferendis quia magni. Maxime excepturi corporis ut suscipit totam. Qui est dolores dolorem voluptatem rerum et ipsa. Animi qui placeat ad alias odio molestias quia. Hic nulla quibusdam doloribus vero. Itaque et numquam ut sapiente consequatur aliquam deserunt. Deserunt consequatur dignissimos libero vel. Quaerat aut repellendus alias ut sint voluptatem similique modi.', 0.000000, NULL, 462, 1, 1, NULL, 'deleniti-porro-quia-ab', 6, 1, NULL, '2022-02-01 22:24:58', '2022-01-30 22:24:58'),
(47, 1, 1, 'tempora', 'Enim at voluptatibus porro voluptates optio aut voluptas minus.', 'tempore zj545', '761312', '3812863315514', 'ITF', 'Accusamus fugit unde enim rem assumenda voluptatem quas quisquam. Voluptatibus in minus voluptatem minus dolores nihil et. Odio sint ut dolores omnis earum eveniet labore. Possimus et accusamus et magnam. Incidunt ipsa et odio libero fugiat commodi inventore. Est velit occaecati aut placeat earum. Dolore tenetur laboriosam fuga expedita voluptatem quos. Non sint omnis impedit earum possimus et ipsum error. Repudiandae ipsa eos ipsam vel eum voluptatem laudantium.<p><br/><iframe frameborder=\"0\" src=\"//www.youtube.com/embed/tJlzIJaokVY\" class=\"note-video-clip\" style=\"width: 100%; height: 475px; float: none;\"></iframe></p><br/>In nulla laudantium aut excepturi veniam quibusdam earum. Iste sequi ut aut. Ullam corrupti sit quia rerum omnis rerum. Ratione at porro dignissimos quo. Enim ea rerum eos. Doloribus rerum vero aut provident. Fugit quos autem amet minus error eos. Velit repellendus perferendis architecto eum qui. Dolor modi laudantium ut qui error quo sit.<img src=\"http://placeimg.com/640/360/any\" style=\"width: 50%; float: right; margin: 20px 0 20px 20px;\">Eum expedita reiciendis nisi consequatur. In laudantium temporibus ea voluptate praesentium adipisci esse non. Ipsa suscipit vel quae dolorem laboriosam. Hic ipsa provident voluptas numquam delectus ut consequatur. Nobis animi unde soluta tenetur. Voluptatem optio laboriosam aut ea. Enim omnis dolor aliquam aut qui. Et vero doloremque aut exercitationem. Voluptas quam est et aut amet est. Assumenda et porro molestiae quia nemo qui. Deleniti fugiat aut quia aut debitis doloribus ea. Iusto iusto quibusdam laboriosam. Aliquid repudiandae est nihil eos aperiam non iusto dolorem. Odio repellat et optio doloribus. Neque aut molestiae nisi unde amet. Id eos architecto blanditiis eligendi. Veritatis qui vel deleniti repudiandae possimus. Optio voluptates nemo fugit eos veniam. Recusandae aut dolore labore harum. Atque quia rerum porro velit dolores rerum dolorem voluptas. Ipsum et aperiam magnam. In facilis tempore voluptatum sequi repudiandae quos eum. Est et quisquam expedita nobis.<p><br/><img src=\"http://placeimg.com/640/360/any\" style=\"width: 100%; float: none;\"></p><br/>Unde autem eos nihil sint. Rem non rerum molestias et deserunt soluta. Aut quaerat porro sunt sunt. Dignissimos deleniti aspernatur ratione qui. Itaque facilis ab placeat libero velit exercitationem qui. Voluptate quo facilis tenetur vitae similique. Id modi vel distinctio eligendi itaque. Fugit et odio sit velit laudantium ea quia. Id quam eveniet aut exercitationem. Dicta eum quibusdam sunt. Ipsam impedit ipsa doloremque vero ipsum ipsam soluta. Ab aut et veritatis nihil doloremque ratione quod. Et minus delectus soluta non inventore. Qui magnam possimus illum animi.', 0.000000, NULL, 320, 0, 1, NULL, 'ea-quibusdam-ipsam-id-ipsum-et-ut', 9, 1, NULL, '2022-02-05 22:24:58', '2022-02-08 22:24:58'),
(48, 3, 14, 'accusantium', 'Tempora rerum dolor quo omnis quod.', 'necessitatibus kw865', '85762', '3552449369813', 'UPC', 'Consequatur eos officia tempore itaque laborum. Ex corporis in sint quia. Dolorem fuga tempora aut autem odio. Eius enim qui ab voluptas sunt ut. Quis optio voluptates praesentium expedita molestias autem. Occaecati voluptatem tempora modi nihil. Cumque rerum ullam debitis architecto veritatis qui. Non sit eos quod deleniti nesciunt quae sapiente. Voluptatem aspernatur necessitatibus eum iste maiores veniam recusandae.<p><br/><iframe frameborder=\"0\" src=\"//www.youtube.com/embed/tJlzIJaokVY\" class=\"note-video-clip\" style=\"width: 100%; height: 475px; float: none;\"></iframe></p><br/>Cum aperiam quisquam enim qui quia omnis sed. Consectetur quidem unde quis et laboriosam consequatur sed. Assumenda dolores impedit dolor autem et quisquam quae necessitatibus. Et at consectetur quidem dolores sed. Placeat veniam a eaque reiciendis ullam nulla. Exercitationem eum sed eius culpa nam. Officia ipsa quia reprehenderit numquam recusandae.<img src=\"https://picsum.photos/640/360.webp\" style=\"width: 50%; float: right; margin: 20px 0 20px 20px;\">Occaecati dolore dignissimos sit vel error. Eaque delectus suscipit aperiam laboriosam quasi eos facere. Voluptatibus error saepe iusto similique voluptatum. Aut ut praesentium et non a voluptatem alias. Tenetur quae veniam voluptas esse est ipsam. Maiores rerum fugit laborum fuga iure deserunt. Laborum velit eum est aliquam fugit qui cumque. Repudiandae odio quos eligendi ut officia. Et temporibus accusamus et sequi perferendis ea odit. Laudantium et ducimus cumque aut. Dicta ex incidunt non hic sunt laboriosam earum. Et sed rerum nemo nisi alias. Optio animi nihil nemo. Aut dolorem aliquid aut explicabo. Eaque quas adipisci sed laudantium exercitationem. Distinctio facilis non sit eum officiis quibusdam dolores. Non voluptate non qui. Qui voluptas cumque voluptas dicta. Voluptatem quisquam quasi molestiae iusto aut. Et necessitatibus tenetur soluta magnam nihil sunt. Blanditiis a dolor sed libero doloremque illum aut. Sint sit et id a excepturi. Ratione quos voluptatum eligendi sunt. Perferendis iste dolorem modi. Ipsam eos quod nulla. Modi nesciunt harum dicta aut. Nihil delectus provident tempore.<p><br/><img src=\"https://loremflickr.com/640/360\" style=\"width: 100%; float: none;\"></p><br/>Cumque sit nesciunt suscipit est deserunt vel odio eos. Voluptas perferendis ea incidunt corrupti qui laboriosam atque ut. Animi odit quo praesentium perferendis est qui debitis. Laborum aliquam quo et ipsum fugiat autem dolorum. Quas placeat ea maxime fugiat. Ducimus rem omnis soluta voluptates perferendis odit. Rerum perferendis officia quia occaecati fugit dolorem sed. Est maiores quidem inventore voluptatum molestiae ea enim. Suscipit possimus tempore illo et explicabo quae. Tenetur voluptates iusto debitis sunt.', 0.000000, NULL, 833, 0, 1, NULL, 'fuga-quo-saepe-iste-sit-qui-fuga-aliquid', 6, 1, NULL, '2022-01-30 22:24:58', '2022-01-31 22:24:58');
INSERT INTO `products` (`id`, `shop_id`, `manufacturer_id`, `brand`, `name`, `model_number`, `mpn`, `gtin`, `gtin_type`, `description`, `min_price`, `max_price`, `origin_country`, `has_variant`, `requires_shipping`, `downloadable`, `slug`, `sale_count`, `active`, `deleted_at`, `created_at`, `updated_at`) VALUES
(49, 5, 6, 'nam', 'Eaque expedita quisquam qui velit omnis voluptatem.', 'quos mm731', '48', '9585982827285', 'JAN', 'Perferendis architecto rem saepe dolores aliquam. Dolorem vitae pariatur architecto inventore. Quas illum et quidem eum recusandae. Sunt ut beatae aut cum quasi est beatae. Est cupiditate ut doloremque voluptatem. Recusandae perspiciatis qui commodi et fugiat. Ut alias ipsum nemo blanditiis. Inventore eaque qui est consectetur sunt. Facilis quas veniam nihil doloremque quae et voluptatem. Dignissimos quia enim quia aut est. Distinctio laudantium a harum qui magni illo id. Ut omnis sunt eum ut illo. Ut enim id rerum alias omnis.<p><br/><iframe frameborder=\"0\" src=\"//www.youtube.com/embed/7abGwVjXSY4\" class=\"note-video-clip\" style=\"width: 100%; height: 475px; float: none;\"></iframe></p><br/>Libero animi et laboriosam. Magnam ut et ut vel autem. Nostrum voluptate ad culpa. Quos asperiores minus dolorem reprehenderit et consequuntur eos illo. Praesentium corporis veniam eveniet fuga sed enim. Rerum voluptatem dolores iusto tempora ullam cum. Commodi praesentium repellat et.<img src=\"https://loremflickr.com/640/360\" style=\"width: 50%; float: right; margin: 20px 0 20px 20px;\">Sed sunt iure tempora qui alias velit. Blanditiis ut incidunt id ut quod ratione. Quidem soluta architecto quis dicta distinctio illo quo corporis. Perspiciatis aliquam optio blanditiis dolor enim quia unde. Voluptatibus iusto sed explicabo ut. Labore ea rerum debitis earum. Dignissimos sed consequatur voluptas expedita incidunt ab. Nisi iusto vel voluptatibus. Cumque suscipit et quod qui temporibus quia. Illum quo aut et tempore. Deserunt numquam dolorum quia et dolores voluptatum quia. Omnis qui et omnis dolores numquam rem. Expedita quis libero tempora quas tempore ut nam. Suscipit eius excepturi dolorem et enim esse ut. Est doloribus sequi dolorem rerum voluptatum. Necessitatibus omnis delectus nobis quis quaerat nisi. Ipsum atque nulla omnis velit. Illum minus iusto tempore dignissimos quidem reiciendis. Voluptas ab molestiae ad exercitationem. Dignissimos adipisci soluta quisquam autem maiores odio sed. Reprehenderit omnis dolores dolores temporibus. Cum corrupti accusamus sint pariatur. Atque eius velit illum sunt deserunt nobis pariatur. Sunt fugiat commodi voluptatem similique blanditiis sed.<p><br/><img src=\"http://placeimg.com/640/360/any\" style=\"width: 100%; float: none;\"></p><br/>Enim ipsum quis nesciunt excepturi quia. Nihil magni quo est officiis dolores necessitatibus. Rerum veniam sed voluptatem suscipit maxime aliquam deserunt. Ratione quisquam quos molestiae qui aut rem sed. Asperiores dolor exercitationem nemo cum est eum. Sunt officia explicabo illum ut vero. Molestias vitae reprehenderit sit. Voluptatem non exercitationem repellendus non eveniet eveniet debitis. Doloribus ut optio cupiditate unde quis cupiditate ipsum. Ipsum architecto sit placeat nihil et illum illum. Quia odit natus non aut sequi.', 0.000000, NULL, 694, 0, 1, NULL, 'similique-quia-ducimus-et-et-et-delectus', 1, 1, NULL, '2022-02-01 22:24:58', '2022-02-05 22:24:58'),
(50, 5, 15, 'voluptatem', 'Voluptates vitae sunt incidunt quo libero veritatis.', 'consequatur oo601', '765', '0134823514038', 'ISBN', 'Debitis cumque rerum eligendi repellat est. Repellat aspernatur perspiciatis vel minus sit consequatur cupiditate non. Consequatur aut dolorum beatae in. Illo adipisci enim fuga rerum reprehenderit aliquam dicta. Recusandae voluptatem perspiciatis quos excepturi. Autem et quia laudantium blanditiis beatae. Quo nobis quo in atque autem. Dignissimos dolorum at cumque eos rerum aspernatur ullam. Quo soluta et aspernatur ullam illum consectetur. Praesentium illum aut temporibus rerum. Quo consequatur atque minus qui sunt dolorem voluptatem.<p><br/><iframe frameborder=\"0\" src=\"//www.youtube.com/embed/n7EmdNsKIhk\" class=\"note-video-clip\" style=\"width: 100%; height: 475px; float: none;\"></iframe></p><br/>Porro modi quod atque suscipit. Qui placeat ut fugit enim et facilis velit. Dolor delectus iusto est recusandae aut perspiciatis. Nihil molestiae a placeat veniam natus quibusdam. Saepe esse aut dignissimos ipsam in placeat voluptatem. Et omnis veritatis dicta saepe labore. Esse aliquam soluta a ipsa aut.<img src=\"https://picsum.photos/640/360.webp\" style=\"width: 50%; float: right; margin: 20px 0 20px 20px;\">Explicabo doloremque voluptas dolore voluptatibus est ea. Eum illo et ipsa vero pariatur. Quia illo voluptatem earum deleniti omnis et facere. Sapiente vero laboriosam veritatis consequuntur neque rem et accusamus. Vel aut nihil fuga amet. Deleniti cupiditate alias aut inventore recusandae ut. Eveniet excepturi odio deserunt inventore. Inventore voluptatem non tempore ab soluta. Ea culpa nihil quod. Qui soluta in aut error dolor sed. Nulla consectetur et nam qui aut ipsa. Maxime ex et doloremque praesentium consequatur est. Quaerat dolorum omnis quia qui atque aut. Distinctio cupiditate rem eligendi eos nulla ut. Rerum commodi culpa deserunt nesciunt sit praesentium. Eum ex libero provident excepturi. Fugiat voluptas deleniti ipsum dolorum. Repellendus dolorem iure et quam est est. Esse labore consequuntur corporis totam sunt. Voluptas unde minus commodi vel libero. Laborum aspernatur fugiat sit sequi. Omnis mollitia excepturi iure quibusdam quo est. Incidunt labore omnis facere harum quisquam et. Et adipisci animi atque cupiditate officia.<p><br/><img src=\"http://placeimg.com/640/360/any\" style=\"width: 100%; float: none;\"></p><br/>Vitae placeat et amet maxime quasi sunt. Quidem temporibus optio nesciunt deleniti ad eligendi praesentium similique. Sed culpa laboriosam dolores commodi. In velit saepe et id repudiandae et. In ad autem exercitationem dicta sed ea. Et consequatur recusandae laboriosam ex et. Ut et aperiam nihil necessitatibus odio sed optio. Ut est beatae qui et sint. Eos maiores amet velit repudiandae voluptatem minus voluptatem. Veniam tempore perspiciatis a culpa. Vitae ea ut sit ut nobis ut qui.', 0.000000, NULL, 858, 0, 1, NULL, 'saepe-fugit-deserunt-non-ipsam-quia', 0, 1, NULL, '2022-01-31 22:24:58', '2022-02-09 22:24:58'),
(51, NULL, 1, 'doloribus', 'At blanditiis necessitatibus ea.', 'qui sn056', '33843977', '6315074967116', 'ITF', 'Nisi eum sunt consequatur inventore provident laudantium. Non laboriosam asperiores dolores ut. Sunt rerum eaque quas quis sint non. Repellendus sit consequuntur eveniet veritatis aliquid id veritatis. Labore nulla voluptas qui laboriosam cum. Eos ea sint voluptas velit quia non consequatur. Eligendi repellendus quia repudiandae aut et nisi aut. Reiciendis consequatur quibusdam dolorem excepturi fugiat. Pariatur porro et quod voluptatem voluptas reiciendis corrupti mollitia. Architecto ea qui ea ut iure.<p><br/><iframe frameborder=\"0\" src=\"//www.youtube.com/embed/MLpWrANjFbI\" class=\"note-video-clip\" style=\"width: 100%; height: 475px; float: none;\"></iframe></p><br/>A ad et quisquam ut sed quod. Atque qui quaerat similique fugit illum sequi. Consequuntur eos consequatur incidunt eligendi qui sint perspiciatis et. Eum et quo quia explicabo cum illum. Voluptatem sint dolor aut voluptas est fugiat eum. Modi ab vero omnis quod molestias. Magni officia doloremque natus omnis sed sed. Sed inventore ut sit.<img src=\"https://loremflickr.com/640/360\" style=\"width: 50%; float: right; margin: 20px 0 20px 20px;\">Fugiat aut doloribus aut eius totam saepe. Voluptates recusandae qui corrupti non hic voluptas corrupti. Voluptatum hic quod rerum voluptatem. Voluptatem nihil quidem placeat rem quia similique. Quia et deserunt velit vel consequatur ipsum. Maxime illo minima deserunt velit velit sit. Quo totam dolores nostrum deserunt magnam. Non ipsam voluptates quia exercitationem. Tempora molestias perspiciatis aut natus ipsum voluptas et. Saepe recusandae dolore asperiores qui consequatur est esse. Quia quae autem nulla aliquam impedit aut nobis. Voluptas voluptates at est fugit et quia deleniti. Doloribus iste et placeat sit. Et sit voluptas aspernatur culpa nihil officia. Accusamus minima vero et consectetur natus magni accusantium. Eaque voluptatum minus ab sit dolor vel ipsa. Rerum illo quibusdam quo eius quos quisquam. Soluta quia nulla sunt placeat voluptate quibusdam cupiditate. Officiis esse voluptatibus eligendi iusto soluta corporis delectus. Voluptatem tempore accusantium perferendis reiciendis. Deserunt ad magni qui molestiae est.<p><br/><img src=\"https://picsum.photos/640/360.webp\" style=\"width: 100%; float: none;\"></p><br/>Aliquam magnam eos et expedita. Voluptas vel quo quis nulla unde. Vitae et et modi corrupti. Nihil eos sint aut ducimus rerum repellendus. Velit culpa eveniet corrupti eos quia sunt. Non repellat explicabo sint magnam totam aut nam. Vero voluptates repellendus odit. Vero pariatur quas natus quis totam. Possimus rerum est quis ut incidunt. Et velit culpa voluptas reiciendis. Et in voluptas accusamus. Cupiditate ipsa quam cupiditate placeat. Suscipit voluptas minus iste omnis.', 0.000000, NULL, 832, 0, 1, NULL, 'asperiores-molestias-enim-asperiores-officia-sunt-quia', 0, 1, NULL, '2022-02-11 22:24:58', '2022-02-06 22:24:58');

-- --------------------------------------------------------

--
-- Table structure for table `refunds`
--

CREATE TABLE `refunds` (
  `id` bigint(20) UNSIGNED NOT NULL,
  `shop_id` int(10) UNSIGNED DEFAULT NULL,
  `order_id` bigint(20) UNSIGNED NOT NULL,
  `order_fulfilled` tinyint(1) DEFAULT NULL,
  `return_goods` tinyint(1) DEFAULT NULL,
  `amount` decimal(20,6) NOT NULL DEFAULT '0.000000',
  `description` longtext COLLATE utf8_unicode_ci,
  `status` int(10) UNSIGNED NOT NULL DEFAULT '1',
  `created_at` timestamp NULL DEFAULT NULL,
  `updated_at` timestamp NULL DEFAULT NULL
) ENGINE=InnoDB DEFAULT CHARSET=utf8 COLLATE=utf8_unicode_ci;

-- --------------------------------------------------------

--
-- Table structure for table `replies`
--

CREATE TABLE `replies` (
  `id` bigint(20) UNSIGNED NOT NULL,
  `reply` longtext COLLATE utf8_unicode_ci,
  `user_id` bigint(20) UNSIGNED DEFAULT NULL,
  `customer_id` bigint(20) UNSIGNED DEFAULT NULL,
  `read` tinyint(1) DEFAULT NULL,
  `repliable_id` bigint(20) UNSIGNED NOT NULL,
  `repliable_type` varchar(255) COLLATE utf8_unicode_ci NOT NULL,
  `created_at` timestamp NULL DEFAULT NULL,
  `updated_at` timestamp NULL DEFAULT NULL
) ENGINE=InnoDB DEFAULT CHARSET=utf8 COLLATE=utf8_unicode_ci;

--
-- Dumping data for table `replies`
--

INSERT INTO `replies` (`id`, `reply`, `user_id`, `customer_id`, `read`, `repliable_id`, `repliable_type`, `created_at`, `updated_at`) VALUES
(1, 'Praesentium nulla ut fuga aperiam sint incidunt optio. Voluptatem voluptas at velit iusto doloribus accusamus. Voluptatem voluptate rerum illo.', 2, NULL, 0, 2, 'App\\Models\\Message', '2022-02-09 22:25:05', '2022-02-10 22:25:05'),
(2, 'Eligendi optio ipsa sunt quo sed enim voluptatem illum. Vitae quod quia accusamus maxime quo. Corporis explicabo sed nam blanditiis impedit repellat.', 5, NULL, 0, 1, 'App\\Models\\Message', '2022-02-06 22:25:05', '2022-01-30 22:25:05'),
(3, 'Itaque a pariatur sint voluptatibus. Voluptate saepe et sed. Aut labore et nobis recusandae sit consequatur.', 7, NULL, 1, 2, 'App\\Models\\Message', '2022-02-03 22:25:05', '2022-02-11 22:25:05'),
(4, 'Et nihil possimus delectus aut. Soluta in iure cupiditate ea et velit hic. Nam sapiente ut nihil deserunt corporis. Occaecati itaque distinctio quos omnis accusamus officia.', 5, NULL, 1, 3, 'App\\Models\\Message', '2022-02-09 22:25:05', '2022-02-09 22:25:05'),
(5, 'Ab quasi ut quisquam. Rerum qui veritatis ut explicabo assumenda ipsam. Alias ab aut qui voluptatem.', 6, NULL, 0, 5, 'App\\Models\\Ticket', '2022-02-08 22:25:05', '2022-02-05 22:25:05'),
(6, 'Repellat nesciunt perferendis ut error. Earum aut aut corporis nemo reiciendis explicabo. Id velit consequatur qui tempore voluptas.', 1, NULL, 0, 2, 'App\\Models\\Message', '2022-02-04 22:25:05', '2022-02-03 22:25:05'),
(7, 'Neque non inventore est ut occaecati non necessitatibus. Eveniet rerum ipsam sed voluptatem. Quos eos aut atque cumque quo laboriosam perferendis velit.', 6, NULL, 1, 5, 'App\\Models\\Message', '2022-02-02 22:25:05', '2022-01-29 22:25:05'),
(8, 'Omnis sint quis doloremque dolore velit est voluptatum. Aut quis vero totam corporis. Rerum amet et earum iure quod assumenda dolore. Magnam qui id magni.', 6, NULL, 1, 5, 'App\\Models\\Message', '2022-02-12 22:25:05', '2022-02-07 22:25:05'),
(9, 'Iure et voluptates omnis dolorem minima laboriosam. Quam ipsum illum velit nesciunt. Voluptatem voluptatum quo quo cum enim vel.', 7, NULL, 1, 5, 'App\\Models\\Message', '2022-02-09 22:25:05', '2022-02-09 22:25:05'),
(10, 'Quis ut ut quia sed aspernatur. Temporibus consectetur perferendis consequatur accusamus perspiciatis suscipit. Quia quo rerum qui accusantium.', 4, NULL, 0, 4, 'App\\Models\\Message', '2022-01-29 22:25:05', '2022-02-12 22:25:05'),
(11, 'Cupiditate id laborum suscipit vitae. Culpa vitae quis consequatur ipsum occaecati non aut. Deserunt minima voluptatum voluptatem velit odit ut tempora qui. Modi ipsa nihil minima vero fugiat.', 1, NULL, 0, 4, 'App\\Models\\Message', '2022-01-31 22:25:05', '2022-02-04 22:25:05'),
(12, 'Ex quo officia cum nemo voluptatum delectus labore sint. Doloremque ut possimus aperiam officiis itaque ab modi. Labore veniam vitae aperiam debitis. Distinctio sint nulla est qui dolor.', 3, NULL, 1, 4, 'App\\Models\\Message', '2022-02-09 22:25:05', '2022-02-04 22:25:05'),
(13, 'Officia neque ad voluptatem. Aliquid quam et dolores qui libero sunt. Magnam voluptatem omnis aut cumque.', 3, NULL, 1, 3, 'App\\Models\\Ticket', '2022-02-06 22:25:05', '2022-01-28 22:25:05'),
(14, 'Tempore natus ratione est amet ipsum quidem. Id odio officia et optio. Dolores quas voluptates vel magnam. Non quam sint quam autem.', 2, NULL, 1, 1, 'App\\Models\\Message', '2022-02-11 22:25:05', '2022-02-11 22:25:05'),
(15, 'Ut doloremque accusamus quo voluptate. Quo optio culpa a id distinctio praesentium consectetur. Quo iste blanditiis deserunt provident. Eveniet non maiores eligendi veniam sit velit provident.', 4, NULL, 0, 4, 'App\\Models\\Message', '2022-02-09 22:25:05', '2022-02-03 22:25:05'),
(16, 'Vel consequatur rerum esse minus itaque perferendis. Qui mollitia expedita excepturi aut. Quas aliquam dicta ea a et. Incidunt eius quod sit fugiat. Aut illum ea et autem et.', 5, NULL, 0, 1, 'App\\Models\\Message', '2022-02-03 22:25:05', '2022-01-30 22:25:05'),
(17, 'Necessitatibus assumenda nisi dolore cupiditate. Eum dolorem sequi placeat nobis unde nam. Sed molestiae sunt et voluptas.', 2, NULL, 0, 2, 'App\\Models\\Ticket', '2022-02-03 22:25:05', '2022-01-30 22:25:05'),
(18, 'Sit expedita quisquam id voluptatem. Quibusdam ex dolorem eaque quia. Ab iste dolore architecto sit molestiae quos alias.', 2, NULL, 0, 2, 'App\\Models\\Ticket', '2022-02-11 22:25:05', '2022-02-01 22:25:05'),
(19, 'Non cumque ut quis explicabo. Cupiditate non vitae molestiae quae nemo explicabo perspiciatis. Rerum tenetur ut sit aliquam corporis quidem amet.', 6, NULL, 1, 5, 'App\\Models\\Message', '2022-02-02 22:25:05', '2022-02-08 22:25:05'),
(20, 'Accusamus ut nisi fuga non. Quia quis animi maiores est. Facere dolores sed optio asperiores. Ut non dolore ut possimus dolore reiciendis.', 1, NULL, 0, 2, 'App\\Models\\Message', '2022-01-30 22:25:05', '2022-02-05 22:25:05'),
(21, 'Esse facilis voluptatem qui nobis est. Totam eligendi velit alias quidem.', 3, NULL, 0, 1, 'App\\Models\\Message', '2022-02-07 22:25:05', '2022-01-28 22:25:05'),
(22, 'In quam voluptas distinctio nesciunt sapiente maiores sed. Exercitationem sapiente explicabo et omnis aut sed enim. Velit eum optio placeat quia perferendis rem. Molestiae aut quia dolorum velit est harum odit.', 1, NULL, 1, 3, 'App\\Models\\Ticket', '2022-02-09 22:25:05', '2022-02-09 22:25:05'),
(23, 'Tempora voluptas quis eius ipsa. Sit libero blanditiis saepe explicabo dolorem harum. Rem dolor et enim ut.', 2, NULL, 0, 4, 'App\\Models\\Ticket', '2022-02-06 22:25:05', '2022-01-29 22:25:05'),
(24, 'Omnis voluptas autem quas laudantium dolor nisi. Ut est aut autem et provident quis dolore labore. Suscipit quidem recusandae omnis ut eum rerum. Iusto voluptatibus facilis et accusamus alias eos soluta.', 4, NULL, 1, 2, 'App\\Models\\Ticket', '2022-02-10 22:25:05', '2022-01-29 22:25:05'),
(25, 'Dolorum corrupti vero tempora officia aut. Omnis dolor ut est. Rerum aliquid accusamus voluptatem excepturi id ut.', 7, NULL, 1, 1, 'App\\Models\\Message', '2022-02-07 22:25:05', '2022-02-10 22:25:05'),
(26, 'Deserunt porro voluptatem facere eos nostrum quia. Ut harum numquam numquam vero sed totam totam.', 3, NULL, 0, 4, 'App\\Models\\Message', '2022-02-01 22:25:05', '2022-02-09 22:25:05'),
(27, 'Quis deleniti omnis nesciunt maxime impedit recusandae. Asperiores dignissimos quae eum dolores architecto modi aperiam. Labore doloribus et et recusandae ipsum. Consequatur perferendis voluptatem voluptatem nihil et sint.', 3, NULL, 1, 1, 'App\\Models\\Message', '2022-02-02 22:25:05', '2022-02-06 22:25:05'),
(28, 'Et et voluptatibus ipsa ipsum eaque accusamus. Est autem praesentium omnis animi. Laboriosam et aut deserunt et sapiente et. Vel voluptatem hic ullam amet sit.', 2, NULL, 0, 4, 'App\\Models\\Message', '2022-01-31 22:25:05', '2022-02-10 22:25:05'),
(29, 'Sit distinctio et ut labore aliquid non. Reiciendis odio dolores aut iste soluta quam voluptates. Sed necessitatibus ad voluptas officiis accusamus rerum.', 6, NULL, 1, 5, 'App\\Models\\Message', '2022-02-02 22:25:05', '2022-02-02 22:25:05'),
(30, 'Impedit nihil nam dolor voluptatum aut itaque. Labore repellendus amet dignissimos quod. Voluptate asperiores culpa qui natus in impedit.', 5, NULL, 1, 3, 'App\\Models\\Message', '2022-02-04 22:25:05', '2022-02-01 22:25:05');

-- --------------------------------------------------------

--
-- Table structure for table `roles`
--

CREATE TABLE `roles` (
  `id` int(10) UNSIGNED NOT NULL,
  `shop_id` int(10) UNSIGNED DEFAULT NULL,
  `name` varchar(255) COLLATE utf8_unicode_ci NOT NULL,
  `description` text COLLATE utf8_unicode_ci,
  `public` tinyint(1) DEFAULT NULL,
  `level` int(10) UNSIGNED DEFAULT NULL,
  `deleted_at` timestamp NULL DEFAULT NULL,
  `created_at` timestamp NULL DEFAULT NULL,
  `updated_at` timestamp NULL DEFAULT NULL
) ENGINE=InnoDB DEFAULT CHARSET=utf8 COLLATE=utf8_unicode_ci;

--
-- Dumping data for table `roles`
--

INSERT INTO `roles` (`id`, `shop_id`, `name`, `description`, `public`, `level`, `deleted_at`, `created_at`, `updated_at`) VALUES
(1, NULL, 'Super Admin', 'Super Admin can do anything over the application.', 0, 1, NULL, '2022-02-12 22:24:49', '2022-02-12 22:24:49'),
(2, NULL, 'Admin', 'Admins can do anything over the application. Just cant access Super Admin and other Admins information.', 0, 2, NULL, '2022-02-12 22:24:49', '2022-02-12 22:24:49'),
(3, NULL, 'Merchant', 'The owner of a shop. A merchant can control all contents under his/her shop.', 0, 3, NULL, '2022-02-12 22:24:49', '2022-02-12 22:24:49'),
(4, NULL, 'Modaretor', 'Can access all information except the shop settings in under his/her shop.', 1, 4, NULL, '2022-02-12 22:24:49', '2022-02-12 22:24:49'),
(5, NULL, 'Order Handler', 'Only can access order information under his/her shop.', 1, 5, NULL, '2022-02-12 22:24:49', '2022-02-12 22:24:49');

-- --------------------------------------------------------

--
-- Table structure for table `shipping_rates`
--

CREATE TABLE `shipping_rates` (
  `id` int(10) UNSIGNED NOT NULL,
  `name` varchar(255) COLLATE utf8_unicode_ci NOT NULL,
  `shipping_zone_id` int(10) UNSIGNED NOT NULL,
  `carrier_id` int(10) UNSIGNED DEFAULT NULL,
  `based_on` enum('price','weight') COLLATE utf8_unicode_ci NOT NULL DEFAULT 'price',
  `minimum` decimal(20,6) DEFAULT NULL,
  `maximum` decimal(20,6) DEFAULT NULL,
  `rate` decimal(20,6) DEFAULT NULL,
  `delivery_takes` varchar(255) COLLATE utf8_unicode_ci DEFAULT NULL,
  `created_at` timestamp NULL DEFAULT NULL,
  `updated_at` timestamp NULL DEFAULT NULL
) ENGINE=InnoDB DEFAULT CHARSET=utf8 COLLATE=utf8_unicode_ci;

--
-- Dumping data for table `shipping_rates`
--

INSERT INTO `shipping_rates` (`id`, `name`, `shipping_zone_id`, `carrier_id`, `based_on`, `minimum`, `maximum`, `rate`, `delivery_takes`, `created_at`, `updated_at`) VALUES
(1, 'molestiae', 1, 1, 'price', 0.000000, NULL, 14.000000, '3-21 days', '2022-02-12 22:24:59', '2022-02-12 22:24:59'),
(2, 'laborum', 1, 2, 'price', 0.000000, NULL, 12.000000, '8-15 days', '2022-02-12 22:24:59', '2022-02-12 22:24:59'),
(3, 'optio', 1, 5, 'weight', 0.000000, 2000.000000, 6.000000, '2-10 days', '2022-02-12 22:24:59', '2022-02-12 22:24:59'),
(4, 'consectetur', 1, 3, 'weight', 0.000000, 2000.000000, 9.000000, '20-40 days', '2022-02-12 22:24:59', '2022-02-12 22:24:59'),
(5, 'aperiam', 1, 1, 'weight', 0.000000, 2000.000000, 8.000000, '3-19 days', '2022-02-12 22:24:59', '2022-02-12 22:24:59'),
(6, 'ducimus', 2, 2, 'weight', 0.000000, 2000.000000, 3.000000, '19-31 days', '2022-02-12 22:24:59', '2022-02-12 22:24:59'),
(7, 'ratione', 2, 4, 'price', 0.000000, NULL, 8.000000, '4-15 days', '2022-02-12 22:24:59', '2022-02-12 22:24:59'),
(8, 'aut', 2, 5, 'price', 0.000000, NULL, 1.000000, '9-23 days', '2022-02-12 22:24:59', '2022-02-12 22:24:59'),
(9, 'consequatur', 2, 5, 'price', 0.000000, NULL, 19.000000, '16-27 days', '2022-02-12 22:24:59', '2022-02-12 22:24:59'),
(10, 'quam', 2, 3, 'price', 0.000000, NULL, 4.000000, '15-34 days', '2022-02-12 22:24:59', '2022-02-12 22:24:59'),
(11, 'aperiam', 3, 5, 'weight', 0.000000, 2000.000000, 18.000000, '7-26 days', '2022-02-12 22:24:59', '2022-02-12 22:24:59'),
(12, 'culpa', 3, 5, 'weight', 0.000000, 2000.000000, 6.000000, '2-20 days', '2022-02-12 22:24:59', '2022-02-12 22:24:59'),
(13, 'voluptatem', 3, 4, 'weight', 0.000000, 2000.000000, 9.000000, '6-24 days', '2022-02-12 22:24:59', '2022-02-12 22:24:59'),
(14, 'est', 3, 5, 'weight', 0.000000, 2000.000000, 17.000000, '18-29 days', '2022-02-12 22:24:59', '2022-02-12 22:24:59'),
(15, 'quod', 3, 1, 'price', 0.000000, NULL, 10.000000, '17-36 days', '2022-02-12 22:24:59', '2022-02-12 22:24:59'),
(16, 'ut', 4, 3, 'weight', 0.000000, 2000.000000, 19.000000, '5-6 days', '2022-02-12 22:24:59', '2022-02-12 22:24:59'),
(17, 'adipisci', 4, 4, 'price', 0.000000, NULL, 14.000000, '18-29 days', '2022-02-12 22:24:59', '2022-02-12 22:24:59'),
(18, 'quaerat', 4, 5, 'price', 0.000000, NULL, 6.000000, '20-30 days', '2022-02-12 22:24:59', '2022-02-12 22:24:59'),
(19, 'culpa', 4, 1, 'weight', 0.000000, 2000.000000, 19.000000, '14-22 days', '2022-02-12 22:24:59', '2022-02-12 22:24:59'),
(20, 'incidunt', 4, 2, 'weight', 0.000000, 2000.000000, 15.000000, '14-27 days', '2022-02-12 22:24:59', '2022-02-12 22:24:59'),
(21, 'similique', 5, 3, 'price', 0.000000, NULL, 9.000000, '15-21 days', '2022-02-12 22:24:59', '2022-02-12 22:24:59'),
(22, 'esse', 5, 3, 'price', 0.000000, NULL, 19.000000, '14-16 days', '2022-02-12 22:24:59', '2022-02-12 22:24:59'),
(23, 'at', 5, 2, 'weight', 0.000000, 2000.000000, 13.000000, '14-22 days', '2022-02-12 22:24:59', '2022-02-12 22:24:59'),
(24, 'aut', 5, 3, 'weight', 0.000000, 2000.000000, 16.000000, '9-21 days', '2022-02-12 22:24:59', '2022-02-12 22:24:59'),
(25, 'est', 5, 4, 'price', 0.000000, NULL, 19.000000, '6-21 days', '2022-02-12 22:24:59', '2022-02-12 22:24:59'),
(26, 'tenetur', 6, 2, 'price', 0.000000, NULL, 0.000000, '17-21 days', '2022-02-12 22:24:59', '2022-02-12 22:24:59'),
(27, 'iusto', 6, 5, 'price', 0.000000, NULL, 20.000000, '6-24 days', '2022-02-12 22:24:59', '2022-02-12 22:24:59'),
(28, 'dolorem', 6, 5, 'price', 0.000000, NULL, 7.000000, '20-22 days', '2022-02-12 22:24:59', '2022-02-12 22:24:59'),
(29, 'inventore', 6, 2, 'price', 0.000000, NULL, 15.000000, '12-17 days', '2022-02-12 22:24:59', '2022-02-12 22:24:59'),
(30, 'ipsam', 6, 4, 'price', 0.000000, NULL, 13.000000, '1-11 days', '2022-02-12 22:24:59', '2022-02-12 22:24:59'),
(31, 'alias', 7, 3, 'price', 0.000000, NULL, 10.000000, '18-35 days', '2022-02-12 22:24:59', '2022-02-12 22:24:59'),
(32, 'ut', 7, 4, 'price', 0.000000, NULL, 11.000000, '9-17 days', '2022-02-12 22:24:59', '2022-02-12 22:24:59'),
(33, 'quo', 7, 3, 'price', 0.000000, NULL, 0.000000, '2-4 days', '2022-02-12 22:24:59', '2022-02-12 22:24:59'),
(34, 'sunt', 7, 2, 'weight', 0.000000, 2000.000000, 17.000000, '14-17 days', '2022-02-12 22:24:59', '2022-02-12 22:24:59'),
(35, 'rerum', 7, 2, 'weight', 0.000000, 2000.000000, 9.000000, '12-29 days', '2022-02-12 22:24:59', '2022-02-12 22:24:59'),
(36, 'et', 8, 3, 'price', 0.000000, NULL, 8.000000, '17-31 days', '2022-02-12 22:24:59', '2022-02-12 22:24:59'),
(37, 'consequatur', 8, 1, 'price', 0.000000, NULL, 16.000000, '18-25 days', '2022-02-12 22:24:59', '2022-02-12 22:24:59'),
(38, 'rerum', 8, 4, 'weight', 0.000000, 2000.000000, 12.000000, '20-25 days', '2022-02-12 22:24:59', '2022-02-12 22:24:59'),
(39, 'deleniti', 8, 5, 'weight', 0.000000, 2000.000000, 11.000000, '20-21 days', '2022-02-12 22:24:59', '2022-02-12 22:24:59'),
(40, 'aut', 8, 1, 'weight', 0.000000, 2000.000000, 6.000000, '6-7 days', '2022-02-12 22:24:59', '2022-02-12 22:24:59'),
(41, 'provident', 9, 3, 'weight', 0.000000, 2000.000000, 6.000000, '9-25 days', '2022-02-12 22:24:59', '2022-02-12 22:24:59'),
(42, 'expedita', 9, 5, 'weight', 0.000000, 2000.000000, 11.000000, '5-17 days', '2022-02-12 22:24:59', '2022-02-12 22:24:59'),
(43, 'rerum', 9, 4, 'weight', 0.000000, 2000.000000, 16.000000, '3-5 days', '2022-02-12 22:24:59', '2022-02-12 22:24:59'),
(44, 'sit', 9, 1, 'price', 0.000000, NULL, 10.000000, '16-31 days', '2022-02-12 22:24:59', '2022-02-12 22:24:59'),
(45, 'sed', 9, 2, 'weight', 0.000000, 2000.000000, 4.000000, '4-5 days', '2022-02-12 22:24:59', '2022-02-12 22:24:59'),
(46, 'et', 10, 4, 'weight', 0.000000, 2000.000000, 9.000000, '14-17 days', '2022-02-12 22:24:59', '2022-02-12 22:24:59'),
(47, 'sed', 10, 4, 'weight', 0.000000, 2000.000000, 12.000000, '3-12 days', '2022-02-12 22:24:59', '2022-02-12 22:24:59'),
(48, 'laboriosam', 10, 5, 'weight', 0.000000, 2000.000000, 16.000000, '6-17 days', '2022-02-12 22:24:59', '2022-02-12 22:24:59'),
(49, 'dolorem', 10, 5, 'price', 0.000000, NULL, 20.000000, '4-20 days', '2022-02-12 22:24:59', '2022-02-12 22:24:59'),
(50, 'quisquam', 10, 4, 'weight', 0.000000, 2000.000000, 11.000000, '19-35 days', '2022-02-12 22:24:59', '2022-02-12 22:24:59');

-- --------------------------------------------------------

--
-- Table structure for table `shipping_zones`
--

CREATE TABLE `shipping_zones` (
  `id` int(10) UNSIGNED NOT NULL,
  `shop_id` int(10) UNSIGNED DEFAULT NULL,
  `name` varchar(255) COLLATE utf8_unicode_ci NOT NULL,
  `tax_id` int(10) UNSIGNED DEFAULT NULL,
  `country_ids` text COLLATE utf8_unicode_ci,
  `state_ids` longtext COLLATE utf8_unicode_ci,
  `rest_of_the_world` tinyint(1) NOT NULL DEFAULT '0',
  `active` tinyint(1) NOT NULL DEFAULT '1',
  `created_at` timestamp NULL DEFAULT NULL,
  `updated_at` timestamp NULL DEFAULT NULL
) ENGINE=InnoDB DEFAULT CHARSET=utf8 COLLATE=utf8_unicode_ci;

--
-- Dumping data for table `shipping_zones`
--

INSERT INTO `shipping_zones` (`id`, `shop_id`, `name`, `tax_id`, `country_ids`, `state_ids`, `rest_of_the_world`, `active`, `created_at`, `updated_at`) VALUES
(1, 1, 'Domestic', 1, 'a:2:{i:0;i:50;i:1;i:840;}', 'a:67:{i:0;i:64;i:1;i:65;i:2;i:66;i:3;i:67;i:4;i:68;i:5;i:69;i:6;i:70;i:7;i:71;i:8;i:1371;i:9;i:1372;i:10;i:1373;i:11;i:1374;i:12;i:1375;i:13;i:1376;i:14;i:1377;i:15;i:1378;i:16;i:1379;i:17;i:1380;i:18;i:1381;i:19;i:1382;i:20;i:1383;i:21;i:1384;i:22;i:1385;i:23;i:1386;i:24;i:1387;i:25;i:1388;i:26;i:1389;i:27;i:1390;i:28;i:1391;i:29;i:1392;i:30;i:1393;i:31;i:1394;i:32;i:1395;i:33;i:1396;i:34;i:1397;i:35;i:1398;i:36;i:1399;i:37;i:1400;i:38;i:1401;i:39;i:1402;i:40;i:1403;i:41;i:1404;i:42;i:1405;i:43;i:1406;i:44;i:1407;i:45;i:1408;i:46;i:1409;i:47;i:1410;i:48;i:1411;i:49;i:1412;i:50;i:1413;i:51;i:1414;i:52;i:1415;i:53;i:1416;i:54;i:1417;i:55;i:1418;i:56;i:1419;i:57;i:1420;i:58;i:1421;i:59;i:1422;i:60;i:1423;i:61;i:1424;i:62;i:1425;i:63;i:1426;i:64;i:1427;i:65;i:1428;i:66;i:1429;}', 0, 1, '2022-02-25 22:24:56', '2022-02-25 22:24:56'),
(2, 1, 'Worldwide', 1, NULL, NULL, 1, 1, '2022-02-25 22:24:56', '2022-02-25 22:24:56'),
(3, 2, 'Domestic', 1, 'a:2:{i:0;i:50;i:1;i:840;}', 'a:67:{i:0;i:64;i:1;i:65;i:2;i:66;i:3;i:67;i:4;i:68;i:5;i:69;i:6;i:70;i:7;i:71;i:8;i:1371;i:9;i:1372;i:10;i:1373;i:11;i:1374;i:12;i:1375;i:13;i:1376;i:14;i:1377;i:15;i:1378;i:16;i:1379;i:17;i:1380;i:18;i:1381;i:19;i:1382;i:20;i:1383;i:21;i:1384;i:22;i:1385;i:23;i:1386;i:24;i:1387;i:25;i:1388;i:26;i:1389;i:27;i:1390;i:28;i:1391;i:29;i:1392;i:30;i:1393;i:31;i:1394;i:32;i:1395;i:33;i:1396;i:34;i:1397;i:35;i:1398;i:36;i:1399;i:37;i:1400;i:38;i:1401;i:39;i:1402;i:40;i:1403;i:41;i:1404;i:42;i:1405;i:43;i:1406;i:44;i:1407;i:45;i:1408;i:46;i:1409;i:47;i:1410;i:48;i:1411;i:49;i:1412;i:50;i:1413;i:51;i:1414;i:52;i:1415;i:53;i:1416;i:54;i:1417;i:55;i:1418;i:56;i:1419;i:57;i:1420;i:58;i:1421;i:59;i:1422;i:60;i:1423;i:61;i:1424;i:62;i:1425;i:63;i:1426;i:64;i:1427;i:65;i:1428;i:66;i:1429;}', 0, 1, '2022-02-25 22:24:56', '2022-02-25 22:24:56'),
(4, 2, 'Worldwide', 1, NULL, NULL, 1, 1, '2022-02-25 22:24:56', '2022-02-25 22:24:56'),
(5, 3, 'Domestic', 1, 'a:2:{i:0;i:50;i:1;i:840;}', 'a:67:{i:0;i:64;i:1;i:65;i:2;i:66;i:3;i:67;i:4;i:68;i:5;i:69;i:6;i:70;i:7;i:71;i:8;i:1371;i:9;i:1372;i:10;i:1373;i:11;i:1374;i:12;i:1375;i:13;i:1376;i:14;i:1377;i:15;i:1378;i:16;i:1379;i:17;i:1380;i:18;i:1381;i:19;i:1382;i:20;i:1383;i:21;i:1384;i:22;i:1385;i:23;i:1386;i:24;i:1387;i:25;i:1388;i:26;i:1389;i:27;i:1390;i:28;i:1391;i:29;i:1392;i:30;i:1393;i:31;i:1394;i:32;i:1395;i:33;i:1396;i:34;i:1397;i:35;i:1398;i:36;i:1399;i:37;i:1400;i:38;i:1401;i:39;i:1402;i:40;i:1403;i:41;i:1404;i:42;i:1405;i:43;i:1406;i:44;i:1407;i:45;i:1408;i:46;i:1409;i:47;i:1410;i:48;i:1411;i:49;i:1412;i:50;i:1413;i:51;i:1414;i:52;i:1415;i:53;i:1416;i:54;i:1417;i:55;i:1418;i:56;i:1419;i:57;i:1420;i:58;i:1421;i:59;i:1422;i:60;i:1423;i:61;i:1424;i:62;i:1425;i:63;i:1426;i:64;i:1427;i:65;i:1428;i:66;i:1429;}', 0, 1, '2022-02-25 22:24:56', '2022-02-25 22:24:56'),
(6, 3, 'Worldwide', 1, NULL, NULL, 1, 1, '2022-02-25 22:24:56', '2022-02-25 22:24:56'),
(7, 4, 'Domestic', 1, 'a:2:{i:0;i:50;i:1;i:840;}', 'a:67:{i:0;i:64;i:1;i:65;i:2;i:66;i:3;i:67;i:4;i:68;i:5;i:69;i:6;i:70;i:7;i:71;i:8;i:1371;i:9;i:1372;i:10;i:1373;i:11;i:1374;i:12;i:1375;i:13;i:1376;i:14;i:1377;i:15;i:1378;i:16;i:1379;i:17;i:1380;i:18;i:1381;i:19;i:1382;i:20;i:1383;i:21;i:1384;i:22;i:1385;i:23;i:1386;i:24;i:1387;i:25;i:1388;i:26;i:1389;i:27;i:1390;i:28;i:1391;i:29;i:1392;i:30;i:1393;i:31;i:1394;i:32;i:1395;i:33;i:1396;i:34;i:1397;i:35;i:1398;i:36;i:1399;i:37;i:1400;i:38;i:1401;i:39;i:1402;i:40;i:1403;i:41;i:1404;i:42;i:1405;i:43;i:1406;i:44;i:1407;i:45;i:1408;i:46;i:1409;i:47;i:1410;i:48;i:1411;i:49;i:1412;i:50;i:1413;i:51;i:1414;i:52;i:1415;i:53;i:1416;i:54;i:1417;i:55;i:1418;i:56;i:1419;i:57;i:1420;i:58;i:1421;i:59;i:1422;i:60;i:1423;i:61;i:1424;i:62;i:1425;i:63;i:1426;i:64;i:1427;i:65;i:1428;i:66;i:1429;}', 0, 1, '2022-02-25 22:24:56', '2022-02-25 22:24:56'),
(8, 4, 'Worldwide', 1, NULL, NULL, 1, 1, '2022-02-25 22:24:56', '2022-02-25 22:24:56'),
(9, 5, 'Domestic', 1, 'a:2:{i:0;i:50;i:1;i:840;}', 'a:67:{i:0;i:64;i:1;i:65;i:2;i:66;i:3;i:67;i:4;i:68;i:5;i:69;i:6;i:70;i:7;i:71;i:8;i:1371;i:9;i:1372;i:10;i:1373;i:11;i:1374;i:12;i:1375;i:13;i:1376;i:14;i:1377;i:15;i:1378;i:16;i:1379;i:17;i:1380;i:18;i:1381;i:19;i:1382;i:20;i:1383;i:21;i:1384;i:22;i:1385;i:23;i:1386;i:24;i:1387;i:25;i:1388;i:26;i:1389;i:27;i:1390;i:28;i:1391;i:29;i:1392;i:30;i:1393;i:31;i:1394;i:32;i:1395;i:33;i:1396;i:34;i:1397;i:35;i:1398;i:36;i:1399;i:37;i:1400;i:38;i:1401;i:39;i:1402;i:40;i:1403;i:41;i:1404;i:42;i:1405;i:43;i:1406;i:44;i:1407;i:45;i:1408;i:46;i:1409;i:47;i:1410;i:48;i:1411;i:49;i:1412;i:50;i:1413;i:51;i:1414;i:52;i:1415;i:53;i:1416;i:54;i:1417;i:55;i:1418;i:56;i:1419;i:57;i:1420;i:58;i:1421;i:59;i:1422;i:60;i:1423;i:61;i:1424;i:62;i:1425;i:63;i:1426;i:64;i:1427;i:65;i:1428;i:66;i:1429;}', 0, 1, '2022-02-25 22:24:56', '2022-02-25 22:24:56'),
(10, 5, 'Worldwide', 1, NULL, NULL, 1, 1, '2022-02-25 22:24:56', '2022-02-25 22:24:56');

-- --------------------------------------------------------

--
-- Table structure for table `shops`
--

CREATE TABLE `shops` (
  `id` int(10) UNSIGNED NOT NULL,
  `owner_id` bigint(20) UNSIGNED NOT NULL,
  `name` text COLLATE utf8_unicode_ci,
  `legal_name` text COLLATE utf8_unicode_ci,
  `slug` varchar(200) COLLATE utf8_unicode_ci NOT NULL,
  `email` varchar(255) COLLATE utf8_unicode_ci NOT NULL,
  `description` longtext COLLATE utf8_unicode_ci,
  `external_url` varchar(255) COLLATE utf8_unicode_ci DEFAULT NULL,
  `timezone_id` int(11) DEFAULT NULL,
  `current_billing_plan` varchar(255) COLLATE utf8_unicode_ci DEFAULT NULL,
  `stripe_id` varchar(255) COLLATE utf8_unicode_ci DEFAULT NULL,
  `card_holder_name` text COLLATE utf8_unicode_ci,
  `pm_type` varchar(255) COLLATE utf8_unicode_ci DEFAULT NULL,
  `pm_last_four` varchar(255) COLLATE utf8_unicode_ci DEFAULT NULL,
  `trial_ends_at` timestamp NULL DEFAULT NULL,
  `hide_trial_notice` tinyint(1) DEFAULT NULL,
  `active` tinyint(1) DEFAULT '0',
  `current_sale_amount` decimal(64,6) NOT NULL DEFAULT '0.000000',
  `payment_verified` tinyint(1) DEFAULT NULL,
  `id_verified` tinyint(1) DEFAULT NULL,
  `phone_verified` tinyint(1) DEFAULT NULL,
  `address_verified` tinyint(1) DEFAULT NULL,
  `deleted_at` timestamp NULL DEFAULT NULL,
  `created_at` timestamp NULL DEFAULT NULL,
  `updated_at` timestamp NULL DEFAULT NULL
) ENGINE=InnoDB DEFAULT CHARSET=utf8 COLLATE=utf8_unicode_ci;

--
-- Dumping data for table `shops`
--

INSERT INTO `shops` (`id`, `owner_id`, `name`, `legal_name`, `slug`, `email`, `description`, `external_url`, `timezone_id`, `current_billing_plan`, `stripe_id`, `card_holder_name`, `pm_type`, `pm_last_four`, `trial_ends_at`, `hide_trial_notice`, `active`, `current_sale_amount`, `payment_verified`, `id_verified`, `phone_verified`, `address_verified`, `deleted_at`, `created_at`, `updated_at`) VALUES
(1, 3, 'Big Shop', 'Big Shop Ltd.', 'big-shop', 'shop3@demo.com', 'Lorem ipsum dolor sit amet, consectetur adipisicing elit, sed do eiusmod tempor incididunt ut labore et dolore magna aliqua. Ut enim ad minim veniam, quis nostrud exercitation ullamco laboris nisi ut aliquip ex ea commodo consequat. Duis aute irure dolor in reprehenderit in voluptate velit esse cillum dolore eu fugiat nulla pariatur. Excepteur sint occaecat cupidatat non proident, sunt in culpa qui officia deserunt mollit anim id est laborum.', NULL, 73, 'price_1GyyRyJewI4n8wVFSRWlMSHy', NULL, NULL, NULL, NULL, '2022-02-25 22:24:56', NULL, 1, 0.000000, 1, 1, 1, 1, NULL, '2022-02-25 22:24:56', '2022-02-25 22:24:56'),
(2, 4, 'Amz Mart', 'Amz Mart Ltd.', 'amz-mart', 'shop4@demo.com', 'Lorem ipsum dolor sit amet, consectetur adipisicing elit, sed do eiusmod tempor incididunt ut labore et dolore magna aliqua. Ut enim ad minim veniam, quis nostrud exercitation ullamco laboris nisi ut aliquip ex ea commodo consequat. Duis aute irure dolor in reprehenderit in voluptate velit esse cillum dolore eu fugiat nulla pariatur. Excepteur sint occaecat cupidatat non proident, sunt in culpa qui officia deserunt mollit anim id est laborum.', NULL, 73, 'price_1GyyRyJewI4n8wVFSRWlMSHy', NULL, NULL, NULL, NULL, '2022-02-25 22:24:56', NULL, 1, 0.000000, 1, 1, 1, 1, NULL, '2022-02-25 22:24:56', '2022-02-25 22:24:56'),
(3, 5, 'Peda Ting Ting', 'Peda Ting Ting Ltd.', 'peda-ting-ting', 'shop5@demo.com', 'Lorem ipsum dolor sit amet, consectetur adipisicing elit, sed do eiusmod tempor incididunt ut labore et dolore magna aliqua. Ut enim ad minim veniam, quis nostrud exercitation ullamco laboris nisi ut aliquip ex ea commodo consequat. Duis aute irure dolor in reprehenderit in voluptate velit esse cillum dolore eu fugiat nulla pariatur. Excepteur sint occaecat cupidatat non proident, sunt in culpa qui officia deserunt mollit anim id est laborum.', NULL, 73, 'price_1GyyRyJewI4n8wVFSRWlMSHy', NULL, NULL, NULL, NULL, '2022-02-25 22:24:56', NULL, 1, 0.000000, 1, 1, 1, 1, NULL, '2022-02-25 22:24:56', '2022-02-25 22:24:56'),
(4, 6, 'Phuket Retailer', 'Phuket Retailer Ltd.', 'phuket-retailer', 'shop6@demo.com', 'Lorem ipsum dolor sit amet, consectetur adipisicing elit, sed do eiusmod tempor incididunt ut labore et dolore magna aliqua. Ut enim ad minim veniam, quis nostrud exercitation ullamco laboris nisi ut aliquip ex ea commodo consequat. Duis aute irure dolor in reprehenderit in voluptate velit esse cillum dolore eu fugiat nulla pariatur. Excepteur sint occaecat cupidatat non proident, sunt in culpa qui officia deserunt mollit anim id est laborum.', NULL, 73, 'price_1GyyRyJewI4n8wVFSRWlMSHy', NULL, NULL, NULL, NULL, '2022-02-25 22:24:56', NULL, 1, 0.000000, 1, 1, 1, 1, NULL, '2022-02-25 22:24:56', '2022-02-25 22:24:56'),
(5, 7, 'Tindu Gears', 'Tindu Gears Ltd.', 'tindu-gears', 'shop7@demo.com', 'Lorem ipsum dolor sit amet, consectetur adipisicing elit, sed do eiusmod tempor incididunt ut labore et dolore magna aliqua. Ut enim ad minim veniam, quis nostrud exercitation ullamco laboris nisi ut aliquip ex ea commodo consequat. Duis aute irure dolor in reprehenderit in voluptate velit esse cillum dolore eu fugiat nulla pariatur. Excepteur sint occaecat cupidatat non proident, sunt in culpa qui officia deserunt mollit anim id est laborum.', NULL, 73, 'price_1GyyRyJewI4n8wVFSRWlMSHy', NULL, NULL, NULL, NULL, '2022-02-25 22:24:56', NULL, 1, 0.000000, 1, 1, 1, 1, NULL, '2022-02-25 22:24:56', '2022-02-25 22:24:56');

-- --------------------------------------------------------

--
-- Table structure for table `shop_payment_methods`
--

CREATE TABLE `shop_payment_methods` (
  `payment_method_id` int(10) UNSIGNED NOT NULL,
  `shop_id` int(10) UNSIGNED NOT NULL,
  `created_at` timestamp NULL DEFAULT NULL,
  `updated_at` timestamp NULL DEFAULT NULL
) ENGINE=InnoDB DEFAULT CHARSET=utf8 COLLATE=utf8_unicode_ci;

--
-- Dumping data for table `shop_payment_methods`
--

INSERT INTO `shop_payment_methods` (`payment_method_id`, `shop_id`, `created_at`, `updated_at`) VALUES
(6, 1, '2022-02-12 22:24:56', '2022-02-12 22:24:56'),
(7, 1, '2022-02-12 22:24:56', '2022-02-12 22:24:56'),
(6, 2, '2022-02-12 22:24:56', '2022-02-12 22:24:56'),
(7, 2, '2022-02-12 22:24:56', '2022-02-12 22:24:56'),
(6, 3, '2022-02-12 22:24:56', '2022-02-12 22:24:56'),
(7, 3, '2022-02-12 22:24:56', '2022-02-12 22:24:56'),
(6, 4, '2022-02-12 22:24:56', '2022-02-12 22:24:56'),
(7, 4, '2022-02-12 22:24:56', '2022-02-12 22:24:56'),
(6, 5, '2022-02-12 22:24:56', '2022-02-12 22:24:56'),
(7, 5, '2022-02-12 22:24:56', '2022-02-12 22:24:56');

-- --------------------------------------------------------

--
-- Table structure for table `sliders`
--

CREATE TABLE `sliders` (
  `id` int(10) UNSIGNED NOT NULL,
  `title` varchar(255) COLLATE utf8_unicode_ci DEFAULT NULL,
  `title_color` varchar(20) COLLATE utf8_unicode_ci DEFAULT '#333E48',
  `sub_title` varchar(255) COLLATE utf8_unicode_ci DEFAULT NULL,
  `sub_title_color` varchar(20) COLLATE utf8_unicode_ci DEFAULT '#333E48',
  `description` varchar(255) COLLATE utf8_unicode_ci DEFAULT NULL,
  `description_color` varchar(20) COLLATE utf8_unicode_ci NOT NULL DEFAULT '#868E8E',
  `alt_color` varchar(20) COLLATE utf8_unicode_ci NOT NULL DEFAULT '#FED700',
  `link` text COLLATE utf8_unicode_ci,
  `order` int(11) NOT NULL DEFAULT '100',
  `text_position` varchar(10) COLLATE utf8_unicode_ci NOT NULL DEFAULT 'right',
  `created_at` timestamp NULL DEFAULT NULL,
  `updated_at` timestamp NULL DEFAULT NULL
) ENGINE=InnoDB DEFAULT CHARSET=utf8 COLLATE=utf8_unicode_ci;

--
-- Dumping data for table `sliders`
--

INSERT INTO `sliders` (`id`, `title`, `title_color`, `sub_title`, `sub_title_color`, `description`, `description_color`, `alt_color`, `link`, `order`, `text_position`, `created_at`, `updated_at`) VALUES
(1, 'Slider title', '#333E48', 'Sub title <span>with color</span>', '#333E48', 'Description with a text', '#868E8E', '#FED700', '/category/expedita-dolor-voluptatem-quo-quos', 1, 'left', '2022-02-12 22:25:05', '2022-02-12 22:25:05'),
(2, 'Wireless <span>Earbuds</span>', '#333E48', 'Slider subtitle with love', '#333E48', 'Description with <span>span</span> and color', '#868E8E', '#FED700', '/category/recusandae-aut-officia-autem-facilis-sint-nemo', 2, 'right', '2022-02-12 22:25:05', '2022-02-12 22:25:05'),
(3, 'Slider Title', '#333E48', 'Without span subtitle', '#333E48', 'Slider description without span', '#868E8E', '#FED700', '/category/quas-mollitia-est-eos-quis', 3, 'left', '2022-02-12 22:25:05', '2022-02-12 22:25:05'),
(4, '', '#333E48', '', '#333E48', '', '#868E8E', '#FED700', '', 4, 'right', '2022-02-12 22:25:05', '2022-02-12 22:25:05');

-- --------------------------------------------------------

--
-- Table structure for table `states`
--

CREATE TABLE `states` (
  `id` int(10) UNSIGNED NOT NULL,
  `country_id` int(10) UNSIGNED NOT NULL,
  `iso_code` varchar(255) COLLATE utf8_unicode_ci NOT NULL,
  `iso_numeric` varchar(255) COLLATE utf8_unicode_ci DEFAULT NULL,
  `name` varchar(255) COLLATE utf8_unicode_ci DEFAULT NULL,
  `calling_code` varchar(5) COLLATE utf8_unicode_ci DEFAULT NULL,
  `active` tinyint(1) DEFAULT '1',
  `created_at` timestamp NULL DEFAULT NULL,
  `updated_at` timestamp NULL DEFAULT NULL
) ENGINE=InnoDB DEFAULT CHARSET=utf8 COLLATE=utf8_unicode_ci;

--
-- Dumping data for table `states`
--

INSERT INTO `states` (`id`, `country_id`, `iso_code`, `iso_numeric`, `name`, `calling_code`, `active`, `created_at`, `updated_at`) VALUES
(1, 784, 'AZ', NULL, 'Abū Ȥaby[Abu Dhabi]', NULL, 1, '2022-02-12 22:24:49', '2022-02-12 22:24:49'),
(2, 784, 'AJ', NULL, 'Ajman', NULL, 1, '2022-02-12 22:24:49', '2022-02-12 22:24:49'),
(3, 784, 'FU', NULL, 'Al Fujayrah', NULL, 1, '2022-02-12 22:24:49', '2022-02-12 22:24:49'),
(4, 784, 'SH', NULL, 'Ash Shāriqah [Sharjah]', NULL, 1, '2022-02-12 22:24:49', '2022-02-12 22:24:49'),
(5, 784, 'DU', NULL, 'Dubayy [Dubai]', NULL, 1, '2022-02-12 22:24:49', '2022-02-12 22:24:49'),
(6, 784, 'RK', NULL, 'Rā\'s al Khaymah', NULL, 1, '2022-02-12 22:24:49', '2022-02-12 22:24:49'),
(7, 784, 'UQ', NULL, 'Umm al Qaywayn', NULL, 1, '2022-02-12 22:24:49', '2022-02-12 22:24:49'),
(8, 51, 'AG', NULL, 'Aragaçotn', NULL, 1, '2022-02-12 22:24:49', '2022-02-12 22:24:49'),
(9, 51, 'AR', NULL, 'Ararat', NULL, 1, '2022-02-12 22:24:49', '2022-02-12 22:24:49'),
(10, 51, 'AV', NULL, 'Armavir', NULL, 1, '2022-02-12 22:24:49', '2022-02-12 22:24:49'),
(11, 51, 'ER', NULL, 'Erevan', NULL, 1, '2022-02-12 22:24:49', '2022-02-12 22:24:49'),
(12, 51, 'GR', NULL, 'Geġark\'unik\'', NULL, 1, '2022-02-12 22:24:49', '2022-02-12 22:24:49'),
(13, 51, 'KT', NULL, 'Kotayk\'', NULL, 1, '2022-02-12 22:24:49', '2022-02-12 22:24:49'),
(14, 51, 'LO', NULL, 'Loṙy', NULL, 1, '2022-02-12 22:24:49', '2022-02-12 22:24:49'),
(15, 51, 'SU', NULL, 'Syunik\'', NULL, 1, '2022-02-12 22:24:49', '2022-02-12 22:24:49'),
(16, 51, 'TV', NULL, 'Tavuš', NULL, 1, '2022-02-12 22:24:49', '2022-02-12 22:24:49'),
(17, 51, 'VD', NULL, 'Vayoć Jor', NULL, 1, '2022-02-12 22:24:49', '2022-02-12 22:24:49'),
(18, 51, 'SH', NULL, 'Širak', NULL, 1, '2022-02-12 22:24:49', '2022-02-12 22:24:49'),
(19, 32, 'B', NULL, 'Buenos Aires', NULL, 1, '2022-02-12 22:24:49', '2022-02-12 22:24:49'),
(20, 32, 'K', NULL, 'Catamarca ', NULL, 1, '2022-02-12 22:24:49', '2022-02-12 22:24:49'),
(21, 32, 'H', NULL, 'Chaco ', NULL, 1, '2022-02-12 22:24:49', '2022-02-12 22:24:49'),
(22, 32, 'U', NULL, 'Chubut', NULL, 1, '2022-02-12 22:24:49', '2022-02-12 22:24:49'),
(23, 32, 'C', NULL, 'Ciudad Autónoma de Buenos Aires', NULL, 1, '2022-02-12 22:24:49', '2022-02-12 22:24:49'),
(24, 32, 'W', NULL, 'Corrientes', NULL, 1, '2022-02-12 22:24:49', '2022-02-12 22:24:49'),
(25, 32, 'X', NULL, 'Córdoba ', NULL, 1, '2022-02-12 22:24:49', '2022-02-12 22:24:49'),
(26, 32, 'E', NULL, 'Entre Ríos', NULL, 1, '2022-02-12 22:24:49', '2022-02-12 22:24:49'),
(27, 32, 'P', NULL, 'Formosa ', NULL, 1, '2022-02-12 22:24:49', '2022-02-12 22:24:49'),
(28, 32, 'Y', NULL, 'Jujuy ', NULL, 1, '2022-02-12 22:24:49', '2022-02-12 22:24:49'),
(29, 32, 'L', NULL, 'La Pampa', NULL, 1, '2022-02-12 22:24:49', '2022-02-12 22:24:49'),
(30, 32, 'F', NULL, 'La Rioja', NULL, 1, '2022-02-12 22:24:49', '2022-02-12 22:24:49'),
(31, 32, 'M', NULL, 'Mendoza ', NULL, 1, '2022-02-12 22:24:49', '2022-02-12 22:24:49'),
(32, 32, 'N', NULL, 'Misiones', NULL, 1, '2022-02-12 22:24:49', '2022-02-12 22:24:49'),
(33, 32, 'Q', NULL, 'Neuquén ', NULL, 1, '2022-02-12 22:24:49', '2022-02-12 22:24:49'),
(34, 32, 'R', NULL, 'Río Negro ', NULL, 1, '2022-02-12 22:24:49', '2022-02-12 22:24:49'),
(35, 32, 'A', NULL, 'Salta ', NULL, 1, '2022-02-12 22:24:49', '2022-02-12 22:24:49'),
(36, 32, 'J', NULL, 'San Juan', NULL, 1, '2022-02-12 22:24:49', '2022-02-12 22:24:49'),
(37, 32, 'D', NULL, 'San Luis', NULL, 1, '2022-02-12 22:24:49', '2022-02-12 22:24:49'),
(38, 32, 'Z', NULL, 'Santa Cruz', NULL, 1, '2022-02-12 22:24:49', '2022-02-12 22:24:49'),
(39, 32, 'S', NULL, 'Santa Fe', NULL, 1, '2022-02-12 22:24:49', '2022-02-12 22:24:49'),
(40, 32, 'G', NULL, 'Santiago del Estero ', NULL, 1, '2022-02-12 22:24:49', '2022-02-12 22:24:49'),
(41, 32, 'V', NULL, 'Tierra del Fuego', NULL, 1, '2022-02-12 22:24:49', '2022-02-12 22:24:49'),
(42, 32, 'T', NULL, 'Tucumán ', NULL, 1, '2022-02-12 22:24:49', '2022-02-12 22:24:49'),
(43, 40, '1', NULL, 'Burgenland', NULL, 1, '2022-02-12 22:24:49', '2022-02-12 22:24:49'),
(44, 40, '2', NULL, 'Kärnten', NULL, 1, '2022-02-12 22:24:49', '2022-02-12 22:24:49'),
(45, 40, '3', NULL, 'Niederösterreich', NULL, 1, '2022-02-12 22:24:49', '2022-02-12 22:24:49'),
(46, 40, '4', NULL, 'Oberösterreich', NULL, 1, '2022-02-12 22:24:49', '2022-02-12 22:24:49'),
(47, 40, '5', NULL, 'Salzburg', NULL, 1, '2022-02-12 22:24:49', '2022-02-12 22:24:49'),
(48, 40, '6', NULL, 'Steiermark', NULL, 1, '2022-02-12 22:24:49', '2022-02-12 22:24:49'),
(49, 40, '7', NULL, 'Tirol', NULL, 1, '2022-02-12 22:24:49', '2022-02-12 22:24:49'),
(50, 40, '8', NULL, 'Vorarlberg', NULL, 1, '2022-02-12 22:24:49', '2022-02-12 22:24:49'),
(51, 40, '9', NULL, 'Wien', NULL, 1, '2022-02-12 22:24:49', '2022-02-12 22:24:49'),
(52, 36, 'ACT', NULL, 'Australian Capital Territory', NULL, 1, '2022-02-12 22:24:49', '2022-02-12 22:24:49'),
(53, 36, 'CX', NULL, 'Christmas Island', NULL, 1, '2022-02-12 22:24:49', '2022-02-12 22:24:49'),
(54, 36, 'CC', NULL, 'Cocos Islands', NULL, 1, '2022-02-12 22:24:49', '2022-02-12 22:24:49'),
(55, 36, 'HM', NULL, 'Heard Island and McDonald Islands', NULL, 1, '2022-02-12 22:24:49', '2022-02-12 22:24:49'),
(56, 36, 'NSW', NULL, 'New South Wales', NULL, 1, '2022-02-12 22:24:49', '2022-02-12 22:24:49'),
(57, 36, 'NF', NULL, 'Norfolk Island', NULL, 1, '2022-02-12 22:24:49', '2022-02-12 22:24:49'),
(58, 36, 'NT', NULL, 'Northern Territory', NULL, 1, '2022-02-12 22:24:49', '2022-02-12 22:24:49'),
(59, 36, 'QLD', NULL, 'Queensland', NULL, 1, '2022-02-12 22:24:49', '2022-02-12 22:24:49'),
(60, 36, 'SA', NULL, 'South Australia', NULL, 1, '2022-02-12 22:24:49', '2022-02-12 22:24:49'),
(61, 36, 'TAS', NULL, 'Tasmania', NULL, 1, '2022-02-12 22:24:49', '2022-02-12 22:24:49'),
(62, 36, 'VIC', NULL, 'Victoria', NULL, 1, '2022-02-12 22:24:49', '2022-02-12 22:24:49'),
(63, 36, 'WA', NULL, 'Western Australia', NULL, 1, '2022-02-12 22:24:49', '2022-02-12 22:24:49'),
(64, 50, 'A', NULL, 'Barisal', NULL, 1, '2022-02-12 22:24:49', '2022-02-12 22:24:49'),
(65, 50, 'B', NULL, 'Chittagong', NULL, 1, '2022-02-12 22:24:49', '2022-02-12 22:24:49'),
(66, 50, 'C', NULL, 'Dhaka', NULL, 1, '2022-02-12 22:24:49', '2022-02-12 22:24:49'),
(67, 50, 'D', NULL, 'Khulna', NULL, 1, '2022-02-12 22:24:49', '2022-02-12 22:24:49'),
(68, 50, 'H', NULL, 'Mymensingh', NULL, 1, '2022-02-12 22:24:49', '2022-02-12 22:24:49'),
(69, 50, 'E', NULL, 'Rajshahi', NULL, 1, '2022-02-12 22:24:49', '2022-02-12 22:24:49'),
(70, 50, 'F', NULL, 'Rangpur', NULL, 1, '2022-02-12 22:24:49', '2022-02-12 22:24:49'),
(71, 50, 'G', NULL, 'Sylhet', NULL, 1, '2022-02-12 22:24:49', '2022-02-12 22:24:49'),
(72, 56, 'VAN', NULL, 'Antwerpen', NULL, 1, '2022-02-12 22:24:49', '2022-02-12 22:24:49'),
(73, 56, 'WBR', NULL, 'Brabant wallon', NULL, 1, '2022-02-12 22:24:49', '2022-02-12 22:24:49'),
(74, 56, 'WHT', NULL, 'Hainaut', NULL, 1, '2022-02-12 22:24:49', '2022-02-12 22:24:49'),
(75, 56, 'VLI', NULL, 'Limburg', NULL, 1, '2022-02-12 22:24:49', '2022-02-12 22:24:49'),
(76, 56, 'WLG', NULL, 'Luik', NULL, 1, '2022-02-12 22:24:49', '2022-02-12 22:24:49'),
(77, 56, 'WLX', NULL, 'Luxemburg', NULL, 1, '2022-02-12 22:24:49', '2022-02-12 22:24:49'),
(78, 56, 'WNA', NULL, 'Namur', NULL, 1, '2022-02-12 22:24:49', '2022-02-12 22:24:49'),
(79, 56, 'VOV', NULL, 'Oost-Vlaanderen', NULL, 1, '2022-02-12 22:24:49', '2022-02-12 22:24:49'),
(80, 56, 'VBR', NULL, 'Vlaams-Brabant', NULL, 1, '2022-02-12 22:24:49', '2022-02-12 22:24:49'),
(81, 56, 'VWV', NULL, 'West-Vlaanderen', NULL, 1, '2022-02-12 22:24:49', '2022-02-12 22:24:49'),
(82, 48, '14', NULL, 'Al Janūbīyah', NULL, 1, '2022-02-12 22:24:49', '2022-02-12 22:24:49'),
(83, 48, '13', NULL, 'Al Manāmah', NULL, 1, '2022-02-12 22:24:49', '2022-02-12 22:24:49'),
(84, 48, '15', NULL, 'Al Muḩarraq', NULL, 1, '2022-02-12 22:24:49', '2022-02-12 22:24:49'),
(85, 48, '16', NULL, 'Al Wusţá', NULL, 1, '2022-02-12 22:24:49', '2022-02-12 22:24:49'),
(86, 48, '17', NULL, 'Ash Shamālīyah ', NULL, 1, '2022-02-12 22:24:49', '2022-02-12 22:24:49'),
(87, 204, 'AL', NULL, 'Alibori', NULL, 1, '2022-02-12 22:24:49', '2022-02-12 22:24:49'),
(88, 204, 'AK', NULL, 'Atakora', NULL, 1, '2022-02-12 22:24:49', '2022-02-12 22:24:49'),
(89, 204, 'AQ', NULL, 'Atlantique', NULL, 1, '2022-02-12 22:24:49', '2022-02-12 22:24:49'),
(90, 204, 'BO', NULL, 'Borgou', NULL, 1, '2022-02-12 22:24:49', '2022-02-12 22:24:49'),
(91, 204, 'CO', NULL, 'Collines', NULL, 1, '2022-02-12 22:24:49', '2022-02-12 22:24:49'),
(92, 204, 'DO', NULL, 'Donga', NULL, 1, '2022-02-12 22:24:49', '2022-02-12 22:24:49'),
(93, 204, 'KO', NULL, 'Kouffo', NULL, 1, '2022-02-12 22:24:49', '2022-02-12 22:24:49'),
(94, 204, 'LI', NULL, 'Littoral', NULL, 1, '2022-02-12 22:24:49', '2022-02-12 22:24:49'),
(95, 204, 'MO', NULL, 'Mono', NULL, 1, '2022-02-12 22:24:49', '2022-02-12 22:24:49'),
(96, 204, 'OU', NULL, 'Ouémé', NULL, 1, '2022-02-12 22:24:49', '2022-02-12 22:24:49'),
(97, 204, 'PL', NULL, 'Plateau', NULL, 1, '2022-02-12 22:24:49', '2022-02-12 22:24:49'),
(98, 204, 'ZO', NULL, 'Zou', NULL, 1, '2022-02-12 22:24:49', '2022-02-12 22:24:49'),
(99, 68, 'H', NULL, 'Chuquisaca', NULL, 1, '2022-02-12 22:24:49', '2022-02-12 22:24:49'),
(100, 68, 'C', NULL, 'Cochabamba', NULL, 1, '2022-02-12 22:24:49', '2022-02-12 22:24:49'),
(101, 68, 'B', NULL, 'El Beni', NULL, 1, '2022-02-12 22:24:49', '2022-02-12 22:24:49'),
(102, 68, 'L', NULL, 'La Paz', NULL, 1, '2022-02-12 22:24:49', '2022-02-12 22:24:49'),
(103, 68, 'O', NULL, 'Oruro', NULL, 1, '2022-02-12 22:24:49', '2022-02-12 22:24:49'),
(104, 68, 'N', NULL, 'Pando', NULL, 1, '2022-02-12 22:24:49', '2022-02-12 22:24:49'),
(105, 68, 'P', NULL, 'Potosí', NULL, 1, '2022-02-12 22:24:49', '2022-02-12 22:24:49'),
(106, 68, 'S', NULL, 'Santa Cruz', NULL, 1, '2022-02-12 22:24:49', '2022-02-12 22:24:49'),
(107, 68, 'T', NULL, 'Tarija', NULL, 1, '2022-02-12 22:24:49', '2022-02-12 22:24:49'),
(108, 76, 'AC', NULL, 'Acre', NULL, 1, '2022-02-12 22:24:49', '2022-02-12 22:24:49'),
(109, 76, 'AL', NULL, 'Alagoas', NULL, 1, '2022-02-12 22:24:49', '2022-02-12 22:24:49'),
(110, 76, 'AP', NULL, 'Amapá', NULL, 1, '2022-02-12 22:24:49', '2022-02-12 22:24:49'),
(111, 76, 'AM', NULL, 'Amazonas', NULL, 1, '2022-02-12 22:24:49', '2022-02-12 22:24:49'),
(112, 76, 'BA', NULL, 'Bahia', NULL, 1, '2022-02-12 22:24:49', '2022-02-12 22:24:49'),
(113, 76, 'CE', NULL, 'Ceará', NULL, 1, '2022-02-12 22:24:49', '2022-02-12 22:24:49'),
(114, 76, 'DF', NULL, 'Distrito Federal', NULL, 1, '2022-02-12 22:24:49', '2022-02-12 22:24:49'),
(115, 76, 'ES', NULL, 'Espírito Santo', NULL, 1, '2022-02-12 22:24:49', '2022-02-12 22:24:49'),
(116, 76, 'GO', NULL, 'Goiás', NULL, 1, '2022-02-12 22:24:49', '2022-02-12 22:24:49'),
(117, 76, 'MA', NULL, 'Maranhão', NULL, 1, '2022-02-12 22:24:49', '2022-02-12 22:24:49'),
(118, 76, 'MT', NULL, 'Mato Grosso', NULL, 1, '2022-02-12 22:24:49', '2022-02-12 22:24:49'),
(119, 76, 'MS', NULL, 'Mato Grosso do Sul', NULL, 1, '2022-02-12 22:24:49', '2022-02-12 22:24:49'),
(120, 76, 'MG', NULL, 'Minas Gerais', NULL, 1, '2022-02-12 22:24:49', '2022-02-12 22:24:49'),
(121, 76, 'PR', NULL, 'Paraná', NULL, 1, '2022-02-12 22:24:49', '2022-02-12 22:24:49'),
(122, 76, 'PB', NULL, 'Paraíba', NULL, 1, '2022-02-12 22:24:49', '2022-02-12 22:24:49'),
(123, 76, 'PA', NULL, 'Pará', NULL, 1, '2022-02-12 22:24:49', '2022-02-12 22:24:49'),
(124, 76, 'PE', NULL, 'Pernambuco', NULL, 1, '2022-02-12 22:24:49', '2022-02-12 22:24:49'),
(125, 76, 'PI', NULL, 'Piauí', NULL, 1, '2022-02-12 22:24:49', '2022-02-12 22:24:49'),
(126, 76, 'RN', NULL, 'Rio Grande do Norte', NULL, 1, '2022-02-12 22:24:49', '2022-02-12 22:24:49'),
(127, 76, 'RS', NULL, 'Rio Grande do Sul', NULL, 1, '2022-02-12 22:24:49', '2022-02-12 22:24:49'),
(128, 76, 'RJ', NULL, 'Rio de Janeiro', NULL, 1, '2022-02-12 22:24:49', '2022-02-12 22:24:49'),
(129, 76, 'RO', NULL, 'Rondônia', NULL, 1, '2022-02-12 22:24:49', '2022-02-12 22:24:49'),
(130, 76, 'RR', NULL, 'Roraima', NULL, 1, '2022-02-12 22:24:49', '2022-02-12 22:24:49'),
(131, 76, 'SC', NULL, 'Santa Catarina', NULL, 1, '2022-02-12 22:24:49', '2022-02-12 22:24:49'),
(132, 76, 'SE', NULL, 'Sergipe', NULL, 1, '2022-02-12 22:24:49', '2022-02-12 22:24:49'),
(133, 76, 'SP', NULL, 'São Paulo', NULL, 1, '2022-02-12 22:24:49', '2022-02-12 22:24:49'),
(134, 76, 'TO', NULL, 'Tocantins', NULL, 1, '2022-02-12 22:24:49', '2022-02-12 22:24:49'),
(135, 124, 'AB', NULL, 'Alberta', NULL, 1, '2022-02-12 22:24:49', '2022-02-12 22:24:49'),
(136, 124, 'BC', NULL, 'British Columbia', NULL, 1, '2022-02-12 22:24:49', '2022-02-12 22:24:49'),
(137, 124, 'MB', NULL, 'Manitoba', NULL, 1, '2022-02-12 22:24:49', '2022-02-12 22:24:49'),
(138, 124, 'NB', NULL, 'New Brunswick', NULL, 1, '2022-02-12 22:24:49', '2022-02-12 22:24:49'),
(139, 124, 'NL', NULL, 'Newfoundland and Labrador', NULL, 1, '2022-02-12 22:24:49', '2022-02-12 22:24:49'),
(140, 124, 'NT', NULL, 'Northwest Territories', NULL, 1, '2022-02-12 22:24:49', '2022-02-12 22:24:49'),
(141, 124, 'NS', NULL, 'Nova Scotia', NULL, 1, '2022-02-12 22:24:49', '2022-02-12 22:24:49'),
(142, 124, 'NU', NULL, 'Nunavut', NULL, 1, '2022-02-12 22:24:49', '2022-02-12 22:24:49'),
(143, 124, 'ON', NULL, 'Ontario', NULL, 1, '2022-02-12 22:24:49', '2022-02-12 22:24:49'),
(144, 124, 'PE', NULL, 'Prince Edward Island', NULL, 1, '2022-02-12 22:24:49', '2022-02-12 22:24:49'),
(145, 124, 'QC', NULL, 'Quebec', NULL, 1, '2022-02-12 22:24:49', '2022-02-12 22:24:49'),
(146, 124, 'SK', NULL, 'Saskatchewan', NULL, 1, '2022-02-12 22:24:49', '2022-02-12 22:24:49'),
(147, 124, 'YT', NULL, 'Yukon', NULL, 1, '2022-02-12 22:24:49', '2022-02-12 22:24:49'),
(148, 152, 'AI', NULL, 'Aisén del General Carlos Ibáñez del Campo', NULL, 1, '2022-02-12 22:24:49', '2022-02-12 22:24:49'),
(149, 152, 'AN', NULL, 'Antofagasta', NULL, 1, '2022-02-12 22:24:49', '2022-02-12 22:24:49'),
(150, 152, 'AR', NULL, 'Araucanía', NULL, 1, '2022-02-12 22:24:49', '2022-02-12 22:24:49'),
(151, 152, 'AP', NULL, 'Arica y Parinacota', NULL, 1, '2022-02-12 22:24:49', '2022-02-12 22:24:49'),
(152, 152, 'AT', NULL, 'Atacama', NULL, 1, '2022-02-12 22:24:49', '2022-02-12 22:24:49'),
(153, 152, 'BI', NULL, 'Bío-Bío', NULL, 1, '2022-02-12 22:24:49', '2022-02-12 22:24:49'),
(154, 152, 'CO', NULL, 'Coquimbo', NULL, 1, '2022-02-12 22:24:49', '2022-02-12 22:24:49'),
(155, 152, 'LI', NULL, 'Libertador General Bernardo O\'Higgins', NULL, 1, '2022-02-12 22:24:49', '2022-02-12 22:24:49'),
(156, 152, 'LL', NULL, 'Los Lagos', NULL, 1, '2022-02-12 22:24:49', '2022-02-12 22:24:49'),
(157, 152, 'LR', NULL, 'Los Ríos', NULL, 1, '2022-02-12 22:24:49', '2022-02-12 22:24:49'),
(158, 152, 'MA', NULL, 'Magallanes', NULL, 1, '2022-02-12 22:24:49', '2022-02-12 22:24:49'),
(159, 152, 'ML', NULL, 'Maule', NULL, 1, '2022-02-12 22:24:49', '2022-02-12 22:24:49'),
(160, 152, 'RM', NULL, 'Región Metropolitana de Santiago', NULL, 1, '2022-02-12 22:24:49', '2022-02-12 22:24:49'),
(161, 152, 'TA', NULL, 'Tarapacá', NULL, 1, '2022-02-12 22:24:49', '2022-02-12 22:24:49'),
(162, 152, 'VS', NULL, 'Valparaíso', NULL, 1, '2022-02-12 22:24:49', '2022-02-12 22:24:49'),
(163, 120, 'AD', NULL, 'Adamaoua', NULL, 1, '2022-02-12 22:24:49', '2022-02-12 22:24:49'),
(164, 120, 'CE', NULL, 'Centre', NULL, 1, '2022-02-12 22:24:49', '2022-02-12 22:24:49'),
(165, 120, 'ES', NULL, 'East', NULL, 1, '2022-02-12 22:24:49', '2022-02-12 22:24:49'),
(166, 120, 'EN', NULL, 'Far North', NULL, 1, '2022-02-12 22:24:49', '2022-02-12 22:24:49'),
(167, 120, 'LT', NULL, 'Littoral', NULL, 1, '2022-02-12 22:24:49', '2022-02-12 22:24:49'),
(168, 120, 'NO', NULL, 'North', NULL, 1, '2022-02-12 22:24:49', '2022-02-12 22:24:49'),
(169, 120, 'NW', NULL, 'North-West', NULL, 1, '2022-02-12 22:24:49', '2022-02-12 22:24:49'),
(170, 120, 'SU', NULL, 'South', NULL, 1, '2022-02-12 22:24:49', '2022-02-12 22:24:49'),
(171, 120, 'SW', NULL, 'South-West', NULL, 1, '2022-02-12 22:24:49', '2022-02-12 22:24:49'),
(172, 120, 'OU', NULL, 'West', NULL, 1, '2022-02-12 22:24:49', '2022-02-12 22:24:49'),
(173, 156, '沪', NULL, '上海', NULL, 1, '2022-02-12 22:24:49', '2022-02-12 22:24:49'),
(174, 156, '滇', NULL, '云南', NULL, 1, '2022-02-12 22:24:49', '2022-02-12 22:24:49'),
(175, 156, '蒙', NULL, '内蒙古', NULL, 1, '2022-02-12 22:24:49', '2022-02-12 22:24:49'),
(176, 156, '京', NULL, '北京', NULL, 1, '2022-02-12 22:24:49', '2022-02-12 22:24:49'),
(177, 156, '台', NULL, '台湾', NULL, 1, '2022-02-12 22:24:49', '2022-02-12 22:24:49'),
(178, 156, '吉', NULL, '吉林', NULL, 1, '2022-02-12 22:24:49', '2022-02-12 22:24:49'),
(179, 156, '川', NULL, '四川', NULL, 1, '2022-02-12 22:24:49', '2022-02-12 22:24:49'),
(180, 156, '津', NULL, '天津', NULL, 1, '2022-02-12 22:24:49', '2022-02-12 22:24:49'),
(181, 156, '宁', NULL, '宁夏', NULL, 1, '2022-02-12 22:24:49', '2022-02-12 22:24:49'),
(182, 156, '皖', NULL, '安徽', NULL, 1, '2022-02-12 22:24:49', '2022-02-12 22:24:49'),
(183, 156, '鲁', NULL, '山东', NULL, 1, '2022-02-12 22:24:49', '2022-02-12 22:24:49'),
(184, 156, '晋', NULL, '山西', NULL, 1, '2022-02-12 22:24:49', '2022-02-12 22:24:49'),
(185, 156, '粤', NULL, '广东', NULL, 1, '2022-02-12 22:24:49', '2022-02-12 22:24:49'),
(186, 156, '桂', NULL, '广西', NULL, 1, '2022-02-12 22:24:49', '2022-02-12 22:24:49'),
(187, 156, '新', NULL, '新疆', NULL, 1, '2022-02-12 22:24:49', '2022-02-12 22:24:49'),
(188, 156, '苏', NULL, '江苏', NULL, 1, '2022-02-12 22:24:49', '2022-02-12 22:24:49'),
(189, 156, '赣', NULL, '江西', NULL, 1, '2022-02-12 22:24:49', '2022-02-12 22:24:49'),
(190, 156, '冀', NULL, '河北', NULL, 1, '2022-02-12 22:24:49', '2022-02-12 22:24:49'),
(191, 156, '豫', NULL, '河南', NULL, 1, '2022-02-12 22:24:49', '2022-02-12 22:24:49'),
(192, 156, '浙', NULL, '浙江', NULL, 1, '2022-02-12 22:24:49', '2022-02-12 22:24:49'),
(193, 156, '琼', NULL, '海南', NULL, 1, '2022-02-12 22:24:49', '2022-02-12 22:24:49'),
(194, 156, '鄂', NULL, '湖北', NULL, 1, '2022-02-12 22:24:49', '2022-02-12 22:24:49'),
(195, 156, '湘', NULL, '湖南', NULL, 1, '2022-02-12 22:24:49', '2022-02-12 22:24:49'),
(196, 156, '澳', NULL, '澳门', NULL, 1, '2022-02-12 22:24:49', '2022-02-12 22:24:49'),
(197, 156, '甘', NULL, '甘肃', NULL, 1, '2022-02-12 22:24:49', '2022-02-12 22:24:49'),
(198, 156, '闽', NULL, '福建', NULL, 1, '2022-02-12 22:24:49', '2022-02-12 22:24:49'),
(199, 156, '藏', NULL, '西藏', NULL, 1, '2022-02-12 22:24:49', '2022-02-12 22:24:49'),
(200, 156, '黔', NULL, '贵州', NULL, 1, '2022-02-12 22:24:49', '2022-02-12 22:24:49'),
(201, 156, '辽', NULL, '辽宁', NULL, 1, '2022-02-12 22:24:49', '2022-02-12 22:24:49'),
(202, 156, '渝', NULL, '重庆', NULL, 1, '2022-02-12 22:24:49', '2022-02-12 22:24:49'),
(203, 156, '陕', NULL, '陕西', NULL, 1, '2022-02-12 22:24:49', '2022-02-12 22:24:49'),
(204, 156, '青', NULL, '青海', NULL, 1, '2022-02-12 22:24:49', '2022-02-12 22:24:49'),
(205, 156, '港', NULL, '香港', NULL, 1, '2022-02-12 22:24:49', '2022-02-12 22:24:49'),
(206, 156, '黑', NULL, '黑龙江', NULL, 1, '2022-02-12 22:24:49', '2022-02-12 22:24:49'),
(207, 188, 'A', NULL, 'Alajuela Province', NULL, 1, '2022-02-12 22:24:49', '2022-02-12 22:24:49'),
(208, 188, 'C', NULL, 'Cartago Province', NULL, 1, '2022-02-12 22:24:49', '2022-02-12 22:24:49'),
(209, 188, 'G', NULL, 'Guanacaste Province', NULL, 1, '2022-02-12 22:24:49', '2022-02-12 22:24:49'),
(210, 188, 'H', NULL, 'Heredia Province', NULL, 1, '2022-02-12 22:24:49', '2022-02-12 22:24:49'),
(211, 188, 'L', NULL, 'Limón Province', NULL, 1, '2022-02-12 22:24:49', '2022-02-12 22:24:49'),
(212, 188, 'P', NULL, 'Puntarenas Province', NULL, 1, '2022-02-12 22:24:49', '2022-02-12 22:24:49'),
(213, 188, 'SJ', NULL, 'San José', NULL, 1, '2022-02-12 22:24:49', '2022-02-12 22:24:49'),
(214, 276, 'BW', NULL, 'Baden-Württemberg', NULL, 1, '2022-02-12 22:24:49', '2022-02-12 22:24:49'),
(215, 276, 'BY', NULL, 'Bayern', NULL, 1, '2022-02-12 22:24:49', '2022-02-12 22:24:49'),
(216, 276, 'BE', NULL, 'Berlin', NULL, 1, '2022-02-12 22:24:49', '2022-02-12 22:24:49'),
(217, 276, 'BB', NULL, 'Brandenburg', NULL, 1, '2022-02-12 22:24:49', '2022-02-12 22:24:49'),
(218, 276, 'HB', NULL, 'Bremen', NULL, 1, '2022-02-12 22:24:49', '2022-02-12 22:24:49'),
(219, 276, 'HH', NULL, 'Hamburg', NULL, 1, '2022-02-12 22:24:49', '2022-02-12 22:24:49'),
(220, 276, 'HE', NULL, 'Hessen', NULL, 1, '2022-02-12 22:24:49', '2022-02-12 22:24:49'),
(221, 276, 'MV', NULL, 'Mecklenburg-Vorpommern', NULL, 1, '2022-02-12 22:24:49', '2022-02-12 22:24:49'),
(222, 276, 'NI', NULL, 'Niedersachsen', NULL, 1, '2022-02-12 22:24:49', '2022-02-12 22:24:49'),
(223, 276, 'NW', NULL, 'Nordrhein-Westfalen', NULL, 1, '2022-02-12 22:24:49', '2022-02-12 22:24:49'),
(224, 276, 'RP', NULL, 'Rheinland-Pfalz', NULL, 1, '2022-02-12 22:24:49', '2022-02-12 22:24:49'),
(225, 276, 'SL', NULL, 'Saarland', NULL, 1, '2022-02-12 22:24:49', '2022-02-12 22:24:49'),
(226, 276, 'SN', NULL, 'Sachsen', NULL, 1, '2022-02-12 22:24:49', '2022-02-12 22:24:49'),
(227, 276, 'ST', NULL, 'Sachsen-Anhalt', NULL, 1, '2022-02-12 22:24:49', '2022-02-12 22:24:49'),
(228, 276, 'SH', NULL, 'Schleswig-Holstein', NULL, 1, '2022-02-12 22:24:49', '2022-02-12 22:24:49'),
(229, 276, 'TH', NULL, 'Thüringen', NULL, 1, '2022-02-12 22:24:49', '2022-02-12 22:24:49'),
(230, 208, '84', NULL, 'Hovedstaden', NULL, 1, '2022-02-12 22:24:49', '2022-02-12 22:24:49'),
(231, 208, '82', NULL, 'Midtjylland', NULL, 1, '2022-02-12 22:24:49', '2022-02-12 22:24:49'),
(232, 208, '81', NULL, 'Nordjylland', NULL, 1, '2022-02-12 22:24:49', '2022-02-12 22:24:49'),
(233, 208, '85', NULL, 'Sjælland', NULL, 1, '2022-02-12 22:24:49', '2022-02-12 22:24:49'),
(234, 208, '83', NULL, 'Syddanmark', NULL, 1, '2022-02-12 22:24:49', '2022-02-12 22:24:49'),
(235, 818, 'DK', NULL, 'Ad Daqahlīyah', NULL, 1, '2022-02-12 22:24:49', '2022-02-12 22:24:49'),
(236, 818, 'BA', NULL, 'Al Baḩr al Aḩmar', NULL, 1, '2022-02-12 22:24:49', '2022-02-12 22:24:49'),
(237, 818, 'BH', NULL, 'Al Buḩayrah', NULL, 1, '2022-02-12 22:24:49', '2022-02-12 22:24:49'),
(238, 818, 'FYM', NULL, 'Al Fayyūm', NULL, 1, '2022-02-12 22:24:49', '2022-02-12 22:24:49'),
(239, 818, 'GH', NULL, 'Al Gharbīyah', NULL, 1, '2022-02-12 22:24:49', '2022-02-12 22:24:49'),
(240, 818, 'ALX', NULL, 'Al Iskandarīyah', NULL, 1, '2022-02-12 22:24:49', '2022-02-12 22:24:49'),
(241, 818, 'IS', NULL, 'Al Ismā\'īlīyah', NULL, 1, '2022-02-12 22:24:49', '2022-02-12 22:24:49'),
(242, 818, 'GZ', NULL, 'Al Jīzah', NULL, 1, '2022-02-12 22:24:49', '2022-02-12 22:24:49'),
(243, 818, 'MN', NULL, 'Al Minyā', NULL, 1, '2022-02-12 22:24:49', '2022-02-12 22:24:49'),
(244, 818, 'MNF', NULL, 'Al Minūfīyah', NULL, 1, '2022-02-12 22:24:49', '2022-02-12 22:24:49'),
(245, 818, 'KB', NULL, 'Al Qalyūbīyah', NULL, 1, '2022-02-12 22:24:49', '2022-02-12 22:24:49'),
(246, 818, 'C', NULL, 'Al Qāhirah', NULL, 1, '2022-02-12 22:24:49', '2022-02-12 22:24:49'),
(247, 818, 'LX', NULL, 'Al Uqşur', NULL, 1, '2022-02-12 22:24:49', '2022-02-12 22:24:49'),
(248, 818, 'WAD', NULL, 'Al Wādī al Jadīd', NULL, 1, '2022-02-12 22:24:49', '2022-02-12 22:24:49'),
(249, 818, 'SUZ ', NULL, 'As Suways', NULL, 1, '2022-02-12 22:24:49', '2022-02-12 22:24:49'),
(250, 818, 'SU', NULL, 'As Sādis min Uktūbar', NULL, 1, '2022-02-12 22:24:49', '2022-02-12 22:24:49'),
(251, 818, 'SHR', NULL, 'Ash Sharqīyah', NULL, 1, '2022-02-12 22:24:49', '2022-02-12 22:24:49'),
(252, 818, 'ASN', NULL, 'Aswān', NULL, 1, '2022-02-12 22:24:49', '2022-02-12 22:24:49'),
(253, 818, 'AST', NULL, 'Asyūţ', NULL, 1, '2022-02-12 22:24:49', '2022-02-12 22:24:49'),
(254, 818, 'BNS', NULL, 'Banī Suwayf', NULL, 1, '2022-02-12 22:24:49', '2022-02-12 22:24:49'),
(255, 818, 'PTS', NULL, 'Būr Sa‘īd', NULL, 1, '2022-02-12 22:24:49', '2022-02-12 22:24:49'),
(256, 818, 'DT', NULL, 'Dumyāţ', NULL, 1, '2022-02-12 22:24:49', '2022-02-12 22:24:49'),
(257, 818, 'JS', NULL, 'Janūb Sīnā\'', NULL, 1, '2022-02-12 22:24:49', '2022-02-12 22:24:49'),
(258, 818, 'KFS', NULL, 'Kafr ash Shaykh', NULL, 1, '2022-02-12 22:24:49', '2022-02-12 22:24:49'),
(259, 818, 'MT', NULL, 'Maţrūḩ', NULL, 1, '2022-02-12 22:24:49', '2022-02-12 22:24:49'),
(260, 818, 'KN', NULL, 'Qinā', NULL, 1, '2022-02-12 22:24:49', '2022-02-12 22:24:49'),
(261, 818, 'SIN', NULL, 'Shamāl Sīnā\'', NULL, 1, '2022-02-12 22:24:49', '2022-02-12 22:24:49'),
(262, 818, 'SHG', NULL, 'Sūhāj', NULL, 1, '2022-02-12 22:24:49', '2022-02-12 22:24:49'),
(263, 818, 'HU', NULL, 'Ḩulwān', NULL, 1, '2022-02-12 22:24:49', '2022-02-12 22:24:49'),
(264, 724, 'AB', NULL, 'Albacete', NULL, 1, '2022-02-12 22:24:49', '2022-02-12 22:24:49'),
(265, 724, 'A', NULL, 'Alicante', NULL, 1, '2022-02-12 22:24:49', '2022-02-12 22:24:49'),
(266, 724, 'AL', NULL, 'Almeria', NULL, 1, '2022-02-12 22:24:49', '2022-02-12 22:24:49'),
(267, 724, 'BA', NULL, 'Badajoz', NULL, 1, '2022-02-12 22:24:49', '2022-02-12 22:24:49'),
(268, 724, 'B', NULL, 'Barcelona', NULL, 1, '2022-02-12 22:24:49', '2022-02-12 22:24:49'),
(269, 724, 'BU', NULL, 'Burgos', NULL, 1, '2022-02-12 22:24:49', '2022-02-12 22:24:49'),
(270, 724, 'CS', NULL, 'Castellón', NULL, 1, '2022-02-12 22:24:49', '2022-02-12 22:24:49'),
(271, 724, 'CR', NULL, 'Ciudad Real', NULL, 1, '2022-02-12 22:24:49', '2022-02-12 22:24:49'),
(272, 724, 'CU', NULL, 'Cuenca', NULL, 1, '2022-02-12 22:24:49', '2022-02-12 22:24:49'),
(273, 724, 'CC', NULL, 'Cáceres', NULL, 1, '2022-02-12 22:24:49', '2022-02-12 22:24:49'),
(274, 724, 'CA', NULL, 'Cádiz', NULL, 1, '2022-02-12 22:24:49', '2022-02-12 22:24:49'),
(275, 724, 'CO', NULL, 'Córdoba', NULL, 1, '2022-02-12 22:24:49', '2022-02-12 22:24:49'),
(276, 724, 'GI', NULL, 'Gerona', NULL, 1, '2022-02-12 22:24:49', '2022-02-12 22:24:49'),
(277, 724, 'GR', NULL, 'Granada', NULL, 1, '2022-02-12 22:24:49', '2022-02-12 22:24:49'),
(278, 724, 'GU', NULL, 'Guadalajara', NULL, 1, '2022-02-12 22:24:49', '2022-02-12 22:24:49'),
(279, 724, 'SS', NULL, 'Guipúzcoa', NULL, 1, '2022-02-12 22:24:49', '2022-02-12 22:24:49'),
(280, 724, 'H', NULL, 'Huelva', NULL, 1, '2022-02-12 22:24:49', '2022-02-12 22:24:49'),
(281, 724, 'HU', NULL, 'Huesca', NULL, 1, '2022-02-12 22:24:49', '2022-02-12 22:24:49'),
(282, 724, 'J', NULL, 'Jaén', NULL, 1, '2022-02-12 22:24:49', '2022-02-12 22:24:49'),
(283, 724, 'C', NULL, 'La Coruña', NULL, 1, '2022-02-12 22:24:49', '2022-02-12 22:24:49'),
(284, 724, 'LO', NULL, 'La Rioja', NULL, 1, '2022-02-12 22:24:49', '2022-02-12 22:24:49'),
(285, 724, 'GC', NULL, 'Las Palmas', NULL, 1, '2022-02-12 22:24:49', '2022-02-12 22:24:49'),
(286, 724, 'LE', NULL, 'León', NULL, 1, '2022-02-12 22:24:49', '2022-02-12 22:24:49'),
(287, 724, 'LU', NULL, 'Lugo', NULL, 1, '2022-02-12 22:24:49', '2022-02-12 22:24:49'),
(288, 724, 'L', NULL, 'Lérida', NULL, 1, '2022-02-12 22:24:49', '2022-02-12 22:24:49'),
(289, 724, 'M', NULL, 'Madrid', NULL, 1, '2022-02-12 22:24:49', '2022-02-12 22:24:49'),
(290, 724, 'MU', NULL, 'Murcia', NULL, 1, '2022-02-12 22:24:49', '2022-02-12 22:24:49'),
(291, 724, 'MA', NULL, 'Málaga', NULL, 1, '2022-02-12 22:24:49', '2022-02-12 22:24:49'),
(292, 724, 'OU', NULL, 'Orense', NULL, 1, '2022-02-12 22:24:49', '2022-02-12 22:24:49'),
(293, 724, 'P', NULL, 'Palencia', NULL, 1, '2022-02-12 22:24:49', '2022-02-12 22:24:49'),
(294, 724, 'PO', NULL, 'Pontevedra', NULL, 1, '2022-02-12 22:24:49', '2022-02-12 22:24:49'),
(295, 724, 'SA', NULL, 'Salamanca', NULL, 1, '2022-02-12 22:24:49', '2022-02-12 22:24:49'),
(296, 724, 'SG', NULL, 'Segovia', NULL, 1, '2022-02-12 22:24:49', '2022-02-12 22:24:49'),
(297, 724, 'SE', NULL, 'Sevilla', NULL, 1, '2022-02-12 22:24:49', '2022-02-12 22:24:49'),
(298, 724, 'SO', NULL, 'Soria', NULL, 1, '2022-02-12 22:24:49', '2022-02-12 22:24:49'),
(299, 724, 'T', NULL, 'Tarragona', NULL, 1, '2022-02-12 22:24:49', '2022-02-12 22:24:49'),
(300, 724, 'TF', NULL, 'Tenerife', NULL, 1, '2022-02-12 22:24:49', '2022-02-12 22:24:49'),
(301, 724, 'TE', NULL, 'Teruel', NULL, 1, '2022-02-12 22:24:49', '2022-02-12 22:24:49'),
(302, 724, 'TO', NULL, 'Toledo', NULL, 1, '2022-02-12 22:24:49', '2022-02-12 22:24:49'),
(303, 724, 'V', NULL, 'Valencia', NULL, 1, '2022-02-12 22:24:49', '2022-02-12 22:24:49'),
(304, 724, 'VA', NULL, 'Valladolid', NULL, 1, '2022-02-12 22:24:49', '2022-02-12 22:24:49'),
(305, 724, 'BI', NULL, 'Vizcaya', NULL, 1, '2022-02-12 22:24:49', '2022-02-12 22:24:49'),
(306, 724, 'ZA', NULL, 'Zamora', NULL, 1, '2022-02-12 22:24:49', '2022-02-12 22:24:49'),
(307, 724, 'Z', NULL, 'Zaragoza', NULL, 1, '2022-02-12 22:24:49', '2022-02-12 22:24:49'),
(308, 724, 'VI', NULL, 'Álava', NULL, 1, '2022-02-12 22:24:49', '2022-02-12 22:24:49'),
(309, 724, 'AV', NULL, 'Ávila', NULL, 1, '2022-02-12 22:24:49', '2022-02-12 22:24:49'),
(310, 250, 'ARA', NULL, 'Auvergne-Rhône-Alpes', NULL, 1, '2022-02-12 22:24:49', '2022-02-12 22:24:49'),
(311, 250, 'BFC', NULL, 'Bourgogne-Franche-Comté', NULL, 1, '2022-02-12 22:24:49', '2022-02-12 22:24:49'),
(312, 250, 'BRE', NULL, 'Bretagne', NULL, 1, '2022-02-12 22:24:49', '2022-02-12 22:24:49'),
(313, 250, 'CVL', NULL, 'Centre-Val de Loire', NULL, 1, '2022-02-12 22:24:49', '2022-02-12 22:24:49'),
(314, 250, 'COR', NULL, 'Corse', NULL, 1, '2022-02-12 22:24:49', '2022-02-12 22:24:49'),
(315, 250, 'GES', NULL, 'Grand-Est', NULL, 1, '2022-02-12 22:24:49', '2022-02-12 22:24:49'),
(316, 250, 'GUA', NULL, 'Guadeloupe', NULL, 1, '2022-02-12 22:24:49', '2022-02-12 22:24:49'),
(317, 250, 'HDF', NULL, 'Hauts-de-France', NULL, 1, '2022-02-12 22:24:49', '2022-02-12 22:24:49'),
(318, 250, 'LRE', NULL, 'La Réunion', NULL, 1, '2022-02-12 22:24:49', '2022-02-12 22:24:49'),
(319, 250, 'MAY', NULL, 'Mayotte', NULL, 1, '2022-02-12 22:24:49', '2022-02-12 22:24:49'),
(320, 250, 'NOR', NULL, 'Normandie', NULL, 1, '2022-02-12 22:24:49', '2022-02-12 22:24:49'),
(321, 250, 'NAQ', NULL, 'Nouvelle-Aquitaine', NULL, 1, '2022-02-12 22:24:49', '2022-02-12 22:24:49'),
(322, 250, 'OCC', NULL, 'Occitanie', NULL, 1, '2022-02-12 22:24:49', '2022-02-12 22:24:49'),
(323, 250, 'PDL', NULL, 'Pays-de-la-Loire', NULL, 1, '2022-02-12 22:24:49', '2022-02-12 22:24:49'),
(324, 250, 'PAC', NULL, 'Provence-Alpes-Côte-d’Azur', NULL, 1, '2022-02-12 22:24:49', '2022-02-12 22:24:49'),
(325, 250, 'IDF', NULL, 'Île-de-France', NULL, 1, '2022-02-12 22:24:49', '2022-02-12 22:24:49'),
(326, 826, 'ABE', NULL, 'Aberdeen City', NULL, 1, '2022-02-12 22:24:49', '2022-02-12 22:24:49'),
(327, 826, 'ABD', NULL, 'Aberdeenshire', NULL, 1, '2022-02-12 22:24:49', '2022-02-12 22:24:49'),
(328, 826, 'ANS', NULL, 'Angus', NULL, 1, '2022-02-12 22:24:49', '2022-02-12 22:24:49'),
(329, 826, 'ANT', NULL, 'Antrim', NULL, 1, '2022-02-12 22:24:49', '2022-02-12 22:24:49'),
(330, 826, 'ARD', NULL, 'Ards', NULL, 1, '2022-02-12 22:24:49', '2022-02-12 22:24:49'),
(331, 826, 'AGB', NULL, 'Argyll and Bute', NULL, 1, '2022-02-12 22:24:49', '2022-02-12 22:24:49'),
(332, 826, 'ARM', NULL, 'Armagh', NULL, 1, '2022-02-12 22:24:49', '2022-02-12 22:24:49'),
(333, 826, 'BLA', NULL, 'Ballymena', NULL, 1, '2022-02-12 22:24:49', '2022-02-12 22:24:49'),
(334, 826, 'BLY', NULL, 'Ballymoney', NULL, 1, '2022-02-12 22:24:49', '2022-02-12 22:24:49'),
(335, 826, 'BNB', NULL, 'Banbridge', NULL, 1, '2022-02-12 22:24:49', '2022-02-12 22:24:49'),
(336, 826, 'BDG', NULL, 'Barking and Dagenham', NULL, 1, '2022-02-12 22:24:49', '2022-02-12 22:24:49'),
(337, 826, 'BNE', NULL, 'Barnet', NULL, 1, '2022-02-12 22:24:49', '2022-02-12 22:24:49'),
(338, 826, 'BNS', NULL, 'Barnsley', NULL, 1, '2022-02-12 22:24:49', '2022-02-12 22:24:49'),
(339, 826, 'BAS', NULL, 'Bath and North East Somerset', NULL, 1, '2022-02-12 22:24:49', '2022-02-12 22:24:49'),
(340, 826, 'BDF', NULL, 'Bedfordshire', NULL, 1, '2022-02-12 22:24:49', '2022-02-12 22:24:49'),
(341, 826, 'BFS', NULL, 'Belfast', NULL, 1, '2022-02-12 22:24:49', '2022-02-12 22:24:49'),
(342, 826, 'BEX', NULL, 'Bexley', NULL, 1, '2022-02-12 22:24:49', '2022-02-12 22:24:49'),
(343, 826, 'BIR', NULL, 'Birmingham', NULL, 1, '2022-02-12 22:24:49', '2022-02-12 22:24:49'),
(344, 826, 'BBD', NULL, 'Blackburn with Darwen', NULL, 1, '2022-02-12 22:24:49', '2022-02-12 22:24:49'),
(345, 826, 'BPL', NULL, 'Blackpool', NULL, 1, '2022-02-12 22:24:49', '2022-02-12 22:24:49'),
(346, 826, 'BGW', NULL, 'Blaenau Gwent', NULL, 1, '2022-02-12 22:24:49', '2022-02-12 22:24:49'),
(347, 826, 'BOL', NULL, 'Bolton', NULL, 1, '2022-02-12 22:24:49', '2022-02-12 22:24:49'),
(348, 826, 'BMH', NULL, 'Bournemouth', NULL, 1, '2022-02-12 22:24:49', '2022-02-12 22:24:49'),
(349, 826, 'BRC', NULL, 'Bracknell Forest', NULL, 1, '2022-02-12 22:24:49', '2022-02-12 22:24:49'),
(350, 826, 'BRD', NULL, 'Bradford', NULL, 1, '2022-02-12 22:24:49', '2022-02-12 22:24:49'),
(351, 826, 'BEN', NULL, 'Brent', NULL, 1, '2022-02-12 22:24:49', '2022-02-12 22:24:49'),
(352, 826, 'BGE', NULL, 'Bridgend [Pen-y-bont ar Ogwr GB-POG]', NULL, 1, '2022-02-12 22:24:49', '2022-02-12 22:24:49'),
(353, 826, 'BNH', NULL, 'Brighton and Hove', NULL, 1, '2022-02-12 22:24:49', '2022-02-12 22:24:49'),
(354, 826, 'BST', NULL, 'Bristol, City of', NULL, 1, '2022-02-12 22:24:49', '2022-02-12 22:24:49'),
(355, 826, 'BRY', NULL, 'Bromley', NULL, 1, '2022-02-12 22:24:49', '2022-02-12 22:24:49'),
(356, 826, 'BKM', NULL, 'Buckinghamshire', NULL, 1, '2022-02-12 22:24:49', '2022-02-12 22:24:49'),
(357, 826, 'BUR', NULL, 'Bury', NULL, 1, '2022-02-12 22:24:49', '2022-02-12 22:24:49'),
(358, 826, 'CAY', NULL, 'Caerphilly [Caerffili GB-CAF]', NULL, 1, '2022-02-12 22:24:49', '2022-02-12 22:24:49'),
(359, 826, 'CLD', NULL, 'Calderdale', NULL, 1, '2022-02-12 22:24:49', '2022-02-12 22:24:49'),
(360, 826, 'CAM', NULL, 'Cambridgeshire', NULL, 1, '2022-02-12 22:24:49', '2022-02-12 22:24:49'),
(361, 826, 'CMD', NULL, 'Camden', NULL, 1, '2022-02-12 22:24:49', '2022-02-12 22:24:49'),
(362, 826, 'CRF', NULL, 'Cardiff [Caerdydd GB-CRD]', NULL, 1, '2022-02-12 22:24:49', '2022-02-12 22:24:49'),
(363, 826, 'CMN', NULL, 'Carmarthenshire [Sir Gaerfyrddin GB-GFY]', NULL, 1, '2022-02-12 22:24:49', '2022-02-12 22:24:49'),
(364, 826, 'CKF', NULL, 'Carrickfergus', NULL, 1, '2022-02-12 22:24:49', '2022-02-12 22:24:49'),
(365, 826, 'CSR', NULL, 'Castlereagh', NULL, 1, '2022-02-12 22:24:49', '2022-02-12 22:24:49'),
(366, 826, 'CBF', NULL, 'Central Bedfordshire', NULL, 1, '2022-02-12 22:24:49', '2022-02-12 22:24:49'),
(367, 826, 'CGN', NULL, 'Ceredigion [Sir Ceredigion]', NULL, 1, '2022-02-12 22:24:49', '2022-02-12 22:24:49'),
(368, 826, 'CHE', NULL, 'Cheshire East', NULL, 1, '2022-02-12 22:24:49', '2022-02-12 22:24:49'),
(369, 826, 'CHW', NULL, 'Cheshire West and Chester', NULL, 1, '2022-02-12 22:24:49', '2022-02-12 22:24:49'),
(370, 826, 'CLK', NULL, 'Clackmannanshire', NULL, 1, '2022-02-12 22:24:49', '2022-02-12 22:24:49'),
(371, 826, 'CLR', NULL, 'Coleraine', NULL, 1, '2022-02-12 22:24:49', '2022-02-12 22:24:49'),
(372, 826, 'CWY', NULL, 'Conwy', NULL, 1, '2022-02-12 22:24:49', '2022-02-12 22:24:49'),
(373, 826, 'CKT', NULL, 'Cookstown', NULL, 1, '2022-02-12 22:24:49', '2022-02-12 22:24:49'),
(374, 826, 'CON', NULL, 'Cornwall', NULL, 1, '2022-02-12 22:24:49', '2022-02-12 22:24:49'),
(375, 826, 'COV', NULL, 'Coventry', NULL, 1, '2022-02-12 22:24:49', '2022-02-12 22:24:49'),
(376, 826, 'CGV', NULL, 'Craigavon', NULL, 1, '2022-02-12 22:24:49', '2022-02-12 22:24:49'),
(377, 826, 'CRY', NULL, 'Croydon', NULL, 1, '2022-02-12 22:24:49', '2022-02-12 22:24:49'),
(378, 826, 'CMA', NULL, 'Cumbria', NULL, 1, '2022-02-12 22:24:49', '2022-02-12 22:24:49'),
(379, 826, 'DAL', NULL, 'Darlington', NULL, 1, '2022-02-12 22:24:49', '2022-02-12 22:24:49'),
(380, 826, 'DEN', NULL, 'Denbighshire [Sir Ddinbych GB-DDB]', NULL, 1, '2022-02-12 22:24:49', '2022-02-12 22:24:49'),
(381, 826, 'DER', NULL, 'Derby', NULL, 1, '2022-02-12 22:24:49', '2022-02-12 22:24:49'),
(382, 826, 'DBY', NULL, 'Derbyshire', NULL, 1, '2022-02-12 22:24:49', '2022-02-12 22:24:49'),
(383, 826, 'DRY', NULL, 'Derry', NULL, 1, '2022-02-12 22:24:49', '2022-02-12 22:24:49'),
(384, 826, 'DEV', NULL, 'Devon', NULL, 1, '2022-02-12 22:24:49', '2022-02-12 22:24:49'),
(385, 826, 'DNC', NULL, 'Doncaster', NULL, 1, '2022-02-12 22:24:49', '2022-02-12 22:24:49'),
(386, 826, 'DOR', NULL, 'Dorset', NULL, 1, '2022-02-12 22:24:49', '2022-02-12 22:24:49'),
(387, 826, 'DOW', NULL, 'Down', NULL, 1, '2022-02-12 22:24:49', '2022-02-12 22:24:49'),
(388, 826, 'DUD', NULL, 'Dudley', NULL, 1, '2022-02-12 22:24:49', '2022-02-12 22:24:49'),
(389, 826, 'DGY', NULL, 'Dumfries and Galloway', NULL, 1, '2022-02-12 22:24:49', '2022-02-12 22:24:49'),
(390, 826, 'DND', NULL, 'Dundee City', NULL, 1, '2022-02-12 22:24:49', '2022-02-12 22:24:49'),
(391, 826, 'DGN', NULL, 'Dungannon', NULL, 1, '2022-02-12 22:24:49', '2022-02-12 22:24:49'),
(392, 826, 'DUR', NULL, 'Durham', NULL, 1, '2022-02-12 22:24:49', '2022-02-12 22:24:49'),
(393, 826, 'EAL', NULL, 'Ealing', NULL, 1, '2022-02-12 22:24:49', '2022-02-12 22:24:49'),
(394, 826, 'EAY', NULL, 'East Ayrshire', NULL, 1, '2022-02-12 22:24:49', '2022-02-12 22:24:49'),
(395, 826, 'EDU', NULL, 'East Dunbartonshire', NULL, 1, '2022-02-12 22:24:49', '2022-02-12 22:24:49'),
(396, 826, 'ELN', NULL, 'East Lothian', NULL, 1, '2022-02-12 22:24:49', '2022-02-12 22:24:49'),
(397, 826, 'ERW', NULL, 'East Renfrewshire', NULL, 1, '2022-02-12 22:24:49', '2022-02-12 22:24:49'),
(398, 826, 'ERY', NULL, 'East Riding of Yorkshire', NULL, 1, '2022-02-12 22:24:49', '2022-02-12 22:24:49'),
(399, 826, 'ESX', NULL, 'East Sussex', NULL, 1, '2022-02-12 22:24:49', '2022-02-12 22:24:49'),
(400, 826, 'EDH', NULL, 'Edinburgh, City of', NULL, 1, '2022-02-12 22:24:49', '2022-02-12 22:24:49'),
(401, 826, 'ELS', NULL, 'Eilean Siar', NULL, 1, '2022-02-12 22:24:49', '2022-02-12 22:24:49'),
(402, 826, 'ENF', NULL, 'Enfield', NULL, 1, '2022-02-12 22:24:49', '2022-02-12 22:24:49'),
(403, 826, 'ESS', NULL, 'Essex', NULL, 1, '2022-02-12 22:24:49', '2022-02-12 22:24:49'),
(404, 826, 'FAL', NULL, 'Falkirk', NULL, 1, '2022-02-12 22:24:49', '2022-02-12 22:24:49'),
(405, 826, 'FER', NULL, 'Fermanagh', NULL, 1, '2022-02-12 22:24:49', '2022-02-12 22:24:49'),
(406, 826, 'FIF', NULL, 'Fife', NULL, 1, '2022-02-12 22:24:49', '2022-02-12 22:24:49'),
(407, 826, 'FLN', NULL, 'Flintshire [Sir y Fflint GB-FFL]', NULL, 1, '2022-02-12 22:24:49', '2022-02-12 22:24:49'),
(408, 826, 'GAT', NULL, 'Gateshead', NULL, 1, '2022-02-12 22:24:49', '2022-02-12 22:24:49'),
(409, 826, 'GLG', NULL, 'Glasgow City', NULL, 1, '2022-02-12 22:24:49', '2022-02-12 22:24:49'),
(410, 826, 'GLS', NULL, 'Gloucestershire', NULL, 1, '2022-02-12 22:24:49', '2022-02-12 22:24:49'),
(411, 826, 'GRE', NULL, 'Greenwich', NULL, 1, '2022-02-12 22:24:49', '2022-02-12 22:24:49'),
(412, 826, 'GWN', NULL, 'Gwynedd', NULL, 1, '2022-02-12 22:24:49', '2022-02-12 22:24:49'),
(413, 826, 'HCK', NULL, 'Hackney', NULL, 1, '2022-02-12 22:24:49', '2022-02-12 22:24:49'),
(414, 826, 'HAL', NULL, 'Halton', NULL, 1, '2022-02-12 22:24:49', '2022-02-12 22:24:49'),
(415, 826, 'HMF', NULL, 'Hammersmith and Fulham', NULL, 1, '2022-02-12 22:24:49', '2022-02-12 22:24:49'),
(416, 826, 'HAM', NULL, 'Hampshire', NULL, 1, '2022-02-12 22:24:49', '2022-02-12 22:24:49'),
(417, 826, 'HRY', NULL, 'Haringey', NULL, 1, '2022-02-12 22:24:49', '2022-02-12 22:24:49'),
(418, 826, 'HRW', NULL, 'Harrow', NULL, 1, '2022-02-12 22:24:49', '2022-02-12 22:24:49'),
(419, 826, 'HPL', NULL, 'Hartlepool', NULL, 1, '2022-02-12 22:24:49', '2022-02-12 22:24:49'),
(420, 826, 'HAV', NULL, 'Havering', NULL, 1, '2022-02-12 22:24:49', '2022-02-12 22:24:49'),
(421, 826, 'HEF', NULL, 'Herefordshire, County of', NULL, 1, '2022-02-12 22:24:49', '2022-02-12 22:24:49'),
(422, 826, 'HRT', NULL, 'Hertfordshire', NULL, 1, '2022-02-12 22:24:49', '2022-02-12 22:24:49'),
(423, 826, 'HLD', NULL, 'Highland', NULL, 1, '2022-02-12 22:24:49', '2022-02-12 22:24:49'),
(424, 826, 'HIL', NULL, 'Hillingdon', NULL, 1, '2022-02-12 22:24:49', '2022-02-12 22:24:49'),
(425, 826, 'HNS', NULL, 'Hounslow', NULL, 1, '2022-02-12 22:24:49', '2022-02-12 22:24:49'),
(426, 826, 'IVC', NULL, 'Inverclyde', NULL, 1, '2022-02-12 22:24:49', '2022-02-12 22:24:49'),
(427, 826, 'AGY', NULL, 'Isle of Anglesey [Sir Ynys Môn GB-YNM]', NULL, 1, '2022-02-12 22:24:49', '2022-02-12 22:24:49'),
(428, 826, 'IOW', NULL, 'Isle of Wight', NULL, 1, '2022-02-12 22:24:49', '2022-02-12 22:24:49'),
(429, 826, 'ISL', NULL, 'Islington', NULL, 1, '2022-02-12 22:24:49', '2022-02-12 22:24:49'),
(430, 826, 'KEC', NULL, 'Kensington and Chelsea', NULL, 1, '2022-02-12 22:24:49', '2022-02-12 22:24:49'),
(431, 826, 'KEN', NULL, 'Kent', NULL, 1, '2022-02-12 22:24:49', '2022-02-12 22:24:49'),
(432, 826, 'KHL', NULL, 'Kingston upon Hull, City of', NULL, 1, '2022-02-12 22:24:49', '2022-02-12 22:24:49'),
(433, 826, 'KTT', NULL, 'Kingston upon Thames', NULL, 1, '2022-02-12 22:24:49', '2022-02-12 22:24:49'),
(434, 826, 'KIR', NULL, 'Kirklees', NULL, 1, '2022-02-12 22:24:49', '2022-02-12 22:24:49'),
(435, 826, 'KWL', NULL, 'Knowsley', NULL, 1, '2022-02-12 22:24:49', '2022-02-12 22:24:49'),
(436, 826, 'LBH', NULL, 'Lambeth', NULL, 1, '2022-02-12 22:24:49', '2022-02-12 22:24:49'),
(437, 826, 'LAN', NULL, 'Lancashire', NULL, 1, '2022-02-12 22:24:49', '2022-02-12 22:24:49'),
(438, 826, 'LRN', NULL, 'Larne', NULL, 1, '2022-02-12 22:24:49', '2022-02-12 22:24:49'),
(439, 826, 'LDS', NULL, 'Leeds', NULL, 1, '2022-02-12 22:24:49', '2022-02-12 22:24:49'),
(440, 826, 'LCE', NULL, 'Leicester', NULL, 1, '2022-02-12 22:24:49', '2022-02-12 22:24:49'),
(441, 826, 'LEC', NULL, 'Leicestershire', NULL, 1, '2022-02-12 22:24:49', '2022-02-12 22:24:49'),
(442, 826, 'LEW', NULL, 'Lewisham', NULL, 1, '2022-02-12 22:24:49', '2022-02-12 22:24:49'),
(443, 826, 'LMV', NULL, 'Limavady', NULL, 1, '2022-02-12 22:24:49', '2022-02-12 22:24:49'),
(444, 826, 'LIN', NULL, 'Lincolnshire', NULL, 1, '2022-02-12 22:24:49', '2022-02-12 22:24:49'),
(445, 826, 'LSB', NULL, 'Lisburn', NULL, 1, '2022-02-12 22:24:49', '2022-02-12 22:24:49'),
(446, 826, 'LIV', NULL, 'Liverpool', NULL, 1, '2022-02-12 22:24:49', '2022-02-12 22:24:49'),
(447, 826, 'LND', NULL, 'London, City of', NULL, 1, '2022-02-12 22:24:49', '2022-02-12 22:24:49'),
(448, 826, 'LUT', NULL, 'Luton', NULL, 1, '2022-02-12 22:24:49', '2022-02-12 22:24:49'),
(449, 826, 'MFT', NULL, 'Magherafelt', NULL, 1, '2022-02-12 22:24:49', '2022-02-12 22:24:49'),
(450, 826, 'MAN', NULL, 'Manchester', NULL, 1, '2022-02-12 22:24:49', '2022-02-12 22:24:49'),
(451, 826, 'MDW', NULL, 'Medway', NULL, 1, '2022-02-12 22:24:49', '2022-02-12 22:24:49'),
(452, 826, 'MTY', NULL, 'Merthyr Tydfil [Merthyr Tudful GB-MTU]', NULL, 1, '2022-02-12 22:24:49', '2022-02-12 22:24:49'),
(453, 826, 'MRT', NULL, 'Merton', NULL, 1, '2022-02-12 22:24:49', '2022-02-12 22:24:49'),
(454, 826, 'MDB', NULL, 'Middlesbrough', NULL, 1, '2022-02-12 22:24:49', '2022-02-12 22:24:49'),
(455, 826, 'MLN', NULL, 'Midlothian', NULL, 1, '2022-02-12 22:24:49', '2022-02-12 22:24:49'),
(456, 826, 'MIK', NULL, 'Milton Keynes', NULL, 1, '2022-02-12 22:24:49', '2022-02-12 22:24:49'),
(457, 826, 'MON', NULL, 'Monmouthshire [Sir Fynwy GB-FYN]', NULL, 1, '2022-02-12 22:24:49', '2022-02-12 22:24:49'),
(458, 826, 'MRY', NULL, 'Moray', NULL, 1, '2022-02-12 22:24:49', '2022-02-12 22:24:49'),
(459, 826, 'MYL', NULL, 'Moyle', NULL, 1, '2022-02-12 22:24:49', '2022-02-12 22:24:49'),
(460, 826, 'NTL', NULL, 'Neath Port Talbot [Castell-nedd Port Talbot GB-CTL]', NULL, 1, '2022-02-12 22:24:49', '2022-02-12 22:24:49'),
(461, 826, 'NET', NULL, 'Newcastle upon Tyne', NULL, 1, '2022-02-12 22:24:49', '2022-02-12 22:24:49'),
(462, 826, 'NWM', NULL, 'Newham', NULL, 1, '2022-02-12 22:24:49', '2022-02-12 22:24:49'),
(463, 826, 'NWP', NULL, 'Newport [Casnewydd GB-CNW]', NULL, 1, '2022-02-12 22:24:49', '2022-02-12 22:24:49'),
(464, 826, 'NYM', NULL, 'Newry and Mourne', NULL, 1, '2022-02-12 22:24:49', '2022-02-12 22:24:49'),
(465, 826, 'NTA', NULL, 'Newtownabbey', NULL, 1, '2022-02-12 22:24:49', '2022-02-12 22:24:49'),
(466, 826, 'NFK', NULL, 'Norfolk', NULL, 1, '2022-02-12 22:24:49', '2022-02-12 22:24:49'),
(467, 826, 'NAY', NULL, 'North Ayrshire', NULL, 1, '2022-02-12 22:24:49', '2022-02-12 22:24:49'),
(468, 826, 'NDN', NULL, 'North Down', NULL, 1, '2022-02-12 22:24:49', '2022-02-12 22:24:49'),
(469, 826, 'NEL', NULL, 'North East Lincolnshire', NULL, 1, '2022-02-12 22:24:49', '2022-02-12 22:24:49'),
(470, 826, 'NLK', NULL, 'North Lanarkshire', NULL, 1, '2022-02-12 22:24:49', '2022-02-12 22:24:49'),
(471, 826, 'NLN', NULL, 'North Lincolnshire', NULL, 1, '2022-02-12 22:24:49', '2022-02-12 22:24:49'),
(472, 826, 'NSM', NULL, 'North Somerset', NULL, 1, '2022-02-12 22:24:49', '2022-02-12 22:24:49'),
(473, 826, 'NTY', NULL, 'North Tyneside', NULL, 1, '2022-02-12 22:24:49', '2022-02-12 22:24:49'),
(474, 826, 'NYK', NULL, 'North Yorkshire', NULL, 1, '2022-02-12 22:24:49', '2022-02-12 22:24:49'),
(475, 826, 'NTH', NULL, 'Northamptonshire', NULL, 1, '2022-02-12 22:24:49', '2022-02-12 22:24:49'),
(476, 826, 'NBL', NULL, 'Northumberland', NULL, 1, '2022-02-12 22:24:49', '2022-02-12 22:24:49'),
(477, 826, 'NGM', NULL, 'Nottingham', NULL, 1, '2022-02-12 22:24:49', '2022-02-12 22:24:49'),
(478, 826, 'NTT', NULL, 'Nottinghamshire', NULL, 1, '2022-02-12 22:24:49', '2022-02-12 22:24:49'),
(479, 826, 'OLD', NULL, 'Oldham', NULL, 1, '2022-02-12 22:24:49', '2022-02-12 22:24:49'),
(480, 826, 'OMH', NULL, 'Omagh', NULL, 1, '2022-02-12 22:24:49', '2022-02-12 22:24:49'),
(481, 826, 'ORK', NULL, 'Orkney Islands', NULL, 1, '2022-02-12 22:24:49', '2022-02-12 22:24:49'),
(482, 826, 'OXF', NULL, 'Oxfordshire', NULL, 1, '2022-02-12 22:24:49', '2022-02-12 22:24:49'),
(483, 826, 'PEM', NULL, 'Pembrokeshire [Sir Benfro GB-BNF]', NULL, 1, '2022-02-12 22:24:49', '2022-02-12 22:24:49'),
(484, 826, 'PKN', NULL, 'Perth and Kinross', NULL, 1, '2022-02-12 22:24:49', '2022-02-12 22:24:49'),
(485, 826, 'PTE', NULL, 'Peterborough', NULL, 1, '2022-02-12 22:24:49', '2022-02-12 22:24:49'),
(486, 826, 'PLY', NULL, 'Plymouth', NULL, 1, '2022-02-12 22:24:49', '2022-02-12 22:24:49'),
(487, 826, 'POL', NULL, 'Poole', NULL, 1, '2022-02-12 22:24:49', '2022-02-12 22:24:49'),
(488, 826, 'POR', NULL, 'Portsmouth', NULL, 1, '2022-02-12 22:24:49', '2022-02-12 22:24:49'),
(489, 826, 'POW', NULL, 'Powys', NULL, 1, '2022-02-12 22:24:49', '2022-02-12 22:24:49'),
(490, 826, 'RDG', NULL, 'Reading', NULL, 1, '2022-02-12 22:24:49', '2022-02-12 22:24:49'),
(491, 826, 'RDB', NULL, 'Redbridge', NULL, 1, '2022-02-12 22:24:49', '2022-02-12 22:24:49'),
(492, 826, 'RCC', NULL, 'Redcar and Cleveland', NULL, 1, '2022-02-12 22:24:49', '2022-02-12 22:24:49'),
(493, 826, 'RFW', NULL, 'Renfrewshire', NULL, 1, '2022-02-12 22:24:49', '2022-02-12 22:24:49'),
(494, 826, 'RCT', NULL, 'Rhondda, Cynon, Taff [Rhondda, Cynon,Taf]', NULL, 1, '2022-02-12 22:24:49', '2022-02-12 22:24:49'),
(495, 826, 'RIC', NULL, 'Richmond upon Thames', NULL, 1, '2022-02-12 22:24:49', '2022-02-12 22:24:49'),
(496, 826, 'RCH', NULL, 'Rochdale', NULL, 1, '2022-02-12 22:24:49', '2022-02-12 22:24:49'),
(497, 826, 'ROT', NULL, 'Rotherham', NULL, 1, '2022-02-12 22:24:49', '2022-02-12 22:24:49'),
(498, 826, 'RUT', NULL, 'Rutland', NULL, 1, '2022-02-12 22:24:49', '2022-02-12 22:24:49'),
(499, 826, 'SLF', NULL, 'Salford', NULL, 1, '2022-02-12 22:24:49', '2022-02-12 22:24:49'),
(500, 826, 'SAW', NULL, 'Sandwell', NULL, 1, '2022-02-12 22:24:49', '2022-02-12 22:24:49'),
(501, 826, 'SCB', NULL, 'Scottish Borders, The', NULL, 1, '2022-02-12 22:24:49', '2022-02-12 22:24:49'),
(502, 826, 'SFT', NULL, 'Sefton', NULL, 1, '2022-02-12 22:24:49', '2022-02-12 22:24:49'),
(503, 826, 'SHF', NULL, 'Sheffield', NULL, 1, '2022-02-12 22:24:49', '2022-02-12 22:24:49'),
(504, 826, 'ZET', NULL, 'Shetland Islands', NULL, 1, '2022-02-12 22:24:49', '2022-02-12 22:24:49'),
(505, 826, 'SHR', NULL, 'Shropshire', NULL, 1, '2022-02-12 22:24:49', '2022-02-12 22:24:49'),
(506, 826, 'SLG', NULL, 'Slough', NULL, 1, '2022-02-12 22:24:49', '2022-02-12 22:24:49'),
(507, 826, 'SOL', NULL, 'Solihull', NULL, 1, '2022-02-12 22:24:49', '2022-02-12 22:24:49'),
(508, 826, 'SOM', NULL, 'Somerset', NULL, 1, '2022-02-12 22:24:49', '2022-02-12 22:24:49'),
(509, 826, 'SAY', NULL, 'South Ayrshire', NULL, 1, '2022-02-12 22:24:49', '2022-02-12 22:24:49'),
(510, 826, 'SGC', NULL, 'South Gloucestershire', NULL, 1, '2022-02-12 22:24:49', '2022-02-12 22:24:49'),
(511, 826, 'SLK', NULL, 'South Lanarkshire', NULL, 1, '2022-02-12 22:24:49', '2022-02-12 22:24:49'),
(512, 826, 'STY', NULL, 'South Tyneside', NULL, 1, '2022-02-12 22:24:49', '2022-02-12 22:24:49'),
(513, 826, 'STH', NULL, 'Southampton', NULL, 1, '2022-02-12 22:24:49', '2022-02-12 22:24:49'),
(514, 826, 'SOS', NULL, 'Southend-on-Sea', NULL, 1, '2022-02-12 22:24:49', '2022-02-12 22:24:49'),
(515, 826, 'SWK', NULL, 'Southwark', NULL, 1, '2022-02-12 22:24:49', '2022-02-12 22:24:49'),
(516, 826, 'SHN', NULL, 'St. Helens', NULL, 1, '2022-02-12 22:24:49', '2022-02-12 22:24:49'),
(517, 826, 'STS', NULL, 'Staffordshire', NULL, 1, '2022-02-12 22:24:49', '2022-02-12 22:24:49'),
(518, 826, 'STG', NULL, 'Stirling', NULL, 1, '2022-02-12 22:24:49', '2022-02-12 22:24:49'),
(519, 826, 'SKP', NULL, 'Stockport', NULL, 1, '2022-02-12 22:24:49', '2022-02-12 22:24:49'),
(520, 826, 'STT', NULL, 'Stockton-on-Tees', NULL, 1, '2022-02-12 22:24:49', '2022-02-12 22:24:49'),
(521, 826, 'STE', NULL, 'Stoke-on-Trent', NULL, 1, '2022-02-12 22:24:49', '2022-02-12 22:24:49'),
(522, 826, 'STB', NULL, 'Strabane', NULL, 1, '2022-02-12 22:24:49', '2022-02-12 22:24:49'),
(523, 826, 'SFK', NULL, 'Suffolk', NULL, 1, '2022-02-12 22:24:49', '2022-02-12 22:24:49'),
(524, 826, 'SND', NULL, 'Sunderland', NULL, 1, '2022-02-12 22:24:49', '2022-02-12 22:24:49'),
(525, 826, 'SRY', NULL, 'Surrey', NULL, 1, '2022-02-12 22:24:49', '2022-02-12 22:24:49'),
(526, 826, 'STN', NULL, 'Sutton', NULL, 1, '2022-02-12 22:24:49', '2022-02-12 22:24:49'),
(527, 826, 'SWA', NULL, 'Swansea [Abertawe GB-ATA]', NULL, 1, '2022-02-12 22:24:49', '2022-02-12 22:24:49'),
(528, 826, 'SWD', NULL, 'Swindon', NULL, 1, '2022-02-12 22:24:49', '2022-02-12 22:24:49'),
(529, 826, 'TAM', NULL, 'Tameside', NULL, 1, '2022-02-12 22:24:49', '2022-02-12 22:24:49'),
(530, 826, 'TFW', NULL, 'Telford and Wrekin', NULL, 1, '2022-02-12 22:24:49', '2022-02-12 22:24:49'),
(531, 826, 'THR', NULL, 'Thurrock', NULL, 1, '2022-02-12 22:24:49', '2022-02-12 22:24:49'),
(532, 826, 'TOB', NULL, 'Torbay', NULL, 1, '2022-02-12 22:24:49', '2022-02-12 22:24:49'),
(533, 826, 'TOF', NULL, 'Torfaen [Tor-faen]', NULL, 1, '2022-02-12 22:24:49', '2022-02-12 22:24:49'),
(534, 826, 'TWH', NULL, 'Tower Hamlets', NULL, 1, '2022-02-12 22:24:49', '2022-02-12 22:24:49'),
(535, 826, 'TRF', NULL, 'Trafford', NULL, 1, '2022-02-12 22:24:49', '2022-02-12 22:24:49'),
(536, 826, 'VGL', NULL, 'Vale of Glamorgan, The [Bro Morgannwg GB-BMG]', NULL, 1, '2022-02-12 22:24:49', '2022-02-12 22:24:49'),
(537, 826, 'WKF', NULL, 'Wakefield', NULL, 1, '2022-02-12 22:24:49', '2022-02-12 22:24:49'),
(538, 826, 'WLL', NULL, 'Walsall', NULL, 1, '2022-02-12 22:24:49', '2022-02-12 22:24:49'),
(539, 826, 'WFT', NULL, 'Waltham Forest', NULL, 1, '2022-02-12 22:24:49', '2022-02-12 22:24:49'),
(540, 826, 'WND', NULL, 'Wandsworth', NULL, 1, '2022-02-12 22:24:49', '2022-02-12 22:24:49'),
(541, 826, 'WRT', NULL, 'Warrington', NULL, 1, '2022-02-12 22:24:49', '2022-02-12 22:24:49'),
(542, 826, 'WAR', NULL, 'Warwickshire', NULL, 1, '2022-02-12 22:24:49', '2022-02-12 22:24:49'),
(543, 826, 'WBK', NULL, 'West Berkshire', NULL, 1, '2022-02-12 22:24:49', '2022-02-12 22:24:49'),
(544, 826, 'WDU', NULL, 'West Dunbartonshire', NULL, 1, '2022-02-12 22:24:49', '2022-02-12 22:24:49');
INSERT INTO `states` (`id`, `country_id`, `iso_code`, `iso_numeric`, `name`, `calling_code`, `active`, `created_at`, `updated_at`) VALUES
(545, 826, 'WLN', NULL, 'West Lothian', NULL, 1, '2022-02-12 22:24:49', '2022-02-12 22:24:49'),
(546, 826, 'WSX', NULL, 'West Sussex', NULL, 1, '2022-02-12 22:24:49', '2022-02-12 22:24:49'),
(547, 826, 'WSM', NULL, 'Westminster', NULL, 1, '2022-02-12 22:24:49', '2022-02-12 22:24:49'),
(548, 826, 'WGN', NULL, 'Wigan', NULL, 1, '2022-02-12 22:24:49', '2022-02-12 22:24:49'),
(549, 826, 'WIL', NULL, 'Wiltshire', NULL, 1, '2022-02-12 22:24:49', '2022-02-12 22:24:49'),
(550, 826, 'WNM', NULL, 'Windsor and Maidenhead', NULL, 1, '2022-02-12 22:24:49', '2022-02-12 22:24:49'),
(551, 826, 'WRL', NULL, 'Wirral', NULL, 1, '2022-02-12 22:24:49', '2022-02-12 22:24:49'),
(552, 826, 'WOK', NULL, 'Wokingham', NULL, 1, '2022-02-12 22:24:49', '2022-02-12 22:24:49'),
(553, 826, 'WLV', NULL, 'Wolverhampton', NULL, 1, '2022-02-12 22:24:49', '2022-02-12 22:24:49'),
(554, 826, 'WOR', NULL, 'Worcestershire', NULL, 1, '2022-02-12 22:24:49', '2022-02-12 22:24:49'),
(555, 826, 'WRX', NULL, 'Wrexham [Wrecsam GB-WRC]', NULL, 1, '2022-02-12 22:24:49', '2022-02-12 22:24:49'),
(556, 826, 'YOR', NULL, 'York', NULL, 1, '2022-02-12 22:24:49', '2022-02-12 22:24:49'),
(557, 268, 'AB', NULL, 'Abkhazia', NULL, 1, '2022-02-12 22:24:49', '2022-02-12 22:24:49'),
(558, 268, 'AJ', NULL, 'Ajaria', NULL, 1, '2022-02-12 22:24:49', '2022-02-12 22:24:49'),
(559, 268, 'GU', NULL, 'Guria', NULL, 1, '2022-02-12 22:24:49', '2022-02-12 22:24:49'),
(560, 268, 'IM', NULL, 'Imeret\'i', NULL, 1, '2022-02-12 22:24:49', '2022-02-12 22:24:49'),
(561, 268, 'KK', NULL, 'K\'vemo K\'art\'li', NULL, 1, '2022-02-12 22:24:49', '2022-02-12 22:24:49'),
(562, 268, 'KA', NULL, 'Kakhet\'i', NULL, 1, '2022-02-12 22:24:49', '2022-02-12 22:24:49'),
(563, 268, 'MM', NULL, 'Mts\'khet\'a-Mt\'ianet\'i', NULL, 1, '2022-02-12 22:24:49', '2022-02-12 22:24:49'),
(564, 268, 'RL', NULL, 'Racha-Lech\'khumi-K\'vemo Svanet\'i', NULL, 1, '2022-02-12 22:24:49', '2022-02-12 22:24:49'),
(565, 268, 'SZ', NULL, 'Samegrelo-Zemo Svanet\'i', NULL, 1, '2022-02-12 22:24:49', '2022-02-12 22:24:49'),
(566, 268, 'SJ', NULL, 'Samts\'khe-Javakhet\'i', NULL, 1, '2022-02-12 22:24:49', '2022-02-12 22:24:49'),
(567, 268, 'SK', NULL, 'Shida K\'art\'li', NULL, 1, '2022-02-12 22:24:49', '2022-02-12 22:24:49'),
(568, 268, 'TB', NULL, 'T\'bilisi', NULL, 1, '2022-02-12 22:24:49', '2022-02-12 22:24:49'),
(569, 288, 'AH', NULL, 'Ashanti', NULL, 1, '2022-02-12 22:24:49', '2022-02-12 22:24:49'),
(570, 288, 'BA', NULL, 'Brong-Ahafo', NULL, 1, '2022-02-12 22:24:49', '2022-02-12 22:24:49'),
(571, 288, 'CP', NULL, 'Central', NULL, 1, '2022-02-12 22:24:49', '2022-02-12 22:24:49'),
(572, 288, 'EP', NULL, 'Eastern', NULL, 1, '2022-02-12 22:24:49', '2022-02-12 22:24:49'),
(573, 288, 'AA', NULL, 'Greater Accra', NULL, 1, '2022-02-12 22:24:49', '2022-02-12 22:24:49'),
(574, 288, 'NP', NULL, 'Northern', NULL, 1, '2022-02-12 22:24:49', '2022-02-12 22:24:49'),
(575, 288, 'UE', NULL, 'Upper East', NULL, 1, '2022-02-12 22:24:49', '2022-02-12 22:24:49'),
(576, 288, 'UW', NULL, 'Upper West', NULL, 1, '2022-02-12 22:24:49', '2022-02-12 22:24:49'),
(577, 288, 'TV', NULL, 'Volta', NULL, 1, '2022-02-12 22:24:49', '2022-02-12 22:24:49'),
(578, 288, 'WP', NULL, 'Western', NULL, 1, '2022-02-12 22:24:49', '2022-02-12 22:24:49'),
(579, 360, 'BA', NULL, 'Bali', NULL, 1, '2022-02-12 22:24:49', '2022-02-12 22:24:49'),
(580, 360, 'BB', NULL, 'Bangka–Belitung Islands', NULL, 1, '2022-02-12 22:24:49', '2022-02-12 22:24:49'),
(581, 360, 'BT', NULL, 'Banten', NULL, 1, '2022-02-12 22:24:49', '2022-02-12 22:24:49'),
(582, 360, 'BE', NULL, 'Bengkulu', NULL, 1, '2022-02-12 22:24:49', '2022-02-12 22:24:49'),
(583, 360, 'JT', NULL, 'Central Java', NULL, 1, '2022-02-12 22:24:49', '2022-02-12 22:24:49'),
(584, 360, 'KT', NULL, 'Central Kalimantan', NULL, 1, '2022-02-12 22:24:49', '2022-02-12 22:24:49'),
(585, 360, 'ST', NULL, 'Central Sulawesi', NULL, 1, '2022-02-12 22:24:49', '2022-02-12 22:24:49'),
(586, 360, 'JI', NULL, 'East Java', NULL, 1, '2022-02-12 22:24:49', '2022-02-12 22:24:49'),
(587, 360, 'KI', NULL, 'East Kalimantan', NULL, 1, '2022-02-12 22:24:49', '2022-02-12 22:24:49'),
(588, 360, 'NT', NULL, 'East Nusa Tenggara', NULL, 1, '2022-02-12 22:24:49', '2022-02-12 22:24:49'),
(589, 360, 'GO', NULL, 'Gorontalo', NULL, 1, '2022-02-12 22:24:49', '2022-02-12 22:24:49'),
(590, 360, 'JK', NULL, 'Jakarta Special Capital Region', NULL, 1, '2022-02-12 22:24:49', '2022-02-12 22:24:49'),
(591, 360, 'JA', NULL, 'Jambi', NULL, 1, '2022-02-12 22:24:49', '2022-02-12 22:24:49'),
(592, 360, 'LA', NULL, 'Lampung', NULL, 1, '2022-02-12 22:24:49', '2022-02-12 22:24:49'),
(593, 360, 'MA', NULL, 'Maluku', NULL, 1, '2022-02-12 22:24:49', '2022-02-12 22:24:49'),
(594, 360, 'KU', NULL, 'North Kalimantan', NULL, 1, '2022-02-12 22:24:49', '2022-02-12 22:24:49'),
(595, 360, 'MU', NULL, 'North Maluku', NULL, 1, '2022-02-12 22:24:49', '2022-02-12 22:24:49'),
(596, 360, 'SA', NULL, 'North Sulawesi', NULL, 1, '2022-02-12 22:24:49', '2022-02-12 22:24:49'),
(597, 360, 'SU', NULL, 'North Sumatra', NULL, 1, '2022-02-12 22:24:49', '2022-02-12 22:24:49'),
(598, 360, 'RI', NULL, 'Riau', NULL, 1, '2022-02-12 22:24:49', '2022-02-12 22:24:49'),
(599, 360, 'KR', NULL, 'Riau Islands', NULL, 1, '2022-02-12 22:24:49', '2022-02-12 22:24:49'),
(600, 360, 'KS', NULL, 'South Kalimantan', NULL, 1, '2022-02-12 22:24:49', '2022-02-12 22:24:49'),
(601, 360, 'SN', NULL, 'South Sulawesi', NULL, 1, '2022-02-12 22:24:49', '2022-02-12 22:24:49'),
(602, 360, 'SS', NULL, 'South Sumatra', NULL, 1, '2022-02-12 22:24:49', '2022-02-12 22:24:49'),
(603, 360, 'SG', NULL, 'Southeast Sulawesi', NULL, 1, '2022-02-12 22:24:49', '2022-02-12 22:24:49'),
(604, 360, 'AC', NULL, 'Special Region of Aceh', NULL, 1, '2022-02-12 22:24:49', '2022-02-12 22:24:49'),
(605, 360, 'PA', NULL, 'Special Region of Papua', NULL, 1, '2022-02-12 22:24:49', '2022-02-12 22:24:49'),
(606, 360, 'PB', NULL, 'Special Region of West Papua', NULL, 1, '2022-02-12 22:24:49', '2022-02-12 22:24:49'),
(607, 360, 'JB', NULL, 'West Java', NULL, 1, '2022-02-12 22:24:49', '2022-02-12 22:24:49'),
(608, 360, 'KB', NULL, 'West Kalimantan', NULL, 1, '2022-02-12 22:24:49', '2022-02-12 22:24:49'),
(609, 360, 'NB', NULL, 'West Nusa Tenggara', NULL, 1, '2022-02-12 22:24:49', '2022-02-12 22:24:49'),
(610, 360, 'SR', NULL, 'West Sulawesi', NULL, 1, '2022-02-12 22:24:49', '2022-02-12 22:24:49'),
(611, 360, 'SB', NULL, 'West Sumatra', NULL, 1, '2022-02-12 22:24:49', '2022-02-12 22:24:49'),
(612, 360, 'YO', NULL, 'Yogyakarta', NULL, 1, '2022-02-12 22:24:49', '2022-02-12 22:24:49'),
(613, 376, 'JM', NULL, 'Al Quds / Yerushalayim', NULL, 1, '2022-02-12 22:24:49', '2022-02-12 22:24:49'),
(614, 376, 'D', NULL, 'El Janūbī / HaDarom', NULL, 1, '2022-02-12 22:24:49', '2022-02-12 22:24:49'),
(615, 376, 'Z', NULL, 'Esh Shamālī / Ha Ẕafon', NULL, 1, '2022-02-12 22:24:49', '2022-02-12 22:24:49'),
(616, 376, 'M', NULL, 'HaDarom / HaMerkaz', NULL, 1, '2022-02-12 22:24:49', '2022-02-12 22:24:49'),
(617, 376, 'YOUR', NULL, 'Tell Abīb / Tel Aviv', NULL, 1, '2022-02-12 22:24:49', '2022-02-12 22:24:49'),
(618, 376, 'HA', NULL, 'Ḥeifā / H̱efa', NULL, 1, '2022-02-12 22:24:49', '2022-02-12 22:24:49'),
(619, 356, 'AN', NULL, 'Andaman and Nicobar Islands', NULL, 1, '2022-02-12 22:24:49', '2022-02-12 22:24:49'),
(620, 356, 'AP', NULL, 'Andhra Pradesh', NULL, 1, '2022-02-12 22:24:49', '2022-02-12 22:24:49'),
(621, 356, 'AR', NULL, 'Arunachal Pradesh', NULL, 1, '2022-02-12 22:24:49', '2022-02-12 22:24:49'),
(622, 356, 'AS', NULL, 'Assam', NULL, 1, '2022-02-12 22:24:49', '2022-02-12 22:24:49'),
(623, 356, 'BR', NULL, 'Bihar', NULL, 1, '2022-02-12 22:24:49', '2022-02-12 22:24:49'),
(624, 356, 'CH', NULL, 'Chandigarh', NULL, 1, '2022-02-12 22:24:49', '2022-02-12 22:24:49'),
(625, 356, 'CT', NULL, 'Chhattisgarh', NULL, 1, '2022-02-12 22:24:49', '2022-02-12 22:24:49'),
(626, 356, 'DN', NULL, 'Dadra and Nagar Haveli', NULL, 1, '2022-02-12 22:24:49', '2022-02-12 22:24:49'),
(627, 356, 'DD', NULL, 'Daman and Diu', NULL, 1, '2022-02-12 22:24:49', '2022-02-12 22:24:49'),
(628, 356, 'GA', NULL, 'Goa', NULL, 1, '2022-02-12 22:24:49', '2022-02-12 22:24:49'),
(629, 356, 'GJ', NULL, 'Gujarat', NULL, 1, '2022-02-12 22:24:49', '2022-02-12 22:24:49'),
(630, 356, 'HR', NULL, 'Haryana', NULL, 1, '2022-02-12 22:24:49', '2022-02-12 22:24:49'),
(631, 356, 'HP', NULL, 'Himachal Pradesh', NULL, 1, '2022-02-12 22:24:49', '2022-02-12 22:24:49'),
(632, 356, 'JK', NULL, 'Jammu and Kashmir', NULL, 1, '2022-02-12 22:24:49', '2022-02-12 22:24:49'),
(633, 356, 'JH', NULL, 'Jharkhand', NULL, 1, '2022-02-12 22:24:49', '2022-02-12 22:24:49'),
(634, 356, 'KA', NULL, 'Karnataka', NULL, 1, '2022-02-12 22:24:49', '2022-02-12 22:24:49'),
(635, 356, 'KL', NULL, 'Kerala', NULL, 1, '2022-02-12 22:24:49', '2022-02-12 22:24:49'),
(636, 356, 'LD', NULL, 'Lakshadweep', NULL, 1, '2022-02-12 22:24:49', '2022-02-12 22:24:49'),
(637, 356, 'MP', NULL, 'Madhya Pradesh', NULL, 1, '2022-02-12 22:24:49', '2022-02-12 22:24:49'),
(638, 356, 'MH', NULL, 'Maharashtra', NULL, 1, '2022-02-12 22:24:49', '2022-02-12 22:24:49'),
(639, 356, 'MN', NULL, 'Manipur', NULL, 1, '2022-02-12 22:24:49', '2022-02-12 22:24:49'),
(640, 356, 'ML', NULL, 'Meghalaya', NULL, 1, '2022-02-12 22:24:49', '2022-02-12 22:24:49'),
(641, 356, 'MZ', NULL, 'Mizoram', NULL, 1, '2022-02-12 22:24:49', '2022-02-12 22:24:49'),
(642, 356, 'NL', NULL, 'Nagaland', NULL, 1, '2022-02-12 22:24:49', '2022-02-12 22:24:49'),
(643, 356, 'DL', NULL, 'National Capital Territory of Delhi', NULL, 1, '2022-02-12 22:24:49', '2022-02-12 22:24:49'),
(644, 356, 'OR', NULL, 'Odisha', NULL, 1, '2022-02-12 22:24:49', '2022-02-12 22:24:49'),
(645, 356, 'PY', NULL, 'Puducherry', NULL, 1, '2022-02-12 22:24:49', '2022-02-12 22:24:49'),
(646, 356, 'PB', NULL, 'Punjab', NULL, 1, '2022-02-12 22:24:49', '2022-02-12 22:24:49'),
(647, 356, 'RJ', NULL, 'Rajasthan', NULL, 1, '2022-02-12 22:24:49', '2022-02-12 22:24:49'),
(648, 356, 'SK', NULL, 'Sikkim', NULL, 1, '2022-02-12 22:24:49', '2022-02-12 22:24:49'),
(649, 356, 'TN', NULL, 'Tamil Nadu', NULL, 1, '2022-02-12 22:24:49', '2022-02-12 22:24:49'),
(650, 356, 'TG', NULL, 'Telangana', NULL, 1, '2022-02-12 22:24:49', '2022-02-12 22:24:49'),
(651, 356, 'TR', NULL, 'Tripura', NULL, 1, '2022-02-12 22:24:49', '2022-02-12 22:24:49'),
(652, 356, 'UP', NULL, 'Uttar Pradesh', NULL, 1, '2022-02-12 22:24:49', '2022-02-12 22:24:49'),
(653, 356, 'UT', NULL, 'Uttarakhand', NULL, 1, '2022-02-12 22:24:49', '2022-02-12 22:24:49'),
(654, 356, 'WB', NULL, 'West Bengal', NULL, 1, '2022-02-12 22:24:49', '2022-02-12 22:24:49'),
(655, 380, '65', NULL, 'Abruzzo', NULL, 1, '2022-02-12 22:24:49', '2022-02-12 22:24:49'),
(656, 380, '23', NULL, 'Aosta Valley', NULL, 1, '2022-02-12 22:24:49', '2022-02-12 22:24:49'),
(657, 380, '75', NULL, 'Apulia', NULL, 1, '2022-02-12 22:24:49', '2022-02-12 22:24:49'),
(658, 380, '77', NULL, 'Basilicata', NULL, 1, '2022-02-12 22:24:49', '2022-02-12 22:24:49'),
(659, 380, '78', NULL, 'Calabria', NULL, 1, '2022-02-12 22:24:49', '2022-02-12 22:24:49'),
(660, 380, '72', NULL, 'Campania', NULL, 1, '2022-02-12 22:24:49', '2022-02-12 22:24:49'),
(661, 380, '45', NULL, 'Emilia-Romagna', NULL, 1, '2022-02-12 22:24:49', '2022-02-12 22:24:49'),
(662, 380, '36', NULL, 'Friuli Venezia Giulia', NULL, 1, '2022-02-12 22:24:49', '2022-02-12 22:24:49'),
(663, 380, '62', NULL, 'Lazio', NULL, 1, '2022-02-12 22:24:49', '2022-02-12 22:24:49'),
(664, 380, '42', NULL, 'Liguria', NULL, 1, '2022-02-12 22:24:49', '2022-02-12 22:24:49'),
(665, 380, '25', NULL, 'Lombardy', NULL, 1, '2022-02-12 22:24:49', '2022-02-12 22:24:49'),
(666, 380, '57', NULL, 'Marche', NULL, 1, '2022-02-12 22:24:49', '2022-02-12 22:24:49'),
(667, 380, '67', NULL, 'Molise', NULL, 1, '2022-02-12 22:24:49', '2022-02-12 22:24:49'),
(668, 380, '21', NULL, 'Piedmont', NULL, 1, '2022-02-12 22:24:49', '2022-02-12 22:24:49'),
(669, 380, '88', NULL, 'Sardinia', NULL, 1, '2022-02-12 22:24:49', '2022-02-12 22:24:49'),
(670, 380, '82', NULL, 'Sicily', NULL, 1, '2022-02-12 22:24:49', '2022-02-12 22:24:49'),
(671, 380, '32', NULL, 'Trentino-South Tyrol', NULL, 1, '2022-02-12 22:24:49', '2022-02-12 22:24:49'),
(672, 380, '52', NULL, 'Tuscany', NULL, 1, '2022-02-12 22:24:49', '2022-02-12 22:24:49'),
(673, 380, '55', NULL, 'Umbria', NULL, 1, '2022-02-12 22:24:49', '2022-02-12 22:24:49'),
(674, 380, '34', NULL, 'Veneto', NULL, 1, '2022-02-12 22:24:49', '2022-02-12 22:24:49'),
(675, 392, '23', NULL, 'Aiti', NULL, 1, '2022-02-12 22:24:49', '2022-02-12 22:24:49'),
(676, 392, '05', NULL, 'Akita', NULL, 1, '2022-02-12 22:24:49', '2022-02-12 22:24:49'),
(677, 392, '02', NULL, 'Aomori', NULL, 1, '2022-02-12 22:24:49', '2022-02-12 22:24:49'),
(678, 392, '38', NULL, 'Ehime', NULL, 1, '2022-02-12 22:24:49', '2022-02-12 22:24:49'),
(679, 392, '21', NULL, 'Gihu', NULL, 1, '2022-02-12 22:24:49', '2022-02-12 22:24:49'),
(680, 392, '10', NULL, 'Gunma', NULL, 1, '2022-02-12 22:24:49', '2022-02-12 22:24:49'),
(681, 392, '34', NULL, 'Hirosima', NULL, 1, '2022-02-12 22:24:49', '2022-02-12 22:24:49'),
(682, 392, '01', NULL, 'Hokkaidô', NULL, 1, '2022-02-12 22:24:49', '2022-02-12 22:24:49'),
(683, 392, '18', NULL, 'Hukui', NULL, 1, '2022-02-12 22:24:49', '2022-02-12 22:24:49'),
(684, 392, '40', NULL, 'Hukuoka', NULL, 1, '2022-02-12 22:24:49', '2022-02-12 22:24:49'),
(685, 392, '07', NULL, 'Hukusima', NULL, 1, '2022-02-12 22:24:49', '2022-02-12 22:24:49'),
(686, 392, '28', NULL, 'Hyôgo', NULL, 1, '2022-02-12 22:24:49', '2022-02-12 22:24:49'),
(687, 392, '08', NULL, 'Ibaraki', NULL, 1, '2022-02-12 22:24:49', '2022-02-12 22:24:49'),
(688, 392, '17', NULL, 'Isikawa', NULL, 1, '2022-02-12 22:24:49', '2022-02-12 22:24:49'),
(689, 392, '03', NULL, 'Iwate', NULL, 1, '2022-02-12 22:24:49', '2022-02-12 22:24:49'),
(690, 392, '37', NULL, 'Kagawa', NULL, 1, '2022-02-12 22:24:49', '2022-02-12 22:24:49'),
(691, 392, '46', NULL, 'Kagosima', NULL, 1, '2022-02-12 22:24:49', '2022-02-12 22:24:49'),
(692, 392, '14', NULL, 'Kanagawa ', NULL, 1, '2022-02-12 22:24:49', '2022-02-12 22:24:49'),
(693, 392, '43', NULL, 'Kumamoto ', NULL, 1, '2022-02-12 22:24:49', '2022-02-12 22:24:49'),
(694, 392, '26', NULL, 'Kyôto', NULL, 1, '2022-02-12 22:24:49', '2022-02-12 22:24:49'),
(695, 392, '39', NULL, 'Kôti', NULL, 1, '2022-02-12 22:24:49', '2022-02-12 22:24:49'),
(696, 392, '24', NULL, 'Mie', NULL, 1, '2022-02-12 22:24:49', '2022-02-12 22:24:49'),
(697, 392, '04', NULL, 'Miyagi', NULL, 1, '2022-02-12 22:24:49', '2022-02-12 22:24:49'),
(698, 392, '45', NULL, 'Miyazaki', NULL, 1, '2022-02-12 22:24:49', '2022-02-12 22:24:49'),
(699, 392, '20', NULL, 'Nagano', NULL, 1, '2022-02-12 22:24:49', '2022-02-12 22:24:49'),
(700, 392, '42', NULL, 'Nagasaki', NULL, 1, '2022-02-12 22:24:49', '2022-02-12 22:24:49'),
(701, 392, '29', NULL, 'Nara', NULL, 1, '2022-02-12 22:24:49', '2022-02-12 22:24:49'),
(702, 392, '15', NULL, 'Niigata', NULL, 1, '2022-02-12 22:24:49', '2022-02-12 22:24:49'),
(703, 392, '33', NULL, 'Okayama', NULL, 1, '2022-02-12 22:24:49', '2022-02-12 22:24:49'),
(704, 392, '47', NULL, 'Okinawa', NULL, 1, '2022-02-12 22:24:49', '2022-02-12 22:24:49'),
(705, 392, '41', NULL, 'Saga', NULL, 1, '2022-02-12 22:24:49', '2022-02-12 22:24:49'),
(706, 392, '11', NULL, 'Saitama', NULL, 1, '2022-02-12 22:24:49', '2022-02-12 22:24:49'),
(707, 392, '25', NULL, 'Siga', NULL, 1, '2022-02-12 22:24:49', '2022-02-12 22:24:49'),
(708, 392, '32', NULL, 'Simane', NULL, 1, '2022-02-12 22:24:49', '2022-02-12 22:24:49'),
(709, 392, '22', NULL, 'Sizuoka', NULL, 1, '2022-02-12 22:24:49', '2022-02-12 22:24:49'),
(710, 392, '12', NULL, 'Tiba', NULL, 1, '2022-02-12 22:24:49', '2022-02-12 22:24:49'),
(711, 392, '36', NULL, 'Tokusima', NULL, 1, '2022-02-12 22:24:49', '2022-02-12 22:24:49'),
(712, 392, '09', NULL, 'Totigi', NULL, 1, '2022-02-12 22:24:49', '2022-02-12 22:24:49'),
(713, 392, '31', NULL, 'Tottori', NULL, 1, '2022-02-12 22:24:49', '2022-02-12 22:24:49'),
(714, 392, '16', NULL, 'Toyama', NULL, 1, '2022-02-12 22:24:49', '2022-02-12 22:24:49'),
(715, 392, '13', NULL, 'Tôkyô', NULL, 1, '2022-02-12 22:24:49', '2022-02-12 22:24:49'),
(716, 392, '30', NULL, 'Wakayama', NULL, 1, '2022-02-12 22:24:49', '2022-02-12 22:24:49'),
(717, 392, '06', NULL, 'Yamagata', NULL, 1, '2022-02-12 22:24:49', '2022-02-12 22:24:49'),
(718, 392, '35', NULL, 'Yamaguti', NULL, 1, '2022-02-12 22:24:49', '2022-02-12 22:24:49'),
(719, 392, '19', NULL, 'Yamanasi', NULL, 1, '2022-02-12 22:24:49', '2022-02-12 22:24:49'),
(720, 392, '44', NULL, 'Ôita', NULL, 1, '2022-02-12 22:24:49', '2022-02-12 22:24:49'),
(721, 392, '27', NULL, 'Ôsaka', NULL, 1, '2022-02-12 22:24:49', '2022-02-12 22:24:49'),
(722, 404, '200', NULL, 'Central', NULL, 1, '2022-02-12 22:24:49', '2022-02-12 22:24:49'),
(723, 404, '300', NULL, 'Coast', NULL, 1, '2022-02-12 22:24:49', '2022-02-12 22:24:49'),
(724, 404, '400', NULL, 'Eastern', NULL, 1, '2022-02-12 22:24:49', '2022-02-12 22:24:49'),
(725, 404, '110', NULL, 'Nairobi', NULL, 1, '2022-02-12 22:24:49', '2022-02-12 22:24:49'),
(726, 404, '500', NULL, 'North-Eastern', NULL, 1, '2022-02-12 22:24:49', '2022-02-12 22:24:49'),
(727, 404, '600', NULL, 'Nyanza', NULL, 1, '2022-02-12 22:24:49', '2022-02-12 22:24:49'),
(728, 404, '700', NULL, 'Rift Valley', NULL, 1, '2022-02-12 22:24:49', '2022-02-12 22:24:49'),
(729, 404, '800', NULL, 'Western', NULL, 1, '2022-02-12 22:24:49', '2022-02-12 22:24:49'),
(730, 116, '2', NULL, 'Baat Dambang', NULL, 1, '2022-02-12 22:24:49', '2022-02-12 22:24:49'),
(731, 116, '1', NULL, 'Banteay Mean Chey', NULL, 1, '2022-02-12 22:24:49', '2022-02-12 22:24:49'),
(732, 116, '3', NULL, 'Kampong Chaam', NULL, 1, '2022-02-12 22:24:49', '2022-02-12 22:24:49'),
(733, 116, '4', NULL, 'Kampong Chhnang', NULL, 1, '2022-02-12 22:24:49', '2022-02-12 22:24:49'),
(734, 116, '5', NULL, 'Kampong Spueu', NULL, 1, '2022-02-12 22:24:49', '2022-02-12 22:24:49'),
(735, 116, '6', NULL, 'Kampong Thum', NULL, 1, '2022-02-12 22:24:49', '2022-02-12 22:24:49'),
(736, 116, '7', NULL, 'Kampot', NULL, 1, '2022-02-12 22:24:49', '2022-02-12 22:24:49'),
(737, 116, '8', NULL, 'Kandaal', NULL, 1, '2022-02-12 22:24:49', '2022-02-12 22:24:49'),
(738, 116, '9', NULL, 'Kaoh Kong', NULL, 1, '2022-02-12 22:24:49', '2022-02-12 22:24:49'),
(739, 116, '10', NULL, 'Kracheh', NULL, 1, '2022-02-12 22:24:49', '2022-02-12 22:24:49'),
(740, 116, '23', NULL, 'Krong Kaeb', NULL, 1, '2022-02-12 22:24:49', '2022-02-12 22:24:49'),
(741, 116, '24', NULL, 'Krong Pailin', NULL, 1, '2022-02-12 22:24:49', '2022-02-12 22:24:49'),
(742, 116, '18', NULL, 'Krong Preah Sihanouk', NULL, 1, '2022-02-12 22:24:49', '2022-02-12 22:24:49'),
(743, 116, '11', NULL, 'Mondol Kiri', NULL, 1, '2022-02-12 22:24:49', '2022-02-12 22:24:49'),
(744, 116, '22', NULL, 'Otdar Mean Chey', NULL, 1, '2022-02-12 22:24:49', '2022-02-12 22:24:49'),
(745, 116, '12', NULL, 'Phnom Penh', NULL, 1, '2022-02-12 22:24:49', '2022-02-12 22:24:49'),
(746, 116, '15', NULL, 'Pousaat', NULL, 1, '2022-02-12 22:24:49', '2022-02-12 22:24:49'),
(747, 116, '13', NULL, 'Preah Vihear', NULL, 1, '2022-02-12 22:24:49', '2022-02-12 22:24:49'),
(748, 116, '14', NULL, 'Prey Veaeng', NULL, 1, '2022-02-12 22:24:49', '2022-02-12 22:24:49'),
(749, 116, '16', NULL, 'Rotanak Kiri', NULL, 1, '2022-02-12 22:24:49', '2022-02-12 22:24:49'),
(750, 116, '17', NULL, 'Siem Reab', NULL, 1, '2022-02-12 22:24:49', '2022-02-12 22:24:49'),
(751, 116, '19', NULL, 'Stueng Traeng', NULL, 1, '2022-02-12 22:24:49', '2022-02-12 22:24:49'),
(752, 116, '20', NULL, 'Svaay Rieng', NULL, 1, '2022-02-12 22:24:49', '2022-02-12 22:24:49'),
(753, 116, '21', NULL, 'Taakaev', NULL, 1, '2022-02-12 22:24:49', '2022-02-12 22:24:49'),
(754, 116, '25', NULL, 'Tbong Khmum', NULL, 1, '2022-02-12 22:24:49', '2022-02-12 22:24:49'),
(755, 414, 'AH', NULL, 'Al Aḩmadī', NULL, 1, '2022-02-12 22:24:49', '2022-02-12 22:24:49'),
(756, 414, 'FA', NULL, 'Al Farwānīyah', NULL, 1, '2022-02-12 22:24:49', '2022-02-12 22:24:49'),
(757, 414, 'JA', NULL, 'Al Jahrā’', NULL, 1, '2022-02-12 22:24:49', '2022-02-12 22:24:49'),
(758, 414, 'KU', NULL, 'Al Kuwayt (Al ‘Āşimah)', NULL, 1, '2022-02-12 22:24:49', '2022-02-12 22:24:49'),
(759, 414, 'MU', NULL, 'Mubārak al Kabīr', NULL, 1, '2022-02-12 22:24:49', '2022-02-12 22:24:49'),
(760, 414, 'HA', NULL, 'Ḩawallī', NULL, 1, '2022-02-12 22:24:49', '2022-02-12 22:24:49'),
(761, 422, 'AK', NULL, 'Aakkârâli', NULL, 1, '2022-02-12 22:24:49', '2022-02-12 22:24:49'),
(762, 422, 'BH', NULL, 'Baalbek-Hermel', NULL, 1, '2022-02-12 22:24:49', '2022-02-12 22:24:49'),
(763, 422, 'BA', NULL, 'Beyrouth', NULL, 1, '2022-02-12 22:24:49', '2022-02-12 22:24:49'),
(764, 422, 'BI', NULL, 'Béqaa', NULL, 1, '2022-02-12 22:24:49', '2022-02-12 22:24:49'),
(765, 422, 'AS', NULL, 'Liban-Nordâli', NULL, 1, '2022-02-12 22:24:49', '2022-02-12 22:24:49'),
(766, 422, 'JA', NULL, 'Liban-Sudûbi', NULL, 1, '2022-02-12 22:24:49', '2022-02-12 22:24:49'),
(767, 422, 'JL', NULL, 'Mont-Liban', NULL, 1, '2022-02-12 22:24:49', '2022-02-12 22:24:49'),
(768, 422, 'NA', NULL, 'Nabatîyé', NULL, 1, '2022-02-12 22:24:49', '2022-02-12 22:24:49'),
(769, 144, '52', NULL, 'Ampāra', NULL, 1, '2022-02-12 22:24:49', '2022-02-12 22:24:49'),
(770, 144, '71', NULL, 'Anurādhapura', NULL, 1, '2022-02-12 22:24:49', '2022-02-12 22:24:49'),
(771, 144, '81', NULL, 'Badulla', NULL, 1, '2022-02-12 22:24:49', '2022-02-12 22:24:49'),
(772, 144, '1', NULL, 'Basnāhira paḷāta', NULL, 1, '2022-02-12 22:24:49', '2022-02-12 22:24:49'),
(773, 144, '3', NULL, 'Dakuṇu paḷāta', NULL, 1, '2022-02-12 22:24:49', '2022-02-12 22:24:49'),
(774, 144, '12', NULL, 'Gampaha', NULL, 1, '2022-02-12 22:24:49', '2022-02-12 22:24:49'),
(775, 144, '31', NULL, 'Gālla', NULL, 1, '2022-02-12 22:24:49', '2022-02-12 22:24:49'),
(776, 144, '33', NULL, 'Hambantŏṭa', NULL, 1, '2022-02-12 22:24:49', '2022-02-12 22:24:49'),
(777, 144, '13', NULL, 'Kaḷutara', NULL, 1, '2022-02-12 22:24:49', '2022-02-12 22:24:49'),
(778, 144, '42', NULL, 'Kilinŏchchi', NULL, 1, '2022-02-12 22:24:49', '2022-02-12 22:24:49'),
(779, 144, '61', NULL, 'Kuruṇægala', NULL, 1, '2022-02-12 22:24:49', '2022-02-12 22:24:49'),
(780, 144, '92', NULL, 'Kægalla', NULL, 1, '2022-02-12 22:24:49', '2022-02-12 22:24:49'),
(781, 144, '11', NULL, 'Kŏḷamba', NULL, 1, '2022-02-12 22:24:49', '2022-02-12 22:24:49'),
(782, 144, '2', NULL, 'Madhyama paḷāta', NULL, 1, '2022-02-12 22:24:49', '2022-02-12 22:24:49'),
(783, 144, '21', NULL, 'Mahanuvara', NULL, 1, '2022-02-12 22:24:49', '2022-02-12 22:24:49'),
(784, 144, '43', NULL, 'Mannārama', NULL, 1, '2022-02-12 22:24:49', '2022-02-12 22:24:49'),
(785, 144, '51', NULL, 'Maḍakalapuva', NULL, 1, '2022-02-12 22:24:49', '2022-02-12 22:24:49'),
(786, 144, '45', NULL, 'Mulativ', NULL, 1, '2022-02-12 22:24:49', '2022-02-12 22:24:49'),
(787, 144, '22', NULL, 'Mātale', NULL, 1, '2022-02-12 22:24:49', '2022-02-12 22:24:49'),
(788, 144, '32', NULL, 'Mātara', NULL, 1, '2022-02-12 22:24:49', '2022-02-12 22:24:49'),
(789, 144, '82', NULL, 'Mŏṇarāgala', NULL, 1, '2022-02-12 22:24:49', '2022-02-12 22:24:49'),
(790, 144, '23', NULL, 'Nuvara Ĕliya', NULL, 1, '2022-02-12 22:24:49', '2022-02-12 22:24:49'),
(791, 144, '5', NULL, 'Næ̆gĕnahira paḷāta', NULL, 1, '2022-02-12 22:24:49', '2022-02-12 22:24:49'),
(792, 144, '62', NULL, 'Puttalama', NULL, 1, '2022-02-12 22:24:49', '2022-02-12 22:24:49'),
(793, 144, '72', NULL, 'Pŏḷŏnnaruva', NULL, 1, '2022-02-12 22:24:49', '2022-02-12 22:24:49'),
(794, 144, '91', NULL, 'Ratnapura', NULL, 1, '2022-02-12 22:24:49', '2022-02-12 22:24:49'),
(795, 144, '9', NULL, 'Sabaragamuva paḷāta', NULL, 1, '2022-02-12 22:24:49', '2022-02-12 22:24:49'),
(796, 144, '53', NULL, 'Trikuṇāmalaya', NULL, 1, '2022-02-12 22:24:49', '2022-02-12 22:24:49'),
(797, 144, '4', NULL, 'Uturu paḷāta', NULL, 1, '2022-02-12 22:24:49', '2022-02-12 22:24:49'),
(798, 144, '7', NULL, 'Uturumæ̆da paḷāta', NULL, 1, '2022-02-12 22:24:49', '2022-02-12 22:24:49'),
(799, 144, '44', NULL, 'Vavuniyāva', NULL, 1, '2022-02-12 22:24:49', '2022-02-12 22:24:49'),
(800, 144, '6', NULL, 'Vayamba paḷāta', NULL, 1, '2022-02-12 22:24:49', '2022-02-12 22:24:49'),
(801, 144, '41', NULL, 'Yāpanaya', NULL, 1, '2022-02-12 22:24:49', '2022-02-12 22:24:49'),
(802, 144, '8', NULL, 'Ūva paḷāta', NULL, 1, '2022-02-12 22:24:49', '2022-02-12 22:24:49'),
(803, 484, 'AG', NULL, 'Aguascalientes', NULL, 1, '2022-02-12 22:24:49', '2022-02-12 22:24:49'),
(804, 484, 'BC', NULL, 'Baja California', NULL, 1, '2022-02-12 22:24:49', '2022-02-12 22:24:49'),
(805, 484, 'BS', NULL, 'Baja California Sur', NULL, 1, '2022-02-12 22:24:49', '2022-02-12 22:24:49'),
(806, 484, 'CM', NULL, 'Campeche', NULL, 1, '2022-02-12 22:24:49', '2022-02-12 22:24:49'),
(807, 484, 'CS', NULL, 'Chiapas', NULL, 1, '2022-02-12 22:24:49', '2022-02-12 22:24:49'),
(808, 484, 'CH', NULL, 'Chihuahua', NULL, 1, '2022-02-12 22:24:49', '2022-02-12 22:24:49'),
(809, 484, 'MX', NULL, 'Coahuila', NULL, 1, '2022-02-12 22:24:49', '2022-02-12 22:24:49'),
(810, 484, 'CL', NULL, 'Colima', NULL, 1, '2022-02-12 22:24:49', '2022-02-12 22:24:49'),
(811, 484, 'DG', NULL, 'Durango', NULL, 1, '2022-02-12 22:24:49', '2022-02-12 22:24:49'),
(812, 484, 'DF', NULL, 'Federal District', NULL, 1, '2022-02-12 22:24:49', '2022-02-12 22:24:49'),
(813, 484, 'GT', NULL, 'Guanajuato', NULL, 1, '2022-02-12 22:24:49', '2022-02-12 22:24:49'),
(814, 484, 'GR', NULL, 'Guerrero', NULL, 1, '2022-02-12 22:24:49', '2022-02-12 22:24:49'),
(815, 484, 'HG', NULL, 'Hidalgo', NULL, 1, '2022-02-12 22:24:49', '2022-02-12 22:24:49'),
(816, 484, 'JA', NULL, 'Jalisco', NULL, 1, '2022-02-12 22:24:49', '2022-02-12 22:24:49'),
(817, 484, 'ME', NULL, 'Mexico', NULL, 1, '2022-02-12 22:24:49', '2022-02-12 22:24:49'),
(818, 484, 'MI', NULL, 'Michoacán', NULL, 1, '2022-02-12 22:24:49', '2022-02-12 22:24:49'),
(819, 484, 'MO', NULL, 'Morelos', NULL, 1, '2022-02-12 22:24:49', '2022-02-12 22:24:49'),
(820, 484, 'NA', NULL, 'Nayarit', NULL, 1, '2022-02-12 22:24:49', '2022-02-12 22:24:49'),
(821, 484, 'NL', NULL, 'Nuevo León', NULL, 1, '2022-02-12 22:24:49', '2022-02-12 22:24:49'),
(822, 484, 'OA', NULL, 'Oaxaca', NULL, 1, '2022-02-12 22:24:49', '2022-02-12 22:24:49'),
(823, 484, 'PU', NULL, 'Puebla', NULL, 1, '2022-02-12 22:24:49', '2022-02-12 22:24:49'),
(824, 484, 'QE', NULL, 'Querétaro', NULL, 1, '2022-02-12 22:24:49', '2022-02-12 22:24:49'),
(825, 484, 'QR', NULL, 'Quintana Roo', NULL, 1, '2022-02-12 22:24:49', '2022-02-12 22:24:49'),
(826, 484, 'SL', NULL, 'San Luis Potosí', NULL, 1, '2022-02-12 22:24:49', '2022-02-12 22:24:49'),
(827, 484, 'SI', NULL, 'Sinaloa', NULL, 1, '2022-02-12 22:24:49', '2022-02-12 22:24:49'),
(828, 484, 'SO', NULL, 'Sonora', NULL, 1, '2022-02-12 22:24:49', '2022-02-12 22:24:49'),
(829, 484, 'TB', NULL, 'Tabasco', NULL, 1, '2022-02-12 22:24:49', '2022-02-12 22:24:49'),
(830, 484, 'TM', NULL, 'Tamaulipas', NULL, 1, '2022-02-12 22:24:49', '2022-02-12 22:24:49'),
(831, 484, 'TL', NULL, 'Tlaxcala', NULL, 1, '2022-02-12 22:24:49', '2022-02-12 22:24:49'),
(832, 484, 'VE', NULL, 'Veracruz', NULL, 1, '2022-02-12 22:24:49', '2022-02-12 22:24:49'),
(833, 484, 'YU', NULL, 'Yucatán', NULL, 1, '2022-02-12 22:24:49', '2022-02-12 22:24:49'),
(834, 484, 'ZA', NULL, 'Zacatecas', NULL, 1, '2022-02-12 22:24:49', '2022-02-12 22:24:49'),
(835, 458, '01', NULL, 'Johor', NULL, 1, '2022-02-12 22:24:49', '2022-02-12 22:24:49'),
(836, 458, '02', NULL, 'Kedah', NULL, 1, '2022-02-12 22:24:49', '2022-02-12 22:24:49'),
(837, 458, '03', NULL, 'Kelantan', NULL, 1, '2022-02-12 22:24:49', '2022-02-12 22:24:49'),
(838, 458, '04', NULL, 'Melaka', NULL, 1, '2022-02-12 22:24:49', '2022-02-12 22:24:49'),
(839, 458, '05', NULL, 'Negeri Sembilan', NULL, 1, '2022-02-12 22:24:49', '2022-02-12 22:24:49'),
(840, 458, '06', NULL, 'Pahang', NULL, 1, '2022-02-12 22:24:49', '2022-02-12 22:24:49'),
(841, 458, '08', NULL, 'Perak', NULL, 1, '2022-02-12 22:24:49', '2022-02-12 22:24:49'),
(842, 458, '09', NULL, 'Perlis', NULL, 1, '2022-02-12 22:24:49', '2022-02-12 22:24:49'),
(843, 458, '07', NULL, 'Pulau Pinang', NULL, 1, '2022-02-12 22:24:49', '2022-02-12 22:24:49'),
(844, 458, '12', NULL, 'Sabah', NULL, 1, '2022-02-12 22:24:49', '2022-02-12 22:24:49'),
(845, 458, '13', NULL, 'Sarawak', NULL, 1, '2022-02-12 22:24:49', '2022-02-12 22:24:49'),
(846, 458, '10', NULL, 'Selangor', NULL, 1, '2022-02-12 22:24:49', '2022-02-12 22:24:49'),
(847, 458, '11', NULL, 'Terengganu', NULL, 1, '2022-02-12 22:24:49', '2022-02-12 22:24:49'),
(848, 458, '14', NULL, 'Wilayah Persekutuan Kuala Lumpur', NULL, 1, '2022-02-12 22:24:49', '2022-02-12 22:24:49'),
(849, 458, '15', NULL, 'Wilayah Persekutuan Labuan', NULL, 1, '2022-02-12 22:24:49', '2022-02-12 22:24:49'),
(850, 458, '16', NULL, 'Wilayah Persekutuan Putrajaya', NULL, 1, '2022-02-12 22:24:49', '2022-02-12 22:24:49'),
(851, 562, '1', NULL, 'Agadez', NULL, 1, '2022-02-12 22:24:49', '2022-02-12 22:24:49'),
(852, 562, '2', NULL, 'Diffa', NULL, 1, '2022-02-12 22:24:49', '2022-02-12 22:24:49'),
(853, 562, '3', NULL, 'Dosso', NULL, 1, '2022-02-12 22:24:49', '2022-02-12 22:24:49'),
(854, 562, '4', NULL, 'Maradi', NULL, 1, '2022-02-12 22:24:49', '2022-02-12 22:24:49'),
(855, 562, '8', NULL, 'Niamey', NULL, 1, '2022-02-12 22:24:49', '2022-02-12 22:24:49'),
(856, 562, '5', NULL, 'Tahoua', NULL, 1, '2022-02-12 22:24:49', '2022-02-12 22:24:49'),
(857, 562, '6', NULL, 'Tillabéri', NULL, 1, '2022-02-12 22:24:49', '2022-02-12 22:24:49'),
(858, 562, '7', NULL, 'Zinder', NULL, 1, '2022-02-12 22:24:49', '2022-02-12 22:24:49'),
(859, 566, 'AB', NULL, 'Abia', NULL, 1, '2022-02-12 22:24:49', '2022-02-12 22:24:49'),
(860, 566, 'FC', NULL, 'Abuja Capital Territory', NULL, 1, '2022-02-12 22:24:49', '2022-02-12 22:24:49'),
(861, 566, 'AD', NULL, 'Adamawa', NULL, 1, '2022-02-12 22:24:49', '2022-02-12 22:24:49'),
(862, 566, 'AK', NULL, 'Akwa Ibom', NULL, 1, '2022-02-12 22:24:49', '2022-02-12 22:24:49'),
(863, 566, 'AN', NULL, 'Anambra', NULL, 1, '2022-02-12 22:24:49', '2022-02-12 22:24:49'),
(864, 566, 'BA', NULL, 'Bauchi', NULL, 1, '2022-02-12 22:24:49', '2022-02-12 22:24:49'),
(865, 566, 'BY', NULL, 'Bayelsa', NULL, 1, '2022-02-12 22:24:49', '2022-02-12 22:24:49'),
(866, 566, 'BE', NULL, 'Benue', NULL, 1, '2022-02-12 22:24:49', '2022-02-12 22:24:49'),
(867, 566, 'BO', NULL, 'Borno', NULL, 1, '2022-02-12 22:24:49', '2022-02-12 22:24:49'),
(868, 566, 'CR', NULL, 'Cross River', NULL, 1, '2022-02-12 22:24:49', '2022-02-12 22:24:49'),
(869, 566, 'DE', NULL, 'Delta', NULL, 1, '2022-02-12 22:24:49', '2022-02-12 22:24:49'),
(870, 566, 'EB', NULL, 'Ebonyi', NULL, 1, '2022-02-12 22:24:49', '2022-02-12 22:24:49'),
(871, 566, 'ED', NULL, 'Edo', NULL, 1, '2022-02-12 22:24:49', '2022-02-12 22:24:49'),
(872, 566, 'EK', NULL, 'Ekiti', NULL, 1, '2022-02-12 22:24:49', '2022-02-12 22:24:49'),
(873, 566, 'EN', NULL, 'Enugu', NULL, 1, '2022-02-12 22:24:49', '2022-02-12 22:24:49'),
(874, 566, 'GO', NULL, 'Gombe', NULL, 1, '2022-02-12 22:24:49', '2022-02-12 22:24:49'),
(875, 566, 'IM', NULL, 'Imo', NULL, 1, '2022-02-12 22:24:49', '2022-02-12 22:24:49'),
(876, 566, 'JI', NULL, 'Jigawa', NULL, 1, '2022-02-12 22:24:49', '2022-02-12 22:24:49'),
(877, 566, 'KD', NULL, 'Kaduna', NULL, 1, '2022-02-12 22:24:49', '2022-02-12 22:24:49'),
(878, 566, 'KN', NULL, 'Kano', NULL, 1, '2022-02-12 22:24:49', '2022-02-12 22:24:49'),
(879, 566, 'KT', NULL, 'Katsina', NULL, 1, '2022-02-12 22:24:49', '2022-02-12 22:24:49'),
(880, 566, 'KE', NULL, 'Kebbi', NULL, 1, '2022-02-12 22:24:49', '2022-02-12 22:24:49'),
(881, 566, 'KO', NULL, 'Kogi', NULL, 1, '2022-02-12 22:24:49', '2022-02-12 22:24:49'),
(882, 566, 'KW', NULL, 'Kwara', NULL, 1, '2022-02-12 22:24:49', '2022-02-12 22:24:49'),
(883, 566, 'LA', NULL, 'Lagos', NULL, 1, '2022-02-12 22:24:49', '2022-02-12 22:24:49'),
(884, 566, 'NA', NULL, 'Nassarawa', NULL, 1, '2022-02-12 22:24:49', '2022-02-12 22:24:49'),
(885, 566, 'NI', NULL, 'Niger', NULL, 1, '2022-02-12 22:24:49', '2022-02-12 22:24:49'),
(886, 566, 'OG', NULL, 'Ogun', NULL, 1, '2022-02-12 22:24:49', '2022-02-12 22:24:49'),
(887, 566, 'ON', NULL, 'Ondo', NULL, 1, '2022-02-12 22:24:49', '2022-02-12 22:24:49'),
(888, 566, 'OS', NULL, 'Osun', NULL, 1, '2022-02-12 22:24:49', '2022-02-12 22:24:49'),
(889, 566, 'OY', NULL, 'Oyo', NULL, 1, '2022-02-12 22:24:49', '2022-02-12 22:24:49'),
(890, 566, 'PL', NULL, 'Plateau', NULL, 1, '2022-02-12 22:24:49', '2022-02-12 22:24:49'),
(891, 566, 'RI', NULL, 'Rivers', NULL, 1, '2022-02-12 22:24:49', '2022-02-12 22:24:49'),
(892, 566, 'SO', NULL, 'Sokoto', NULL, 1, '2022-02-12 22:24:49', '2022-02-12 22:24:49'),
(893, 566, 'TA', NULL, 'Taraba', NULL, 1, '2022-02-12 22:24:49', '2022-02-12 22:24:49'),
(894, 566, 'YO', NULL, 'Yobe', NULL, 1, '2022-02-12 22:24:49', '2022-02-12 22:24:49'),
(895, 566, 'ZA', NULL, 'Zamfara', NULL, 1, '2022-02-12 22:24:49', '2022-02-12 22:24:49'),
(896, 528, 'AW', NULL, 'Aruba', NULL, 1, '2022-02-12 22:24:49', '2022-02-12 22:24:49'),
(897, 528, 'BQ', NULL, 'Bonaire', NULL, 1, '2022-02-12 22:24:49', '2022-02-12 22:24:49'),
(898, 528, 'CW', NULL, 'Curaçao', NULL, 1, '2022-02-12 22:24:49', '2022-02-12 22:24:49'),
(899, 528, 'DR', NULL, 'Drenthe', NULL, 1, '2022-02-12 22:24:49', '2022-02-12 22:24:49'),
(900, 528, 'FL', NULL, 'Flevoland', NULL, 1, '2022-02-12 22:24:49', '2022-02-12 22:24:49'),
(901, 528, 'FR', NULL, 'Friesland', NULL, 1, '2022-02-12 22:24:49', '2022-02-12 22:24:49'),
(902, 528, 'GD', NULL, 'Gelderland', NULL, 1, '2022-02-12 22:24:49', '2022-02-12 22:24:49'),
(903, 528, 'GR', NULL, 'Groningen', NULL, 1, '2022-02-12 22:24:49', '2022-02-12 22:24:49'),
(904, 528, 'LB', NULL, 'Limburg', NULL, 1, '2022-02-12 22:24:49', '2022-02-12 22:24:49'),
(905, 528, 'NB', NULL, 'Noord-Brabant', NULL, 1, '2022-02-12 22:24:49', '2022-02-12 22:24:49'),
(906, 528, 'NH', NULL, 'Noord-Holland', NULL, 1, '2022-02-12 22:24:49', '2022-02-12 22:24:49'),
(907, 528, 'OV', NULL, 'Overijssel', NULL, 1, '2022-02-12 22:24:49', '2022-02-12 22:24:49'),
(908, 528, 'SX', NULL, 'Sint Maarten', NULL, 1, '2022-02-12 22:24:49', '2022-02-12 22:24:49'),
(909, 528, 'UT', NULL, 'Utrecht', NULL, 1, '2022-02-12 22:24:49', '2022-02-12 22:24:49'),
(910, 528, 'ZL', NULL, 'Zeeland', NULL, 1, '2022-02-12 22:24:49', '2022-02-12 22:24:49'),
(911, 528, 'ZH', NULL, 'Zuid-Holland', NULL, 1, '2022-02-12 22:24:49', '2022-02-12 22:24:49'),
(912, 524, 'BA', NULL, 'Bagmati', NULL, 1, '2022-02-12 22:24:49', '2022-02-12 22:24:49'),
(913, 524, 'BH', NULL, 'Bheri', NULL, 1, '2022-02-12 22:24:49', '2022-02-12 22:24:49'),
(914, 524, 'DH', NULL, 'Dhawalagiri', NULL, 1, '2022-02-12 22:24:49', '2022-02-12 22:24:49'),
(915, 524, 'GA', NULL, 'Gandaki', NULL, 1, '2022-02-12 22:24:49', '2022-02-12 22:24:49'),
(916, 524, 'JA', NULL, 'Janakpur', NULL, 1, '2022-02-12 22:24:49', '2022-02-12 22:24:49'),
(917, 524, 'KA', NULL, 'Karnali', NULL, 1, '2022-02-12 22:24:49', '2022-02-12 22:24:49'),
(918, 524, 'KO', NULL, 'Kosi [Koshi]', NULL, 1, '2022-02-12 22:24:49', '2022-02-12 22:24:49'),
(919, 524, 'LU', NULL, 'Lumbini', NULL, 1, '2022-02-12 22:24:49', '2022-02-12 22:24:49'),
(920, 524, '2', NULL, 'Madhya Pashchimanchal', NULL, 1, '2022-02-12 22:24:49', '2022-02-12 22:24:49'),
(921, 524, '1', NULL, 'Madhyamanchal', NULL, 1, '2022-02-12 22:24:49', '2022-02-12 22:24:49'),
(922, 524, 'MA', NULL, 'Mahakali', NULL, 1, '2022-02-12 22:24:49', '2022-02-12 22:24:49'),
(923, 524, 'ME', NULL, 'Mechi', NULL, 1, '2022-02-12 22:24:49', '2022-02-12 22:24:49'),
(924, 524, 'NA', NULL, 'Narayani', NULL, 1, '2022-02-12 22:24:49', '2022-02-12 22:24:49'),
(925, 524, '3', NULL, 'Pashchimanchal', NULL, 1, '2022-02-12 22:24:49', '2022-02-12 22:24:49'),
(926, 524, '4', NULL, 'Purwanchal', NULL, 1, '2022-02-12 22:24:49', '2022-02-12 22:24:49'),
(927, 524, 'RA', NULL, 'Rapti', NULL, 1, '2022-02-12 22:24:49', '2022-02-12 22:24:49'),
(928, 524, 'SA', NULL, 'Sagarmatha', NULL, 1, '2022-02-12 22:24:49', '2022-02-12 22:24:49'),
(929, 524, 'SE', NULL, 'Seti', NULL, 1, '2022-02-12 22:24:49', '2022-02-12 22:24:49'),
(930, 524, '5', NULL, 'Sudur Pashchimanchal', NULL, 1, '2022-02-12 22:24:49', '2022-02-12 22:24:49'),
(931, 554, 'AUK', NULL, 'Auckland', NULL, 1, '2022-02-12 22:24:49', '2022-02-12 22:24:49'),
(932, 554, 'BOP', NULL, 'Bay of Plenty', NULL, 1, '2022-02-12 22:24:49', '2022-02-12 22:24:49'),
(933, 554, 'CAN', NULL, 'Canterbury', NULL, 1, '2022-02-12 22:24:49', '2022-02-12 22:24:49'),
(934, 554, 'CIT', NULL, 'Chatham Islands Territory', NULL, 1, '2022-02-12 22:24:49', '2022-02-12 22:24:49'),
(935, 554, 'GIS', NULL, 'Gisborne District', NULL, 1, '2022-02-12 22:24:49', '2022-02-12 22:24:49'),
(936, 554, 'HKB', NULL, 'Hawkes\'s Bay', NULL, 1, '2022-02-12 22:24:49', '2022-02-12 22:24:49'),
(937, 554, 'MWT', NULL, 'Manawatu-Wanganui', NULL, 1, '2022-02-12 22:24:49', '2022-02-12 22:24:49'),
(938, 554, 'MBH', NULL, 'Marlborough District', NULL, 1, '2022-02-12 22:24:49', '2022-02-12 22:24:49'),
(939, 554, 'NSN', NULL, 'Nelson City', NULL, 1, '2022-02-12 22:24:49', '2022-02-12 22:24:49'),
(940, 554, 'NTL', NULL, 'Northland', NULL, 1, '2022-02-12 22:24:49', '2022-02-12 22:24:49'),
(941, 554, 'OTA', NULL, 'Otago', NULL, 1, '2022-02-12 22:24:49', '2022-02-12 22:24:49'),
(942, 554, 'STL', NULL, 'Southland', NULL, 1, '2022-02-12 22:24:49', '2022-02-12 22:24:49'),
(943, 554, 'TKI', NULL, 'Taranaki', NULL, 1, '2022-02-12 22:24:49', '2022-02-12 22:24:49'),
(944, 554, 'TAS', NULL, 'Tasman District', NULL, 1, '2022-02-12 22:24:49', '2022-02-12 22:24:49'),
(945, 554, 'WKO', NULL, 'Waikato', NULL, 1, '2022-02-12 22:24:49', '2022-02-12 22:24:49'),
(946, 554, 'WGN', NULL, 'Wellington', NULL, 1, '2022-02-12 22:24:49', '2022-02-12 22:24:49'),
(947, 554, 'WTC', NULL, 'West Coast', NULL, 1, '2022-02-12 22:24:49', '2022-02-12 22:24:49'),
(948, 512, 'DA', NULL, 'Ad Dākhilīyah', NULL, 1, '2022-02-12 22:24:49', '2022-02-12 22:24:49'),
(949, 512, 'BU', NULL, 'Al Buraymī', NULL, 1, '2022-02-12 22:24:49', '2022-02-12 22:24:49'),
(950, 512, 'BA', NULL, 'Al Bāţinah', NULL, 1, '2022-02-12 22:24:49', '2022-02-12 22:24:49'),
(951, 512, 'WU', NULL, 'Al Wusţá', NULL, 1, '2022-02-12 22:24:49', '2022-02-12 22:24:49'),
(952, 512, 'SH', NULL, 'Ash Sharqīyah', NULL, 1, '2022-02-12 22:24:49', '2022-02-12 22:24:49'),
(953, 512, 'ZA', NULL, 'Aȥ Ȥāhirah', NULL, 1, '2022-02-12 22:24:49', '2022-02-12 22:24:49'),
(954, 512, 'MA', NULL, 'Masqaţ', NULL, 1, '2022-02-12 22:24:49', '2022-02-12 22:24:49'),
(955, 512, 'MU', NULL, 'Musandam', NULL, 1, '2022-02-12 22:24:49', '2022-02-12 22:24:49'),
(956, 512, 'ZU', NULL, 'Z̧ufār', NULL, 1, '2022-02-12 22:24:49', '2022-02-12 22:24:49'),
(957, 604, 'AMA', NULL, 'Amazonas', NULL, 1, '2022-02-12 22:24:49', '2022-02-12 22:24:49'),
(958, 604, 'ANC', NULL, 'Ancash', NULL, 1, '2022-02-12 22:24:49', '2022-02-12 22:24:49'),
(959, 604, 'APU', NULL, 'Apurímac', NULL, 1, '2022-02-12 22:24:49', '2022-02-12 22:24:49'),
(960, 604, 'ARE', NULL, 'Arequipa', NULL, 1, '2022-02-12 22:24:49', '2022-02-12 22:24:49'),
(961, 604, 'AYA', NULL, 'Ayacucho', NULL, 1, '2022-02-12 22:24:49', '2022-02-12 22:24:49'),
(962, 604, 'CAJ', NULL, 'Cajamarca', NULL, 1, '2022-02-12 22:24:49', '2022-02-12 22:24:49'),
(963, 604, 'CUS', NULL, 'Cusco', NULL, 1, '2022-02-12 22:24:49', '2022-02-12 22:24:49'),
(964, 604, 'CAL', NULL, 'El Callao', NULL, 1, '2022-02-12 22:24:49', '2022-02-12 22:24:49'),
(965, 604, 'HUV', NULL, 'Huancavelica', NULL, 1, '2022-02-12 22:24:49', '2022-02-12 22:24:49'),
(966, 604, 'HUC', NULL, 'Huánuco', NULL, 1, '2022-02-12 22:24:49', '2022-02-12 22:24:49'),
(967, 604, 'ICA', NULL, 'Ica', NULL, 1, '2022-02-12 22:24:49', '2022-02-12 22:24:49'),
(968, 604, 'JUN', NULL, 'Junín', NULL, 1, '2022-02-12 22:24:49', '2022-02-12 22:24:49'),
(969, 604, 'LAL', NULL, 'La Libertad', NULL, 1, '2022-02-12 22:24:49', '2022-02-12 22:24:49'),
(970, 604, 'LAM', NULL, 'Lambayeque', NULL, 1, '2022-02-12 22:24:49', '2022-02-12 22:24:49'),
(971, 604, 'LIM', NULL, 'Lima', NULL, 1, '2022-02-12 22:24:49', '2022-02-12 22:24:49'),
(972, 604, 'LOR', NULL, 'Loreto', NULL, 1, '2022-02-12 22:24:49', '2022-02-12 22:24:49'),
(973, 604, 'MDD', NULL, 'Madre de Dios', NULL, 1, '2022-02-12 22:24:49', '2022-02-12 22:24:49'),
(974, 604, 'MOQ', NULL, 'Moquegua', NULL, 1, '2022-02-12 22:24:49', '2022-02-12 22:24:49'),
(975, 604, 'LMA', NULL, 'Municipalidad Metropolitana de Lima', NULL, 1, '2022-02-12 22:24:49', '2022-02-12 22:24:49'),
(976, 604, 'PAS', NULL, 'Pasco', NULL, 1, '2022-02-12 22:24:49', '2022-02-12 22:24:49'),
(977, 604, 'PIU', NULL, 'Piura', NULL, 1, '2022-02-12 22:24:49', '2022-02-12 22:24:49'),
(978, 604, 'PUN', NULL, 'Puno', NULL, 1, '2022-02-12 22:24:49', '2022-02-12 22:24:49'),
(979, 604, 'SAM', NULL, 'San Martín', NULL, 1, '2022-02-12 22:24:49', '2022-02-12 22:24:49'),
(980, 604, 'TAC', NULL, 'Tacna', NULL, 1, '2022-02-12 22:24:49', '2022-02-12 22:24:49'),
(981, 604, 'TUM', NULL, 'Tumbes', NULL, 1, '2022-02-12 22:24:49', '2022-02-12 22:24:49'),
(982, 604, 'UCA', NULL, 'Ucayali', NULL, 1, '2022-02-12 22:24:49', '2022-02-12 22:24:49'),
(983, 608, 'ABR', NULL, 'Abra', NULL, 1, '2022-02-12 22:24:49', '2022-02-12 22:24:49'),
(984, 608, 'AGN', NULL, 'Agusan del Norte', NULL, 1, '2022-02-12 22:24:49', '2022-02-12 22:24:49'),
(985, 608, 'AGS', NULL, 'Agusan del Sur', NULL, 1, '2022-02-12 22:24:49', '2022-02-12 22:24:49'),
(986, 608, 'AKL', NULL, 'Aklan', NULL, 1, '2022-02-12 22:24:49', '2022-02-12 22:24:49'),
(987, 608, 'ALB', NULL, 'Albay', NULL, 1, '2022-02-12 22:24:49', '2022-02-12 22:24:49'),
(988, 608, 'ANT', NULL, 'Antique', NULL, 1, '2022-02-12 22:24:49', '2022-02-12 22:24:49'),
(989, 608, 'APA', NULL, 'Apayao', NULL, 1, '2022-02-12 22:24:49', '2022-02-12 22:24:49'),
(990, 608, 'AUR', NULL, 'Aurora', NULL, 1, '2022-02-12 22:24:49', '2022-02-12 22:24:49'),
(991, 608, 'BAS', NULL, 'Basilan', NULL, 1, '2022-02-12 22:24:49', '2022-02-12 22:24:49'),
(992, 608, 'BAN', NULL, 'Bataan', NULL, 1, '2022-02-12 22:24:49', '2022-02-12 22:24:49'),
(993, 608, 'BTN', NULL, 'Batanes', NULL, 1, '2022-02-12 22:24:49', '2022-02-12 22:24:49'),
(994, 608, 'BTG', NULL, 'Batangas', NULL, 1, '2022-02-12 22:24:49', '2022-02-12 22:24:49'),
(995, 608, 'BEN', NULL, 'Benguet', NULL, 1, '2022-02-12 22:24:49', '2022-02-12 22:24:49'),
(996, 608, 'BIL', NULL, 'Biliran', NULL, 1, '2022-02-12 22:24:49', '2022-02-12 22:24:49'),
(997, 608, 'BOH', NULL, 'Bohol', NULL, 1, '2022-02-12 22:24:49', '2022-02-12 22:24:49'),
(998, 608, 'BUK', NULL, 'Bukidnon', NULL, 1, '2022-02-12 22:24:49', '2022-02-12 22:24:49'),
(999, 608, 'BUL', NULL, 'Bulacan', NULL, 1, '2022-02-12 22:24:49', '2022-02-12 22:24:49'),
(1000, 608, 'CAG', NULL, 'Cagayan', NULL, 1, '2022-02-12 22:24:49', '2022-02-12 22:24:49'),
(1001, 608, 'CAN', NULL, 'Camarines Norte', NULL, 1, '2022-02-12 22:24:49', '2022-02-12 22:24:49'),
(1002, 608, 'CAS', NULL, 'Camarines Sur', NULL, 1, '2022-02-12 22:24:49', '2022-02-12 22:24:49'),
(1003, 608, 'CAM', NULL, 'Camiguin', NULL, 1, '2022-02-12 22:24:49', '2022-02-12 22:24:49'),
(1004, 608, 'CAP', NULL, 'Capiz', NULL, 1, '2022-02-12 22:24:49', '2022-02-12 22:24:49'),
(1005, 608, 'CAT', NULL, 'Catanduanes', NULL, 1, '2022-02-12 22:24:49', '2022-02-12 22:24:49'),
(1006, 608, 'CAV', NULL, 'Cavite', NULL, 1, '2022-02-12 22:24:49', '2022-02-12 22:24:49'),
(1007, 608, 'CEB', NULL, 'Cebu', NULL, 1, '2022-02-12 22:24:49', '2022-02-12 22:24:49'),
(1008, 608, 'COM', NULL, 'Compostela Valley', NULL, 1, '2022-02-12 22:24:49', '2022-02-12 22:24:49'),
(1009, 608, 'DAV', NULL, 'Davao', NULL, 1, '2022-02-12 22:24:49', '2022-02-12 22:24:49'),
(1010, 608, 'DAO', NULL, 'Davao Oriental', NULL, 1, '2022-02-12 22:24:49', '2022-02-12 22:24:49'),
(1011, 608, 'DAS', NULL, 'Davao del Sur', NULL, 1, '2022-02-12 22:24:49', '2022-02-12 22:24:49'),
(1012, 608, 'DIN', NULL, 'Dinagat Islands', NULL, 1, '2022-02-12 22:24:49', '2022-02-12 22:24:49'),
(1013, 608, 'EAS', NULL, 'Eastern Samar', NULL, 1, '2022-02-12 22:24:49', '2022-02-12 22:24:49'),
(1014, 608, 'GUI', NULL, 'Guimaras', NULL, 1, '2022-02-12 22:24:49', '2022-02-12 22:24:49'),
(1015, 608, 'IFU', NULL, 'Ifugao', NULL, 1, '2022-02-12 22:24:49', '2022-02-12 22:24:49'),
(1016, 608, 'ILS', NULL, 'Ilocoq Sur', NULL, 1, '2022-02-12 22:24:49', '2022-02-12 22:24:49'),
(1017, 608, 'ILN', NULL, 'Ilocos Norte', NULL, 1, '2022-02-12 22:24:49', '2022-02-12 22:24:49'),
(1018, 608, 'ILI', NULL, 'Iloilo', NULL, 1, '2022-02-12 22:24:49', '2022-02-12 22:24:49'),
(1019, 608, 'ISA', NULL, 'Isabela', NULL, 1, '2022-02-12 22:24:49', '2022-02-12 22:24:49'),
(1020, 608, 'KAL', NULL, 'Kalinga-Apayao', NULL, 1, '2022-02-12 22:24:49', '2022-02-12 22:24:49'),
(1021, 608, 'LUN', NULL, 'La Union', NULL, 1, '2022-02-12 22:24:49', '2022-02-12 22:24:49'),
(1022, 608, 'LAG', NULL, 'Laguna', NULL, 1, '2022-02-12 22:24:49', '2022-02-12 22:24:49'),
(1023, 608, 'LAN', NULL, 'Lanao del Norte', NULL, 1, '2022-02-12 22:24:49', '2022-02-12 22:24:49'),
(1024, 608, 'LAS', NULL, 'Lanao del Sur', NULL, 1, '2022-02-12 22:24:49', '2022-02-12 22:24:49'),
(1025, 608, 'LEY', NULL, 'Leyte', NULL, 1, '2022-02-12 22:24:49', '2022-02-12 22:24:49'),
(1026, 608, 'MAG', NULL, 'Maguindanao', NULL, 1, '2022-02-12 22:24:49', '2022-02-12 22:24:49'),
(1027, 608, 'MAD', NULL, 'Marinduque', NULL, 1, '2022-02-12 22:24:49', '2022-02-12 22:24:49'),
(1028, 608, 'MAS', NULL, 'Masbate', NULL, 1, '2022-02-12 22:24:49', '2022-02-12 22:24:49'),
(1029, 608, 'MDC', NULL, 'Mindoro Occidental', NULL, 1, '2022-02-12 22:24:49', '2022-02-12 22:24:49'),
(1030, 608, 'MDR', NULL, 'Mindoro Oriental', NULL, 1, '2022-02-12 22:24:49', '2022-02-12 22:24:49'),
(1031, 608, 'MSC', NULL, 'Misamis Occidental', NULL, 1, '2022-02-12 22:24:49', '2022-02-12 22:24:49'),
(1032, 608, 'MSR', NULL, 'Misamis Oriental', NULL, 1, '2022-02-12 22:24:49', '2022-02-12 22:24:49'),
(1033, 608, 'MOU', NULL, 'Mountain', NULL, 1, '2022-02-12 22:24:49', '2022-02-12 22:24:49'),
(1034, 608, 'NEC', NULL, 'Negros occidental', NULL, 1, '2022-02-12 22:24:49', '2022-02-12 22:24:49'),
(1035, 608, 'NER', NULL, 'Negros oriental', NULL, 1, '2022-02-12 22:24:49', '2022-02-12 22:24:49'),
(1036, 608, 'NCO', NULL, 'North Cotabato', NULL, 1, '2022-02-12 22:24:49', '2022-02-12 22:24:49'),
(1037, 608, 'NSA', NULL, 'Northern Samar', NULL, 1, '2022-02-12 22:24:49', '2022-02-12 22:24:49'),
(1038, 608, 'NUE', NULL, 'Nueva Ecija', NULL, 1, '2022-02-12 22:24:49', '2022-02-12 22:24:49'),
(1039, 608, 'NUV', NULL, 'Nueva Vizcaya', NULL, 1, '2022-02-12 22:24:49', '2022-02-12 22:24:49'),
(1040, 608, 'PLW', NULL, 'Palawan', NULL, 1, '2022-02-12 22:24:49', '2022-02-12 22:24:49'),
(1041, 608, 'PAM', NULL, 'Pampanga', NULL, 1, '2022-02-12 22:24:49', '2022-02-12 22:24:49'),
(1042, 608, 'PAN', NULL, 'Pangasinan', NULL, 1, '2022-02-12 22:24:49', '2022-02-12 22:24:49'),
(1043, 608, 'QUE', NULL, 'Quezon', NULL, 1, '2022-02-12 22:24:49', '2022-02-12 22:24:49'),
(1044, 608, 'QUI', NULL, 'Quirino', NULL, 1, '2022-02-12 22:24:49', '2022-02-12 22:24:49'),
(1045, 608, 'RIZ', NULL, 'Rizal', NULL, 1, '2022-02-12 22:24:49', '2022-02-12 22:24:49'),
(1046, 608, 'ROM', NULL, 'Romblon', NULL, 1, '2022-02-12 22:24:49', '2022-02-12 22:24:49'),
(1047, 608, 'SAR', NULL, 'Sarangani', NULL, 1, '2022-02-12 22:24:49', '2022-02-12 22:24:49'),
(1048, 608, 'SIG', NULL, 'Siquijor', NULL, 1, '2022-02-12 22:24:49', '2022-02-12 22:24:49'),
(1049, 608, 'SOR', NULL, 'Sorsogon', NULL, 1, '2022-02-12 22:24:49', '2022-02-12 22:24:49'),
(1050, 608, 'SCO', NULL, 'South Cotabato', NULL, 1, '2022-02-12 22:24:49', '2022-02-12 22:24:49'),
(1051, 608, 'SLE', NULL, 'Southern Leyte', NULL, 1, '2022-02-12 22:24:49', '2022-02-12 22:24:49'),
(1052, 608, 'SUK', NULL, 'Sultan Kudarat', NULL, 1, '2022-02-12 22:24:49', '2022-02-12 22:24:49'),
(1053, 608, 'SLU', NULL, 'Sulu', NULL, 1, '2022-02-12 22:24:49', '2022-02-12 22:24:49'),
(1054, 608, 'SUN', NULL, 'Surigao del Norte', NULL, 1, '2022-02-12 22:24:49', '2022-02-12 22:24:49'),
(1055, 608, 'SUR', NULL, 'Surigao del Sur', NULL, 1, '2022-02-12 22:24:49', '2022-02-12 22:24:49'),
(1056, 608, 'TAR', NULL, 'Tarlac', NULL, 1, '2022-02-12 22:24:49', '2022-02-12 22:24:49'),
(1057, 608, 'TAW', NULL, 'Tawi-Tawi', NULL, 1, '2022-02-12 22:24:49', '2022-02-12 22:24:49'),
(1058, 608, 'WSA', NULL, 'Western Samar', NULL, 1, '2022-02-12 22:24:49', '2022-02-12 22:24:49'),
(1059, 608, 'ZMB', NULL, 'Zambales', NULL, 1, '2022-02-12 22:24:49', '2022-02-12 22:24:49'),
(1060, 608, 'ZSI', NULL, 'Zamboanga Sibuguey', NULL, 1, '2022-02-12 22:24:49', '2022-02-12 22:24:49'),
(1061, 608, 'ZAN', NULL, 'Zamboanga del Norte', NULL, 1, '2022-02-12 22:24:49', '2022-02-12 22:24:49'),
(1062, 608, 'ZAS', NULL, 'Zamboanga del Sur', NULL, 1, '2022-02-12 22:24:49', '2022-02-12 22:24:49'),
(1063, 586, 'JK', NULL, 'Azad Kashmir', NULL, 1, '2022-02-12 22:24:49', '2022-02-12 22:24:49'),
(1064, 586, 'BA', NULL, 'Baluchistan', NULL, 1, '2022-02-12 22:24:49', '2022-02-12 22:24:49'),
(1065, 586, 'TA', NULL, 'Federally Administered Tribal Area', NULL, 1, '2022-02-12 22:24:49', '2022-02-12 22:24:49'),
(1066, 586, 'GB', NULL, 'Gilgit-Baltistan', NULL, 1, '2022-02-12 22:24:49', '2022-02-12 22:24:49'),
(1067, 586, 'IS', NULL, 'Islamabad', NULL, 1, '2022-02-12 22:24:49', '2022-02-12 22:24:49'),
(1068, 586, 'KP', NULL, 'Khyber Pakhtunkhwa', NULL, 1, '2022-02-12 22:24:49', '2022-02-12 22:24:49'),
(1069, 586, 'PB', NULL, 'Punjab', NULL, 1, '2022-02-12 22:24:49', '2022-02-12 22:24:49'),
(1070, 586, 'SD', NULL, 'Sind', NULL, 1, '2022-02-12 22:24:49', '2022-02-12 22:24:49'),
(1071, 634, 'DA', NULL, 'Ad Dawḩah', NULL, 1, '2022-02-12 22:24:49', '2022-02-12 22:24:49'),
(1072, 634, 'KH', NULL, 'Al Khawr wa adh Dhakhīrah', NULL, 1, '2022-02-12 22:24:49', '2022-02-12 22:24:49'),
(1073, 634, 'WA', NULL, 'Al Wakrah', NULL, 1, '2022-02-12 22:24:49', '2022-02-12 22:24:49'),
(1074, 634, 'RA', NULL, 'Ar Rayyān', NULL, 1, '2022-02-12 22:24:49', '2022-02-12 22:24:49'),
(1075, 634, 'MS', NULL, 'Ash Shamāl', NULL, 1, '2022-02-12 22:24:49', '2022-02-12 22:24:49'),
(1076, 634, 'ZA', NULL, 'Az̧ Z̧a‘āyin', NULL, 1, '2022-02-12 22:24:49', '2022-02-12 22:24:49'),
(1077, 634, 'US', NULL, 'Umm Şalāl', NULL, 1, '2022-02-12 22:24:49', '2022-02-12 22:24:49'),
(1078, 643, 'ALT', NULL, 'Altayskiy kray', NULL, 1, '2022-02-12 22:24:49', '2022-02-12 22:24:49'),
(1079, 643, 'AMU', NULL, 'Amurskaya oblast\'', NULL, 1, '2022-02-12 22:24:49', '2022-02-12 22:24:49'),
(1080, 643, 'ARK', NULL, 'Arkhangel\'skaya oblast', NULL, 1, '2022-02-12 22:24:49', '2022-02-12 22:24:49'),
(1081, 643, 'AST', NULL, 'Astrakhanskaya oblast\'', NULL, 1, '2022-02-12 22:24:49', '2022-02-12 22:24:49'),
(1082, 643, 'BEL', NULL, 'Belgorodskaya oblast\'', NULL, 1, '2022-02-12 22:24:49', '2022-02-12 22:24:49'),
(1083, 643, 'BRY', NULL, 'Bryanskaya oblast\'', NULL, 1, '2022-02-12 22:24:49', '2022-02-12 22:24:49'),
(1084, 643, 'CHE', NULL, 'Chelyabinskaya oblast\'', NULL, 1, '2022-02-12 22:24:49', '2022-02-12 22:24:49'),
(1085, 643, 'CHU', NULL, 'Chukotskiy avtonomnyy okrug', NULL, 1, '2022-02-12 22:24:49', '2022-02-12 22:24:49'),
(1086, 643, 'IRK', NULL, 'Irkutskaya oblast\'', NULL, 1, '2022-02-12 22:24:49', '2022-02-12 22:24:49'),
(1087, 643, 'IVA', NULL, 'Ivanovskaya oblast\'', NULL, 1, '2022-02-12 22:24:49', '2022-02-12 22:24:49'),
(1088, 643, 'KGD', NULL, 'Kaliningradskaya oblast', NULL, 1, '2022-02-12 22:24:49', '2022-02-12 22:24:49');
INSERT INTO `states` (`id`, `country_id`, `iso_code`, `iso_numeric`, `name`, `calling_code`, `active`, `created_at`, `updated_at`) VALUES
(1089, 643, 'KLU', NULL, 'Kaluzhskaya oblast\'', NULL, 1, '2022-02-12 22:24:49', '2022-02-12 22:24:49'),
(1090, 643, 'KAM', NULL, 'Kamchatskiy kray', NULL, 1, '2022-02-12 22:24:49', '2022-02-12 22:24:49'),
(1091, 643, 'KEM', NULL, 'Kemerovskaya oblast\'', NULL, 1, '2022-02-12 22:24:49', '2022-02-12 22:24:49'),
(1092, 643, 'KHA', NULL, 'Khabarovskiy kray', NULL, 1, '2022-02-12 22:24:49', '2022-02-12 22:24:49'),
(1093, 643, 'KHM', NULL, 'Khanty-Mansiyskiy avtonomnyy okrug-Yugra', NULL, 1, '2022-02-12 22:24:49', '2022-02-12 22:24:49'),
(1094, 643, 'KIR', NULL, 'Kirovskaya oblast\'', NULL, 1, '2022-02-12 22:24:49', '2022-02-12 22:24:49'),
(1095, 643, 'KOS', NULL, 'Kostromskaya oblast\'', NULL, 1, '2022-02-12 22:24:49', '2022-02-12 22:24:49'),
(1096, 643, 'KDA', NULL, 'Krasnodarskiy kray', NULL, 1, '2022-02-12 22:24:49', '2022-02-12 22:24:49'),
(1097, 643, 'KYA', NULL, 'Krasnoyarskiy kray', NULL, 1, '2022-02-12 22:24:49', '2022-02-12 22:24:49'),
(1098, 643, 'KGN', NULL, 'Kurganskaya oblast\'', NULL, 1, '2022-02-12 22:24:49', '2022-02-12 22:24:49'),
(1099, 643, 'KRS', NULL, 'Kurskaya oblast\'', NULL, 1, '2022-02-12 22:24:49', '2022-02-12 22:24:49'),
(1100, 643, 'LEN', NULL, 'Leningradskaya oblast\'', NULL, 1, '2022-02-12 22:24:49', '2022-02-12 22:24:49'),
(1101, 643, 'LIP', NULL, 'Lipetskaya oblast\'', NULL, 1, '2022-02-12 22:24:49', '2022-02-12 22:24:49'),
(1102, 643, 'MAG', NULL, 'Magadanskaya oblast\'', NULL, 1, '2022-02-12 22:24:49', '2022-02-12 22:24:49'),
(1103, 643, 'MOS', NULL, 'Moskovskaya oblast\'', NULL, 1, '2022-02-12 22:24:49', '2022-02-12 22:24:49'),
(1104, 643, 'MOW', NULL, 'Moskva', NULL, 1, '2022-02-12 22:24:49', '2022-02-12 22:24:49'),
(1105, 643, 'MUR', NULL, 'Murmanskaya oblast\'', NULL, 1, '2022-02-12 22:24:49', '2022-02-12 22:24:49'),
(1106, 643, 'NEN', NULL, 'Nenetskiy avtonomnyy okrug', NULL, 1, '2022-02-12 22:24:49', '2022-02-12 22:24:49'),
(1107, 643, 'NIZ', NULL, 'Nizbegorodskaya oblast', NULL, 1, '2022-02-12 22:24:49', '2022-02-12 22:24:49'),
(1108, 643, 'NGR', NULL, 'Novgorodskaya oblast\'', NULL, 1, '2022-02-12 22:24:49', '2022-02-12 22:24:49'),
(1109, 643, 'NVS', NULL, 'Novosibirskaya oblast\'', NULL, 1, '2022-02-12 22:24:49', '2022-02-12 22:24:49'),
(1110, 643, 'OMS', NULL, 'Omskaya oblast\'', NULL, 1, '2022-02-12 22:24:49', '2022-02-12 22:24:49'),
(1111, 643, 'ORE', NULL, 'Orenburgskaya oblast\'', NULL, 1, '2022-02-12 22:24:49', '2022-02-12 22:24:49'),
(1112, 643, 'ORL', NULL, 'Orlovskaya oblast\'', NULL, 1, '2022-02-12 22:24:49', '2022-02-12 22:24:49'),
(1113, 643, 'PNZ', NULL, 'Penzenskaya oblast\'', NULL, 1, '2022-02-12 22:24:49', '2022-02-12 22:24:49'),
(1114, 643, 'PER', NULL, 'Permskiy kray', NULL, 1, '2022-02-12 22:24:49', '2022-02-12 22:24:49'),
(1115, 643, 'PRI', NULL, 'Primorskiy kray', NULL, 1, '2022-02-12 22:24:49', '2022-02-12 22:24:49'),
(1116, 643, 'PSK', NULL, 'Pskovskaya oblast\'', NULL, 1, '2022-02-12 22:24:49', '2022-02-12 22:24:49'),
(1117, 643, 'ROS', NULL, 'Rostovskaya oblast\'', NULL, 1, '2022-02-12 22:24:49', '2022-02-12 22:24:49'),
(1118, 643, 'RYA', NULL, 'Ryazanskaya oblast\'', NULL, 1, '2022-02-12 22:24:49', '2022-02-12 22:24:49'),
(1119, 643, 'SAK', NULL, 'Sakhalinskaya oblast\'', NULL, 1, '2022-02-12 22:24:49', '2022-02-12 22:24:49'),
(1120, 643, 'SAM', NULL, 'Samarskaya oblast\'', NULL, 1, '2022-02-12 22:24:49', '2022-02-12 22:24:49'),
(1121, 643, 'SPE', NULL, 'Sankt-Peterburg', NULL, 1, '2022-02-12 22:24:49', '2022-02-12 22:24:49'),
(1122, 643, 'SAR', NULL, 'Saratovskaya oblast\'', NULL, 1, '2022-02-12 22:24:49', '2022-02-12 22:24:49'),
(1123, 643, 'SMO', NULL, 'Smolenskaya oblast\'', NULL, 1, '2022-02-12 22:24:49', '2022-02-12 22:24:49'),
(1124, 643, 'STA', NULL, 'Stavropol\'skiy kray', NULL, 1, '2022-02-12 22:24:49', '2022-02-12 22:24:49'),
(1125, 643, 'SVE', NULL, 'Sverdlovskaya oblast\'', NULL, 1, '2022-02-12 22:24:49', '2022-02-12 22:24:49'),
(1126, 643, 'TAM', NULL, 'Tambovskaya oblast\'', NULL, 1, '2022-02-12 22:24:49', '2022-02-12 22:24:49'),
(1127, 643, 'TOM', NULL, 'Tomskaya oblast\'', NULL, 1, '2022-02-12 22:24:49', '2022-02-12 22:24:49'),
(1128, 643, 'TUL', NULL, 'Tul\'skaya oblast\'', NULL, 1, '2022-02-12 22:24:49', '2022-02-12 22:24:49'),
(1129, 643, 'TVE', NULL, 'Tverskaya oblast\'', NULL, 1, '2022-02-12 22:24:49', '2022-02-12 22:24:49'),
(1130, 643, 'TYU', NULL, 'Tyumenskaya oblast\'', NULL, 1, '2022-02-12 22:24:49', '2022-02-12 22:24:49'),
(1131, 643, 'ULY', NULL, 'Ul\'yanovskaya oblast\'', NULL, 1, '2022-02-12 22:24:49', '2022-02-12 22:24:49'),
(1132, 643, 'VLA', NULL, 'Vladimirskaya oblast\'', NULL, 1, '2022-02-12 22:24:49', '2022-02-12 22:24:49'),
(1133, 643, 'VGG', NULL, 'Volgogradskaya oblast\'', NULL, 1, '2022-02-12 22:24:49', '2022-02-12 22:24:49'),
(1134, 643, 'VLG', NULL, 'Vologodskaya oblast\'', NULL, 1, '2022-02-12 22:24:49', '2022-02-12 22:24:49'),
(1135, 643, 'VOR', NULL, 'Voronezhskaya oblast\'', NULL, 1, '2022-02-12 22:24:49', '2022-02-12 22:24:49'),
(1136, 643, 'YAN', NULL, 'Yamalo-Nenetskiy avtonomnyy okrug', NULL, 1, '2022-02-12 22:24:49', '2022-02-12 22:24:49'),
(1137, 643, 'YAR', NULL, 'Yaroslavskaya oblast\'', NULL, 1, '2022-02-12 22:24:49', '2022-02-12 22:24:49'),
(1138, 643, 'YEV', NULL, 'Yevreyskaya avtonomnaya oblast\'ug', NULL, 1, '2022-02-12 22:24:49', '2022-02-12 22:24:49'),
(1139, 643, 'ZAB', NULL, 'Zabaykal\'skiy kray', NULL, 1, '2022-02-12 22:24:49', '2022-02-12 22:24:49'),
(1140, 682, '12', NULL, 'AI Jawf', NULL, 1, '2022-02-12 22:24:49', '2022-02-12 22:24:49'),
(1141, 682, '11', NULL, 'Al Bāḩah', NULL, 1, '2022-02-12 22:24:49', '2022-02-12 22:24:49'),
(1142, 682, '3', NULL, 'Al Madīnah', NULL, 1, '2022-02-12 22:24:49', '2022-02-12 22:24:49'),
(1143, 682, '5', NULL, 'Al Qaşīm', NULL, 1, '2022-02-12 22:24:49', '2022-02-12 22:24:49'),
(1144, 682, '8', NULL, 'Al Ḩudūd ash Shamālīyah', NULL, 1, '2022-02-12 22:24:49', '2022-02-12 22:24:49'),
(1145, 682, '1', NULL, 'Ar Riyāḑ', NULL, 1, '2022-02-12 22:24:49', '2022-02-12 22:24:49'),
(1146, 682, '4', NULL, 'Ash Sharqīyah', NULL, 1, '2022-02-12 22:24:49', '2022-02-12 22:24:49'),
(1147, 682, '14', NULL, 'Asīr', NULL, 1, '2022-02-12 22:24:49', '2022-02-12 22:24:49'),
(1148, 682, '9', NULL, 'Jīzān', NULL, 1, '2022-02-12 22:24:49', '2022-02-12 22:24:49'),
(1149, 682, '2', NULL, 'Makkah', NULL, 1, '2022-02-12 22:24:49', '2022-02-12 22:24:49'),
(1150, 682, '10', NULL, 'Najrān', NULL, 1, '2022-02-12 22:24:49', '2022-02-12 22:24:49'),
(1151, 682, '7', NULL, 'Tabūk', NULL, 1, '2022-02-12 22:24:49', '2022-02-12 22:24:49'),
(1152, 682, '6', NULL, 'Ḩā\'il', NULL, 1, '2022-02-12 22:24:49', '2022-02-12 22:24:49'),
(1153, 690, '02', NULL, 'Anse Boileau', NULL, 1, '2022-02-12 22:24:49', '2022-02-12 22:24:49'),
(1154, 690, '05', NULL, 'Anse Royale', NULL, 1, '2022-02-12 22:24:49', '2022-02-12 22:24:49'),
(1155, 690, '01', NULL, 'Anse aux Pins', NULL, 1, '2022-02-12 22:24:49', '2022-02-12 22:24:49'),
(1156, 690, '03', NULL, 'Anse Étoile', NULL, 1, '2022-02-12 22:24:49', '2022-02-12 22:24:49'),
(1157, 690, '04', NULL, 'Au Cap', NULL, 1, '2022-02-12 22:24:49', '2022-02-12 22:24:49'),
(1158, 690, '06', NULL, 'Baie Lazare', NULL, 1, '2022-02-12 22:24:49', '2022-02-12 22:24:49'),
(1159, 690, '07', NULL, 'Baie Sainte-Anne', NULL, 1, '2022-02-12 22:24:49', '2022-02-12 22:24:49'),
(1160, 690, '08', NULL, 'Beau Vallon', NULL, 1, '2022-02-12 22:24:49', '2022-02-12 22:24:49'),
(1161, 690, '09', NULL, 'Bel Air', NULL, 1, '2022-02-12 22:24:49', '2022-02-12 22:24:49'),
(1162, 690, '10', NULL, 'Bel Ombre', NULL, 1, '2022-02-12 22:24:49', '2022-02-12 22:24:49'),
(1163, 690, '11', NULL, 'Cascade', NULL, 1, '2022-02-12 22:24:49', '2022-02-12 22:24:49'),
(1164, 690, '12', NULL, 'Glacis', NULL, 1, '2022-02-12 22:24:49', '2022-02-12 22:24:49'),
(1165, 690, '13', NULL, 'Grand\' Anse Mahé', NULL, 1, '2022-02-12 22:24:49', '2022-02-12 22:24:49'),
(1166, 690, '14', NULL, 'Grand\' Anse Praslin', NULL, 1, '2022-02-12 22:24:49', '2022-02-12 22:24:49'),
(1167, 690, '15', NULL, 'La Digue', NULL, 1, '2022-02-12 22:24:49', '2022-02-12 22:24:49'),
(1168, 690, '16', NULL, 'La Rivière Anglaise', NULL, 1, '2022-02-12 22:24:49', '2022-02-12 22:24:49'),
(1169, 690, '24', NULL, 'Les Mamelles', NULL, 1, '2022-02-12 22:24:49', '2022-02-12 22:24:49'),
(1170, 690, '17', NULL, 'Mont Buxton', NULL, 1, '2022-02-12 22:24:49', '2022-02-12 22:24:49'),
(1171, 690, '18', NULL, 'Mont Fleuri', NULL, 1, '2022-02-12 22:24:49', '2022-02-12 22:24:49'),
(1172, 690, '19', NULL, 'Plaisance', NULL, 1, '2022-02-12 22:24:49', '2022-02-12 22:24:49'),
(1173, 690, '20', NULL, 'Pointe La Rue', NULL, 1, '2022-02-12 22:24:49', '2022-02-12 22:24:49'),
(1174, 690, '21', NULL, 'Port Glaud', NULL, 1, '2022-02-12 22:24:49', '2022-02-12 22:24:49'),
(1175, 690, '25', NULL, 'Roche Caïman', NULL, 1, '2022-02-12 22:24:49', '2022-02-12 22:24:49'),
(1176, 690, '22', NULL, 'Saint Louis', NULL, 1, '2022-02-12 22:24:49', '2022-02-12 22:24:49'),
(1177, 690, '23', NULL, 'Takamaka', NULL, 1, '2022-02-12 22:24:49', '2022-02-12 22:24:49'),
(1178, 702, '01', NULL, 'Central Singapore', NULL, 1, '2022-02-12 22:24:49', '2022-02-12 22:24:49'),
(1179, 702, '02', NULL, 'North East', NULL, 1, '2022-02-12 22:24:49', '2022-02-12 22:24:49'),
(1180, 702, '03', NULL, 'North West', NULL, 1, '2022-02-12 22:24:49', '2022-02-12 22:24:49'),
(1181, 702, '04', NULL, 'South East', NULL, 1, '2022-02-12 22:24:49', '2022-02-12 22:24:49'),
(1182, 702, '05', NULL, 'South West', NULL, 1, '2022-02-12 22:24:49', '2022-02-12 22:24:49'),
(1183, 764, '37', NULL, 'Amnat Charoen', NULL, 1, '2022-02-12 22:24:49', '2022-02-12 22:24:49'),
(1184, 764, '15', NULL, 'Ang Thong', NULL, 1, '2022-02-12 22:24:49', '2022-02-12 22:24:49'),
(1185, 764, '38', NULL, 'Bueng Kan', NULL, 1, '2022-02-12 22:24:49', '2022-02-12 22:24:49'),
(1186, 764, '31', NULL, 'Buri Ram', NULL, 1, '2022-02-12 22:24:49', '2022-02-12 22:24:49'),
(1187, 764, '24', NULL, 'Chachoengsao', NULL, 1, '2022-02-12 22:24:49', '2022-02-12 22:24:49'),
(1188, 764, '18', NULL, 'Chai Nat', NULL, 1, '2022-02-12 22:24:49', '2022-02-12 22:24:49'),
(1189, 764, '36', NULL, 'Chaiyaphum', NULL, 1, '2022-02-12 22:24:49', '2022-02-12 22:24:49'),
(1190, 764, '22', NULL, 'Chanthaburi', NULL, 1, '2022-02-12 22:24:49', '2022-02-12 22:24:49'),
(1191, 764, '50', NULL, 'Chiang Mai', NULL, 1, '2022-02-12 22:24:49', '2022-02-12 22:24:49'),
(1192, 764, '57', NULL, 'Chiang Rai', NULL, 1, '2022-02-12 22:24:49', '2022-02-12 22:24:49'),
(1193, 764, '20', NULL, 'Chon Buri', NULL, 1, '2022-02-12 22:24:49', '2022-02-12 22:24:49'),
(1194, 764, '86', NULL, 'Chumphon', NULL, 1, '2022-02-12 22:24:49', '2022-02-12 22:24:49'),
(1195, 764, '46', NULL, 'Kalasin', NULL, 1, '2022-02-12 22:24:49', '2022-02-12 22:24:49'),
(1196, 764, '62', NULL, 'Kamphaeng Phet', NULL, 1, '2022-02-12 22:24:49', '2022-02-12 22:24:49'),
(1197, 764, '71', NULL, 'Kanchanaburi', NULL, 1, '2022-02-12 22:24:49', '2022-02-12 22:24:49'),
(1198, 764, '40', NULL, 'Khon Kaen', NULL, 1, '2022-02-12 22:24:49', '2022-02-12 22:24:49'),
(1199, 764, '81', NULL, 'Krabi', NULL, 1, '2022-02-12 22:24:49', '2022-02-12 22:24:49'),
(1200, 764, '52', NULL, 'Lampang', NULL, 1, '2022-02-12 22:24:49', '2022-02-12 22:24:49'),
(1201, 764, '51', NULL, 'Lamphun', NULL, 1, '2022-02-12 22:24:49', '2022-02-12 22:24:49'),
(1202, 764, '42', NULL, 'Loei', NULL, 1, '2022-02-12 22:24:49', '2022-02-12 22:24:49'),
(1203, 764, '16', NULL, 'Lop Buri', NULL, 1, '2022-02-12 22:24:49', '2022-02-12 22:24:49'),
(1204, 764, '58', NULL, 'Mae Hong Son', NULL, 1, '2022-02-12 22:24:49', '2022-02-12 22:24:49'),
(1205, 764, '44', NULL, 'Maha Sarakham', NULL, 1, '2022-02-12 22:24:49', '2022-02-12 22:24:49'),
(1206, 764, '49', NULL, 'Mukdahan', NULL, 1, '2022-02-12 22:24:49', '2022-02-12 22:24:49'),
(1207, 764, '26', NULL, 'Nakhon Nayok', NULL, 1, '2022-02-12 22:24:49', '2022-02-12 22:24:49'),
(1208, 764, '73', NULL, 'Nakhon Pathom', NULL, 1, '2022-02-12 22:24:49', '2022-02-12 22:24:49'),
(1209, 764, '48', NULL, 'Nakhon Phanom', NULL, 1, '2022-02-12 22:24:49', '2022-02-12 22:24:49'),
(1210, 764, '30', NULL, 'Nakhon Ratchasima', NULL, 1, '2022-02-12 22:24:49', '2022-02-12 22:24:49'),
(1211, 764, '60', NULL, 'Nakhon Sawan', NULL, 1, '2022-02-12 22:24:49', '2022-02-12 22:24:49'),
(1212, 764, '80', NULL, 'Nakhon Si Thammarat', NULL, 1, '2022-02-12 22:24:49', '2022-02-12 22:24:49'),
(1213, 764, '55', NULL, 'Nan', NULL, 1, '2022-02-12 22:24:49', '2022-02-12 22:24:49'),
(1214, 764, '96', NULL, 'Narathiwat', NULL, 1, '2022-02-12 22:24:49', '2022-02-12 22:24:49'),
(1215, 764, '39', NULL, 'Nong Bua Lam Phu', NULL, 1, '2022-02-12 22:24:49', '2022-02-12 22:24:49'),
(1216, 764, '43', NULL, 'Nong Khai', NULL, 1, '2022-02-12 22:24:49', '2022-02-12 22:24:49'),
(1217, 764, '12', NULL, 'Nonthaburi', NULL, 1, '2022-02-12 22:24:49', '2022-02-12 22:24:49'),
(1218, 764, '13', NULL, 'Pathum Thani', NULL, 1, '2022-02-12 22:24:49', '2022-02-12 22:24:49'),
(1219, 764, '94', NULL, 'Pattani', NULL, 1, '2022-02-12 22:24:49', '2022-02-12 22:24:49'),
(1220, 764, '82', NULL, 'Phangnga', NULL, 1, '2022-02-12 22:24:49', '2022-02-12 22:24:49'),
(1221, 764, '93', NULL, 'Phatthalung', NULL, 1, '2022-02-12 22:24:49', '2022-02-12 22:24:49'),
(1222, 764, '56', NULL, 'Phayao', NULL, 1, '2022-02-12 22:24:49', '2022-02-12 22:24:49'),
(1223, 764, '67', NULL, 'Phetchabun', NULL, 1, '2022-02-12 22:24:49', '2022-02-12 22:24:49'),
(1224, 764, '76', NULL, 'Phetchaburi', NULL, 1, '2022-02-12 22:24:49', '2022-02-12 22:24:49'),
(1225, 764, '66', NULL, 'Phichit', NULL, 1, '2022-02-12 22:24:49', '2022-02-12 22:24:49'),
(1226, 764, '65', NULL, 'Phitsanulok', NULL, 1, '2022-02-12 22:24:49', '2022-02-12 22:24:49'),
(1227, 764, '14', NULL, 'Phra Nakhon Si Ayutthaya', NULL, 1, '2022-02-12 22:24:49', '2022-02-12 22:24:49'),
(1228, 764, '54', NULL, 'Phrae', NULL, 1, '2022-02-12 22:24:49', '2022-02-12 22:24:49'),
(1229, 764, '83', NULL, 'Phuket', NULL, 1, '2022-02-12 22:24:49', '2022-02-12 22:24:49'),
(1230, 764, '25', NULL, 'Prachin Buri', NULL, 1, '2022-02-12 22:24:49', '2022-02-12 22:24:49'),
(1231, 764, '77', NULL, 'Prachuap Khiri Khan', NULL, 1, '2022-02-12 22:24:49', '2022-02-12 22:24:49'),
(1232, 764, '85', NULL, 'Ranong', NULL, 1, '2022-02-12 22:24:49', '2022-02-12 22:24:49'),
(1233, 764, '70', NULL, 'Ratchaburi', NULL, 1, '2022-02-12 22:24:49', '2022-02-12 22:24:49'),
(1234, 764, '21', NULL, 'Rayong', NULL, 1, '2022-02-12 22:24:49', '2022-02-12 22:24:49'),
(1235, 764, '45', NULL, 'Roi Et', NULL, 1, '2022-02-12 22:24:49', '2022-02-12 22:24:49'),
(1236, 764, '27', NULL, 'Sa Kaeo', NULL, 1, '2022-02-12 22:24:49', '2022-02-12 22:24:49'),
(1237, 764, '47', NULL, 'Sakon Nakhon', NULL, 1, '2022-02-12 22:24:49', '2022-02-12 22:24:49'),
(1238, 764, '11', NULL, 'Samut Prakan', NULL, 1, '2022-02-12 22:24:49', '2022-02-12 22:24:49'),
(1239, 764, '74', NULL, 'Samut Sakhon', NULL, 1, '2022-02-12 22:24:49', '2022-02-12 22:24:49'),
(1240, 764, '75', NULL, 'Samut Songkhram', NULL, 1, '2022-02-12 22:24:49', '2022-02-12 22:24:49'),
(1241, 764, '19', NULL, 'Saraburi', NULL, 1, '2022-02-12 22:24:49', '2022-02-12 22:24:49'),
(1242, 764, '91', NULL, 'Satun', NULL, 1, '2022-02-12 22:24:49', '2022-02-12 22:24:49'),
(1243, 764, '33', NULL, 'Si Sa Ket', NULL, 1, '2022-02-12 22:24:49', '2022-02-12 22:24:49'),
(1244, 764, '17', NULL, 'Sing Buri', NULL, 1, '2022-02-12 22:24:49', '2022-02-12 22:24:49'),
(1245, 764, '90', NULL, 'Songkhla', NULL, 1, '2022-02-12 22:24:49', '2022-02-12 22:24:49'),
(1246, 764, '64', NULL, 'Sukhothai', NULL, 1, '2022-02-12 22:24:49', '2022-02-12 22:24:49'),
(1247, 764, '72', NULL, 'Suphan Buri', NULL, 1, '2022-02-12 22:24:49', '2022-02-12 22:24:49'),
(1248, 764, '84', NULL, 'Surat Thani', NULL, 1, '2022-02-12 22:24:49', '2022-02-12 22:24:49'),
(1249, 764, '32', NULL, 'Surin', NULL, 1, '2022-02-12 22:24:49', '2022-02-12 22:24:49'),
(1250, 764, '63', NULL, 'Tak', NULL, 1, '2022-02-12 22:24:49', '2022-02-12 22:24:49'),
(1251, 764, '92', NULL, 'Trang', NULL, 1, '2022-02-12 22:24:49', '2022-02-12 22:24:49'),
(1252, 764, '23', NULL, 'Trat', NULL, 1, '2022-02-12 22:24:49', '2022-02-12 22:24:49'),
(1253, 764, '34', NULL, 'Ubon Ratchathani', NULL, 1, '2022-02-12 22:24:49', '2022-02-12 22:24:49'),
(1254, 764, '41', NULL, 'Udon Thani', NULL, 1, '2022-02-12 22:24:49', '2022-02-12 22:24:49'),
(1255, 764, '61', NULL, 'Uthai Thani', NULL, 1, '2022-02-12 22:24:49', '2022-02-12 22:24:49'),
(1256, 764, '53', NULL, 'Uttaradit', NULL, 1, '2022-02-12 22:24:49', '2022-02-12 22:24:49'),
(1257, 764, '95', NULL, 'Yala', NULL, 1, '2022-02-12 22:24:49', '2022-02-12 22:24:49'),
(1258, 764, '35', NULL, 'Yasothon', NULL, 1, '2022-02-12 22:24:49', '2022-02-12 22:24:49'),
(1259, 792, '1', NULL, 'Adana', NULL, 1, '2022-02-12 22:24:49', '2022-02-12 22:24:49'),
(1260, 792, '2', NULL, 'Adiyaman', NULL, 1, '2022-02-12 22:24:49', '2022-02-12 22:24:49'),
(1261, 792, '3', NULL, 'Afyon', NULL, 1, '2022-02-12 22:24:49', '2022-02-12 22:24:49'),
(1262, 792, '68', NULL, 'Aksaray', NULL, 1, '2022-02-12 22:24:49', '2022-02-12 22:24:49'),
(1263, 792, '5', NULL, 'Amasya', NULL, 1, '2022-02-12 22:24:49', '2022-02-12 22:24:49'),
(1264, 792, '6', NULL, 'Ankara', NULL, 1, '2022-02-12 22:24:49', '2022-02-12 22:24:49'),
(1265, 792, '7', NULL, 'Antalya', NULL, 1, '2022-02-12 22:24:49', '2022-02-12 22:24:49'),
(1266, 792, '75', NULL, 'Ardahan', NULL, 1, '2022-02-12 22:24:49', '2022-02-12 22:24:49'),
(1267, 792, '8', NULL, 'Artvin', NULL, 1, '2022-02-12 22:24:49', '2022-02-12 22:24:49'),
(1268, 792, '9', NULL, 'Aydin', NULL, 1, '2022-02-12 22:24:49', '2022-02-12 22:24:49'),
(1269, 792, '4', NULL, 'Ağrı', NULL, 1, '2022-02-12 22:24:49', '2022-02-12 22:24:49'),
(1270, 792, '10', NULL, 'Balikesir', NULL, 1, '2022-02-12 22:24:49', '2022-02-12 22:24:49'),
(1271, 792, '74', NULL, 'Bartin', NULL, 1, '2022-02-12 22:24:49', '2022-02-12 22:24:49'),
(1272, 792, '72', NULL, 'Batman', NULL, 1, '2022-02-12 22:24:49', '2022-02-12 22:24:49'),
(1273, 792, '69', NULL, 'Bayburt', NULL, 1, '2022-02-12 22:24:49', '2022-02-12 22:24:49'),
(1274, 792, '11', NULL, 'Bilecik', NULL, 1, '2022-02-12 22:24:49', '2022-02-12 22:24:49'),
(1275, 792, '12', NULL, 'Bingöl', NULL, 1, '2022-02-12 22:24:49', '2022-02-12 22:24:49'),
(1276, 792, '13', NULL, 'Bitlis', NULL, 1, '2022-02-12 22:24:49', '2022-02-12 22:24:49'),
(1277, 792, '14', NULL, 'Bolu', NULL, 1, '2022-02-12 22:24:49', '2022-02-12 22:24:49'),
(1278, 792, '15', NULL, 'Burdur', NULL, 1, '2022-02-12 22:24:49', '2022-02-12 22:24:49'),
(1279, 792, '16', NULL, 'Bursa', NULL, 1, '2022-02-12 22:24:49', '2022-02-12 22:24:49'),
(1280, 792, '20', NULL, 'Denizli', NULL, 1, '2022-02-12 22:24:49', '2022-02-12 22:24:49'),
(1281, 792, '21', NULL, 'Diyarbakir', NULL, 1, '2022-02-12 22:24:49', '2022-02-12 22:24:49'),
(1282, 792, '81', NULL, 'Düzce', NULL, 1, '2022-02-12 22:24:49', '2022-02-12 22:24:49'),
(1283, 792, '22', NULL, 'Edirne', NULL, 1, '2022-02-12 22:24:49', '2022-02-12 22:24:49'),
(1284, 792, '23', NULL, 'Elazığ', NULL, 1, '2022-02-12 22:24:49', '2022-02-12 22:24:49'),
(1285, 792, '24', NULL, 'Erzincan', NULL, 1, '2022-02-12 22:24:49', '2022-02-12 22:24:49'),
(1286, 792, '25', NULL, 'Erzurum', NULL, 1, '2022-02-12 22:24:49', '2022-02-12 22:24:49'),
(1287, 792, '26', NULL, 'Eskişehir', NULL, 1, '2022-02-12 22:24:49', '2022-02-12 22:24:49'),
(1288, 792, '27', NULL, 'Gaziantep', NULL, 1, '2022-02-12 22:24:49', '2022-02-12 22:24:49'),
(1289, 792, '28', NULL, 'Giresun', NULL, 1, '2022-02-12 22:24:49', '2022-02-12 22:24:49'),
(1290, 792, '29', NULL, 'Gümüşhane', NULL, 1, '2022-02-12 22:24:49', '2022-02-12 22:24:49'),
(1291, 792, '30', NULL, 'Hakkâri', NULL, 1, '2022-02-12 22:24:49', '2022-02-12 22:24:49'),
(1292, 792, '31', NULL, 'Hatay', NULL, 1, '2022-02-12 22:24:49', '2022-02-12 22:24:49'),
(1293, 792, '33', NULL, 'Icel', NULL, 1, '2022-02-12 22:24:49', '2022-02-12 22:24:49'),
(1294, 792, '32', NULL, 'Isparta', NULL, 1, '2022-02-12 22:24:49', '2022-02-12 22:24:49'),
(1295, 792, '34', NULL, 'Istanbul', NULL, 1, '2022-02-12 22:24:49', '2022-02-12 22:24:49'),
(1296, 792, '35', NULL, 'Izmir', NULL, 1, '2022-02-12 22:24:49', '2022-02-12 22:24:49'),
(1297, 792, '76', NULL, 'Iğdır', NULL, 1, '2022-02-12 22:24:49', '2022-02-12 22:24:49'),
(1298, 792, '46', NULL, 'Kahramanmaraş', NULL, 1, '2022-02-12 22:24:49', '2022-02-12 22:24:49'),
(1299, 792, '78', NULL, 'Karabük', NULL, 1, '2022-02-12 22:24:49', '2022-02-12 22:24:49'),
(1300, 792, '70', NULL, 'Karaman', NULL, 1, '2022-02-12 22:24:49', '2022-02-12 22:24:49'),
(1301, 792, '36', NULL, 'Kars', NULL, 1, '2022-02-12 22:24:49', '2022-02-12 22:24:49'),
(1302, 792, '37', NULL, 'Kastamonu', NULL, 1, '2022-02-12 22:24:49', '2022-02-12 22:24:49'),
(1303, 792, '38', NULL, 'Kayseri', NULL, 1, '2022-02-12 22:24:49', '2022-02-12 22:24:49'),
(1304, 792, '79', NULL, 'Kilis', NULL, 1, '2022-02-12 22:24:49', '2022-02-12 22:24:49'),
(1305, 792, '71', NULL, 'Kirkkale', NULL, 1, '2022-02-12 22:24:49', '2022-02-12 22:24:49'),
(1306, 792, '39', NULL, 'Kirklareli', NULL, 1, '2022-02-12 22:24:49', '2022-02-12 22:24:49'),
(1307, 792, '41', NULL, 'Kocaeli', NULL, 1, '2022-02-12 22:24:49', '2022-02-12 22:24:49'),
(1308, 792, '42', NULL, 'Konya', NULL, 1, '2022-02-12 22:24:49', '2022-02-12 22:24:49'),
(1309, 792, '43', NULL, 'Kütahya', NULL, 1, '2022-02-12 22:24:49', '2022-02-12 22:24:49'),
(1310, 792, '40', NULL, 'Kırşehir', NULL, 1, '2022-02-12 22:24:49', '2022-02-12 22:24:49'),
(1311, 792, '44', NULL, 'Malatya', NULL, 1, '2022-02-12 22:24:49', '2022-02-12 22:24:49'),
(1312, 792, '45', NULL, 'Manisa', NULL, 1, '2022-02-12 22:24:49', '2022-02-12 22:24:49'),
(1313, 792, '47', NULL, 'Mardin', NULL, 1, '2022-02-12 22:24:49', '2022-02-12 22:24:49'),
(1314, 792, '48', NULL, 'Muğla', NULL, 1, '2022-02-12 22:24:49', '2022-02-12 22:24:49'),
(1315, 792, '49', NULL, 'Muş', NULL, 1, '2022-02-12 22:24:49', '2022-02-12 22:24:49'),
(1316, 792, '50', NULL, 'Nevşehir', NULL, 1, '2022-02-12 22:24:49', '2022-02-12 22:24:49'),
(1317, 792, '51', NULL, 'Niğde', NULL, 1, '2022-02-12 22:24:49', '2022-02-12 22:24:49'),
(1318, 792, '52', NULL, 'Ordu', NULL, 1, '2022-02-12 22:24:49', '2022-02-12 22:24:49'),
(1319, 792, '80', NULL, 'Osmaniye', NULL, 1, '2022-02-12 22:24:49', '2022-02-12 22:24:49'),
(1320, 792, '53', NULL, 'Rize', NULL, 1, '2022-02-12 22:24:49', '2022-02-12 22:24:49'),
(1321, 792, '54', NULL, 'Sakarya', NULL, 1, '2022-02-12 22:24:49', '2022-02-12 22:24:49'),
(1322, 792, '55', NULL, 'Samsun', NULL, 1, '2022-02-12 22:24:49', '2022-02-12 22:24:49'),
(1323, 792, '56', NULL, 'Siirt', NULL, 1, '2022-02-12 22:24:49', '2022-02-12 22:24:49'),
(1324, 792, '57', NULL, 'Sinop', NULL, 1, '2022-02-12 22:24:49', '2022-02-12 22:24:49'),
(1325, 792, '58', NULL, 'Sivas', NULL, 1, '2022-02-12 22:24:49', '2022-02-12 22:24:49'),
(1326, 792, '59', NULL, 'Tekirdağ', NULL, 1, '2022-02-12 22:24:49', '2022-02-12 22:24:49'),
(1327, 792, '60', NULL, 'Tokat', NULL, 1, '2022-02-12 22:24:49', '2022-02-12 22:24:49'),
(1328, 792, '61', NULL, 'Trabzon', NULL, 1, '2022-02-12 22:24:49', '2022-02-12 22:24:49'),
(1329, 792, '62', NULL, 'Tunceli', NULL, 1, '2022-02-12 22:24:49', '2022-02-12 22:24:49'),
(1330, 792, '64', NULL, 'Uşak', NULL, 1, '2022-02-12 22:24:49', '2022-02-12 22:24:49'),
(1331, 792, '65', NULL, 'Van', NULL, 1, '2022-02-12 22:24:49', '2022-02-12 22:24:49'),
(1332, 792, '77', NULL, 'Yalova', NULL, 1, '2022-02-12 22:24:49', '2022-02-12 22:24:49'),
(1333, 792, '66', NULL, 'Yozgat', NULL, 1, '2022-02-12 22:24:49', '2022-02-12 22:24:49'),
(1334, 792, '67', NULL, 'Zonguldak', NULL, 1, '2022-02-12 22:24:49', '2022-02-12 22:24:49'),
(1335, 792, '17', NULL, 'Çanakkale', NULL, 1, '2022-02-12 22:24:49', '2022-02-12 22:24:49'),
(1336, 792, '18', NULL, 'Çankırı', NULL, 1, '2022-02-12 22:24:49', '2022-02-12 22:24:49'),
(1337, 792, '19', NULL, 'Çorum', NULL, 1, '2022-02-12 22:24:49', '2022-02-12 22:24:49'),
(1338, 792, '63', NULL, 'Şanlıurfa', NULL, 1, '2022-02-12 22:24:49', '2022-02-12 22:24:49'),
(1339, 792, '73', NULL, 'Şırnak', NULL, 1, '2022-02-12 22:24:49', '2022-02-12 22:24:49'),
(1340, 834, '01', NULL, 'Arusha', NULL, 1, '2022-02-12 22:24:49', '2022-02-12 22:24:49'),
(1341, 834, '02', NULL, 'Dar es Salaam', NULL, 1, '2022-02-12 22:24:49', '2022-02-12 22:24:49'),
(1342, 834, '03', NULL, 'Dodoma', NULL, 1, '2022-02-12 22:24:49', '2022-02-12 22:24:49'),
(1343, 834, '27', NULL, 'Geita', NULL, 1, '2022-02-12 22:24:49', '2022-02-12 22:24:49'),
(1344, 834, '04', NULL, 'Iringa', NULL, 1, '2022-02-12 22:24:49', '2022-02-12 22:24:49'),
(1345, 834, '05', NULL, 'Kagera', NULL, 1, '2022-02-12 22:24:49', '2022-02-12 22:24:49'),
(1346, 834, '06', NULL, 'Kaskazini Pemba', NULL, 1, '2022-02-12 22:24:49', '2022-02-12 22:24:49'),
(1347, 834, '07', NULL, 'Kaskazini Unguja', NULL, 1, '2022-02-12 22:24:49', '2022-02-12 22:24:49'),
(1348, 834, '28', NULL, 'Katavi', NULL, 1, '2022-02-12 22:24:49', '2022-02-12 22:24:49'),
(1349, 834, '08', NULL, 'Kigoma', NULL, 1, '2022-02-12 22:24:49', '2022-02-12 22:24:49'),
(1350, 834, '09', NULL, 'Kilimanjaro', NULL, 1, '2022-02-12 22:24:49', '2022-02-12 22:24:49'),
(1351, 834, '10', NULL, 'Kusini Pemba', NULL, 1, '2022-02-12 22:24:49', '2022-02-12 22:24:49'),
(1352, 834, '11', NULL, 'Kusini Unguja', NULL, 1, '2022-02-12 22:24:49', '2022-02-12 22:24:49'),
(1353, 834, '12', NULL, 'Lindi', NULL, 1, '2022-02-12 22:24:49', '2022-02-12 22:24:49'),
(1354, 834, '26', NULL, 'Manyara', NULL, 1, '2022-02-12 22:24:49', '2022-02-12 22:24:49'),
(1355, 834, '13', NULL, 'Mara', NULL, 1, '2022-02-12 22:24:49', '2022-02-12 22:24:49'),
(1356, 834, '14', NULL, 'Mbeya', NULL, 1, '2022-02-12 22:24:49', '2022-02-12 22:24:49'),
(1357, 834, '15', NULL, 'Mjini Magharibi', NULL, 1, '2022-02-12 22:24:49', '2022-02-12 22:24:49'),
(1358, 834, '16', NULL, 'Morogoro', NULL, 1, '2022-02-12 22:24:49', '2022-02-12 22:24:49'),
(1359, 834, '17', NULL, 'Mtwara', NULL, 1, '2022-02-12 22:24:49', '2022-02-12 22:24:49'),
(1360, 834, '18', NULL, 'Mwanza', NULL, 1, '2022-02-12 22:24:49', '2022-02-12 22:24:49'),
(1361, 834, '29', NULL, 'Njombe', NULL, 1, '2022-02-12 22:24:49', '2022-02-12 22:24:49'),
(1362, 834, '19', NULL, 'Pwani Coast', NULL, 1, '2022-02-12 22:24:49', '2022-02-12 22:24:49'),
(1363, 834, '20', NULL, 'Rukwa', NULL, 1, '2022-02-12 22:24:49', '2022-02-12 22:24:49'),
(1364, 834, '21', NULL, 'Ruvuma', NULL, 1, '2022-02-12 22:24:49', '2022-02-12 22:24:49'),
(1365, 834, '22', NULL, 'Shinyanga', NULL, 1, '2022-02-12 22:24:49', '2022-02-12 22:24:49'),
(1366, 834, '30', NULL, 'Simiyu', NULL, 1, '2022-02-12 22:24:49', '2022-02-12 22:24:49'),
(1367, 834, '23', NULL, 'Singida', NULL, 1, '2022-02-12 22:24:49', '2022-02-12 22:24:49'),
(1368, 834, '31', NULL, 'Songwe', NULL, 1, '2022-02-12 22:24:49', '2022-02-12 22:24:49'),
(1369, 834, '24', NULL, 'Tabora', NULL, 1, '2022-02-12 22:24:49', '2022-02-12 22:24:49'),
(1370, 834, '25', NULL, 'Tanga', NULL, 1, '2022-02-12 22:24:49', '2022-02-12 22:24:49'),
(1371, 840, 'AL', NULL, 'Alabama', NULL, 1, '2022-02-12 22:24:49', '2022-02-12 22:24:49'),
(1372, 840, 'AK', NULL, 'Alaska', NULL, 1, '2022-02-12 22:24:49', '2022-02-12 22:24:49'),
(1373, 840, 'AS', NULL, 'American Samoa', NULL, 1, '2022-02-12 22:24:49', '2022-02-12 22:24:49'),
(1374, 840, 'AZ', NULL, 'Arizona', NULL, 1, '2022-02-12 22:24:49', '2022-02-12 22:24:49'),
(1375, 840, 'AR', NULL, 'Arkansas', NULL, 1, '2022-02-12 22:24:49', '2022-02-12 22:24:49'),
(1376, 840, 'CA', NULL, 'California', NULL, 1, '2022-02-12 22:24:49', '2022-02-12 22:24:49'),
(1377, 840, 'CO', NULL, 'Colorado', NULL, 1, '2022-02-12 22:24:49', '2022-02-12 22:24:49'),
(1378, 840, 'CT', NULL, 'Connecticut', NULL, 1, '2022-02-12 22:24:49', '2022-02-12 22:24:49'),
(1379, 840, 'DE', NULL, 'Delaware', NULL, 1, '2022-02-12 22:24:49', '2022-02-12 22:24:49'),
(1380, 840, 'DC', NULL, 'District Of Columbia', NULL, 1, '2022-02-12 22:24:49', '2022-02-12 22:24:49'),
(1381, 840, 'FM', NULL, 'Federated States Of Micronesia', NULL, 1, '2022-02-12 22:24:49', '2022-02-12 22:24:49'),
(1382, 840, 'FL', NULL, 'Florida', NULL, 1, '2022-02-12 22:24:49', '2022-02-12 22:24:49'),
(1383, 840, 'GA', NULL, 'Georgia', NULL, 1, '2022-02-12 22:24:49', '2022-02-12 22:24:49'),
(1384, 840, 'GU', NULL, 'Guam', NULL, 1, '2022-02-12 22:24:49', '2022-02-12 22:24:49'),
(1385, 840, 'HI', NULL, 'Hawaii', NULL, 1, '2022-02-12 22:24:49', '2022-02-12 22:24:49'),
(1386, 840, 'ID', NULL, 'Idaho', NULL, 1, '2022-02-12 22:24:49', '2022-02-12 22:24:49'),
(1387, 840, 'IL', NULL, 'Illinois', NULL, 1, '2022-02-12 22:24:49', '2022-02-12 22:24:49'),
(1388, 840, 'IN', NULL, 'Indiana', NULL, 1, '2022-02-12 22:24:49', '2022-02-12 22:24:49'),
(1389, 840, 'IA', NULL, 'Iowa', NULL, 1, '2022-02-12 22:24:49', '2022-02-12 22:24:49'),
(1390, 840, 'KS', NULL, 'Kansas', NULL, 1, '2022-02-12 22:24:49', '2022-02-12 22:24:49'),
(1391, 840, 'KY', NULL, 'Kentucky', NULL, 1, '2022-02-12 22:24:49', '2022-02-12 22:24:49'),
(1392, 840, 'LA', NULL, 'Louisiana', NULL, 1, '2022-02-12 22:24:49', '2022-02-12 22:24:49'),
(1393, 840, 'ME', NULL, 'Maine', NULL, 1, '2022-02-12 22:24:49', '2022-02-12 22:24:49'),
(1394, 840, 'MH', NULL, 'Marshall Islands', NULL, 1, '2022-02-12 22:24:49', '2022-02-12 22:24:49'),
(1395, 840, 'MD', NULL, 'Maryland', NULL, 1, '2022-02-12 22:24:49', '2022-02-12 22:24:49'),
(1396, 840, 'MA', NULL, 'Massachusetts', NULL, 1, '2022-02-12 22:24:49', '2022-02-12 22:24:49'),
(1397, 840, 'MI', NULL, 'Michigan', NULL, 1, '2022-02-12 22:24:49', '2022-02-12 22:24:49'),
(1398, 840, 'MN', NULL, 'Minnesota', NULL, 1, '2022-02-12 22:24:49', '2022-02-12 22:24:49'),
(1399, 840, 'MS', NULL, 'Mississippi', NULL, 1, '2022-02-12 22:24:49', '2022-02-12 22:24:49'),
(1400, 840, 'MO', NULL, 'Missouri', NULL, 1, '2022-02-12 22:24:49', '2022-02-12 22:24:49'),
(1401, 840, 'MT', NULL, 'Montana', NULL, 1, '2022-02-12 22:24:49', '2022-02-12 22:24:49'),
(1402, 840, 'NE', NULL, 'Nebraska', NULL, 1, '2022-02-12 22:24:49', '2022-02-12 22:24:49'),
(1403, 840, 'NV', NULL, 'Nevada', NULL, 1, '2022-02-12 22:24:49', '2022-02-12 22:24:49'),
(1404, 840, 'NH', NULL, 'New Hampshire', NULL, 1, '2022-02-12 22:24:49', '2022-02-12 22:24:49'),
(1405, 840, 'NJ', NULL, 'New Jersey', NULL, 1, '2022-02-12 22:24:49', '2022-02-12 22:24:49'),
(1406, 840, 'NM', NULL, 'New Mexico', NULL, 1, '2022-02-12 22:24:49', '2022-02-12 22:24:49'),
(1407, 840, 'NY', NULL, 'New York', NULL, 1, '2022-02-12 22:24:49', '2022-02-12 22:24:49'),
(1408, 840, 'NC', NULL, 'North Carolina', NULL, 1, '2022-02-12 22:24:49', '2022-02-12 22:24:49'),
(1409, 840, 'ND', NULL, 'North Dakota', NULL, 1, '2022-02-12 22:24:49', '2022-02-12 22:24:49'),
(1410, 840, 'MP', NULL, 'Northern Mariana Islands', NULL, 1, '2022-02-12 22:24:49', '2022-02-12 22:24:49'),
(1411, 840, 'OH', NULL, 'Ohio', NULL, 1, '2022-02-12 22:24:49', '2022-02-12 22:24:49'),
(1412, 840, 'OK', NULL, 'Oklahoma', NULL, 1, '2022-02-12 22:24:49', '2022-02-12 22:24:49'),
(1413, 840, 'OR', NULL, 'Oregon', NULL, 1, '2022-02-12 22:24:49', '2022-02-12 22:24:49'),
(1414, 840, 'PW', NULL, 'Palau', NULL, 1, '2022-02-12 22:24:49', '2022-02-12 22:24:49'),
(1415, 840, 'PA', NULL, 'Pennsylvania', NULL, 1, '2022-02-12 22:24:49', '2022-02-12 22:24:49'),
(1416, 840, 'PR', NULL, 'Puerto Rico', NULL, 1, '2022-02-12 22:24:49', '2022-02-12 22:24:49'),
(1417, 840, 'RI', NULL, 'Rhode Island', NULL, 1, '2022-02-12 22:24:49', '2022-02-12 22:24:49'),
(1418, 840, 'SC', NULL, 'South Carolina', NULL, 1, '2022-02-12 22:24:49', '2022-02-12 22:24:49'),
(1419, 840, 'SD', NULL, 'South Dakota', NULL, 1, '2022-02-12 22:24:49', '2022-02-12 22:24:49'),
(1420, 840, 'TN', NULL, 'Tennessee', NULL, 1, '2022-02-12 22:24:49', '2022-02-12 22:24:49'),
(1421, 840, 'TX', NULL, 'Texas', NULL, 1, '2022-02-12 22:24:49', '2022-02-12 22:24:49'),
(1422, 840, 'UT', NULL, 'Utah', NULL, 1, '2022-02-12 22:24:49', '2022-02-12 22:24:49'),
(1423, 840, 'VT', NULL, 'Vermont', NULL, 1, '2022-02-12 22:24:49', '2022-02-12 22:24:49'),
(1424, 840, 'VI', NULL, 'Virgin Islands', NULL, 1, '2022-02-12 22:24:49', '2022-02-12 22:24:49'),
(1425, 840, 'VA', NULL, 'Virginia', NULL, 1, '2022-02-12 22:24:49', '2022-02-12 22:24:49'),
(1426, 840, 'WA', NULL, 'Washington', NULL, 1, '2022-02-12 22:24:49', '2022-02-12 22:24:49'),
(1427, 840, 'WV', NULL, 'West Virginia', NULL, 1, '2022-02-12 22:24:49', '2022-02-12 22:24:49'),
(1428, 840, 'WI', NULL, 'Wisconsin', NULL, 1, '2022-02-12 22:24:49', '2022-02-12 22:24:49'),
(1429, 840, 'WY', NULL, 'Wyoming', NULL, 1, '2022-02-12 22:24:49', '2022-02-12 22:24:49'),
(1430, 704, '44', NULL, 'An Giang', NULL, 1, '2022-02-12 22:24:49', '2022-02-12 22:24:49'),
(1431, 704, '43', NULL, 'Ba Ria - Vung Tau', NULL, 1, '2022-02-12 22:24:49', '2022-02-12 22:24:49'),
(1432, 704, '53', NULL, 'Bac Can', NULL, 1, '2022-02-12 22:24:49', '2022-02-12 22:24:49'),
(1433, 704, '54', NULL, 'Bac Giang', NULL, 1, '2022-02-12 22:24:49', '2022-02-12 22:24:49'),
(1434, 704, '55', NULL, 'Bac Lieu', NULL, 1, '2022-02-12 22:24:49', '2022-02-12 22:24:49'),
(1435, 704, '56', NULL, 'Bac Ninh', NULL, 1, '2022-02-12 22:24:49', '2022-02-12 22:24:49'),
(1436, 704, '50', NULL, 'Ben Tre', NULL, 1, '2022-02-12 22:24:49', '2022-02-12 22:24:49'),
(1437, 704, '31', NULL, 'Binh Dinh', NULL, 1, '2022-02-12 22:24:49', '2022-02-12 22:24:49'),
(1438, 704, '57', NULL, 'Binh Duong', NULL, 1, '2022-02-12 22:24:49', '2022-02-12 22:24:49'),
(1439, 704, '58', NULL, 'Binh Phuoc', NULL, 1, '2022-02-12 22:24:49', '2022-02-12 22:24:49'),
(1440, 704, '40', NULL, 'Binh Thuan', NULL, 1, '2022-02-12 22:24:49', '2022-02-12 22:24:49'),
(1441, 704, '59', NULL, 'Ca Mau', NULL, 1, '2022-02-12 22:24:49', '2022-02-12 22:24:49'),
(1442, 704, 'CT', NULL, 'Can Tho', NULL, 1, '2022-02-12 22:24:49', '2022-02-12 22:24:49'),
(1443, 704, '4', NULL, 'Cao Bang', NULL, 1, '2022-02-12 22:24:49', '2022-02-12 22:24:49'),
(1444, 704, 'DN', NULL, 'Da Nang', NULL, 1, '2022-02-12 22:24:49', '2022-02-12 22:24:49'),
(1445, 704, '60', NULL, 'Da Nang, thanh pho', NULL, 1, '2022-02-12 22:24:49', '2022-02-12 22:24:49'),
(1446, 704, '33', NULL, 'Dac Lac', NULL, 1, '2022-02-12 22:24:49', '2022-02-12 22:24:49'),
(1447, 704, '72', NULL, 'Dak Nong', NULL, 1, '2022-02-12 22:24:49', '2022-02-12 22:24:49'),
(1448, 704, '71', NULL, 'Dien Bien', NULL, 1, '2022-02-12 22:24:49', '2022-02-12 22:24:49'),
(1449, 704, '39', NULL, 'Dong Nai', NULL, 1, '2022-02-12 22:24:49', '2022-02-12 22:24:49'),
(1450, 704, '45', NULL, 'Dong Thap', NULL, 1, '2022-02-12 22:24:49', '2022-02-12 22:24:49'),
(1451, 704, '30', NULL, 'Gia Lai', NULL, 1, '2022-02-12 22:24:49', '2022-02-12 22:24:49'),
(1452, 704, '3', NULL, 'Ha Giang', NULL, 1, '2022-02-12 22:24:49', '2022-02-12 22:24:49'),
(1453, 704, '63', NULL, 'Ha Nam', NULL, 1, '2022-02-12 22:24:49', '2022-02-12 22:24:49'),
(1454, 704, 'HN', NULL, 'Ha Noi', NULL, 1, '2022-02-12 22:24:49', '2022-02-12 22:24:49'),
(1455, 704, '15', NULL, 'Ha Tay', NULL, 1, '2022-02-12 22:24:49', '2022-02-12 22:24:49'),
(1456, 704, '23', NULL, 'Ha Tinh', NULL, 1, '2022-02-12 22:24:49', '2022-02-12 22:24:49'),
(1457, 704, '61', NULL, 'Hai Duong', NULL, 1, '2022-02-12 22:24:49', '2022-02-12 22:24:49'),
(1458, 704, 'HP', NULL, 'Hai Phong', NULL, 1, '2022-02-12 22:24:49', '2022-02-12 22:24:49'),
(1459, 704, '62', NULL, 'Hai Phong, thanh pho', NULL, 1, '2022-02-12 22:24:49', '2022-02-12 22:24:49'),
(1460, 704, '73', NULL, 'Hau Giang', NULL, 1, '2022-02-12 22:24:49', '2022-02-12 22:24:49'),
(1461, 704, 'SG', NULL, 'Ho Chi Minh', NULL, 1, '2022-02-12 22:24:49', '2022-02-12 22:24:49'),
(1462, 704, '14', NULL, 'Hoa Binh', NULL, 1, '2022-02-12 22:24:49', '2022-02-12 22:24:49'),
(1463, 704, '66', NULL, 'Hung Yen', NULL, 1, '2022-02-12 22:24:49', '2022-02-12 22:24:49'),
(1464, 704, '34', NULL, 'Khanh Hoa', NULL, 1, '2022-02-12 22:24:49', '2022-02-12 22:24:49'),
(1465, 704, '47', NULL, 'Kien Giang', NULL, 1, '2022-02-12 22:24:49', '2022-02-12 22:24:49'),
(1466, 704, '28', NULL, 'Kon Tum', NULL, 1, '2022-02-12 22:24:49', '2022-02-12 22:24:49'),
(1467, 704, '1', NULL, 'Lai Chau', NULL, 1, '2022-02-12 22:24:49', '2022-02-12 22:24:49'),
(1468, 704, '35', NULL, 'Lam Dong', NULL, 1, '2022-02-12 22:24:49', '2022-02-12 22:24:49'),
(1469, 704, '9', NULL, 'Lang Son', NULL, 1, '2022-02-12 22:24:49', '2022-02-12 22:24:49'),
(1470, 704, '2', NULL, 'Lao Cai', NULL, 1, '2022-02-12 22:24:49', '2022-02-12 22:24:49'),
(1471, 704, '41', NULL, 'Long An', NULL, 1, '2022-02-12 22:24:49', '2022-02-12 22:24:49'),
(1472, 704, '67', NULL, 'Nam Dinh', NULL, 1, '2022-02-12 22:24:49', '2022-02-12 22:24:49'),
(1473, 704, '22', NULL, 'Nghe An', NULL, 1, '2022-02-12 22:24:49', '2022-02-12 22:24:49'),
(1474, 704, '18', NULL, 'Ninh Binh', NULL, 1, '2022-02-12 22:24:49', '2022-02-12 22:24:49'),
(1475, 704, '36', NULL, 'Ninh Thuan', NULL, 1, '2022-02-12 22:24:49', '2022-02-12 22:24:49'),
(1476, 704, '68', NULL, 'Phu Tho', NULL, 1, '2022-02-12 22:24:49', '2022-02-12 22:24:49'),
(1477, 704, '32', NULL, 'Phu Yen', NULL, 1, '2022-02-12 22:24:49', '2022-02-12 22:24:49'),
(1478, 704, '24', NULL, 'Quang Binh', NULL, 1, '2022-02-12 22:24:49', '2022-02-12 22:24:49'),
(1479, 704, '27', NULL, 'Quang Nam', NULL, 1, '2022-02-12 22:24:49', '2022-02-12 22:24:49'),
(1480, 704, '29', NULL, 'Quang Ngai', NULL, 1, '2022-02-12 22:24:49', '2022-02-12 22:24:49'),
(1481, 704, '13', NULL, 'Quang Ninh', NULL, 1, '2022-02-12 22:24:49', '2022-02-12 22:24:49'),
(1482, 704, '25', NULL, 'Quang Tri', NULL, 1, '2022-02-12 22:24:49', '2022-02-12 22:24:49'),
(1483, 704, '52', NULL, 'Soc Trang', NULL, 1, '2022-02-12 22:24:49', '2022-02-12 22:24:49'),
(1484, 704, '5', NULL, 'Son La', NULL, 1, '2022-02-12 22:24:49', '2022-02-12 22:24:49'),
(1485, 704, '37', NULL, 'Tay Ninh', NULL, 1, '2022-02-12 22:24:49', '2022-02-12 22:24:49'),
(1486, 704, '20', NULL, 'Thai Binh', NULL, 1, '2022-02-12 22:24:49', '2022-02-12 22:24:49'),
(1487, 704, '69', NULL, 'Thai Nguyen', NULL, 1, '2022-02-12 22:24:49', '2022-02-12 22:24:49'),
(1488, 704, '21', NULL, 'Thanh Hoa', NULL, 1, '2022-02-12 22:24:49', '2022-02-12 22:24:49'),
(1489, 704, '26', NULL, 'Thua Thien-Hue', NULL, 1, '2022-02-12 22:24:49', '2022-02-12 22:24:49'),
(1490, 704, '46', NULL, 'Tien Giang', NULL, 1, '2022-02-12 22:24:49', '2022-02-12 22:24:49'),
(1491, 704, '51', NULL, 'Tra Vinh', NULL, 1, '2022-02-12 22:24:49', '2022-02-12 22:24:49'),
(1492, 704, '7', NULL, 'Tuyen Quang', NULL, 1, '2022-02-12 22:24:49', '2022-02-12 22:24:49'),
(1493, 704, '49', NULL, 'Vinh Long', NULL, 1, '2022-02-12 22:24:49', '2022-02-12 22:24:49'),
(1494, 704, '70', NULL, 'Vinh Yen', NULL, 1, '2022-02-12 22:24:49', '2022-02-12 22:24:49'),
(1495, 704, '6', NULL, 'Yen Bai', NULL, 1, '2022-02-12 22:24:49', '2022-02-12 22:24:49'),
(1496, 887, 'AD', NULL, '\'Adan', NULL, 1, '2022-02-12 22:24:49', '2022-02-12 22:24:49'),
(1497, 887, 'AM', NULL, '\'Amrān', NULL, 1, '2022-02-12 22:24:49', '2022-02-12 22:24:49'),
(1498, 887, 'AB', NULL, 'Abyan', NULL, 1, '2022-02-12 22:24:49', '2022-02-12 22:24:49'),
(1499, 887, 'BA', NULL, 'Al Bayḑā\'', NULL, 1, '2022-02-12 22:24:49', '2022-02-12 22:24:49'),
(1500, 887, 'JA', NULL, 'Al Jawf', NULL, 1, '2022-02-12 22:24:49', '2022-02-12 22:24:49'),
(1501, 887, 'MR', NULL, 'Al Mahrah', NULL, 1, '2022-02-12 22:24:49', '2022-02-12 22:24:49'),
(1502, 887, 'MW', NULL, 'Al Maḩwīt', NULL, 1, '2022-02-12 22:24:49', '2022-02-12 22:24:49'),
(1503, 887, 'HU', NULL, 'Al Ḩudaydah', NULL, 1, '2022-02-12 22:24:49', '2022-02-12 22:24:49'),
(1504, 887, 'DA', NULL, 'Aḑ Ḑāli\'', NULL, 1, '2022-02-12 22:24:49', '2022-02-12 22:24:49'),
(1505, 887, 'DH', NULL, 'Dhamār', NULL, 1, '2022-02-12 22:24:49', '2022-02-12 22:24:49'),
(1506, 887, 'IB', NULL, 'Ibb', NULL, 1, '2022-02-12 22:24:49', '2022-02-12 22:24:49'),
(1507, 887, 'LA', NULL, 'Laḩij', NULL, 1, '2022-02-12 22:24:49', '2022-02-12 22:24:49'),
(1508, 887, 'MA', NULL, 'Ma\'rib', NULL, 1, '2022-02-12 22:24:49', '2022-02-12 22:24:49'),
(1509, 887, 'RA', NULL, 'Raymah', NULL, 1, '2022-02-12 22:24:49', '2022-02-12 22:24:49'),
(1510, 887, 'SH', NULL, 'Shabwah', NULL, 1, '2022-02-12 22:24:49', '2022-02-12 22:24:49'),
(1511, 887, 'TA', NULL, 'Tāʻizz', NULL, 1, '2022-02-12 22:24:49', '2022-02-12 22:24:49'),
(1512, 887, 'SN', NULL, 'Şanʻā\'', NULL, 1, '2022-02-12 22:24:49', '2022-02-12 22:24:49'),
(1513, 887, 'SA', NULL, 'Şanʻā\'', NULL, 1, '2022-02-12 22:24:49', '2022-02-12 22:24:49'),
(1514, 887, 'SD', NULL, 'Şāʻdah', NULL, 1, '2022-02-12 22:24:49', '2022-02-12 22:24:49'),
(1515, 887, 'HJ', NULL, 'Ḩajjah', NULL, 1, '2022-02-12 22:24:49', '2022-02-12 22:24:49'),
(1516, 887, 'HD', NULL, 'Ḩaḑramawt', NULL, 1, '2022-02-12 22:24:49', '2022-02-12 22:24:49');

-- --------------------------------------------------------

--
-- Table structure for table `subscriptions`
--

CREATE TABLE `subscriptions` (
  `id` int(10) UNSIGNED NOT NULL,
  `shop_id` int(10) UNSIGNED NOT NULL,
  `name` varchar(255) COLLATE utf8_unicode_ci NOT NULL,
  `stripe_id` varchar(255) COLLATE utf8_unicode_ci DEFAULT NULL,
  `stripe_status` varchar(255) COLLATE utf8_unicode_ci DEFAULT NULL,
  `stripe_price` varchar(255) COLLATE utf8_unicode_ci DEFAULT NULL,
  `quantity` int(11) DEFAULT '1',
  `trial_ends_at` timestamp NULL DEFAULT NULL,
  `ends_at` timestamp NULL DEFAULT NULL,
  `created_at` timestamp NULL DEFAULT NULL,
  `updated_at` timestamp NULL DEFAULT NULL
) ENGINE=InnoDB DEFAULT CHARSET=utf8 COLLATE=utf8_unicode_ci;

--
-- Dumping data for table `subscriptions`
--

INSERT INTO `subscriptions` (`id`, `shop_id`, `name`, `stripe_id`, `stripe_status`, `stripe_price`, `quantity`, `trial_ends_at`, `ends_at`, `created_at`, `updated_at`) VALUES
(1, 1, 'Business', NULL, NULL, 'price_1GyyRyJewI4n8wVFSRWlMSHy', 1, '2022-02-25 22:24:56', NULL, '2022-02-25 22:24:56', '2022-02-25 22:24:56'),
(2, 2, 'Business', NULL, NULL, 'price_1GyyRyJewI4n8wVFSRWlMSHy', 1, '2022-02-25 22:24:56', NULL, '2022-02-25 22:24:56', '2022-02-25 22:24:56'),
(3, 3, 'Business', NULL, NULL, 'price_1GyyRyJewI4n8wVFSRWlMSHy', 1, '2022-02-25 22:24:56', NULL, '2022-02-25 22:24:56', '2022-02-25 22:24:56'),
(4, 4, 'Business', NULL, NULL, 'price_1GyyRyJewI4n8wVFSRWlMSHy', 1, '2022-02-25 22:24:56', NULL, '2022-02-25 22:24:56', '2022-02-25 22:24:56'),
(5, 5, 'Business', NULL, NULL, 'price_1GyyRyJewI4n8wVFSRWlMSHy', 1, '2022-02-25 22:24:56', NULL, '2022-02-25 22:24:56', '2022-02-25 22:24:56');

-- --------------------------------------------------------

--
-- Table structure for table `subscription_items`
--

CREATE TABLE `subscription_items` (
  `id` bigint(20) UNSIGNED NOT NULL,
  `subscription_id` bigint(20) UNSIGNED NOT NULL,
  `stripe_id` varchar(255) COLLATE utf8_unicode_ci NOT NULL,
  `stripe_product` varchar(255) COLLATE utf8_unicode_ci DEFAULT NULL,
  `stripe_price` varchar(255) COLLATE utf8_unicode_ci NOT NULL,
  `quantity` int(11) DEFAULT NULL,
  `created_at` timestamp NULL DEFAULT NULL,
  `updated_at` timestamp NULL DEFAULT NULL
) ENGINE=InnoDB DEFAULT CHARSET=utf8 COLLATE=utf8_unicode_ci;

-- --------------------------------------------------------

--
-- Table structure for table `subscription_plans`
--

CREATE TABLE `subscription_plans` (
  `name` varchar(255) COLLATE utf8_unicode_ci NOT NULL,
  `plan_id` varchar(255) COLLATE utf8_unicode_ci NOT NULL,
  `best_for` varchar(255) COLLATE utf8_unicode_ci DEFAULT NULL,
  `cost` decimal(8,2) NOT NULL DEFAULT '0.00',
  `transaction_fee` decimal(8,2) NOT NULL DEFAULT '0.00',
  `marketplace_commission` decimal(8,2) NOT NULL DEFAULT '0.00',
  `order_per_month` int(11) DEFAULT NULL,
  `revenue_per_month` int(11) DEFAULT NULL,
  `team_size` int(11) NOT NULL DEFAULT '1',
  `inventory_limit` int(11) NOT NULL DEFAULT '0',
  `featured` tinyint(1) NOT NULL DEFAULT '0',
  `order` int(11) DEFAULT NULL,
  `deleted_at` timestamp NULL DEFAULT NULL,
  `created_at` timestamp NULL DEFAULT NULL,
  `updated_at` timestamp NULL DEFAULT NULL
) ENGINE=InnoDB DEFAULT CHARSET=utf8 COLLATE=utf8_unicode_ci;

--
-- Dumping data for table `subscription_plans`
--

INSERT INTO `subscription_plans` (`name`, `plan_id`, `best_for`, `cost`, `transaction_fee`, `marketplace_commission`, `order_per_month`, `revenue_per_month`, `team_size`, `inventory_limit`, `featured`, `order`, `deleted_at`, `created_at`, `updated_at`) VALUES
('Business', 'price_1GyyRyJewI4n8wVFSRWlMSHy', NULL, 29.00, 1.90, 2.50, NULL, NULL, 5, 200, 1, 2, NULL, '2022-02-12 22:24:49', '2022-02-12 22:24:49'),
('Individual', 'price_1H1HUQJewI4n8wVFTnjx77Ws', NULL, 9.00, 2.50, 3.00, NULL, NULL, 1, 20, 0, 1, NULL, '2022-02-12 22:24:49', '2022-02-12 22:24:49'),
('Professional', 'price_1H1HW7JewI4n8wVFl8Ukknoz', NULL, 49.00, 1.00, 1.50, NULL, NULL, 10, 500, 0, 3, NULL, '2022-02-12 22:24:49', '2022-02-12 22:24:49');

-- --------------------------------------------------------

--
-- Table structure for table `suppliers`
--

CREATE TABLE `suppliers` (
  `id` int(10) UNSIGNED NOT NULL,
  `shop_id` int(10) UNSIGNED DEFAULT NULL,
  `name` varchar(255) COLLATE utf8_unicode_ci NOT NULL,
  `email` varchar(255) COLLATE utf8_unicode_ci DEFAULT NULL,
  `contact_person` varchar(255) COLLATE utf8_unicode_ci DEFAULT NULL,
  `url` text COLLATE utf8_unicode_ci,
  `description` longtext COLLATE utf8_unicode_ci,
  `active` tinyint(1) NOT NULL DEFAULT '1',
  `deleted_at` timestamp NULL DEFAULT NULL,
  `created_at` timestamp NULL DEFAULT NULL,
  `updated_at` timestamp NULL DEFAULT NULL
) ENGINE=InnoDB DEFAULT CHARSET=utf8 COLLATE=utf8_unicode_ci;

--
-- Dumping data for table `suppliers`
--

INSERT INTO `suppliers` (`id`, `shop_id`, `name`, `email`, `contact_person`, `url`, `description`, `active`, `deleted_at`, `created_at`, `updated_at`) VALUES
(1, 5, 'Kessler, Schuppe and Toy', 'stuart.gulgowski@hotmail.com', 'Sister Carroll DVM', 'http://www.ledner.com/illo-quia-rerum-harum-ad-quia', 'Commodi voluptatibus sed officia nam sequi. Molestiae vel officiis amet numquam necessitatibus. Dolor voluptates quis voluptatibus sit esse. Ut possimus iste laudantium consequatur explicabo. Eos iure blanditiis et enim. Aut vitae quod fugit modi ullam et. Quidem amet sed recusandae aut doloribus. Sed ipsa repellat sint quis blanditiis ut similique. Assumenda assumenda rerum unde fugiat molestiae rem sunt enim.', 1, NULL, '2022-02-12 22:24:58', '2022-02-12 22:24:58'),
(2, 2, 'Jones, Weissnat and Jacobs', 'ellis83@kling.net', 'Roel Kemmer V', 'http://www.jones.com/maxime-architecto-tempore-aperiam-accusamus', 'Et velit possimus explicabo. Esse laudantium eveniet ut hic labore sequi adipisci. Non reiciendis quos autem reprehenderit. Expedita earum cum placeat totam ex error. Illum odit rerum ut iusto aut. Sint nisi suscipit aliquam. Reiciendis sunt quia id est similique voluptate quisquam. Dicta aspernatur et corrupti vero harum. Enim blanditiis qui et delectus.', 1, NULL, '2022-02-12 22:24:58', '2022-02-12 22:24:58'),
(3, 3, 'Schultz Group', 'kkihn@davis.com', 'Beau Dare', 'http://reichert.com/nam-nemo-et-aut-et-eaque-iste-deleniti', 'Facilis qui ducimus expedita quas. Veniam et delectus similique dicta esse. Expedita enim repellendus provident tenetur nam pariatur. Excepturi sint dolor fuga nostrum et ab. Ea debitis perspiciatis ut voluptatem architecto amet corrupti. Vitae qui velit qui eos quaerat occaecati. Atque ut sunt non libero. Exercitationem quaerat ut molestias ipsum voluptas saepe.', 1, NULL, '2022-02-12 22:24:58', '2022-02-12 22:24:58'),
(4, 4, 'Schumm Group', 'fbosco@yahoo.com', 'Ethan Ward', 'http://yost.info/aut-autem-et-ut-et-quo', 'Alias tempore nihil nihil dolores nam cum rerum. Eveniet sunt facilis voluptatum eligendi quod porro dolorem. A harum debitis doloribus earum quae possimus. Sit explicabo praesentium atque consequatur qui et. Est inventore maiores aut quia. Impedit ab qui distinctio omnis eius. Ex iste officiis molestiae. Qui aut maiores commodi sed vel tenetur. Et blanditiis et qui ipsum iure libero accusantium et.', 1, NULL, '2022-02-12 22:24:58', '2022-02-12 22:24:58'),
(5, 1, 'Prosacco-Breitenberg', 'klein.dulce@padberg.com', 'Scarlett Ortiz', 'http://www.auer.com/porro-sit-dolorem-quod-provident-voluptatem', 'Non non voluptatem qui laborum dicta delectus eos. Sapiente nihil et est dolore a voluptatem temporibus. Ratione dolor ut aut est iste perspiciatis nihil et. Repudiandae in error aspernatur veritatis et. Labore repellendus aut reprehenderit deleniti ab porro nemo. Doloremque et et consequuntur cupiditate. Ducimus inventore rerum ipsam vero. Voluptate omnis ut sequi odit eius officiis repudiandae. Est quas distinctio quae voluptatem.', 1, NULL, '2022-02-12 22:24:58', '2022-02-12 22:24:58');

-- --------------------------------------------------------

--
-- Table structure for table `taggables`
--

CREATE TABLE `taggables` (
  `tag_id` int(10) UNSIGNED NOT NULL,
  `taggable_id` int(10) UNSIGNED NOT NULL,
  `taggable_type` varchar(255) COLLATE utf8_unicode_ci NOT NULL
) ENGINE=InnoDB DEFAULT CHARSET=utf8 COLLATE=utf8_unicode_ci;

--
-- Dumping data for table `taggables`
--

INSERT INTO `taggables` (`tag_id`, `taggable_id`, `taggable_type`) VALUES
(16, 3, 'App\\Models\\Blog'),
(27, 5, 'App\\Models\\Blog'),
(4, 5, 'App\\Models\\Blog'),
(23, 5, 'App\\Models\\Blog'),
(9, 5, 'App\\Models\\Blog'),
(2, 5, 'App\\Models\\Blog'),
(29, 1, 'App\\Models\\Blog'),
(1, 1, 'App\\Models\\Blog'),
(27, 1, 'App\\Models\\Blog'),
(16, 1, 'App\\Models\\Blog'),
(21, 1, 'App\\Models\\Blog'),
(12, 1, 'App\\Models\\Blog'),
(21, 2, 'App\\Models\\Blog'),
(16, 2, 'App\\Models\\Blog'),
(19, 2, 'App\\Models\\Blog'),
(25, 2, 'App\\Models\\Blog'),
(20, 2, 'App\\Models\\Blog'),
(20, 2, 'App\\Models\\Blog'),
(1, 2, 'App\\Models\\Blog'),
(26, 4, 'App\\Models\\Blog'),
(16, 4, 'App\\Models\\Blog'),
(18, 4, 'App\\Models\\Blog'),
(25, 6, 'App\\Models\\Blog'),
(10, 6, 'App\\Models\\Blog'),
(28, 6, 'App\\Models\\Blog'),
(28, 6, 'App\\Models\\Blog'),
(15, 6, 'App\\Models\\Blog');

-- --------------------------------------------------------

--
-- Table structure for table `tags`
--

CREATE TABLE `tags` (
  `id` int(10) UNSIGNED NOT NULL,
  `name` varchar(255) COLLATE utf8_unicode_ci NOT NULL,
  `created_at` timestamp NULL DEFAULT NULL,
  `updated_at` timestamp NULL DEFAULT NULL
) ENGINE=InnoDB DEFAULT CHARSET=utf8 COLLATE=utf8_unicode_ci;

--
-- Dumping data for table `tags`
--

INSERT INTO `tags` (`id`, `name`, `created_at`, `updated_at`) VALUES
(1, 'sint', '2022-02-12 22:25:04', '2022-02-12 22:25:04'),
(2, 'mollitia', '2022-02-12 22:25:04', '2022-02-12 22:25:04'),
(3, 'odio', '2022-02-12 22:25:04', '2022-02-12 22:25:04'),
(4, 'possimus', '2022-02-12 22:25:04', '2022-02-12 22:25:04'),
(5, 'quo', '2022-02-12 22:25:04', '2022-02-12 22:25:04'),
(6, 'labore', '2022-02-12 22:25:04', '2022-02-12 22:25:04'),
(7, 'consequatur', '2022-02-12 22:25:04', '2022-02-12 22:25:04'),
(8, 'minima', '2022-02-12 22:25:04', '2022-02-12 22:25:04'),
(9, 'numquam', '2022-02-12 22:25:04', '2022-02-12 22:25:04'),
(10, 'exercitationem', '2022-02-12 22:25:04', '2022-02-12 22:25:04'),
(11, 'earum', '2022-02-12 22:25:04', '2022-02-12 22:25:04'),
(12, 'id', '2022-02-12 22:25:04', '2022-02-12 22:25:04'),
(13, 'atque', '2022-02-12 22:25:04', '2022-02-12 22:25:04'),
(14, 'est', '2022-02-12 22:25:04', '2022-02-12 22:25:04'),
(15, 'minima', '2022-02-12 22:25:04', '2022-02-12 22:25:04'),
(16, 'omnis', '2022-02-12 22:25:04', '2022-02-12 22:25:04'),
(17, 'inventore', '2022-02-12 22:25:04', '2022-02-12 22:25:04'),
(18, 'delectus', '2022-02-12 22:25:04', '2022-02-12 22:25:04'),
(19, 'totam', '2022-02-12 22:25:04', '2022-02-12 22:25:04'),
(20, 'quia', '2022-02-12 22:25:04', '2022-02-12 22:25:04'),
(21, 'inventore', '2022-02-12 22:25:04', '2022-02-12 22:25:04'),
(22, 'a', '2022-02-12 22:25:04', '2022-02-12 22:25:04'),
(23, 'autem', '2022-02-12 22:25:04', '2022-02-12 22:25:04'),
(24, 'eius', '2022-02-12 22:25:04', '2022-02-12 22:25:04'),
(25, 'minus', '2022-02-12 22:25:04', '2022-02-12 22:25:04'),
(26, 'similique', '2022-02-12 22:25:04', '2022-02-12 22:25:04'),
(27, 'iure', '2022-02-12 22:25:04', '2022-02-12 22:25:04'),
(28, 'dolores', '2022-02-12 22:25:04', '2022-02-12 22:25:04'),
(29, 'veritatis', '2022-02-12 22:25:04', '2022-02-12 22:25:04'),
(30, 'ratione', '2022-02-12 22:25:04', '2022-02-12 22:25:04');

-- --------------------------------------------------------

--
-- Table structure for table `taxes`
--

CREATE TABLE `taxes` (
  `id` int(10) UNSIGNED NOT NULL,
  `shop_id` int(10) UNSIGNED DEFAULT NULL,
  `name` varchar(255) COLLATE utf8_unicode_ci NOT NULL,
  `taxrate` decimal(20,6) NOT NULL DEFAULT '0.000000',
  `country_id` int(10) UNSIGNED DEFAULT NULL,
  `state_id` int(10) UNSIGNED DEFAULT NULL,
  `public` tinyint(1) DEFAULT NULL,
  `active` tinyint(1) NOT NULL DEFAULT '1',
  `deleted_at` timestamp NULL DEFAULT NULL,
  `created_at` timestamp NULL DEFAULT NULL,
  `updated_at` timestamp NULL DEFAULT NULL
) ENGINE=InnoDB DEFAULT CHARSET=utf8 COLLATE=utf8_unicode_ci;

--
-- Dumping data for table `taxes`
--

INSERT INTO `taxes` (`id`, `shop_id`, `name`, `taxrate`, `country_id`, `state_id`, `public`, `active`, `deleted_at`, `created_at`, `updated_at`) VALUES
(1, NULL, '- No tax -', 0.000000, NULL, NULL, 1, 1, NULL, '2022-02-12 22:24:49', '2022-02-12 22:24:49'),
(2, 3, 'dolorem 8.53%', 8.530400, 76, 128, NULL, 1, NULL, '2022-02-12 22:24:59', '2022-02-12 22:24:59'),
(3, 1, 'at 3.52%', 3.515590, 466, NULL, NULL, 1, NULL, '2022-02-12 22:24:59', '2022-02-12 22:24:59'),
(4, 3, 'molestias 2.07%', 2.065977, 854, NULL, NULL, 1, NULL, '2022-02-12 22:24:59', '2022-02-12 22:24:59'),
(5, 3, 'facilis 3.4%', 3.400000, 364, NULL, NULL, 1, NULL, '2022-02-12 22:24:59', '2022-02-12 22:24:59'),
(6, 2, 'aut 5.4%', 5.400000, 52, NULL, NULL, 1, NULL, '2022-02-12 22:24:59', '2022-02-12 22:24:59');

-- --------------------------------------------------------

--
-- Table structure for table `tickets`
--

CREATE TABLE `tickets` (
  `id` bigint(20) UNSIGNED NOT NULL,
  `shop_id` int(10) UNSIGNED DEFAULT NULL,
  `user_id` bigint(20) UNSIGNED DEFAULT NULL,
  `category_id` int(10) UNSIGNED DEFAULT NULL,
  `subject` varchar(255) COLLATE utf8_unicode_ci DEFAULT NULL,
  `message` longtext COLLATE utf8_unicode_ci,
  `assigned_to` bigint(20) UNSIGNED DEFAULT NULL,
  `status` int(10) UNSIGNED NOT NULL DEFAULT '1',
  `priority` int(10) UNSIGNED NOT NULL DEFAULT '1',
  `deleted_at` timestamp NULL DEFAULT NULL,
  `created_at` timestamp NULL DEFAULT NULL,
  `updated_at` timestamp NULL DEFAULT NULL
) ENGINE=InnoDB DEFAULT CHARSET=utf8 COLLATE=utf8_unicode_ci;

--
-- Dumping data for table `tickets`
--

INSERT INTO `tickets` (`id`, `shop_id`, `user_id`, `category_id`, `subject`, `message`, `assigned_to`, `status`, `priority`, `deleted_at`, `created_at`, `updated_at`) VALUES
(1, 1, 3, 4, 'Error minima et fugiat qui sequi quis maxime.', 'Quia eos nisi repellat quia. Et vel eveniet porro est nulla. Reprehenderit pariatur esse et modi voluptatem eligendi. Vel occaecati eligendi quos officia nihil est.', NULL, 5, 1, NULL, '2022-01-30 22:25:05', '2022-01-28 22:25:05'),
(2, 5, 3, 4, 'Eos dolores eum aspernatur explicabo explicabo incidunt fuga.', 'Velit doloribus soluta rem facilis in blanditiis. Nihil est facilis qui sunt. Et est necessitatibus aut est et esse itaque. Est autem delectus adipisci nulla consequatur velit enim eius.', NULL, 5, 2, NULL, '2022-02-12 22:25:05', '2022-02-12 22:25:05'),
(3, 2, 3, 3, 'Ut suscipit veritatis tempore expedita libero.', 'Corporis pariatur facere laborum reiciendis ut consequatur. Dolor molestiae sint odio sunt molestiae ut molestiae. Harum voluptas harum voluptatum nostrum. Ut vitae qui rerum aut error ipsam dolorem.', NULL, 1, 4, NULL, '2022-02-01 22:25:05', '2022-02-12 22:25:05'),
(4, 5, 3, 4, 'Autem aut numquam quos quis quia.', 'Ea non doloremque commodi quae sint maxime. Magnam aperiam molestiae qui ullam. Aut tempore dolor voluptatem laboriosam molestias odio. Nemo nulla sit alias voluptates repudiandae architecto voluptate rerum.', NULL, 1, 1, NULL, '2022-02-04 22:25:05', '2022-02-12 22:25:05'),
(5, 4, 3, 2, 'Cumque harum sequi quia unde porro.', 'Repudiandae et beatae cupiditate occaecati iure quasi. Nesciunt dolorum dolores reiciendis deleniti omnis. Quibusdam dolores occaecati saepe ducimus et est labore. Enim exercitationem et ad aliquam nemo facilis sint optio.', NULL, 4, 3, NULL, '2022-02-04 22:25:05', '2022-02-12 22:25:05');

-- --------------------------------------------------------

--
-- Table structure for table `ticket_categories`
--

CREATE TABLE `ticket_categories` (
  `id` int(10) UNSIGNED NOT NULL,
  `name` varchar(255) COLLATE utf8_unicode_ci NOT NULL
) ENGINE=InnoDB DEFAULT CHARSET=utf8 COLLATE=utf8_unicode_ci;

--
-- Dumping data for table `ticket_categories`
--

INSERT INTO `ticket_categories` (`id`, `name`) VALUES
(1, 'General query'),
(2, 'Merchant support'),
(3, 'Technical support'),
(4, 'Webmaster');

-- --------------------------------------------------------

--
-- Table structure for table `timezones`
--

CREATE TABLE `timezones` (
  `id` int(10) UNSIGNED NOT NULL,
  `value` varchar(255) COLLATE utf8_unicode_ci DEFAULT NULL,
  `abbr` varchar(255) COLLATE utf8_unicode_ci DEFAULT NULL,
  `offset` int(11) DEFAULT NULL,
  `text` varchar(255) COLLATE utf8_unicode_ci DEFAULT NULL,
  `utc` varchar(255) COLLATE utf8_unicode_ci DEFAULT NULL,
  `dst` tinyint(1) DEFAULT '0',
  `created_at` timestamp NULL DEFAULT NULL,
  `updated_at` timestamp NULL DEFAULT NULL
) ENGINE=InnoDB DEFAULT CHARSET=utf8 COLLATE=utf8_unicode_ci;

--
-- Dumping data for table `timezones`
--

INSERT INTO `timezones` (`id`, `value`, `abbr`, `offset`, `text`, `utc`, `dst`, `created_at`, `updated_at`) VALUES
(1, 'Dateline Standard Time', 'DST', -12, '(UTC-12:00) International Date Line West', 'Etc/GMT+12', 0, '2022-02-12 22:24:48', '2022-02-12 22:24:48'),
(2, 'UTC-11', 'U', -11, '(UTC-11:00) Coordinated Universal Time-11', 'Pacific/Midway', 0, '2022-02-12 22:24:48', '2022-02-12 22:24:48'),
(3, 'Hawaiian Standard Time', 'HST', -10, '(UTC-10:00) Hawaii', 'Pacific/Honolulu', 0, '2022-02-12 22:24:48', '2022-02-12 22:24:48'),
(4, 'Alaskan Standard Time', 'AKDT', -8, '(UTC-09:00) Alaska', 'America/Anchorage', 1, '2022-02-12 22:24:48', '2022-02-12 22:24:48'),
(5, 'Pacific Standard Time (Mexico)', 'PDT', -7, '(UTC-08:00) Baja California', 'America/Santa_Isabel', 1, '2022-02-12 22:24:48', '2022-02-12 22:24:48'),
(6, 'Pacific Standard Time', 'PDT', -7, '(UTC-08:00) Pacific Time (US & Canada)', 'America/Los_Angeles', 1, '2022-02-12 22:24:48', '2022-02-12 22:24:48'),
(7, 'US Mountain Standard Time', 'UMST', -7, '(UTC-07:00) Arizona', 'America/Phoenix', 0, '2022-02-12 22:24:48', '2022-02-12 22:24:48'),
(8, 'Mountain Standard Time (Mexico)', 'MDT', -6, '(UTC-07:00) Chihuahua, La Paz, Mazatlan', 'America/Chihuahua', 1, '2022-02-12 22:24:48', '2022-02-12 22:24:48'),
(9, 'Mountain Standard Time', 'MDT', -6, '(UTC-07:00) Mountain Time (US & Canada)', 'America/Denver', 1, '2022-02-12 22:24:48', '2022-02-12 22:24:48'),
(10, 'Central America Standard Time', 'CAST', -6, '(UTC-06:00) Central America', 'America/Guatemala', 0, '2022-02-12 22:24:48', '2022-02-12 22:24:48'),
(11, 'Central Standard Time', 'CDT', -5, '(UTC-06:00) Central Time (US & Canada)', 'America/Chicago', 1, '2022-02-12 22:24:48', '2022-02-12 22:24:48'),
(12, 'Central Standard Time (Mexico)', 'CDT', -5, '(UTC-06:00) Guadalajara, Mexico City, Monterrey', 'America/Mexico_City', 1, '2022-02-12 22:24:48', '2022-02-12 22:24:48'),
(13, 'Canada Central Standard Time', 'CCST', -6, '(UTC-06:00) Saskatchewan', 'America/Regina', 0, '2022-02-12 22:24:48', '2022-02-12 22:24:48'),
(14, 'SA Pacific Standard Time', 'SPST', -5, '(UTC-05:00) Bogota, Lima, Quito', 'America/Lima', 0, '2022-02-12 22:24:48', '2022-02-12 22:24:48'),
(15, 'Eastern Standard Time', 'EDT', -4, '(UTC-05:00) Eastern Time (US & Canada)', 'America/New_York', 1, '2022-02-12 22:24:48', '2022-02-12 22:24:48'),
(16, 'US Eastern Standard Time', 'UEDT', -4, '(UTC-05:00) Indiana (East)', 'America/Indianapolis', 1, '2022-02-12 22:24:48', '2022-02-12 22:24:48'),
(17, 'Venezuela Standard Time', 'VST', -5, '(UTC-04:30) Caracas', 'America/Caracas', 0, '2022-02-12 22:24:48', '2022-02-12 22:24:48'),
(18, 'Paraguay Standard Time', 'PST', -4, '(UTC-04:00) Asuncion', 'America/Asuncion', 0, '2022-02-12 22:24:48', '2022-02-12 22:24:48'),
(19, 'Atlantic Standard Time', 'ADT', -3, '(UTC-04:00) Atlantic Time (Canada)', 'Atlantic/Bermuda', 1, '2022-02-12 22:24:48', '2022-02-12 22:24:48'),
(20, 'Central Brazilian Standard Time', 'CBST', -4, '(UTC-04:00) Cuiaba', 'America/Cuiaba', 0, '2022-02-12 22:24:48', '2022-02-12 22:24:48'),
(21, 'SA Western Standard Time', 'SWST', -4, '(UTC-04:00) Georgetown, La Paz, Manaus, San Juan', 'America/Aruba', 0, '2022-02-12 22:24:48', '2022-02-12 22:24:48'),
(22, 'Pacific SA Standard Time', 'PSST', -4, '(UTC-04:00) Santiago', 'America/Santiago', 0, '2022-02-12 22:24:48', '2022-02-12 22:24:48'),
(23, 'Newfoundland Standard Time', 'NDT', -3, '(UTC-03:30) Newfoundland', 'America/St_Johns', 1, '2022-02-12 22:24:48', '2022-02-12 22:24:48'),
(24, 'E. South America Standard Time', 'ESAST', -3, '(UTC-03:00) Brasilia', 'America/Sao_Paulo', 0, '2022-02-12 22:24:48', '2022-02-12 22:24:48'),
(25, 'Argentina Standard Time', 'AST', -3, '(UTC-03:00) Buenos Aires', 'America/Buenos_Aires', 0, '2022-02-12 22:24:48', '2022-02-12 22:24:48'),
(26, 'SA Eastern Standard Time', 'SEST', -3, '(UTC-03:00) Cayenne, Fortaleza', 'America/Cayenne', 0, '2022-02-12 22:24:48', '2022-02-12 22:24:48'),
(27, 'Greenland Standard Time', 'GDT', -2, '(UTC-03:00) Greenland', 'America/Godthab', 1, '2022-02-12 22:24:48', '2022-02-12 22:24:48'),
(28, 'Montevideo Standard Time', 'MST', -3, '(UTC-03:00) Montevideo', 'America/Montevideo', 0, '2022-02-12 22:24:48', '2022-02-12 22:24:48'),
(29, 'Bahia Standard Time', 'BST', -3, '(UTC-03:00) Salvador', 'America/Bahia', 0, '2022-02-12 22:24:48', '2022-02-12 22:24:48'),
(30, 'UTC-02', 'U', -2, '(UTC-02:00) Coordinated Universal Time-02', 'America/Noronha', 0, '2022-02-12 22:24:48', '2022-02-12 22:24:48'),
(31, 'Azores Standard Time', 'ADT', 0, '(UTC-01:00) Azores', 'Atlantic/Azores', 1, '2022-02-12 22:24:48', '2022-02-12 22:24:48'),
(32, 'Cape Verde Standard Time', 'CVST', -1, '(UTC-01:00) Cape Verde Is.', 'Atlantic/Cape_Verde', 0, '2022-02-12 22:24:48', '2022-02-12 22:24:48'),
(33, 'Morocco Standard Time', 'MDT', 1, '(UTC) Casablanca', 'Africa/Casablanca', 1, '2022-02-12 22:24:48', '2022-02-12 22:24:48'),
(34, 'UTC', 'CUT', 0, '(UTC) Coordinated Universal Time', 'America/Danmarkshavn', 0, '2022-02-12 22:24:48', '2022-02-12 22:24:48'),
(35, 'GMT Standard Time', 'GDT', 1, '(UTC) Dublin, Edinburgh, Lisbon, London', 'Europe/London', 1, '2022-02-12 22:24:48', '2022-02-12 22:24:48'),
(36, 'Greenwich Standard Time', 'GST', 0, '(UTC) Monrovia, Reykjavik', 'Africa/Monrovia', 0, '2022-02-12 22:24:48', '2022-02-12 22:24:48'),
(37, 'W. Europe Standard Time', 'WEDT', 2, '(UTC+01:00) Amsterdam, Berlin, Bern, Rome, Stockholm, Vienna', 'Europe/Amsterdam', 1, '2022-02-12 22:24:48', '2022-02-12 22:24:48'),
(38, 'Central Europe Standard Time', 'CEDT', 2, '(UTC+01:00) Belgrade, Bratislava, Budapest, Ljubljana, Prague', 'Europe/Budapest', 1, '2022-02-12 22:24:48', '2022-02-12 22:24:48'),
(39, 'Romance Standard Time', 'RDT', 2, '(UTC+01:00) Brussels, Copenhagen, Madrid, Paris', 'Europe/Paris', 1, '2022-02-12 22:24:48', '2022-02-12 22:24:48'),
(40, 'Central European Standard Time', 'CEDT', 2, '(UTC+01:00) Sarajevo, Skopje, Warsaw, Zagreb', 'Europe/Warsaw', 1, '2022-02-12 22:24:48', '2022-02-12 22:24:48'),
(41, 'W. Central Africa Standard Time', 'WCAST', 1, '(UTC+01:00) West Central Africa', 'Africa/Lagos', 0, '2022-02-12 22:24:48', '2022-02-12 22:24:48'),
(42, 'Namibia Standard Time', 'NST', 1, '(UTC+01:00) Windhoek', 'Africa/Windhoek', 0, '2022-02-12 22:24:48', '2022-02-12 22:24:48'),
(43, 'GTB Standard Time', 'GDT', 3, '(UTC+02:00) Athens, Bucharest, Chisinau, Nicosia', 'Europe/Athens', 1, '2022-02-12 22:24:48', '2022-02-12 22:24:48'),
(44, 'Middle East Standard Time', 'MEDT', 3, '(UTC+02:00) Beirut', 'Asia/Beirut', 1, '2022-02-12 22:24:48', '2022-02-12 22:24:48'),
(45, 'Egypt Standard Time', 'EST', 2, '(UTC+02:00) Cairo', 'Africa/Cairo', 0, '2022-02-12 22:24:48', '2022-02-12 22:24:48'),
(46, 'Syria Standard Time', 'SDT', 3, '(UTC+02:00) Damascus', 'Asia/Damascus', 1, '2022-02-12 22:24:48', '2022-02-12 22:24:48'),
(47, 'South Africa Standard Time', 'SAST', 2, '(UTC+02:00) Harare, Pretoria, Johannesburg, Bujumbura', 'Africa/Harare', 0, '2022-02-12 22:24:48', '2022-02-12 22:24:48'),
(48, 'FLE Standard Time', 'FDT', 3, '(UTC+02:00) Helsinki, Kyiv, Riga, Sofia, Tallinn, Vilnius', 'Europe/Helsinki', 1, '2022-02-12 22:24:48', '2022-02-12 22:24:48'),
(49, 'Turkey Standard Time', 'TDT', 3, '(UTC+02:00) Istanbul', 'Europe/Istanbul', 1, '2022-02-12 22:24:48', '2022-02-12 22:24:48'),
(50, 'Israel Standard Time', 'JDT', 3, '(UTC+02:00) Jerusalem', 'Asia/Jerusalem', 1, '2022-02-12 22:24:48', '2022-02-12 22:24:48'),
(51, 'Libya Standard Time', 'LST', 2, '(UTC+02:00) Tripoli', 'Africa/Tripoli', 0, '2022-02-12 22:24:48', '2022-02-12 22:24:48'),
(52, 'Jordan Standard Time', 'JST', 3, '(UTC+03:00) Amman', 'Asia/Amman', 0, '2022-02-12 22:24:48', '2022-02-12 22:24:48'),
(53, 'Arabic Standard Time', 'AST', 3, '(UTC+03:00) Baghdad', 'Asia/Baghdad', 0, '2022-02-12 22:24:48', '2022-02-12 22:24:48'),
(54, 'Kaliningrad Standard Time', 'KST', 3, '(UTC+03:00) Kaliningrad, Minsk', 'Europe/Kaliningrad', 0, '2022-02-12 22:24:48', '2022-02-12 22:24:48'),
(55, 'Arab Standard Time', 'AST', 3, '(UTC+03:00) Aden, Bahrain, Kuwait, Riyadh, Qatar', 'Asia/Qatar', 0, '2022-02-12 22:24:48', '2022-02-12 22:24:48'),
(56, 'E. Africa Standard Time', 'EAST', 3, '(UTC+03:00) Nairobi, Comoro, Juba', 'Africa/Nairobi', 0, '2022-02-12 22:24:48', '2022-02-12 22:24:48'),
(57, 'Iran Standard Time', 'IDT', 5, '(UTC+03:30) Tehran', 'Asia/Tehran', 1, '2022-02-12 22:24:48', '2022-02-12 22:24:48'),
(58, 'Arabian Standard Time', 'AST', 4, '(UTC+04:00) Abu Dhabi, Muscat', 'Asia/Dubai', 0, '2022-02-12 22:24:48', '2022-02-12 22:24:48'),
(59, 'Azerbaijan Standard Time', 'ADT', 5, '(UTC+04:00) Baku', 'Asia/Baku', 1, '2022-02-12 22:24:48', '2022-02-12 22:24:48'),
(60, 'Russian Standard Time', 'RST', 4, '(UTC+04:00) Samara, Moscow, St. Petersburg, Simferopol, Volgograd', 'Europe/Moscow', 0, '2022-02-12 22:24:48', '2022-02-12 22:24:48'),
(61, 'Mauritius Standard Time', 'MST', 4, '(UTC+04:00) Port Louis, Mauritius, Reunion, Mahe', 'Indian/Mauritius', 0, '2022-02-12 22:24:48', '2022-02-12 22:24:48'),
(62, 'Georgian Standard Time', 'GST', 4, '(UTC+04:00) Tbilisi', 'Asia/Tbilisi', 0, '2022-02-12 22:24:48', '2022-02-12 22:24:48'),
(63, 'Caucasus Standard Time', 'CST', 4, '(UTC+04:00) Yerevan', 'Asia/Yerevan', 0, '2022-02-12 22:24:48', '2022-02-12 22:24:48'),
(64, 'Afghanistan Standard Time', 'AST', 5, '(UTC+04:30) Kabul', 'Asia/Kabul', 0, '2022-02-12 22:24:48', '2022-02-12 22:24:48'),
(65, 'West Asia Standard Time', 'WAST', 5, '(UTC+05:00) Ashgabat, Dushanbe, Tashkent, Maldives', 'Asia/Tashkent', 0, '2022-02-12 22:24:48', '2022-02-12 22:24:48'),
(66, 'Pakistan Standard Time', 'PST', 5, '(UTC+05:00) Islamabad, Karachi', 'Asia/Karachi', 0, '2022-02-12 22:24:48', '2022-02-12 22:24:48'),
(67, 'India Standard Time', 'IST', 6, '(UTC+05:30) Chennai, Kolkata, Mumbai, New Delhi', 'Asia/Calcutta', 0, '2022-02-12 22:24:48', '2022-02-12 22:24:48'),
(68, 'Sri Lanka Standard Time', 'SLST', 6, '(UTC+05:30) Sri Jayawardenepura', 'Asia/Colombo', 0, '2022-02-12 22:24:48', '2022-02-12 22:24:48'),
(69, 'Nepal Standard Time', 'NST', 6, '(UTC+05:45) Kathmandu', 'Asia/Katmandu', 0, '2022-02-12 22:24:48', '2022-02-12 22:24:48'),
(70, 'Central Asia Standard Time', 'CAST', 6, '(UTC+06:00) Astana, Dhaka, Thimphu', 'Asia/Dhaka', 0, '2022-02-12 22:24:48', '2022-02-12 22:24:48'),
(71, 'Ekaterinburg Standard Time', 'EST', 6, '(UTC+06:00) Ekaterinburg', 'Asia/Yekaterinburg', 0, '2022-02-12 22:24:48', '2022-02-12 22:24:48'),
(72, 'Myanmar Standard Time', 'MST', 7, '(UTC+06:30) Yangon (Rangoon), Cocos', 'Asia/Rangoon', 0, '2022-02-12 22:24:48', '2022-02-12 22:24:48'),
(73, 'SE Asia Standard Time', 'SAST', 7, '(UTC+07:00) Bangkok, Hanoi, Jakarta, Saigon', 'Asia/Bangkok', 0, '2022-02-12 22:24:48', '2022-02-12 22:24:48'),
(74, 'N. Central Asia Standard Time', 'NCAST', 7, '(UTC+07:00) Novosibirsk', 'Asia/Novosibirsk', 0, '2022-02-12 22:24:48', '2022-02-12 22:24:48'),
(75, 'China Standard Time', 'CST', 8, '(UTC+08:00) Beijing, Chongqing, Hong Kong, Macau, Shanghai, Urumqi', 'Asia/Shanghai', 0, '2022-02-12 22:24:48', '2022-02-12 22:24:48'),
(76, 'North Asia Standard Time', 'NAST', 8, '(UTC+08:00) Krasnoyarsk', 'Asia/Krasnoyarsk', 0, '2022-02-12 22:24:48', '2022-02-12 22:24:48'),
(77, 'Singapore Standard Time', 'MPST', 8, '(UTC+08:00) Kuala Lumpur, Singapore, Brunei, Makassar, Manila', 'Asia/Singapore', 0, '2022-02-12 22:24:48', '2022-02-12 22:24:48'),
(78, 'W. Australia Standard Time', 'WAST', 8, '(UTC+08:00) Perth', 'Australia/Perth', 0, '2022-02-12 22:24:48', '2022-02-12 22:24:48'),
(79, 'Taipei Standard Time', 'TST', 8, '(UTC+08:00) Taipei', 'Asia/Taipei', 0, '2022-02-12 22:24:48', '2022-02-12 22:24:48'),
(80, 'Ulaanbaatar Standard Time', 'UST', 8, '(UTC+08:00) Ulaanbaatar', 'Asia/Ulaanbaatar', 0, '2022-02-12 22:24:48', '2022-02-12 22:24:48'),
(81, 'North Asia East Standard Time', 'NAEST', 9, '(UTC+09:00) Irkutsk', 'Asia/Irkutsk', 0, '2022-02-12 22:24:48', '2022-02-12 22:24:48'),
(82, 'Tokyo Standard Time', 'TST', 9, '(UTC+09:00) Dili, Osaka, Palau, Sapporo, Tokyo', 'Asia/Tokyo', 0, '2022-02-12 22:24:48', '2022-02-12 22:24:48'),
(83, 'Korea Standard Time', 'KST', 9, '(UTC+09:00) Pyongyang, Seoul', 'Asia/Seoul', 0, '2022-02-12 22:24:48', '2022-02-12 22:24:48'),
(84, 'Cen. Australia Standard Time', 'CAST', 10, '(UTC+09:30) Adelaide', 'Australia/Adelaide', 0, '2022-02-12 22:24:48', '2022-02-12 22:24:48'),
(85, 'AUS Central Standard Time', 'ACST', 10, '(UTC+09:30) Darwin', 'Australia/Darwin', 0, '2022-02-12 22:24:48', '2022-02-12 22:24:48'),
(86, 'E. Australia Standard Time', 'EAST', 10, '(UTC+10:00) Brisbane', 'Australia/Brisbane', 0, '2022-02-12 22:24:48', '2022-02-12 22:24:48'),
(87, 'AUS Eastern Standard Time', 'AEST', 10, '(UTC+10:00) Canberra, Melbourne, Sydney', 'Australia/Sydney', 0, '2022-02-12 22:24:48', '2022-02-12 22:24:48'),
(88, 'West Pacific Standard Time', 'WPST', 10, '(UTC+10:00) Guam, Port Moresby', 'Pacific/Guam', 0, '2022-02-12 22:24:48', '2022-02-12 22:24:48'),
(89, 'Tasmania Standard Time', 'TST', 10, '(UTC+10:00) Hobart', 'Australia/Hobart', 0, '2022-02-12 22:24:48', '2022-02-12 22:24:48'),
(90, 'Yakutsk Standard Time', 'YST', 10, '(UTC+10:00) Yakutsk', 'Asia/Yakutsk', 0, '2022-02-12 22:24:48', '2022-02-12 22:24:48'),
(91, 'Central Pacific Standard Time', 'CPST', 11, '(UTC+11:00) Solomon Is., New Caledonia', 'Pacific/Guadalcanal', 0, '2022-02-12 22:24:48', '2022-02-12 22:24:48'),
(92, 'Vladivostok Standard Time', 'VST', 11, '(UTC+11:00) Vladivostok', 'Asia/Vladivostok', 0, '2022-02-12 22:24:48', '2022-02-12 22:24:48'),
(93, 'New Zealand Standard Time', 'NZST', 12, '(UTC+12:00) Auckland, Wellington', 'Antarctica/McMurdo', 0, '2022-02-12 22:24:48', '2022-02-12 22:24:48'),
(94, 'UTC+12', 'U', 12, '(UTC+12:00) Coordinated Universal Time+12', 'Pacific/Tarawa', 0, '2022-02-12 22:24:48', '2022-02-12 22:24:48'),
(95, 'Fiji Standard Time', 'FST', 12, '(UTC+12:00) Fiji', 'Pacific/Fiji', 0, '2022-02-12 22:24:48', '2022-02-12 22:24:48'),
(96, 'Magadan Standard Time', 'MST', 12, '(UTC+12:00) Magadan', 'Asia/Magadan', 0, '2022-02-12 22:24:48', '2022-02-12 22:24:48'),
(97, 'Samoa/Tonga/Kamchatka Standard Time', 'SST', 13, '(UTC+13:00) Samoa, Tongatapu, Fakaofo, Enderbury', 'Pacific/Apia', 0, '2022-02-12 22:24:48', '2022-02-12 22:24:48');

-- --------------------------------------------------------

--
-- Table structure for table `user_warehouse`
--

CREATE TABLE `user_warehouse` (
  `user_id` bigint(20) UNSIGNED NOT NULL,
  `warehouse_id` int(10) UNSIGNED NOT NULL,
  `created_at` timestamp NULL DEFAULT NULL,
  `updated_at` timestamp NULL DEFAULT NULL
) ENGINE=InnoDB DEFAULT CHARSET=utf8 COLLATE=utf8_unicode_ci;

-- --------------------------------------------------------

--
-- Table structure for table `visitors`
--

CREATE TABLE `visitors` (
  `ip` varchar(45) COLLATE utf8_unicode_ci NOT NULL,
  `mac` varchar(17) COLLATE utf8_unicode_ci DEFAULT NULL,
  `device` varchar(255) COLLATE utf8_unicode_ci DEFAULT NULL,
  `hits` mediumint(9) NOT NULL DEFAULT '0',
  `page_views` bigint(20) DEFAULT NULL,
  `country_code` varchar(2) COLLATE utf8_unicode_ci DEFAULT NULL,
  `info` text COLLATE utf8_unicode_ci,
  `deleted_at` timestamp NULL DEFAULT NULL,
  `created_at` timestamp NULL DEFAULT NULL,
  `updated_at` timestamp NULL DEFAULT NULL
) ENGINE=InnoDB DEFAULT CHARSET=utf8 COLLATE=utf8_unicode_ci;

--
-- Dumping data for table `visitors`
--

INSERT INTO `visitors` (`ip`, `mac`, `device`, `hits`, `page_views`, `country_code`, `info`, `deleted_at`, `created_at`, `updated_at`) VALUES
('103.77.234.214', NULL, NULL, 1, 1, NULL, NULL, NULL, '2022-02-15 03:10:36', '2022-02-15 03:10:36'),
('107.147.183.220', NULL, NULL, 1, 2, NULL, NULL, NULL, '2022-02-15 07:37:58', '2022-02-15 20:12:16'),
('109.139.196.52', '2D:65:C4:09:F8:AC', NULL, 133, 908, 'CN', NULL, NULL, '2021-12-12 22:25:05', '2021-12-12 22:25:05'),
('111.239.186.248', NULL, NULL, 1, 2, NULL, NULL, NULL, '2022-02-15 04:35:35', '2022-02-15 04:35:37'),
('116.202.37.30', NULL, NULL, 1, 2, NULL, NULL, NULL, '2022-02-15 03:11:43', '2022-02-15 03:11:44'),
('117.3.30.114', 'F6:84:19:B9:F2:D8', NULL, 547, 1452, 'SK', NULL, NULL, '2021-10-12 22:25:05', '2021-10-12 22:25:05'),
('118.27.11.120', NULL, NULL, 1, 2, NULL, NULL, NULL, '2022-02-15 03:58:06', '2022-02-15 03:58:07'),
('118.27.28.124', NULL, NULL, 1, 2, NULL, NULL, NULL, '2022-02-15 03:44:35', '2022-02-15 03:44:35'),
('122.249.72.172', NULL, NULL, 1, 4, NULL, NULL, NULL, '2022-02-15 03:44:00', '2022-02-15 05:09:38'),
('126.231.34.133', 'CE:CD:F2:67:CB:08', NULL, 752, 1575, 'ST', NULL, NULL, '2021-08-12 22:25:05', '2021-08-12 22:25:05'),
('128.42.77.70', 'E8:40:8E:E9:3C:24', NULL, 94, 500, 'AU', NULL, NULL, '2021-11-12 22:25:05', '2021-11-12 22:25:05'),
('129.237.200.97', 'B3:FB:C7:BF:40:1A', NULL, 400, 978, 'MW', NULL, NULL, '2021-09-12 22:25:05', '2021-09-12 22:25:05'),
('13.245.13.53', NULL, NULL, 1, 1, NULL, NULL, NULL, '2022-02-15 03:12:07', '2022-02-15 03:12:07'),
('144.76.57.4', NULL, NULL, 1, 1, NULL, NULL, NULL, '2022-02-15 03:09:10', '2022-02-15 03:09:10'),
('150.143.163.22', NULL, NULL, 1, 3, NULL, NULL, NULL, '2022-02-15 03:10:29', '2022-02-15 03:10:33'),
('151.15.29.132', '2C:9D:5D:E2:ED:C7', NULL, 796, 1333, 'CM', NULL, NULL, '2021-09-12 22:25:05', '2021-09-12 22:25:05'),
('152.39.251.62', NULL, NULL, 1, 1, NULL, NULL, NULL, '2022-02-16 07:33:16', '2022-02-16 07:33:16'),
('152.57.243.237', NULL, NULL, 1, 1, NULL, NULL, NULL, '2022-02-12 23:11:34', '2022-02-12 23:11:34'),
('153.246.10.202', NULL, NULL, 1, 4, NULL, NULL, NULL, '2022-02-15 03:30:58', '2022-02-15 03:40:11'),
('154.24.141.155', 'BA:C6:19:7D:E0:00', NULL, 172, 782, 'CZ', NULL, NULL, '2021-11-12 22:25:05', '2021-11-12 22:25:05'),
('157.97.132.198', NULL, NULL, 1, 1, NULL, NULL, NULL, '2022-02-15 03:10:35', '2022-02-15 03:10:35'),
('159.203.53.95', NULL, NULL, 1, 1, NULL, NULL, NULL, '2022-02-15 03:14:34', '2022-02-15 03:14:34'),
('160.251.46.21', NULL, NULL, 1, 2, NULL, NULL, NULL, '2022-02-15 03:40:54', '2022-02-15 03:40:55'),
('160.251.49.142', NULL, NULL, 1, 2, NULL, NULL, NULL, '2022-02-15 03:35:41', '2022-02-15 03:35:42'),
('161.35.246.138', NULL, NULL, 1, 1, NULL, NULL, NULL, '2022-02-15 03:19:51', '2022-02-15 03:19:51'),
('162.142.125.9', NULL, NULL, 1, 2, NULL, NULL, NULL, '2022-02-15 03:08:38', '2022-02-15 03:08:39'),
('164.251.27.33', '3B:87:FB:26:9E:44', NULL, 660, 886, 'BO', NULL, NULL, '2022-01-12 22:25:05', '2022-01-12 22:25:05'),
('167.248.133.60', NULL, NULL, 1, 2, NULL, NULL, NULL, '2022-02-21 12:15:00', '2022-02-21 12:15:01'),
('17.72.183.238', 'DA:90:BA:19:A9:27', NULL, 105, 597, 'VA', NULL, NULL, '2022-02-12 22:25:05', '2022-02-12 22:25:05'),
('172.83.119.204', 'AE:4C:D8:9E:7C:75', NULL, 967, 1210, 'SX', NULL, NULL, '2021-11-12 22:25:05', '2021-11-12 22:25:05'),
('173.211.35.156', NULL, NULL, 1, 1, NULL, NULL, NULL, '2022-02-15 03:12:03', '2022-02-15 03:12:03'),
('176.113.42.87', NULL, NULL, 1, 1, NULL, NULL, NULL, '2022-02-17 02:32:37', '2022-02-17 02:32:37'),
('176.53.216.142', NULL, NULL, 1, 1, NULL, NULL, NULL, '2022-02-16 18:04:39', '2022-02-16 18:04:39'),
('178.124.170.223', '0E:CE:CA:02:71:29', NULL, 321, 497, 'ES', NULL, NULL, '2021-11-12 22:25:05', '2021-11-12 22:25:05'),
('178.79.169.137', 'CD:D1:01:F0:2E:15', NULL, 11, 322, 'JO', NULL, NULL, '2021-12-12 22:25:05', '2021-12-12 22:25:05'),
('18.167.29.146', '46:5F:EB:66:D0:AF', NULL, 410, 892, 'MD', NULL, NULL, '2022-02-12 22:25:05', '2022-02-12 22:25:05'),
('18.206.55.48', NULL, NULL, 5, 18, NULL, NULL, NULL, '2022-02-16 06:24:28', '2022-02-22 12:52:25'),
('180.149.30.111', NULL, NULL, 1, 1, NULL, NULL, NULL, '2022-02-16 07:33:15', '2022-02-16 07:33:15'),
('182.66.57.123', NULL, NULL, 1, 10, NULL, NULL, NULL, '2022-02-12 22:31:05', '2022-02-12 22:34:54'),
('185.213.155.162', NULL, NULL, 1, 1, NULL, NULL, NULL, '2022-02-15 03:09:12', '2022-02-15 03:09:12'),
('185.220.101.17', NULL, NULL, 1, 1, NULL, NULL, NULL, '2022-02-15 03:19:46', '2022-02-15 03:19:46'),
('193.37.32.150', NULL, NULL, 1, 1, NULL, NULL, NULL, '2022-02-15 03:28:12', '2022-02-15 03:28:12'),
('194.133.168.41', '7D:0B:0F:31:A3:C5', NULL, 596, 1419, 'VG', NULL, NULL, '2021-10-12 22:25:05', '2021-10-12 22:25:05'),
('2.37.241.146', '0E:14:15:41:5D:A0', NULL, 665, 871, 'KH', NULL, NULL, '2021-08-12 22:25:05', '2021-08-12 22:25:05'),
('20.112.95.232', NULL, NULL, 1, 2, NULL, NULL, NULL, '2022-02-16 04:16:03', '2022-02-16 05:10:57'),
('20.114.41.97', NULL, NULL, 1, 2, NULL, NULL, NULL, '2022-02-15 03:25:05', '2022-02-15 03:25:06'),
('20.176.110.207', '89:2E:5C:55:53:77', NULL, 562, 698, 'TM', NULL, NULL, '2021-10-12 22:25:05', '2021-10-12 22:25:05'),
('20.83.242.245', NULL, NULL, 1, 1, NULL, NULL, NULL, '2022-02-18 07:14:48', '2022-02-18 07:14:48'),
('20.83.255.78', NULL, NULL, 1, 8, NULL, NULL, NULL, '2022-02-15 03:23:20', '2022-02-15 03:31:27'),
('206.204.56.205', NULL, NULL, 1, 1, NULL, NULL, NULL, '2022-02-15 03:19:03', '2022-02-15 03:19:03'),
('209.58.188.130', NULL, NULL, 1, 1, NULL, NULL, NULL, '2022-02-15 03:29:41', '2022-02-15 03:29:41'),
('212.102.57.28', NULL, NULL, 1, 1, NULL, NULL, NULL, '2022-02-15 03:10:34', '2022-02-15 03:10:34'),
('212.47.251.118', NULL, NULL, 1, 1, NULL, NULL, NULL, '2022-02-18 16:29:46', '2022-02-18 16:29:46'),
('213.174.172.162', NULL, NULL, 1, 1, NULL, NULL, NULL, '2022-02-15 03:20:03', '2022-02-15 03:20:03'),
('22.241.142.161', 'B6:CC:93:B9:A3:7E', NULL, 854, 1841, 'TL', NULL, NULL, '2021-11-12 22:25:05', '2021-11-12 22:25:05'),
('23.172.112.226', NULL, NULL, 1, 3, NULL, NULL, NULL, '2022-02-15 03:10:31', '2022-02-15 03:12:59'),
('238.221.0.154', '85:A9:D7:1B:B9:FA', NULL, 904, 1419, 'EE', NULL, NULL, '2021-12-12 22:25:05', '2021-12-12 22:25:05'),
('246.209.154.181', '5B:E9:55:89:06:4B', NULL, 67, 234, 'BQ', NULL, NULL, '2021-08-12 22:25:05', '2021-08-12 22:25:05'),
('253.150.79.153', '99:7F:1A:72:68:80', NULL, 468, 637, 'AL', NULL, NULL, '2022-02-12 22:25:05', '2022-02-12 22:25:05'),
('26.220.211.127', '9C:01:0F:21:09:02', NULL, 994, 1319, 'IT', NULL, NULL, '2021-08-12 22:25:05', '2021-08-12 22:25:05'),
('27.170.157.63', '72:BA:BA:E5:64:84', NULL, 602, 960, 'PG', NULL, NULL, '2021-09-12 22:25:05', '2021-09-12 22:25:05'),
('3.250.180.104', NULL, NULL, 1, 5, NULL, NULL, NULL, '2022-02-15 05:29:45', '2022-02-15 05:32:24'),
('3.9.19.75', NULL, NULL, 1, 3, NULL, NULL, NULL, '2022-02-15 03:12:16', '2022-02-15 03:20:14'),
('32.128.88.62', '95:AB:DF:70:67:67', NULL, 11, 699, 'SK', NULL, NULL, '2022-01-12 22:25:05', '2022-01-12 22:25:05'),
('34.77.162.2', NULL, NULL, 1, 1, NULL, NULL, NULL, '2022-02-21 20:55:24', '2022-02-21 20:55:24'),
('34.86.35.1', NULL, NULL, 1, 1, NULL, NULL, NULL, '2022-02-22 06:31:05', '2022-02-22 06:31:05'),
('35.80.11.231', NULL, NULL, 1, 1, NULL, NULL, NULL, '2022-02-17 04:09:14', '2022-02-17 04:09:14'),
('37.225.79.159', NULL, NULL, 1, 1, NULL, NULL, NULL, '2022-02-17 03:29:25', '2022-02-17 03:29:25'),
('38.108.182.5', NULL, NULL, 1, 1, NULL, NULL, NULL, '2022-02-15 03:13:31', '2022-02-15 03:13:31'),
('38.132.103.148', NULL, NULL, 1, 2, NULL, NULL, NULL, '2022-02-15 04:52:43', '2022-02-15 04:52:46'),
('45.12.134.108', NULL, NULL, 1, 1, NULL, NULL, NULL, '2022-02-15 04:55:21', '2022-02-15 04:55:21'),
('45.134.22.69', NULL, NULL, 1, 2, NULL, NULL, NULL, '2022-02-15 03:10:29', '2022-02-15 03:10:29'),
('45.90.60.242', NULL, NULL, 1, 1, NULL, NULL, NULL, '2022-02-15 18:04:51', '2022-02-15 18:04:51'),
('46.204.48.251', NULL, NULL, 1, 1, NULL, NULL, NULL, '2022-02-17 03:29:24', '2022-02-17 03:29:24'),
('49.135.42.193', NULL, NULL, 1, 2, NULL, NULL, NULL, '2022-02-15 05:00:43', '2022-02-15 05:00:44'),
('49.97.26.154', NULL, NULL, 1, 4, NULL, NULL, NULL, '2022-02-15 04:06:08', '2022-02-15 08:06:39'),
('50.30.38.143', NULL, NULL, 1, 1, NULL, NULL, NULL, '2022-02-15 03:12:06', '2022-02-15 03:12:06'),
('51.143.91.144', NULL, NULL, 1, 3, NULL, NULL, NULL, '2022-02-15 04:30:08', '2022-02-15 04:32:02'),
('51.254.49.106', NULL, NULL, 1, 1, NULL, NULL, NULL, '2022-02-16 14:05:11', '2022-02-16 14:05:11'),
('51.255.62.0', NULL, NULL, 1, 1, NULL, NULL, NULL, '2022-02-16 12:10:44', '2022-02-16 12:10:44'),
('51.255.62.11', NULL, NULL, 1, 1, NULL, NULL, NULL, '2022-02-16 12:02:35', '2022-02-16 12:02:35'),
('52.183.12.153', NULL, NULL, 1, 3, NULL, NULL, NULL, '2022-02-15 04:29:04', '2022-02-15 04:40:53'),
('52.183.74.23', NULL, NULL, 1, 1, NULL, NULL, NULL, '2022-02-17 06:26:41', '2022-02-17 06:26:41'),
('52.250.30.131', NULL, NULL, 1, 3, NULL, NULL, NULL, '2022-02-15 03:15:30', '2022-02-15 03:16:08'),
('52.65.88.94', NULL, NULL, 1, 1, NULL, NULL, NULL, '2022-02-15 03:20:49', '2022-02-15 03:20:49'),
('54.227.32.154', NULL, NULL, 5, 6, NULL, NULL, NULL, '2022-02-16 06:24:58', '2022-02-22 12:56:34'),
('54.79.237.109', NULL, NULL, 1, 1, NULL, NULL, NULL, '2022-02-15 03:23:34', '2022-02-15 03:23:34'),
('57.224.159.12', '46:EF:40:4A:53:00', NULL, 832, 958, 'MT', NULL, NULL, '2021-08-12 22:25:05', '2021-08-12 22:25:05'),
('60.46.79.165', 'D2:BA:D9:47:13:F5', NULL, 870, 913, 'AE', NULL, NULL, '2021-09-12 22:25:05', '2021-09-12 22:25:05'),
('63.107.134.181', '11:4A:8A:F5:5E:7E', NULL, 12, 52, 'MV', NULL, NULL, '2021-09-12 22:25:05', '2021-09-12 22:25:05'),
('65.154.226.165', NULL, NULL, 1, 1, NULL, NULL, NULL, '2022-02-16 00:39:25', '2022-02-16 00:39:25'),
('69.165.14.109', NULL, NULL, 1, 1, NULL, NULL, NULL, '2022-02-15 03:11:05', '2022-02-15 03:11:05'),
('69.60.167.40', '73:CE:12:1F:B5:C2', NULL, 173, 944, 'TJ', NULL, NULL, '2021-12-12 22:25:05', '2021-12-12 22:25:05'),
('71.201.150.160', 'DA:C5:55:27:EC:6E', NULL, 499, 757, 'MG', NULL, NULL, '2021-10-12 22:25:05', '2021-10-12 22:25:05'),
('74.125.212.13', NULL, NULL, 1, 1, NULL, NULL, NULL, '2022-02-21 05:34:11', '2022-02-21 05:34:11'),
('74.244.62.128', 'A2:70:92:55:CE:70', NULL, 123, 923, 'CD', NULL, NULL, '2021-08-12 22:25:05', '2021-08-12 22:25:05'),
('77.102.122.117', NULL, NULL, 1, 3, NULL, NULL, NULL, '2022-02-15 03:10:29', '2022-02-15 03:12:04'),
('78.90.207.25', NULL, NULL, 1, 1, NULL, NULL, NULL, '2022-02-15 03:10:34', '2022-02-15 03:10:34'),
('79.104.209.0', NULL, NULL, 1, 1, NULL, NULL, NULL, '2022-02-15 03:10:22', '2022-02-15 03:10:22'),
('79.185.58.79', NULL, NULL, 1, 2, NULL, NULL, NULL, '2022-02-15 03:29:18', '2022-02-15 03:29:19'),
('79.185.58.84', NULL, NULL, 1, 1, NULL, NULL, NULL, '2022-02-15 03:29:28', '2022-02-15 03:29:28'),
('83.197.152.165', NULL, NULL, 1, 2, NULL, NULL, NULL, '2022-02-15 03:10:30', '2022-02-15 03:10:38'),
('84.17.37.161', NULL, NULL, 1, 1, NULL, NULL, NULL, '2022-02-15 03:22:47', '2022-02-15 03:22:47'),
('84.17.46.237', NULL, NULL, 1, 1, NULL, NULL, NULL, '2022-02-15 03:27:47', '2022-02-15 03:27:47'),
('85.10.56.238', NULL, NULL, 1, 1, NULL, NULL, NULL, '2022-02-15 03:25:55', '2022-02-15 03:25:55'),
('89.104.100.190', NULL, NULL, 1, 1, NULL, NULL, NULL, '2022-02-16 02:29:38', '2022-02-16 02:29:38'),
('89.248.171.23', NULL, NULL, 1, 1, NULL, NULL, NULL, '2022-02-16 13:58:30', '2022-02-16 13:58:30'),
('91.234.192.142', NULL, NULL, 1, 2, NULL, NULL, NULL, '2022-02-15 03:10:50', '2022-02-15 03:11:28'),
('94.102.49.206', NULL, NULL, 1, 1, NULL, NULL, NULL, '2022-02-15 03:10:31', '2022-02-15 03:10:31'),
('95.217.46.51', NULL, NULL, 1, 2, NULL, NULL, NULL, '2022-02-15 07:06:46', '2022-02-15 11:12:30'),
('96.98.90.98', '16:35:E2:4C:F8:EA', NULL, 196, 739, 'AO', NULL, NULL, '2022-01-12 22:25:05', '2022-01-12 22:25:05');

-- --------------------------------------------------------

--
-- Table structure for table `warehouses`
--

CREATE TABLE `warehouses` (
  `id` int(10) UNSIGNED NOT NULL,
  `shop_id` int(10) UNSIGNED DEFAULT NULL,
  `name` varchar(255) COLLATE utf8_unicode_ci NOT NULL,
  `email` varchar(255) COLLATE utf8_unicode_ci DEFAULT NULL,
  `incharge` bigint(20) UNSIGNED DEFAULT NULL,
  `description` longtext COLLATE utf8_unicode_ci,
  `opening_time` varchar(20) COLLATE utf8_unicode_ci NOT NULL DEFAULT '0',
  `close_time` varchar(20) COLLATE utf8_unicode_ci NOT NULL DEFAULT '0',
  `business_days` varchar(200) COLLATE utf8_unicode_ci DEFAULT NULL,
  `active` tinyint(1) NOT NULL DEFAULT '1',
  `deleted_at` timestamp NULL DEFAULT NULL,
  `created_at` timestamp NULL DEFAULT NULL,
  `updated_at` timestamp NULL DEFAULT NULL
) ENGINE=InnoDB DEFAULT CHARSET=utf8 COLLATE=utf8_unicode_ci;

--
-- Dumping data for table `warehouses`
--

INSERT INTO `warehouses` (`id`, `shop_id`, `name`, `email`, `incharge`, `description`, `opening_time`, `close_time`, `business_days`, `active`, `deleted_at`, `created_at`, `updated_at`) VALUES
(1, 3, 'Kuvalis, Brown and Carroll', 'aurelio57@weimann.biz', 5, 'Aut sed voluptatem accusamus. Incidunt veritatis repellat incidunt quibusdam. Natus omnis culpa quia minima. Ex dolores quod assumenda sed consectetur fugiat sed. Ratione sed porro eligendi illum nam. Molestiae officia accusantium quasi quos. Ut architecto et quaerat tempora ut. Ex ut rem dolorem sunt praesentium et. Inventore illum vitae amet in. Perferendis perferendis similique vitae beatae distinctio.', '0', '0', NULL, 1, NULL, '2022-02-12 22:24:59', '2022-02-12 22:24:59');

-- --------------------------------------------------------

--
-- Table structure for table `wishlists`
--

CREATE TABLE `wishlists` (
  `id` bigint(20) UNSIGNED NOT NULL,
  `inventory_id` bigint(20) UNSIGNED DEFAULT NULL,
  `product_id` bigint(20) UNSIGNED DEFAULT NULL,
  `customer_id` bigint(20) UNSIGNED NOT NULL,
  `created_at` timestamp NULL DEFAULT NULL,
  `updated_at` timestamp NULL DEFAULT NULL
) ENGINE=InnoDB DEFAULT CHARSET=utf8 COLLATE=utf8_unicode_ci;

--
-- Dumping data for table `wishlists`
--

INSERT INTO `wishlists` (`id`, `inventory_id`, `product_id`, `customer_id`, `created_at`, `updated_at`) VALUES
(1, 79, 35, 1, '2022-02-09 22:25:05', '2022-02-09 22:25:05'),
(2, 97, 47, 1, '2022-02-06 22:25:05', '2022-02-06 22:25:05'),
(3, 13, 8, 1, '2022-01-28 22:25:05', '2022-01-28 22:25:05'),
(4, 24, 33, 1, '2022-02-02 22:25:05', '2022-02-02 22:25:05'),
(5, 19, 11, 1, '2022-02-10 22:25:05', '2022-02-10 22:25:05'),
(6, 93, 16, 1, '2022-02-02 22:25:05', '2022-02-02 22:25:05'),
(7, 33, 30, 1, '2022-01-29 22:25:05', '2022-01-29 22:25:05'),
(8, 58, 12, 1, '2022-02-02 22:25:05', '2022-02-02 22:25:05'),
(9, 49, 6, 1, '2022-02-06 22:25:05', '2022-02-06 22:25:05'),
(10, 2, 2, 1, '2022-02-02 22:25:05', '2022-02-02 22:25:05'),
(11, 25, 51, 1, '2022-02-02 22:25:05', '2022-02-02 22:25:05'),
(12, 38, 26, 1, '2022-02-07 22:25:05', '2022-02-07 22:25:05'),
(13, 5, 16, 1, '2022-02-03 22:25:05', '2022-02-03 22:25:05'),
(14, 29, 16, 1, '2022-02-04 22:25:05', '2022-02-04 22:25:05'),
(15, 94, 18, 1, '2022-02-06 22:25:05', '2022-02-06 22:25:05');

--
-- Indexes for dumped tables
--

--
-- Indexes for table `activity_log`
--
ALTER TABLE `activity_log`
  ADD PRIMARY KEY (`id`),
  ADD KEY `activity_log_log_name_index` (`log_name`);

--
-- Indexes for table `addresses`
--
ALTER TABLE `addresses`
  ADD PRIMARY KEY (`id`),
  ADD KEY `addresses_country_id_foreign` (`country_id`);

--
-- Indexes for table `address_types`
--
ALTER TABLE `address_types`
  ADD PRIMARY KEY (`id`),
  ADD UNIQUE KEY `address_types_type_unique` (`type`);

--
-- Indexes for table `announcements`
--
ALTER TABLE `announcements`
  ADD PRIMARY KEY (`id`);

--
-- Indexes for table `attachments`
--
ALTER TABLE `attachments`
  ADD PRIMARY KEY (`id`);

--
-- Indexes for table `attributes`
--
ALTER TABLE `attributes`
  ADD PRIMARY KEY (`id`),
  ADD KEY `attributes_attribute_type_id_foreign` (`attribute_type_id`);

--
-- Indexes for table `attribute_inventory`
--
ALTER TABLE `attribute_inventory`
  ADD KEY `attribute_inventory_attribute_id_index` (`attribute_id`),
  ADD KEY `attribute_inventory_inventory_id_index` (`inventory_id`),
  ADD KEY `attribute_inventory_attribute_value_id_index` (`attribute_value_id`);

--
-- Indexes for table `attribute_types`
--
ALTER TABLE `attribute_types`
  ADD PRIMARY KEY (`id`),
  ADD UNIQUE KEY `attribute_types_type_unique` (`type`);

--
-- Indexes for table `attribute_values`
--
ALTER TABLE `attribute_values`
  ADD PRIMARY KEY (`id`),
  ADD KEY `attribute_values_attribute_id_foreign` (`attribute_id`);

--
-- Indexes for table `avg_feedback`
--
ALTER TABLE `avg_feedback`
  ADD PRIMARY KEY (`id`);

--
-- Indexes for table `banners`
--
ALTER TABLE `banners`
  ADD PRIMARY KEY (`id`);

--
-- Indexes for table `banner_groups`
--
ALTER TABLE `banner_groups`
  ADD UNIQUE KEY `banner_groups_id_unique` (`id`),
  ADD UNIQUE KEY `banner_groups_name_unique` (`name`);

--
-- Indexes for table `blogs`
--
ALTER TABLE `blogs`
  ADD PRIMARY KEY (`id`),
  ADD UNIQUE KEY `blogs_slug_unique` (`slug`),
  ADD KEY `blogs_user_id_foreign` (`user_id`);

--
-- Indexes for table `blog_comments`
--
ALTER TABLE `blog_comments`
  ADD PRIMARY KEY (`id`),
  ADD KEY `blog_comments_blog_id_foreign` (`blog_id`),
  ADD KEY `blog_comments_user_id_foreign` (`user_id`);

--
-- Indexes for table `cancellations`
--
ALTER TABLE `cancellations`
  ADD PRIMARY KEY (`id`),
  ADD KEY `cancellations_order_id_foreign` (`order_id`),
  ADD KEY `cancellations_customer_id_foreign` (`customer_id`),
  ADD KEY `cancellations_cancellation_reason_id_foreign` (`cancellation_reason_id`);

--
-- Indexes for table `cancellation_reasons`
--
ALTER TABLE `cancellation_reasons`
  ADD PRIMARY KEY (`id`),
  ADD UNIQUE KEY `cancellation_reasons_detail_unique` (`detail`);

--
-- Indexes for table `carriers`
--
ALTER TABLE `carriers`
  ADD PRIMARY KEY (`id`);

--
-- Indexes for table `carts`
--
ALTER TABLE `carts`
  ADD PRIMARY KEY (`id`),
  ADD KEY `carts_shop_id_foreign` (`shop_id`),
  ADD KEY `carts_customer_id_foreign` (`customer_id`);

--
-- Indexes for table `cart_items`
--
ALTER TABLE `cart_items`
  ADD KEY `cart_items_cart_id_index` (`cart_id`),
  ADD KEY `cart_items_inventory_id_index` (`inventory_id`);

--
-- Indexes for table `categories`
--
ALTER TABLE `categories`
  ADD PRIMARY KEY (`id`),
  ADD UNIQUE KEY `categories_slug_unique` (`slug`),
  ADD KEY `categories_category_sub_group_id_foreign` (`category_sub_group_id`);

--
-- Indexes for table `category_groups`
--
ALTER TABLE `category_groups`
  ADD PRIMARY KEY (`id`),
  ADD UNIQUE KEY `category_groups_slug_unique` (`slug`);

--
-- Indexes for table `category_product`
--
ALTER TABLE `category_product`
  ADD KEY `category_product_category_id_index` (`category_id`),
  ADD KEY `category_product_product_id_index` (`product_id`);

--
-- Indexes for table `category_sub_groups`
--
ALTER TABLE `category_sub_groups`
  ADD PRIMARY KEY (`id`),
  ADD UNIQUE KEY `category_sub_groups_slug_unique` (`slug`),
  ADD KEY `category_sub_groups_category_group_id_foreign` (`category_group_id`);

--
-- Indexes for table `chat_conversations`
--
ALTER TABLE `chat_conversations`
  ADD PRIMARY KEY (`id`),
  ADD KEY `chat_conversations_shop_id_foreign` (`shop_id`),
  ADD KEY `chat_conversations_customer_id_foreign` (`customer_id`);

--
-- Indexes for table `configs`
--
ALTER TABLE `configs`
  ADD PRIMARY KEY (`shop_id`),
  ADD UNIQUE KEY `configs_shop_id_unique` (`shop_id`);

--
-- Indexes for table `config_authorize_net`
--
ALTER TABLE `config_authorize_net`
  ADD PRIMARY KEY (`shop_id`),
  ADD KEY `config_authorize_net_shop_id_index` (`shop_id`);

--
-- Indexes for table `config_manual_payments`
--
ALTER TABLE `config_manual_payments`
  ADD KEY `config_manual_payments_shop_id_index` (`shop_id`),
  ADD KEY `config_manual_payments_payment_method_id_index` (`payment_method_id`);

--
-- Indexes for table `contact_us`
--
ALTER TABLE `contact_us`
  ADD PRIMARY KEY (`id`);

--
-- Indexes for table `countries`
--
ALTER TABLE `countries`
  ADD PRIMARY KEY (`id`),
  ADD KEY `countries_timezone_id_foreign` (`timezone_id`),
  ADD KEY `countries_currency_id_foreign` (`currency_id`);

--
-- Indexes for table `coupons`
--
ALTER TABLE `coupons`
  ADD PRIMARY KEY (`id`);

--
-- Indexes for table `coupon_customer`
--
ALTER TABLE `coupon_customer`
  ADD KEY `coupon_customer_coupon_id_index` (`coupon_id`),
  ADD KEY `coupon_customer_customer_id_index` (`customer_id`);

--
-- Indexes for table `coupon_shipping_zone`
--
ALTER TABLE `coupon_shipping_zone`
  ADD KEY `coupon_shipping_zone_coupon_id_index` (`coupon_id`),
  ADD KEY `coupon_shipping_zone_shipping_zone_id_index` (`shipping_zone_id`);

--
-- Indexes for table `currencies`
--
ALTER TABLE `currencies`
  ADD PRIMARY KEY (`id`);

--
-- Indexes for table `dashboard_configs`
--
ALTER TABLE `dashboard_configs`
  ADD PRIMARY KEY (`user_id`);

--
-- Indexes for table `disputes`
--
ALTER TABLE `disputes`
  ADD PRIMARY KEY (`id`),
  ADD KEY `disputes_order_id_foreign` (`order_id`),
  ADD KEY `disputes_customer_id_foreign` (`customer_id`),
  ADD KEY `disputes_dispute_type_id_foreign` (`dispute_type_id`);

--
-- Indexes for table `dispute_types`
--
ALTER TABLE `dispute_types`
  ADD PRIMARY KEY (`id`),
  ADD UNIQUE KEY `dispute_types_detail_unique` (`detail`);

--
-- Indexes for table `email_templates`
--
ALTER TABLE `email_templates`
  ADD PRIMARY KEY (`id`);

--
-- Indexes for table `failed_jobs`
--
ALTER TABLE `failed_jobs`
  ADD PRIMARY KEY (`id`),
  ADD UNIQUE KEY `failed_jobs_uuid_unique` (`uuid`);

--
-- Indexes for table `faqs`
--
ALTER TABLE `faqs`
  ADD PRIMARY KEY (`id`),
  ADD KEY `faqs_faq_topic_id_foreign` (`faq_topic_id`);

--
-- Indexes for table `faq_topics`
--
ALTER TABLE `faq_topics`
  ADD PRIMARY KEY (`id`);

--
-- Indexes for table `feedbacks`
--
ALTER TABLE `feedbacks`
  ADD PRIMARY KEY (`id`),
  ADD KEY `feedbacks_customer_id_foreign` (`customer_id`);

--
-- Indexes for table `gift_cards`
--
ALTER TABLE `gift_cards`
  ADD PRIMARY KEY (`id`);

--
-- Indexes for table `gtin_types`
--
ALTER TABLE `gtin_types`
  ADD PRIMARY KEY (`id`),
  ADD UNIQUE KEY `gtin_types_name_unique` (`name`);

--
-- Indexes for table `images`
--
ALTER TABLE `images`
  ADD PRIMARY KEY (`id`);

--
-- Indexes for table `inventories`
--
ALTER TABLE `inventories`
  ADD PRIMARY KEY (`id`),
  ADD UNIQUE KEY `inventories_slug_unique` (`slug`),
  ADD KEY `inventories_product_id_foreign` (`product_id`);

--
-- Indexes for table `inventory_packaging`
--
ALTER TABLE `inventory_packaging`
  ADD KEY `inventory_packaging_packaging_id_index` (`packaging_id`),
  ADD KEY `inventory_packaging_inventory_id_index` (`inventory_id`);

--
-- Indexes for table `invoices`
--
ALTER TABLE `invoices`
  ADD PRIMARY KEY (`id`),
  ADD KEY `invoices_created_at_index` (`created_at`),
  ADD KEY `invoices_user_id_index` (`user_id`),
  ADD KEY `invoices_shop_id_index` (`shop_id`);

--
-- Indexes for table `jobs`
--
ALTER TABLE `jobs`
  ADD PRIMARY KEY (`id`),
  ADD KEY `jobs_queue_index` (`queue`);

--
-- Indexes for table `languages`
--
ALTER TABLE `languages`
  ADD PRIMARY KEY (`id`),
  ADD UNIQUE KEY `languages_code_unique` (`code`);

--
-- Indexes for table `manufacturers`
--
ALTER TABLE `manufacturers`
  ADD PRIMARY KEY (`id`),
  ADD UNIQUE KEY `manufacturers_slug_unique` (`slug`);

--
-- Indexes for table `messages`
--
ALTER TABLE `messages`
  ADD PRIMARY KEY (`id`);

--
-- Indexes for table `migrations`
--
ALTER TABLE `migrations`
  ADD PRIMARY KEY (`id`);

--
-- Indexes for table `modules`
--
ALTER TABLE `modules`
  ADD PRIMARY KEY (`id`);

--
-- Indexes for table `notifications`
--
ALTER TABLE `notifications`
  ADD PRIMARY KEY (`id`),
  ADD KEY `notifications_notifiable_type_notifiable_id_index` (`notifiable_type`,`notifiable_id`);

--
-- Indexes for table `options`
--
ALTER TABLE `options`
  ADD PRIMARY KEY (`id`);

--
-- Indexes for table `orders`
--
ALTER TABLE `orders`
  ADD PRIMARY KEY (`id`),
  ADD KEY `orders_customer_id_foreign` (`customer_id`);

--
-- Indexes for table `order_items`
--
ALTER TABLE `order_items`
  ADD KEY `order_items_order_id_index` (`order_id`),
  ADD KEY `order_items_inventory_id_index` (`inventory_id`);

--
-- Indexes for table `packages`
--
ALTER TABLE `packages`
  ADD PRIMARY KEY (`id`);

--
-- Indexes for table `packagings`
--
ALTER TABLE `packagings`
  ADD PRIMARY KEY (`id`);

--
-- Indexes for table `pages`
--
ALTER TABLE `pages`
  ADD PRIMARY KEY (`id`),
  ADD UNIQUE KEY `pages_slug_unique` (`slug`);

--
-- Indexes for table `payment_methods`
--
ALTER TABLE `payment_methods`
  ADD PRIMARY KEY (`id`);

--
-- Indexes for table `performance_indicators`
--
ALTER TABLE `performance_indicators`
  ADD PRIMARY KEY (`id`),
  ADD KEY `performance_indicators_created_at_index` (`created_at`);

--
-- Indexes for table `permissions`
--
ALTER TABLE `permissions`
  ADD PRIMARY KEY (`id`),
  ADD UNIQUE KEY `permissions_slug_unique` (`slug`),
  ADD KEY `permissions_module_id_index` (`module_id`);

--
-- Indexes for table `permission_role`
--
ALTER TABLE `permission_role`
  ADD PRIMARY KEY (`permission_id`,`role_id`),
  ADD KEY `permission_role_permission_id_index` (`permission_id`),
  ADD KEY `permission_role_role_id_index` (`role_id`);

--
-- Indexes for table `products`
--
ALTER TABLE `products`
  ADD PRIMARY KEY (`id`),
  ADD UNIQUE KEY `products_slug_unique` (`slug`);

--
-- Indexes for table `refunds`
--
ALTER TABLE `refunds`
  ADD PRIMARY KEY (`id`),
  ADD KEY `refunds_order_id_foreign` (`order_id`);

--
-- Indexes for table `replies`
--
ALTER TABLE `replies`
  ADD PRIMARY KEY (`id`),
  ADD KEY `replies_user_id_foreign` (`user_id`);

--
-- Indexes for table `roles`
--
ALTER TABLE `roles`
  ADD PRIMARY KEY (`id`);

--
-- Indexes for table `shipping_rates`
--
ALTER TABLE `shipping_rates`
  ADD PRIMARY KEY (`id`),
  ADD KEY `shipping_rates_shipping_zone_id_index` (`shipping_zone_id`);

--
-- Indexes for table `shipping_zones`
--
ALTER TABLE `shipping_zones`
  ADD PRIMARY KEY (`id`);

--
-- Indexes for table `shops`
--
ALTER TABLE `shops`
  ADD PRIMARY KEY (`id`),
  ADD UNIQUE KEY `shops_slug_unique` (`slug`),
  ADD UNIQUE KEY `shops_email_unique` (`email`),
  ADD KEY `shops_owner_id_foreign` (`owner_id`);

--
-- Indexes for table `shop_payment_methods`
--
ALTER TABLE `shop_payment_methods`
  ADD KEY `shop_payment_methods_payment_method_id_index` (`payment_method_id`),
  ADD KEY `shop_payment_methods_shop_id_index` (`shop_id`);

--
-- Indexes for table `sliders`
--
ALTER TABLE `sliders`
  ADD PRIMARY KEY (`id`);

--
-- Indexes for table `states`
--
ALTER TABLE `states`
  ADD PRIMARY KEY (`id`),
  ADD KEY `states_country_id_foreign` (`country_id`);

--
-- Indexes for table `subscriptions`
--
ALTER TABLE `subscriptions`
  ADD PRIMARY KEY (`id`),
  ADD KEY `subscriptions_shop_id_stripe_status_index` (`shop_id`,`stripe_status`);

--
-- Indexes for table `subscription_items`
--
ALTER TABLE `subscription_items`
  ADD PRIMARY KEY (`id`),
  ADD UNIQUE KEY `subscription_items_subscription_id_stripe_price_unique` (`subscription_id`,`stripe_price`),
  ADD KEY `subscription_items_stripe_id_index` (`stripe_id`);

--
-- Indexes for table `subscription_plans`
--
ALTER TABLE `subscription_plans`
  ADD PRIMARY KEY (`plan_id`),
  ADD UNIQUE KEY `subscription_plans_name_unique` (`name`);

--
-- Indexes for table `suppliers`
--
ALTER TABLE `suppliers`
  ADD PRIMARY KEY (`id`);

--
-- Indexes for table `taggables`
--
ALTER TABLE `taggables`
  ADD KEY `taggables_tag_id_foreign` (`tag_id`);

--
-- Indexes for table `tags`
--
ALTER TABLE `tags`
  ADD PRIMARY KEY (`id`);

--
-- Indexes for table `taxes`
--
ALTER TABLE `taxes`
  ADD PRIMARY KEY (`id`);

--
-- Indexes for table `tickets`
--
ALTER TABLE `tickets`
  ADD PRIMARY KEY (`id`),
  ADD KEY `tickets_user_id_foreign` (`user_id`),
  ADD KEY `tickets_category_id_foreign` (`category_id`);

--
-- Indexes for table `ticket_categories`
--
ALTER TABLE `ticket_categories`
  ADD PRIMARY KEY (`id`),
  ADD UNIQUE KEY `ticket_categories_name_unique` (`name`);

--
-- Indexes for table `timezones`
--
ALTER TABLE `timezones`
  ADD PRIMARY KEY (`id`);

--
-- Indexes for table `user_warehouse`
--
ALTER TABLE `user_warehouse`
  ADD KEY `user_warehouse_user_id_index` (`user_id`),
  ADD KEY `user_warehouse_warehouse_id_index` (`warehouse_id`);

--
-- Indexes for table `visitors`
--
ALTER TABLE `visitors`
  ADD PRIMARY KEY (`ip`);

--
-- Indexes for table `warehouses`
--
ALTER TABLE `warehouses`
  ADD PRIMARY KEY (`id`),
  ADD KEY `warehouses_shop_id_foreign` (`shop_id`);

--
-- Indexes for table `wishlists`
--
ALTER TABLE `wishlists`
  ADD PRIMARY KEY (`id`),
  ADD KEY `wishlists_product_id_foreign` (`product_id`),
  ADD KEY `wishlists_inventory_id_foreign` (`inventory_id`);

--
-- AUTO_INCREMENT for dumped tables
--

--
-- AUTO_INCREMENT for table `activity_log`
--
ALTER TABLE `activity_log`
  MODIFY `id` bigint(20) UNSIGNED NOT NULL AUTO_INCREMENT, AUTO_INCREMENT=21;

--
-- AUTO_INCREMENT for table `addresses`
--
ALTER TABLE `addresses`
  MODIFY `id` bigint(20) UNSIGNED NOT NULL AUTO_INCREMENT, AUTO_INCREMENT=68;

--
-- AUTO_INCREMENT for table `address_types`
--
ALTER TABLE `address_types`
  MODIFY `id` int(10) UNSIGNED NOT NULL AUTO_INCREMENT, AUTO_INCREMENT=4;

--
-- AUTO_INCREMENT for table `attachments`
--
ALTER TABLE `attachments`
  MODIFY `id` bigint(20) UNSIGNED NOT NULL AUTO_INCREMENT;

--
-- AUTO_INCREMENT for table `attributes`
--
ALTER TABLE `attributes`
  MODIFY `id` int(10) UNSIGNED NOT NULL AUTO_INCREMENT, AUTO_INCREMENT=7;

--
-- AUTO_INCREMENT for table `attribute_types`
--
ALTER TABLE `attribute_types`
  MODIFY `id` int(10) UNSIGNED NOT NULL AUTO_INCREMENT, AUTO_INCREMENT=4;

--
-- AUTO_INCREMENT for table `attribute_values`
--
ALTER TABLE `attribute_values`
  MODIFY `id` int(10) UNSIGNED NOT NULL AUTO_INCREMENT, AUTO_INCREMENT=31;

--
-- AUTO_INCREMENT for table `avg_feedback`
--
ALTER TABLE `avg_feedback`
  MODIFY `id` bigint(20) UNSIGNED NOT NULL AUTO_INCREMENT, AUTO_INCREMENT=62;

--
-- AUTO_INCREMENT for table `banners`
--
ALTER TABLE `banners`
  MODIFY `id` int(10) UNSIGNED NOT NULL AUTO_INCREMENT, AUTO_INCREMENT=11;

--
-- AUTO_INCREMENT for table `blogs`
--
ALTER TABLE `blogs`
  MODIFY `id` int(10) UNSIGNED NOT NULL AUTO_INCREMENT, AUTO_INCREMENT=7;

--
-- AUTO_INCREMENT for table `blog_comments`
--
ALTER TABLE `blog_comments`
  MODIFY `id` int(10) UNSIGNED NOT NULL AUTO_INCREMENT, AUTO_INCREMENT=31;

--
-- AUTO_INCREMENT for table `cancellations`
--
ALTER TABLE `cancellations`
  MODIFY `id` bigint(20) UNSIGNED NOT NULL AUTO_INCREMENT;

--
-- AUTO_INCREMENT for table `cancellation_reasons`
--
ALTER TABLE `cancellation_reasons`
  MODIFY `id` int(10) UNSIGNED NOT NULL AUTO_INCREMENT, AUTO_INCREMENT=14;

--
-- AUTO_INCREMENT for table `carriers`
--
ALTER TABLE `carriers`
  MODIFY `id` int(10) UNSIGNED NOT NULL AUTO_INCREMENT, AUTO_INCREMENT=6;

--
-- AUTO_INCREMENT for table `carts`
--
ALTER TABLE `carts`
  MODIFY `id` bigint(20) UNSIGNED NOT NULL AUTO_INCREMENT;

--
-- AUTO_INCREMENT for table `categories`
--
ALTER TABLE `categories`
  MODIFY `id` int(10) UNSIGNED NOT NULL AUTO_INCREMENT, AUTO_INCREMENT=41;

--
-- AUTO_INCREMENT for table `category_groups`
--
ALTER TABLE `category_groups`
  MODIFY `id` int(10) UNSIGNED NOT NULL AUTO_INCREMENT, AUTO_INCREMENT=10;

--
-- AUTO_INCREMENT for table `category_sub_groups`
--
ALTER TABLE `category_sub_groups`
  MODIFY `id` int(10) UNSIGNED NOT NULL AUTO_INCREMENT, AUTO_INCREMENT=26;

--
-- AUTO_INCREMENT for table `chat_conversations`
--
ALTER TABLE `chat_conversations`
  MODIFY `id` bigint(20) UNSIGNED NOT NULL AUTO_INCREMENT;

--
-- AUTO_INCREMENT for table `contact_us`
--
ALTER TABLE `contact_us`
  MODIFY `id` bigint(20) UNSIGNED NOT NULL AUTO_INCREMENT;

--
-- AUTO_INCREMENT for table `countries`
--
ALTER TABLE `countries`
  MODIFY `id` int(10) UNSIGNED NOT NULL AUTO_INCREMENT, AUTO_INCREMENT=895;

--
-- AUTO_INCREMENT for table `coupons`
--
ALTER TABLE `coupons`
  MODIFY `id` bigint(20) UNSIGNED NOT NULL AUTO_INCREMENT, AUTO_INCREMENT=16;

--
-- AUTO_INCREMENT for table `currencies`
--
ALTER TABLE `currencies`
  MODIFY `id` int(10) UNSIGNED NOT NULL AUTO_INCREMENT, AUTO_INCREMENT=178;

--
-- AUTO_INCREMENT for table `disputes`
--
ALTER TABLE `disputes`
  MODIFY `id` bigint(20) UNSIGNED NOT NULL AUTO_INCREMENT, AUTO_INCREMENT=6;

--
-- AUTO_INCREMENT for table `dispute_types`
--
ALTER TABLE `dispute_types`
  MODIFY `id` int(10) UNSIGNED NOT NULL AUTO_INCREMENT, AUTO_INCREMENT=11;

--
-- AUTO_INCREMENT for table `email_templates`
--
ALTER TABLE `email_templates`
  MODIFY `id` int(10) UNSIGNED NOT NULL AUTO_INCREMENT, AUTO_INCREMENT=6;

--
-- AUTO_INCREMENT for table `failed_jobs`
--
ALTER TABLE `failed_jobs`
  MODIFY `id` bigint(20) UNSIGNED NOT NULL AUTO_INCREMENT;

--
-- AUTO_INCREMENT for table `faqs`
--
ALTER TABLE `faqs`
  MODIFY `id` int(10) UNSIGNED NOT NULL AUTO_INCREMENT, AUTO_INCREMENT=10;

--
-- AUTO_INCREMENT for table `faq_topics`
--
ALTER TABLE `faq_topics`
  MODIFY `id` int(10) UNSIGNED NOT NULL AUTO_INCREMENT, AUTO_INCREMENT=4;

--
-- AUTO_INCREMENT for table `feedbacks`
--
ALTER TABLE `feedbacks`
  MODIFY `id` bigint(20) UNSIGNED NOT NULL AUTO_INCREMENT, AUTO_INCREMENT=151;

--
-- AUTO_INCREMENT for table `gift_cards`
--
ALTER TABLE `gift_cards`
  MODIFY `id` bigint(20) UNSIGNED NOT NULL AUTO_INCREMENT;

--
-- AUTO_INCREMENT for table `gtin_types`
--
ALTER TABLE `gtin_types`
  MODIFY `id` int(10) UNSIGNED NOT NULL AUTO_INCREMENT, AUTO_INCREMENT=6;

--
-- AUTO_INCREMENT for table `images`
--
ALTER TABLE `images`
  MODIFY `id` bigint(20) UNSIGNED NOT NULL AUTO_INCREMENT, AUTO_INCREMENT=542;

--
-- AUTO_INCREMENT for table `inventories`
--
ALTER TABLE `inventories`
  MODIFY `id` bigint(20) UNSIGNED NOT NULL AUTO_INCREMENT, AUTO_INCREMENT=108;

--
-- AUTO_INCREMENT for table `invoices`
--
ALTER TABLE `invoices`
  MODIFY `id` int(10) UNSIGNED NOT NULL AUTO_INCREMENT;

--
-- AUTO_INCREMENT for table `jobs`
--
ALTER TABLE `jobs`
  MODIFY `id` bigint(20) UNSIGNED NOT NULL AUTO_INCREMENT;

--
-- AUTO_INCREMENT for table `languages`
--
ALTER TABLE `languages`
  MODIFY `id` int(10) UNSIGNED NOT NULL AUTO_INCREMENT, AUTO_INCREMENT=24;

--
-- AUTO_INCREMENT for table `manufacturers`
--
ALTER TABLE `manufacturers`
  MODIFY `id` int(10) UNSIGNED NOT NULL AUTO_INCREMENT, AUTO_INCREMENT=17;

--
-- AUTO_INCREMENT for table `messages`
--
ALTER TABLE `messages`
  MODIFY `id` bigint(20) UNSIGNED NOT NULL AUTO_INCREMENT, AUTO_INCREMENT=16;

--
-- AUTO_INCREMENT for table `migrations`
--
ALTER TABLE `migrations`
  MODIFY `id` int(10) UNSIGNED NOT NULL AUTO_INCREMENT, AUTO_INCREMENT=92;

--
-- AUTO_INCREMENT for table `modules`
--
ALTER TABLE `modules`
  MODIFY `id` int(10) UNSIGNED NOT NULL AUTO_INCREMENT, AUTO_INCREMENT=34;

--
-- AUTO_INCREMENT for table `options`
--
ALTER TABLE `options`
  MODIFY `id` int(10) UNSIGNED NOT NULL AUTO_INCREMENT, AUTO_INCREMENT=7;

--
-- AUTO_INCREMENT for table `orders`
--
ALTER TABLE `orders`
  MODIFY `id` bigint(20) UNSIGNED NOT NULL AUTO_INCREMENT, AUTO_INCREMENT=16;

--
-- AUTO_INCREMENT for table `packages`
--
ALTER TABLE `packages`
  MODIFY `id` int(10) UNSIGNED NOT NULL AUTO_INCREMENT;

--
-- AUTO_INCREMENT for table `packagings`
--
ALTER TABLE `packagings`
  MODIFY `id` int(10) UNSIGNED NOT NULL AUTO_INCREMENT, AUTO_INCREMENT=7;

--
-- AUTO_INCREMENT for table `pages`
--
ALTER TABLE `pages`
  MODIFY `id` int(10) UNSIGNED NOT NULL AUTO_INCREMENT, AUTO_INCREMENT=9;

--
-- AUTO_INCREMENT for table `payment_methods`
--
ALTER TABLE `payment_methods`
  MODIFY `id` int(10) UNSIGNED NOT NULL AUTO_INCREMENT, AUTO_INCREMENT=8;

--
-- AUTO_INCREMENT for table `performance_indicators`
--
ALTER TABLE `performance_indicators`
  MODIFY `id` int(10) UNSIGNED NOT NULL AUTO_INCREMENT;

--
-- AUTO_INCREMENT for table `permissions`
--
ALTER TABLE `permissions`
  MODIFY `id` int(10) UNSIGNED NOT NULL AUTO_INCREMENT, AUTO_INCREMENT=115;

--
-- AUTO_INCREMENT for table `products`
--
ALTER TABLE `products`
  MODIFY `id` bigint(20) UNSIGNED NOT NULL AUTO_INCREMENT, AUTO_INCREMENT=52;

--
-- AUTO_INCREMENT for table `refunds`
--
ALTER TABLE `refunds`
  MODIFY `id` bigint(20) UNSIGNED NOT NULL AUTO_INCREMENT;

--
-- AUTO_INCREMENT for table `replies`
--
ALTER TABLE `replies`
  MODIFY `id` bigint(20) UNSIGNED NOT NULL AUTO_INCREMENT, AUTO_INCREMENT=31;

--
-- AUTO_INCREMENT for table `roles`
--
ALTER TABLE `roles`
  MODIFY `id` int(10) UNSIGNED NOT NULL AUTO_INCREMENT, AUTO_INCREMENT=6;

--
-- AUTO_INCREMENT for table `shipping_rates`
--
ALTER TABLE `shipping_rates`
  MODIFY `id` int(10) UNSIGNED NOT NULL AUTO_INCREMENT, AUTO_INCREMENT=51;

--
-- AUTO_INCREMENT for table `shipping_zones`
--
ALTER TABLE `shipping_zones`
  MODIFY `id` int(10) UNSIGNED NOT NULL AUTO_INCREMENT, AUTO_INCREMENT=11;

--
-- AUTO_INCREMENT for table `shops`
--
ALTER TABLE `shops`
  MODIFY `id` int(10) UNSIGNED NOT NULL AUTO_INCREMENT, AUTO_INCREMENT=6;

--
-- AUTO_INCREMENT for table `sliders`
--
ALTER TABLE `sliders`
  MODIFY `id` int(10) UNSIGNED NOT NULL AUTO_INCREMENT, AUTO_INCREMENT=5;

--
-- AUTO_INCREMENT for table `states`
--
ALTER TABLE `states`
  MODIFY `id` int(10) UNSIGNED NOT NULL AUTO_INCREMENT, AUTO_INCREMENT=1517;

--
-- AUTO_INCREMENT for table `subscriptions`
--
ALTER TABLE `subscriptions`
  MODIFY `id` int(10) UNSIGNED NOT NULL AUTO_INCREMENT, AUTO_INCREMENT=6;

--
-- AUTO_INCREMENT for table `subscription_items`
--
ALTER TABLE `subscription_items`
  MODIFY `id` bigint(20) UNSIGNED NOT NULL AUTO_INCREMENT;

--
-- AUTO_INCREMENT for table `suppliers`
--
ALTER TABLE `suppliers`
  MODIFY `id` int(10) UNSIGNED NOT NULL AUTO_INCREMENT, AUTO_INCREMENT=6;

--
-- AUTO_INCREMENT for table `tags`
--
ALTER TABLE `tags`
  MODIFY `id` int(10) UNSIGNED NOT NULL AUTO_INCREMENT, AUTO_INCREMENT=31;

--
-- AUTO_INCREMENT for table `taxes`
--
ALTER TABLE `taxes`
  MODIFY `id` int(10) UNSIGNED NOT NULL AUTO_INCREMENT, AUTO_INCREMENT=7;

--
-- AUTO_INCREMENT for table `tickets`
--
ALTER TABLE `tickets`
  MODIFY `id` bigint(20) UNSIGNED NOT NULL AUTO_INCREMENT, AUTO_INCREMENT=6;

--
-- AUTO_INCREMENT for table `ticket_categories`
--
ALTER TABLE `ticket_categories`
  MODIFY `id` int(10) UNSIGNED NOT NULL AUTO_INCREMENT, AUTO_INCREMENT=5;

--
-- AUTO_INCREMENT for table `timezones`
--
ALTER TABLE `timezones`
  MODIFY `id` int(10) UNSIGNED NOT NULL AUTO_INCREMENT, AUTO_INCREMENT=98;

--
-- AUTO_INCREMENT for table `warehouses`
--
ALTER TABLE `warehouses`
  MODIFY `id` int(10) UNSIGNED NOT NULL AUTO_INCREMENT, AUTO_INCREMENT=2;

--
-- AUTO_INCREMENT for table `wishlists`
--
ALTER TABLE `wishlists`
  MODIFY `id` bigint(20) UNSIGNED NOT NULL AUTO_INCREMENT, AUTO_INCREMENT=16;

--
-- Constraints for dumped tables
--

--
-- Constraints for table `addresses`
--
ALTER TABLE `addresses`
  ADD CONSTRAINT `addresses_country_id_foreign` FOREIGN KEY (`country_id`) REFERENCES `countries` (`id`);

--
-- Constraints for table `attributes`
--
ALTER TABLE `attributes`
  ADD CONSTRAINT `attributes_attribute_type_id_foreign` FOREIGN KEY (`attribute_type_id`) REFERENCES `attribute_types` (`id`) ON DELETE SET NULL;

--
-- Constraints for table `attribute_inventory`
--
ALTER TABLE `attribute_inventory`
  ADD CONSTRAINT `attribute_inventory_attribute_id_foreign` FOREIGN KEY (`attribute_id`) REFERENCES `attributes` (`id`) ON DELETE CASCADE,
  ADD CONSTRAINT `attribute_inventory_attribute_value_id_foreign` FOREIGN KEY (`attribute_value_id`) REFERENCES `attribute_values` (`id`) ON DELETE CASCADE,
  ADD CONSTRAINT `attribute_inventory_inventory_id_foreign` FOREIGN KEY (`inventory_id`) REFERENCES `inventories` (`id`) ON DELETE CASCADE;

--
-- Constraints for table `attribute_values`
--
ALTER TABLE `attribute_values`
  ADD CONSTRAINT `attribute_values_attribute_id_foreign` FOREIGN KEY (`attribute_id`) REFERENCES `attributes` (`id`) ON DELETE CASCADE;

--
-- Constraints for table `blogs`
--
ALTER TABLE `blogs`
  ADD CONSTRAINT `blogs_user_id_foreign` FOREIGN KEY (`user_id`) REFERENCES `users` (`id`) ON DELETE CASCADE;

--
-- Constraints for table `blog_comments`
--
ALTER TABLE `blog_comments`
  ADD CONSTRAINT `blog_comments_blog_id_foreign` FOREIGN KEY (`blog_id`) REFERENCES `blogs` (`id`) ON DELETE CASCADE,
  ADD CONSTRAINT `blog_comments_user_id_foreign` FOREIGN KEY (`user_id`) REFERENCES `users` (`id`) ON DELETE CASCADE;

--
-- Constraints for table `cancellations`
--
ALTER TABLE `cancellations`
  ADD CONSTRAINT `cancellations_cancellation_reason_id_foreign` FOREIGN KEY (`cancellation_reason_id`) REFERENCES `cancellation_reasons` (`id`) ON DELETE SET NULL,
  ADD CONSTRAINT `cancellations_customer_id_foreign` FOREIGN KEY (`customer_id`) REFERENCES `customers` (`id`) ON DELETE CASCADE,
  ADD CONSTRAINT `cancellations_order_id_foreign` FOREIGN KEY (`order_id`) REFERENCES `orders` (`id`) ON DELETE CASCADE;

--
-- Constraints for table `carts`
--
ALTER TABLE `carts`
  ADD CONSTRAINT `carts_customer_id_foreign` FOREIGN KEY (`customer_id`) REFERENCES `customers` (`id`) ON DELETE SET NULL,
  ADD CONSTRAINT `carts_shop_id_foreign` FOREIGN KEY (`shop_id`) REFERENCES `shops` (`id`) ON DELETE SET NULL;

--
-- Constraints for table `cart_items`
--
ALTER TABLE `cart_items`
  ADD CONSTRAINT `cart_items_cart_id_foreign` FOREIGN KEY (`cart_id`) REFERENCES `carts` (`id`) ON DELETE CASCADE,
  ADD CONSTRAINT `cart_items_inventory_id_foreign` FOREIGN KEY (`inventory_id`) REFERENCES `inventories` (`id`) ON DELETE CASCADE;

--
-- Constraints for table `categories`
--
ALTER TABLE `categories`
  ADD CONSTRAINT `categories_category_sub_group_id_foreign` FOREIGN KEY (`category_sub_group_id`) REFERENCES `category_sub_groups` (`id`) ON DELETE CASCADE;

--
-- Constraints for table `category_product`
--
ALTER TABLE `category_product`
  ADD CONSTRAINT `category_product_category_id_foreign` FOREIGN KEY (`category_id`) REFERENCES `categories` (`id`) ON DELETE CASCADE,
  ADD CONSTRAINT `category_product_product_id_foreign` FOREIGN KEY (`product_id`) REFERENCES `products` (`id`) ON DELETE CASCADE;

--
-- Constraints for table `category_sub_groups`
--
ALTER TABLE `category_sub_groups`
  ADD CONSTRAINT `category_sub_groups_category_group_id_foreign` FOREIGN KEY (`category_group_id`) REFERENCES `category_groups` (`id`) ON DELETE CASCADE;

--
-- Constraints for table `chat_conversations`
--
ALTER TABLE `chat_conversations`
  ADD CONSTRAINT `chat_conversations_customer_id_foreign` FOREIGN KEY (`customer_id`) REFERENCES `customers` (`id`) ON DELETE SET NULL,
  ADD CONSTRAINT `chat_conversations_shop_id_foreign` FOREIGN KEY (`shop_id`) REFERENCES `shops` (`id`) ON DELETE SET NULL;

--
-- Constraints for table `configs`
--
ALTER TABLE `configs`
  ADD CONSTRAINT `configs_shop_id_foreign` FOREIGN KEY (`shop_id`) REFERENCES `shops` (`id`) ON DELETE CASCADE;

--
-- Constraints for table `config_authorize_net`
--
ALTER TABLE `config_authorize_net`
  ADD CONSTRAINT `config_authorize_net_shop_id_foreign` FOREIGN KEY (`shop_id`) REFERENCES `shops` (`id`) ON DELETE CASCADE;

--
-- Constraints for table `config_manual_payments`
--
ALTER TABLE `config_manual_payments`
  ADD CONSTRAINT `config_manual_payments_payment_method_id_foreign` FOREIGN KEY (`payment_method_id`) REFERENCES `payment_methods` (`id`) ON DELETE CASCADE,
  ADD CONSTRAINT `config_manual_payments_shop_id_foreign` FOREIGN KEY (`shop_id`) REFERENCES `shops` (`id`) ON DELETE CASCADE;

--
-- Constraints for table `countries`
--
ALTER TABLE `countries`
  ADD CONSTRAINT `countries_currency_id_foreign` FOREIGN KEY (`currency_id`) REFERENCES `currencies` (`id`) ON DELETE SET NULL,
  ADD CONSTRAINT `countries_timezone_id_foreign` FOREIGN KEY (`timezone_id`) REFERENCES `timezones` (`id`) ON DELETE SET NULL;

--
-- Constraints for table `coupon_customer`
--
ALTER TABLE `coupon_customer`
  ADD CONSTRAINT `coupon_customer_coupon_id_foreign` FOREIGN KEY (`coupon_id`) REFERENCES `coupons` (`id`) ON DELETE CASCADE,
  ADD CONSTRAINT `coupon_customer_customer_id_foreign` FOREIGN KEY (`customer_id`) REFERENCES `customers` (`id`) ON DELETE CASCADE;

--
-- Constraints for table `coupon_shipping_zone`
--
ALTER TABLE `coupon_shipping_zone`
  ADD CONSTRAINT `coupon_shipping_zone_coupon_id_foreign` FOREIGN KEY (`coupon_id`) REFERENCES `coupons` (`id`) ON DELETE CASCADE,
  ADD CONSTRAINT `coupon_shipping_zone_shipping_zone_id_foreign` FOREIGN KEY (`shipping_zone_id`) REFERENCES `shipping_zones` (`id`) ON DELETE CASCADE;

--
-- Constraints for table `disputes`
--
ALTER TABLE `disputes`
  ADD CONSTRAINT `disputes_customer_id_foreign` FOREIGN KEY (`customer_id`) REFERENCES `customers` (`id`) ON DELETE CASCADE,
  ADD CONSTRAINT `disputes_dispute_type_id_foreign` FOREIGN KEY (`dispute_type_id`) REFERENCES `dispute_types` (`id`) ON DELETE SET NULL,
  ADD CONSTRAINT `disputes_order_id_foreign` FOREIGN KEY (`order_id`) REFERENCES `orders` (`id`) ON DELETE CASCADE;

--
-- Constraints for table `faqs`
--
ALTER TABLE `faqs`
  ADD CONSTRAINT `faqs_faq_topic_id_foreign` FOREIGN KEY (`faq_topic_id`) REFERENCES `faq_topics` (`id`) ON DELETE SET NULL;

--
-- Constraints for table `feedbacks`
--
ALTER TABLE `feedbacks`
  ADD CONSTRAINT `feedbacks_customer_id_foreign` FOREIGN KEY (`customer_id`) REFERENCES `customers` (`id`) ON DELETE CASCADE;

--
-- Constraints for table `inventories`
--
ALTER TABLE `inventories`
  ADD CONSTRAINT `inventories_product_id_foreign` FOREIGN KEY (`product_id`) REFERENCES `products` (`id`) ON DELETE CASCADE;

--
-- Constraints for table `inventory_packaging`
--
ALTER TABLE `inventory_packaging`
  ADD CONSTRAINT `inventory_packaging_inventory_id_foreign` FOREIGN KEY (`inventory_id`) REFERENCES `inventories` (`id`) ON DELETE CASCADE,
  ADD CONSTRAINT `inventory_packaging_packaging_id_foreign` FOREIGN KEY (`packaging_id`) REFERENCES `packagings` (`id`) ON DELETE CASCADE;

--
-- Constraints for table `orders`
--
ALTER TABLE `orders`
  ADD CONSTRAINT `orders_customer_id_foreign` FOREIGN KEY (`customer_id`) REFERENCES `customers` (`id`) ON DELETE SET NULL;

--
-- Constraints for table `order_items`
--
ALTER TABLE `order_items`
  ADD CONSTRAINT `order_items_inventory_id_foreign` FOREIGN KEY (`inventory_id`) REFERENCES `inventories` (`id`) ON DELETE SET NULL,
  ADD CONSTRAINT `order_items_order_id_foreign` FOREIGN KEY (`order_id`) REFERENCES `orders` (`id`) ON DELETE CASCADE;

--
-- Constraints for table `permissions`
--
ALTER TABLE `permissions`
  ADD CONSTRAINT `permissions_module_id_foreign` FOREIGN KEY (`module_id`) REFERENCES `modules` (`id`) ON DELETE CASCADE;

--
-- Constraints for table `permission_role`
--
ALTER TABLE `permission_role`
  ADD CONSTRAINT `permission_role_permission_id_foreign` FOREIGN KEY (`permission_id`) REFERENCES `permissions` (`id`) ON DELETE CASCADE,
  ADD CONSTRAINT `permission_role_role_id_foreign` FOREIGN KEY (`role_id`) REFERENCES `roles` (`id`) ON DELETE CASCADE;

--
-- Constraints for table `refunds`
--
ALTER TABLE `refunds`
  ADD CONSTRAINT `refunds_order_id_foreign` FOREIGN KEY (`order_id`) REFERENCES `orders` (`id`) ON DELETE CASCADE;

--
-- Constraints for table `replies`
--
ALTER TABLE `replies`
  ADD CONSTRAINT `replies_user_id_foreign` FOREIGN KEY (`user_id`) REFERENCES `users` (`id`) ON DELETE SET NULL;

--
-- Constraints for table `shipping_rates`
--
ALTER TABLE `shipping_rates`
  ADD CONSTRAINT `shipping_rates_shipping_zone_id_foreign` FOREIGN KEY (`shipping_zone_id`) REFERENCES `shipping_zones` (`id`) ON DELETE CASCADE;

--
-- Constraints for table `shops`
--
ALTER TABLE `shops`
  ADD CONSTRAINT `shops_owner_id_foreign` FOREIGN KEY (`owner_id`) REFERENCES `users` (`id`) ON DELETE CASCADE;

--
-- Constraints for table `shop_payment_methods`
--
ALTER TABLE `shop_payment_methods`
  ADD CONSTRAINT `shop_payment_methods_payment_method_id_foreign` FOREIGN KEY (`payment_method_id`) REFERENCES `payment_methods` (`id`) ON DELETE CASCADE,
  ADD CONSTRAINT `shop_payment_methods_shop_id_foreign` FOREIGN KEY (`shop_id`) REFERENCES `shops` (`id`) ON DELETE CASCADE;

--
-- Constraints for table `states`
--
ALTER TABLE `states`
  ADD CONSTRAINT `states_country_id_foreign` FOREIGN KEY (`country_id`) REFERENCES `countries` (`id`) ON DELETE CASCADE;

--
-- Constraints for table `taggables`
--
ALTER TABLE `taggables`
  ADD CONSTRAINT `taggables_tag_id_foreign` FOREIGN KEY (`tag_id`) REFERENCES `tags` (`id`) ON DELETE CASCADE;

--
-- Constraints for table `tickets`
--
ALTER TABLE `tickets`
  ADD CONSTRAINT `tickets_category_id_foreign` FOREIGN KEY (`category_id`) REFERENCES `ticket_categories` (`id`) ON DELETE SET NULL,
  ADD CONSTRAINT `tickets_user_id_foreign` FOREIGN KEY (`user_id`) REFERENCES `users` (`id`) ON DELETE SET NULL;

--
-- Constraints for table `user_warehouse`
--
ALTER TABLE `user_warehouse`
  ADD CONSTRAINT `user_warehouse_user_id_foreign` FOREIGN KEY (`user_id`) REFERENCES `users` (`id`) ON DELETE CASCADE,
  ADD CONSTRAINT `user_warehouse_warehouse_id_foreign` FOREIGN KEY (`warehouse_id`) REFERENCES `warehouses` (`id`) ON DELETE CASCADE;

--
-- Constraints for table `warehouses`
--
ALTER TABLE `warehouses`
  ADD CONSTRAINT `warehouses_shop_id_foreign` FOREIGN KEY (`shop_id`) REFERENCES `shops` (`id`) ON DELETE CASCADE;

--
-- Constraints for table `wishlists`
--
ALTER TABLE `wishlists`
  ADD CONSTRAINT `wishlists_inventory_id_foreign` FOREIGN KEY (`inventory_id`) REFERENCES `inventories` (`id`) ON DELETE SET NULL,
  ADD CONSTRAINT `wishlists_product_id_foreign` FOREIGN KEY (`product_id`) REFERENCES `products` (`id`) ON DELETE CASCADE;
COMMIT;

